Aug 15 01:50:23 user devstack@keystone.service[44167]: DEBUG keystone.server.flask.request_processing.req_logging [None req-6a3ac10b-b769-4221-9bd1-d45163add74e None admin] SCRIPT_NAME: `/identity` {{(pid=44167) log_request_info /opt/stack/keystone/keystone/server/flask/request_processing/req_logging.py:28}}
Aug 15 01:50:23 user devstack@keystone.service[44168]: [pid: 44168|app: 0|req: 25/73] 10.0.0.210 () {56 vars in 1181 bytes} [Tue Aug 15 01:50:23 2023] GET /identity/v3/projects/30cbc145c3074b9794dc08b13245a3d7 => generated 297 bytes in 120 msecs (HTTP/1.1 200) 5 headers in 177 bytes (2 switches on core 0)
Aug 15 01:50:23 user devstack@keystone.service[44167]: DEBUG keystone.server.flask.request_processing.req_logging [None req-6a3ac10b-b769-4221-9bd1-d45163add74e None admin] PATH_INFO: `/v3/users/03d75cde31614d1687a6f549ce1b3a89` {{(pid=44167) log_request_info /opt/stack/keystone/keystone/server/flask/request_processing/req_logging.py:29}}
Aug 15 01:50:23 user devstack@keystone.service[44168]: DEBUG keystone.server.flask.request_processing.middleware.auth_context [None req-6c9e0eb6-11b1-491f-ab25-73db927f80c8 None admin] Authenticating user token {{(pid=44168) process_request /opt/stack/data/venv/lib/python3.10/site-packages/keystonemiddleware/auth_token/__init__.py:406}}
Aug 15 01:50:23 user devstack@keystone.service[44167]: DEBUG keystone.common.rbac_enforcer.enforcer [None req-6a3ac10b-b769-4221-9bd1-d45163add74e None admin] RBAC: Authorizing `identity:get_user(user_id=03d75cde31614d1687a6f549ce1b3a89)` {{(pid=44167) enforce_call /opt/stack/keystone/keystone/common/rbac_enforcer/enforcer.py:449}}
Aug 15 01:50:23 user devstack@keystone.service[44167]: DEBUG keystone.common.rbac_enforcer.enforcer [None req-6a3ac10b-b769-4221-9bd1-d45163add74e None admin] RBAC: Authorization granted {{(pid=44167) enforce_call /opt/stack/keystone/keystone/common/rbac_enforcer/enforcer.py:457}}
Aug 15 01:50:23 user devstack@keystone.service[44167]: [pid: 44167|app: 0|req: 23/74] 10.0.0.210 () {56 vars in 1172 bytes} [Tue Aug 15 01:50:23 2023] GET /identity/v3/users/03d75cde31614d1687a6f549ce1b3a89 => generated 246 bytes in 133 msecs (HTTP/1.1 200) 5 headers in 177 bytes (1 switches on core 0)
Aug 15 01:50:23 user devstack@keystone.service[44167]: DEBUG keystone.server.flask.request_processing.middleware.auth_context [None req-6a3ac10b-b769-4221-9bd1-d45163add74e None admin] Authenticating user token {{(pid=44167) process_request /opt/stack/data/venv/lib/python3.10/site-packages/keystonemiddleware/auth_token/__init__.py:406}}
Aug 15 01:50:23 user devstack@keystone.service[44169]: DEBUG keystone.server.flask.request_processing.middleware.auth_context [None req-0ff87d0a-012e-4a0f-8bbe-4122d54815ae None admin] Validating token access rules against request {{(pid=44169) validate_allowed_request /opt/stack/data/venv/lib/python3.10/site-packages/keystonemiddleware/auth_token/__init__.py:544}}
Aug 15 01:50:23 user devstack@keystone.service[44168]: DEBUG keystone.server.flask.request_processing.middleware.auth_context [None req-6c9e0eb6-11b1-491f-ab25-73db927f80c8 None admin] Validating token access rules against request {{(pid=44168) validate_allowed_request /opt/stack/data/venv/lib/python3.10/site-packages/keystonemiddleware/auth_token/__init__.py:544}}
Aug 15 01:50:23 user devstack@keystone.service[44167]: DEBUG keystone.server.flask.request_processing.middleware.auth_context [None req-6a3ac10b-b769-4221-9bd1-d45163add74e None admin] Validating token access rules against request {{(pid=44167) validate_allowed_request /opt/stack/data/venv/lib/python3.10/site-packages/keystonemiddleware/auth_token/__init__.py:544}}
Aug 15 01:50:23 user devstack@keystone.service[44169]: DEBUG keystone.server.flask.request_processing.middleware.auth_context [None req-32aada68-4413-4090-9a93-bdc081678117 None admin] RBAC: auth_context: {'token': , 'domain_id': None, 'trust_id': None, 'trustor_id': None, 'trustee_id': None, 'domain_name': None, 'group_ids': [], 'user_id': '03d75cde31614d1687a6f549ce1b3a89', 'user_domain_id': 'default', 'system_scope': 'all', 'project_id': None, 'project_domain_id': None, 'roles': ['admin', 'member', 'reader'], 'is_admin_project': True, 'service_user_id': None, 'service_user_domain_id': None, 'service_project_id': None, 'service_project_domain_id': None, 'service_roles': []} {{(pid=44169) fill_context /opt/stack/keystone/keystone/server/flask/request_processing/middleware/auth_context.py:480}}
Aug 15 01:50:23 user devstack@keystone.service[44169]: DEBUG keystone.server.flask.request_processing.req_logging [None req-32aada68-4413-4090-9a93-bdc081678117 None admin] REQUEST_METHOD: `GET` {{(pid=44169) log_request_info /opt/stack/keystone/keystone/server/flask/request_processing/req_logging.py:27}}
Aug 15 01:50:23 user devstack@keystone.service[44169]: DEBUG keystone.server.flask.request_processing.req_logging [None req-32aada68-4413-4090-9a93-bdc081678117 None admin] SCRIPT_NAME: `/identity` {{(pid=44169) log_request_info /opt/stack/keystone/keystone/server/flask/request_processing/req_logging.py:28}}
Aug 15 01:50:23 user devstack@keystone.service[44169]: DEBUG keystone.server.flask.request_processing.req_logging [None req-32aada68-4413-4090-9a93-bdc081678117 None admin] PATH_INFO: `/v3/roles/member` {{(pid=44169) log_request_info /opt/stack/keystone/keystone/server/flask/request_processing/req_logging.py:29}}
Aug 15 01:50:23 user devstack@keystone.service[44169]: DEBUG keystone.common.rbac_enforcer.enforcer [None req-32aada68-4413-4090-9a93-bdc081678117 None admin] Extracting inferred target data resulted in "NOT FOUND (404)". {{(pid=44169) enforce_call /opt/stack/keystone/keystone/common/rbac_enforcer/enforcer.py:409}}
Aug 15 01:50:23 user devstack@keystone.service[44169]: ERROR keystone.server.flask.application [None req-32aada68-4413-4090-9a93-bdc081678117 None admin] Could not find role: member.: keystone.exception.RoleNotFound: Could not find role: member.
Aug 15 01:50:23 user devstack@keystone.service[44169]: ERROR keystone.server.flask.application
Traceback (most recent call last):
Aug 15 01:50:23 user devstack@keystone.service[44169]: ERROR keystone.server.flask.application
File "/opt/stack/data/venv/lib/python3.10/site-packages/flask/app.py", line 1823, in full_dispatch_request
Aug 15 01:50:23 user devstack@keystone.service[44169]: ERROR keystone.server.flask.application rv = self.dispatch_request()
Aug 15 01:50:23 user devstack@keystone.service[44169]: ERROR keystone.server.flask.application
File "/opt/stack/data/venv/lib/python3.10/site-packages/flask/app.py", line 1799, in dispatch_request
Aug 15 01:50:23 user devstack@keystone.service[44169]: ERROR keystone.server.flask.application return self.ensure_sync(self.view_functions[rule.endpoint])(**view_args)
Aug 15 01:50:23 user devstack@keystone.service[44169]: ERROR keystone.server.flask.application
File "/opt/stack/data/venv/lib/python3.10/site-packages/flask_restful/__init__.py", line 467, in wrapper
Aug 15 01:50:23 user devstack@keystone.service[44169]: ERROR keystone.server.flask.application resp = resource(*args, **kwargs)
Aug 15 01:50:23 user devstack@keystone.service[44169]: ERROR keystone.server.flask.application
File "/opt/stack/data/venv/lib/python3.10/site-packages/flask/views.py", line 107, in view
Aug 15 01:50:23 user devstack@keystone.service[44169]: ERROR keystone.server.flask.application return current_app.ensure_sync(self.dispatch_request)(**kwargs)
Aug 15 01:50:23 user devstack@keystone.service[44169]: ERROR keystone.server.flask.application
File "/opt/stack/data/venv/lib/python3.10/site-packages/flask_restful/__init__.py", line 582, in dispatch_request
Aug 15 01:50:23 user devstack@keystone.service[44169]: ERROR keystone.server.flask.application resp = meth(*args, **kwargs)
Aug 15 01:50:23 user devstack@keystone.service[44169]: ERROR keystone.server.flask.application
File "/opt/stack/keystone/keystone/api/roles.py", line 50, in get
Aug 15 01:50:23 user devstack@keystone.service[44169]: ERROR keystone.server.flask.application return self._get_role(role_id)
Aug 15 01:50:23 user devstack@keystone.service[44169]: ERROR keystone.server.flask.application
File "/opt/stack/keystone/keystone/api/roles.py", line 70, in _get_role
Aug 15 01:50:23 user devstack@keystone.service[44169]: ERROR keystone.server.flask.application ENFORCER.enforce_call(action='identity:get_role')
Aug 15 01:50:23 user devstack@keystone.service[44169]: ERROR keystone.server.flask.application
File "/opt/stack/keystone/keystone/common/rbac_enforcer/enforcer.py", line 402, in enforce_call
Aug 15 01:50:23 user devstack@keystone.service[44169]: ERROR keystone.server.flask.application policy_dict.update(cls._extract_member_target_data(
Aug 15 01:50:23 user devstack@keystone.service[44169]: ERROR keystone.server.flask.application
File "/opt/stack/keystone/keystone/common/rbac_enforcer/enforcer.py", line 234, in _extract_member_target_data
Aug 15 01:50:23 user devstack@keystone.service[44169]: ERROR keystone.server.flask.application member_name: func(flask.request.view_args[key])
Aug 15 01:50:23 user devstack@keystone.service[44169]: ERROR keystone.server.flask.application
File "/opt/stack/keystone/keystone/common/manager.py", line 115, in wrapped
Aug 15 01:50:23 user devstack@keystone.service[44169]: ERROR keystone.server.flask.application __ret_val = __f(*args, **kwargs)
Aug 15 01:50:23 user devstack@keystone.service[44169]: ERROR keystone.server.flask.application
File "/opt/stack/data/venv/lib/python3.10/site-packages/decorator.py", line 232, in fun
Aug 15 01:50:23 user devstack@keystone.service[44169]: ERROR keystone.server.flask.application return caller(func, *(extras + args), **kw)
Aug 15 01:50:23 user devstack@keystone.service[44169]: ERROR keystone.server.flask.application
File "/opt/stack/data/venv/lib/python3.10/site-packages/dogpile/cache/region.py", line 1577, in get_or_create_for_user_func
Aug 15 01:50:23 user devstack@keystone.service[44169]: ERROR keystone.server.flask.application return self.get_or_create(
Aug 15 01:50:23 user devstack@keystone.service[44169]: ERROR keystone.server.flask.application
File "/opt/stack/data/venv/lib/python3.10/site-packages/dogpile/cache/region.py", line 1042, in get_or_create
Aug 15 01:50:23 user devstack@keystone.service[44169]: ERROR keystone.server.flask.application with Lock(
Aug 15 01:50:23 user devstack@keystone.service[44169]: ERROR keystone.server.flask.application
File "/opt/stack/data/venv/lib/python3.10/site-packages/dogpile/lock.py", line 185, in __enter__
Aug 15 01:50:23 user devstack@keystone.service[44169]: ERROR keystone.server.flask.application return self._enter()
Aug 15 01:50:23 user devstack@keystone.service[44169]: ERROR keystone.server.flask.application
File "/opt/stack/data/venv/lib/python3.10/site-packages/dogpile/lock.py", line 94, in _enter
Aug 15 01:50:23 user devstack@keystone.service[44169]: ERROR keystone.server.flask.application generated = self._enter_create(value, createdtime)
Aug 15 01:50:23 user devstack@keystone.service[44169]: ERROR keystone.server.flask.application
File "/opt/stack/data/venv/lib/python3.10/site-packages/dogpile/lock.py", line 178, in _enter_create
Aug 15 01:50:23 user devstack@keystone.service[44169]: ERROR keystone.server.flask.application return self.creator()
Aug 15 01:50:23 user devstack@keystone.service[44169]: ERROR keystone.server.flask.application
File "/opt/stack/data/venv/lib/python3.10/site-packages/dogpile/cache/region.py", line 995, in gen_value
Aug 15 01:50:23 user devstack@keystone.service[44169]: ERROR keystone.server.flask.application created_value = creator(
Aug 15 01:50:23 user devstack@keystone.service[44169]: ERROR keystone.server.flask.application
File "/opt/stack/keystone/keystone/assignment/core.py", line 1276, in get_role
Aug 15 01:50:23 user devstack@keystone.service[44169]: ERROR keystone.server.flask.application return self.driver.get_role(role_id)
Aug 15 01:50:23 user devstack@keystone.service[44169]: ERROR keystone.server.flask.application
File "/opt/stack/keystone/keystone/assignment/role_backends/sql.py", line 70, in get_role
Aug 15 01:50:23 user devstack@keystone.service[44169]: ERROR keystone.server.flask.application return self._get_role(session, role_id).to_dict()
Aug 15 01:50:23 user devstack@keystone.service[44169]: ERROR keystone.server.flask.application
File "/opt/stack/keystone/keystone/assignment/role_backends/sql.py", line 65, in _get_role
Aug 15 01:50:23 user devstack@keystone.service[44169]: ERROR keystone.server.flask.application raise exception.RoleNotFound(role_id=role_id)
Aug 15 01:50:23 user devstack@keystone.service[44169]: ERROR keystone.server.flask.application keystone.exception.RoleNotFound: Could not find role: member.
Aug 15 01:50:23 user devstack@keystone.service[44169]: ERROR keystone.server.flask.application
Aug 15 01:50:23 user devstack@keystone.service[44169]: [pid: 44169|app: 0|req: 27/75] 10.0.0.210 () {56 vars in 1094 bytes} [Tue Aug 15 01:50:23 2023] GET /identity/v3/roles/member => generated 84 bytes in 130 msecs (HTTP/1.1 404) 5 headers in 183 bytes (1 switches on core 0)
Aug 15 01:50:23 user devstack@keystone.service[44169]: DEBUG keystone.server.flask.request_processing.middleware.auth_context [None req-32aada68-4413-4090-9a93-bdc081678117 None admin] Authenticating user token {{(pid=44169) process_request /opt/stack/data/venv/lib/python3.10/site-packages/keystonemiddleware/auth_token/__init__.py:406}}
Aug 15 01:50:23 user devstack@keystone.service[44168]: DEBUG keystone.server.flask.request_processing.middleware.auth_context [None req-874a1b29-3524-419b-865b-e2510ada817e None admin] RBAC: auth_context: {'token': , 'domain_id': None, 'trust_id': None, 'trustor_id': None, 'trustee_id': None, 'domain_name': None, 'group_ids': [], 'user_id': '03d75cde31614d1687a6f549ce1b3a89', 'user_domain_id': 'default', 'system_scope': 'all', 'project_id': None, 'project_domain_id': None, 'roles': ['admin', 'member', 'reader'], 'is_admin_project': True, 'service_user_id': None, 'service_user_domain_id': None, 'service_project_id': None, 'service_project_domain_id': None, 'service_roles': []} {{(pid=44168) fill_context /opt/stack/keystone/keystone/server/flask/request_processing/middleware/auth_context.py:480}}
Aug 15 01:50:23 user devstack@keystone.service[44168]: DEBUG keystone.server.flask.request_processing.req_logging [None req-874a1b29-3524-419b-865b-e2510ada817e None admin] REQUEST_METHOD: `GET` {{(pid=44168) log_request_info /opt/stack/keystone/keystone/server/flask/request_processing/req_logging.py:27}}
Aug 15 01:50:23 user devstack@keystone.service[44168]: DEBUG keystone.server.flask.request_processing.req_logging [None req-874a1b29-3524-419b-865b-e2510ada817e None admin] SCRIPT_NAME: `/identity` {{(pid=44168) log_request_info /opt/stack/keystone/keystone/server/flask/request_processing/req_logging.py:28}}
Aug 15 01:50:23 user devstack@keystone.service[44168]: DEBUG keystone.server.flask.request_processing.req_logging [None req-874a1b29-3524-419b-865b-e2510ada817e None admin] PATH_INFO: `/v3/roles` {{(pid=44168) log_request_info /opt/stack/keystone/keystone/server/flask/request_processing/req_logging.py:29}}
Aug 15 01:50:23 user devstack@keystone.service[44168]: DEBUG keystone.common.rbac_enforcer.enforcer [None req-874a1b29-3524-419b-865b-e2510ada817e None admin] RBAC: Adding query filter params (name=anotherrole) {{(pid=44168) _extract_filter_values /opt/stack/keystone/keystone/common/rbac_enforcer/enforcer.py:167}}
Aug 15 01:50:23 user devstack@keystone.service[44168]: DEBUG keystone.common.rbac_enforcer.enforcer [None req-874a1b29-3524-419b-865b-e2510ada817e None admin] RBAC: Authorizing `identity:list_roles()` {{(pid=44168) enforce_call /opt/stack/keystone/keystone/common/rbac_enforcer/enforcer.py:449}}
Aug 15 01:50:23 user devstack@keystone.service[44168]: DEBUG keystone.common.rbac_enforcer.enforcer [None req-874a1b29-3524-419b-865b-e2510ada817e None admin] RBAC: Authorization granted {{(pid=44168) enforce_call /opt/stack/keystone/keystone/common/rbac_enforcer/enforcer.py:457}}
Aug 15 01:50:23 user devstack@keystone.service[44167]: DEBUG keystone.server.flask.request_processing.middleware.auth_context [None req-2aed5e32-61f1-4615-b378-5b27222f6fb3 None admin] RBAC: auth_context: {'token': , 'domain_id': None, 'trust_id': None, 'trustor_id': None, 'trustee_id': None, 'domain_name': None, 'group_ids': [], 'user_id': '03d75cde31614d1687a6f549ce1b3a89', 'user_domain_id': 'default', 'system_scope': 'all', 'project_id': None, 'project_domain_id': None, 'roles': ['admin', 'member', 'reader'], 'is_admin_project': True, 'service_user_id': None, 'service_user_domain_id': None, 'service_project_id': None, 'service_project_domain_id': None, 'service_roles': []} {{(pid=44167) fill_context /opt/stack/keystone/keystone/server/flask/request_processing/middleware/auth_context.py:480}}
Aug 15 01:50:23 user devstack@keystone.service[44167]: DEBUG keystone.server.flask.request_processing.req_logging [None req-2aed5e32-61f1-4615-b378-5b27222f6fb3 None admin] REQUEST_METHOD: `PUT` {{(pid=44167) log_request_info /opt/stack/keystone/keystone/server/flask/request_processing/req_logging.py:27}}
Aug 15 01:50:23 user devstack@keystone.service[44168]: [pid: 44168|app: 0|req: 26/76] 10.0.0.210 () {56 vars in 1106 bytes} [Tue Aug 15 01:50:23 2023] GET /identity/v3/roles?name=anotherrole => generated 332 bytes in 125 msecs (HTTP/1.1 200) 5 headers in 177 bytes (1 switches on core 0)
Aug 15 01:50:23 user devstack@keystone.service[44167]: DEBUG keystone.server.flask.request_processing.req_logging [None req-2aed5e32-61f1-4615-b378-5b27222f6fb3 None admin] SCRIPT_NAME: `/identity` {{(pid=44167) log_request_info /opt/stack/keystone/keystone/server/flask/request_processing/req_logging.py:28}}
Aug 15 01:50:23 user devstack@keystone.service[44167]: DEBUG keystone.server.flask.request_processing.req_logging [None req-2aed5e32-61f1-4615-b378-5b27222f6fb3 None admin] PATH_INFO: `/v3/projects/30cbc145c3074b9794dc08b13245a3d7/users/6b1c69c66e9648b98101b5ef1a9a7b7a/roles/48049a0e33a34b3b890b7750d4f458ca` {{(pid=44167) log_request_info /opt/stack/keystone/keystone/server/flask/request_processing/req_logging.py:29}}
Aug 15 01:50:23 user devstack@keystone.service[44168]: DEBUG keystone.server.flask.request_processing.middleware.auth_context [None req-874a1b29-3524-419b-865b-e2510ada817e None admin] Authenticating user token {{(pid=44168) process_request /opt/stack/data/venv/lib/python3.10/site-packages/keystonemiddleware/auth_token/__init__.py:406}}
Aug 15 01:50:23 user devstack@keystone.service[44167]: DEBUG keystone.common.rbac_enforcer.enforcer [None req-2aed5e32-61f1-4615-b378-5b27222f6fb3 None admin] RBAC: Authorizing `identity:create_grant(project_id=30cbc145c3074b9794dc08b13245a3d7, user_id=6b1c69c66e9648b98101b5ef1a9a7b7a, role_id=48049a0e33a34b3b890b7750d4f458ca)` {{(pid=44167) enforce_call /opt/stack/keystone/keystone/common/rbac_enforcer/enforcer.py:449}}
Aug 15 01:50:23 user devstack@keystone.service[44167]: DEBUG keystone.common.rbac_enforcer.enforcer [None req-2aed5e32-61f1-4615-b378-5b27222f6fb3 None admin] RBAC: Authorization granted {{(pid=44167) enforce_call /opt/stack/keystone/keystone/common/rbac_enforcer/enforcer.py:457}}
Aug 15 01:50:23 user devstack@keystone.service[44167]: [pid: 44167|app: 0|req: 24/77] 10.0.0.210 () {58 vars in 1434 bytes} [Tue Aug 15 01:50:23 2023] PUT /identity/v3/projects/30cbc145c3074b9794dc08b13245a3d7/users/6b1c69c66e9648b98101b5ef1a9a7b7a/roles/48049a0e33a34b3b890b7750d4f458ca => generated 0 bytes in 136 msecs (HTTP/1.1 204) 3 headers in 132 bytes (0 switches on core 0)
Aug 15 01:50:23 user devstack@keystone.service[44167]: DEBUG keystone.server.flask.request_processing.middleware.auth_context [None req-2aed5e32-61f1-4615-b378-5b27222f6fb3 None admin] Authenticating user token {{(pid=44167) process_request /opt/stack/data/venv/lib/python3.10/site-packages/keystonemiddleware/auth_token/__init__.py:406}}
Aug 15 01:50:23 user devstack@keystone.service[44169]: DEBUG keystone.server.flask.request_processing.middleware.auth_context [None req-32aada68-4413-4090-9a93-bdc081678117 None admin] Validating token access rules against request {{(pid=44169) validate_allowed_request /opt/stack/data/venv/lib/python3.10/site-packages/keystonemiddleware/auth_token/__init__.py:544}}
Aug 15 01:50:23 user devstack@keystone.service[44168]: DEBUG keystone.server.flask.request_processing.middleware.auth_context [None req-874a1b29-3524-419b-865b-e2510ada817e None admin] Validating token access rules against request {{(pid=44168) validate_allowed_request /opt/stack/data/venv/lib/python3.10/site-packages/keystonemiddleware/auth_token/__init__.py:544}}
Aug 15 01:50:23 user devstack@keystone.service[44169]: DEBUG keystone.server.flask.request_processing.middleware.auth_context [None req-2467f2f4-9ea6-4d8a-925f-7fc689256b24 None admin] RBAC: auth_context: {'token': , 'domain_id': None, 'trust_id': None, 'trustor_id': None, 'trustee_id': None, 'domain_name': None, 'group_ids': [], 'user_id': '03d75cde31614d1687a6f549ce1b3a89', 'user_domain_id': 'default', 'system_scope': 'all', 'project_id': None, 'project_domain_id': None, 'roles': ['admin', 'member', 'reader'], 'is_admin_project': True, 'service_user_id': None, 'service_user_domain_id': None, 'service_project_id': None, 'service_project_domain_id': None, 'service_roles': []} {{(pid=44169) fill_context /opt/stack/keystone/keystone/server/flask/request_processing/middleware/auth_context.py:480}}
Aug 15 01:50:23 user devstack@keystone.service[44169]: DEBUG keystone.server.flask.request_processing.req_logging [None req-2467f2f4-9ea6-4d8a-925f-7fc689256b24 None admin] REQUEST_METHOD: `GET` {{(pid=44169) log_request_info /opt/stack/keystone/keystone/server/flask/request_processing/req_logging.py:27}}
Aug 15 01:50:23 user devstack@keystone.service[44169]: DEBUG keystone.server.flask.request_processing.req_logging [None req-2467f2f4-9ea6-4d8a-925f-7fc689256b24 None admin] SCRIPT_NAME: `/identity` {{(pid=44169) log_request_info /opt/stack/keystone/keystone/server/flask/request_processing/req_logging.py:28}}
Aug 15 01:50:23 user devstack@keystone.service[44169]: DEBUG keystone.server.flask.request_processing.req_logging [None req-2467f2f4-9ea6-4d8a-925f-7fc689256b24 None admin] PATH_INFO: `/v3/projects/30cbc145c3074b9794dc08b13245a3d7` {{(pid=44169) log_request_info /opt/stack/keystone/keystone/server/flask/request_processing/req_logging.py:29}}
Aug 15 01:50:23 user devstack@keystone.service[44169]: DEBUG keystone.common.rbac_enforcer.enforcer [None req-2467f2f4-9ea6-4d8a-925f-7fc689256b24 None admin] RBAC: Authorizing `identity:get_project(project_id=30cbc145c3074b9794dc08b13245a3d7)` {{(pid=44169) enforce_call /opt/stack/keystone/keystone/common/rbac_enforcer/enforcer.py:449}}
Aug 15 01:50:23 user devstack@keystone.service[44167]: DEBUG keystone.server.flask.request_processing.middleware.auth_context [None req-2aed5e32-61f1-4615-b378-5b27222f6fb3 None admin] Validating token access rules against request {{(pid=44167) validate_allowed_request /opt/stack/data/venv/lib/python3.10/site-packages/keystonemiddleware/auth_token/__init__.py:544}}
Aug 15 01:50:23 user devstack@keystone.service[44169]: DEBUG keystone.common.rbac_enforcer.enforcer [None req-2467f2f4-9ea6-4d8a-925f-7fc689256b24 None admin] RBAC: Authorization granted {{(pid=44169) enforce_call /opt/stack/keystone/keystone/common/rbac_enforcer/enforcer.py:457}}
Aug 15 01:50:23 user devstack@keystone.service[44169]: [pid: 44169|app: 0|req: 28/78] 10.0.0.210 () {56 vars in 1181 bytes} [Tue Aug 15 01:50:23 2023] GET /identity/v3/projects/30cbc145c3074b9794dc08b13245a3d7 => generated 297 bytes in 123 msecs (HTTP/1.1 200) 5 headers in 177 bytes (1 switches on core 0)
Aug 15 01:50:23 user devstack@keystone.service[44169]: DEBUG keystone.server.flask.request_processing.middleware.auth_context [None req-2467f2f4-9ea6-4d8a-925f-7fc689256b24 None admin] Authenticating user token {{(pid=44169) process_request /opt/stack/data/venv/lib/python3.10/site-packages/keystonemiddleware/auth_token/__init__.py:406}}
Aug 15 01:50:23 user devstack@keystone.service[44168]: DEBUG keystone.server.flask.request_processing.middleware.auth_context [None req-0d33aff1-c8fb-4851-b745-4fc1b4ae1473 None admin] RBAC: auth_context: {'token': , 'domain_id': None, 'trust_id': None, 'trustor_id': None, 'trustee_id': None, 'domain_name': None, 'group_ids': [], 'user_id': '03d75cde31614d1687a6f549ce1b3a89', 'user_domain_id': 'default', 'system_scope': 'all', 'project_id': None, 'project_domain_id': None, 'roles': ['admin', 'member', 'reader'], 'is_admin_project': True, 'service_user_id': None, 'service_user_domain_id': None, 'service_project_id': None, 'service_project_domain_id': None, 'service_roles': []} {{(pid=44168) fill_context /opt/stack/keystone/keystone/server/flask/request_processing/middleware/auth_context.py:480}}
Aug 15 01:50:23 user devstack@keystone.service[44168]: DEBUG keystone.server.flask.request_processing.req_logging [None req-0d33aff1-c8fb-4851-b745-4fc1b4ae1473 None admin] REQUEST_METHOD: `GET` {{(pid=44168) log_request_info /opt/stack/keystone/keystone/server/flask/request_processing/req_logging.py:27}}
Aug 15 01:50:23 user devstack@keystone.service[44168]: DEBUG keystone.server.flask.request_processing.req_logging [None req-0d33aff1-c8fb-4851-b745-4fc1b4ae1473 None admin] SCRIPT_NAME: `/identity` {{(pid=44168) log_request_info /opt/stack/keystone/keystone/server/flask/request_processing/req_logging.py:28}}
Aug 15 01:50:23 user devstack@keystone.service[44168]: DEBUG keystone.server.flask.request_processing.req_logging [None req-0d33aff1-c8fb-4851-b745-4fc1b4ae1473 None admin] PATH_INFO: `/v3/domains/default` {{(pid=44168) log_request_info /opt/stack/keystone/keystone/server/flask/request_processing/req_logging.py:29}}
Aug 15 01:50:23 user devstack@keystone.service[44168]: DEBUG keystone.common.rbac_enforcer.enforcer [None req-0d33aff1-c8fb-4851-b745-4fc1b4ae1473 None admin] RBAC: Authorizing `identity:get_domain(domain_id=default)` {{(pid=44168) enforce_call /opt/stack/keystone/keystone/common/rbac_enforcer/enforcer.py:449}}
Aug 15 01:50:23 user devstack@keystone.service[44168]: DEBUG keystone.common.rbac_enforcer.enforcer [None req-0d33aff1-c8fb-4851-b745-4fc1b4ae1473 None admin] RBAC: Authorization granted {{(pid=44168) enforce_call /opt/stack/keystone/keystone/common/rbac_enforcer/enforcer.py:457}}
Aug 15 01:50:23 user devstack@keystone.service[44168]: [pid: 44168|app: 0|req: 27/79] 10.0.0.210 () {56 vars in 1103 bytes} [Tue Aug 15 01:50:23 2023] GET /identity/v3/domains/default => generated 198 bytes in 117 msecs (HTTP/1.1 200) 5 headers in 177 bytes (1 switches on core 0)
Aug 15 01:50:23 user devstack@keystone.service[44168]: DEBUG keystone.server.flask.request_processing.middleware.auth_context [None req-0d33aff1-c8fb-4851-b745-4fc1b4ae1473 None admin] Authenticating user token {{(pid=44168) process_request /opt/stack/data/venv/lib/python3.10/site-packages/keystonemiddleware/auth_token/__init__.py:406}}
Aug 15 01:50:23 user devstack@keystone.service[44167]: DEBUG keystone.server.flask.request_processing.middleware.auth_context [None req-afc505cc-38a7-4083-bbdb-9b39ca57ab06 None admin] RBAC: auth_context: {'token': , 'domain_id': None, 'trust_id': None, 'trustor_id': None, 'trustee_id': None, 'domain_name': None, 'group_ids': [], 'user_id': '03d75cde31614d1687a6f549ce1b3a89', 'user_domain_id': 'default', 'system_scope': 'all', 'project_id': None, 'project_domain_id': None, 'roles': ['admin', 'member', 'reader'], 'is_admin_project': True, 'service_user_id': None, 'service_user_domain_id': None, 'service_project_id': None, 'service_project_domain_id': None, 'service_roles': []} {{(pid=44167) fill_context /opt/stack/keystone/keystone/server/flask/request_processing/middleware/auth_context.py:480}}
Aug 15 01:50:23 user devstack@keystone.service[44167]: DEBUG keystone.server.flask.request_processing.req_logging [None req-afc505cc-38a7-4083-bbdb-9b39ca57ab06 None admin] REQUEST_METHOD: `GET` {{(pid=44167) log_request_info /opt/stack/keystone/keystone/server/flask/request_processing/req_logging.py:27}}
Aug 15 01:50:23 user devstack@keystone.service[44167]: DEBUG keystone.server.flask.request_processing.req_logging [None req-afc505cc-38a7-4083-bbdb-9b39ca57ab06 None admin] SCRIPT_NAME: `/identity` {{(pid=44167) log_request_info /opt/stack/keystone/keystone/server/flask/request_processing/req_logging.py:28}}
Aug 15 01:50:23 user devstack@keystone.service[44167]: DEBUG keystone.server.flask.request_processing.req_logging [None req-afc505cc-38a7-4083-bbdb-9b39ca57ab06 None admin] PATH_INFO: `/v3/roles` {{(pid=44167) log_request_info /opt/stack/keystone/keystone/server/flask/request_processing/req_logging.py:29}}
Aug 15 01:50:23 user devstack@keystone.service[44167]: DEBUG keystone.common.rbac_enforcer.enforcer [None req-afc505cc-38a7-4083-bbdb-9b39ca57ab06 None admin] RBAC: Adding query filter params (name=member) {{(pid=44167) _extract_filter_values /opt/stack/keystone/keystone/common/rbac_enforcer/enforcer.py:167}}
Aug 15 01:50:23 user devstack@keystone.service[44167]: DEBUG keystone.common.rbac_enforcer.enforcer [None req-afc505cc-38a7-4083-bbdb-9b39ca57ab06 None admin] RBAC: Authorizing `identity:list_roles()` {{(pid=44167) enforce_call /opt/stack/keystone/keystone/common/rbac_enforcer/enforcer.py:449}}
Aug 15 01:50:23 user devstack@keystone.service[44167]: DEBUG keystone.common.rbac_enforcer.enforcer [None req-afc505cc-38a7-4083-bbdb-9b39ca57ab06 None admin] RBAC: Authorization granted {{(pid=44167) enforce_call /opt/stack/keystone/keystone/common/rbac_enforcer/enforcer.py:457}}
Aug 15 01:50:23 user devstack@keystone.service[44167]: [pid: 44167|app: 0|req: 25/80] 10.0.0.210 () {56 vars in 1096 bytes} [Tue Aug 15 01:50:23 2023] GET /identity/v3/roles?name=member => generated 339 bytes in 128 msecs (HTTP/1.1 200) 5 headers in 177 bytes (1 switches on core 0)
Aug 15 01:50:23 user devstack@keystone.service[44167]: DEBUG keystone.server.flask.request_processing.middleware.auth_context [None req-afc505cc-38a7-4083-bbdb-9b39ca57ab06 None admin] Authenticating user token {{(pid=44167) process_request /opt/stack/data/venv/lib/python3.10/site-packages/keystonemiddleware/auth_token/__init__.py:406}}
Aug 15 01:50:24 user devstack@keystone.service[44169]: DEBUG keystone.server.flask.request_processing.middleware.auth_context [None req-2467f2f4-9ea6-4d8a-925f-7fc689256b24 None admin] Validating token access rules against request {{(pid=44169) validate_allowed_request /opt/stack/data/venv/lib/python3.10/site-packages/keystonemiddleware/auth_token/__init__.py:544}}
Aug 15 01:50:24 user devstack@keystone.service[44168]: DEBUG keystone.server.flask.request_processing.middleware.auth_context [None req-0d33aff1-c8fb-4851-b745-4fc1b4ae1473 None admin] Validating token access rules against request {{(pid=44168) validate_allowed_request /opt/stack/data/venv/lib/python3.10/site-packages/keystonemiddleware/auth_token/__init__.py:544}}
Aug 15 01:50:24 user devstack@keystone.service[44169]: DEBUG keystone.server.flask.request_processing.middleware.auth_context [None req-bcb4d425-7bc0-46f2-b9d7-83cec10299ce None admin] RBAC: auth_context: {'token': , 'domain_id': None, 'trust_id': None, 'trustor_id': None, 'trustee_id': None, 'domain_name': None, 'group_ids': [], 'user_id': '03d75cde31614d1687a6f549ce1b3a89', 'user_domain_id': 'default', 'system_scope': 'all', 'project_id': None, 'project_domain_id': None, 'roles': ['admin', 'member', 'reader'], 'is_admin_project': True, 'service_user_id': None, 'service_user_domain_id': None, 'service_project_id': None, 'service_project_domain_id': None, 'service_roles': []} {{(pid=44169) fill_context /opt/stack/keystone/keystone/server/flask/request_processing/middleware/auth_context.py:480}}
Aug 15 01:50:24 user devstack@keystone.service[44169]: DEBUG keystone.server.flask.request_processing.req_logging [None req-bcb4d425-7bc0-46f2-b9d7-83cec10299ce None admin] REQUEST_METHOD: `GET` {{(pid=44169) log_request_info /opt/stack/keystone/keystone/server/flask/request_processing/req_logging.py:27}}
Aug 15 01:50:24 user devstack@keystone.service[44169]: DEBUG keystone.server.flask.request_processing.req_logging [None req-bcb4d425-7bc0-46f2-b9d7-83cec10299ce None admin] SCRIPT_NAME: `/identity` {{(pid=44169) log_request_info /opt/stack/keystone/keystone/server/flask/request_processing/req_logging.py:28}}
Aug 15 01:50:24 user devstack@keystone.service[44169]: DEBUG keystone.server.flask.request_processing.req_logging [None req-bcb4d425-7bc0-46f2-b9d7-83cec10299ce None admin] PATH_INFO: `/v3/users/6b1c69c66e9648b98101b5ef1a9a7b7a` {{(pid=44169) log_request_info /opt/stack/keystone/keystone/server/flask/request_processing/req_logging.py:29}}
Aug 15 01:50:24 user devstack@keystone.service[44169]: DEBUG keystone.common.rbac_enforcer.enforcer [None req-bcb4d425-7bc0-46f2-b9d7-83cec10299ce None admin] RBAC: Authorizing `identity:get_user(user_id=6b1c69c66e9648b98101b5ef1a9a7b7a)` {{(pid=44169) enforce_call /opt/stack/keystone/keystone/common/rbac_enforcer/enforcer.py:449}}
Aug 15 01:50:24 user devstack@keystone.service[44167]: DEBUG keystone.server.flask.request_processing.middleware.auth_context [None req-afc505cc-38a7-4083-bbdb-9b39ca57ab06 None admin] Validating token access rules against request {{(pid=44167) validate_allowed_request /opt/stack/data/venv/lib/python3.10/site-packages/keystonemiddleware/auth_token/__init__.py:544}}
Aug 15 01:50:24 user devstack@keystone.service[44168]: DEBUG keystone.server.flask.request_processing.middleware.auth_context [None req-2a7dc68a-ec41-465c-8d80-cfc68584ca04 None admin] RBAC: auth_context: {'token': , 'domain_id': None, 'trust_id': None, 'trustor_id': None, 'trustee_id': None, 'domain_name': None, 'group_ids': [], 'user_id': '03d75cde31614d1687a6f549ce1b3a89', 'user_domain_id': 'default', 'system_scope': 'all', 'project_id': None, 'project_domain_id': None, 'roles': ['admin', 'member', 'reader'], 'is_admin_project': True, 'service_user_id': None, 'service_user_domain_id': None, 'service_project_id': None, 'service_project_domain_id': None, 'service_roles': []} {{(pid=44168) fill_context /opt/stack/keystone/keystone/server/flask/request_processing/middleware/auth_context.py:480}}
Aug 15 01:50:24 user devstack@keystone.service[44169]: DEBUG keystone.common.rbac_enforcer.enforcer [None req-bcb4d425-7bc0-46f2-b9d7-83cec10299ce None admin] RBAC: Authorization granted {{(pid=44169) enforce_call /opt/stack/keystone/keystone/common/rbac_enforcer/enforcer.py:457}}
Aug 15 01:50:24 user devstack@keystone.service[44168]: DEBUG keystone.server.flask.request_processing.req_logging [None req-2a7dc68a-ec41-465c-8d80-cfc68584ca04 None admin] REQUEST_METHOD: `PUT` {{(pid=44168) log_request_info /opt/stack/keystone/keystone/server/flask/request_processing/req_logging.py:27}}
Aug 15 01:50:24 user devstack@keystone.service[44168]: DEBUG keystone.server.flask.request_processing.req_logging [None req-2a7dc68a-ec41-465c-8d80-cfc68584ca04 None admin] SCRIPT_NAME: `/identity` {{(pid=44168) log_request_info /opt/stack/keystone/keystone/server/flask/request_processing/req_logging.py:28}}
Aug 15 01:50:24 user devstack@keystone.service[44168]: DEBUG keystone.server.flask.request_processing.req_logging [None req-2a7dc68a-ec41-465c-8d80-cfc68584ca04 None admin] PATH_INFO: `/v3/projects/30cbc145c3074b9794dc08b13245a3d7/users/03d75cde31614d1687a6f549ce1b3a89/roles/e21cd75b0a414f50aab7f1da6475c97c` {{(pid=44168) log_request_info /opt/stack/keystone/keystone/server/flask/request_processing/req_logging.py:29}}
Aug 15 01:50:24 user devstack@keystone.service[44169]: [pid: 44169|app: 0|req: 29/81] 10.0.0.210 () {56 vars in 1172 bytes} [Tue Aug 15 01:50:23 2023] GET /identity/v3/users/6b1c69c66e9648b98101b5ef1a9a7b7a => generated 274 bytes in 124 msecs (HTTP/1.1 200) 5 headers in 177 bytes (1 switches on core 0)
Aug 15 01:50:24 user devstack@keystone.service[44169]: DEBUG keystone.server.flask.request_processing.middleware.auth_context [None req-bcb4d425-7bc0-46f2-b9d7-83cec10299ce None admin] Authenticating user token {{(pid=44169) process_request /opt/stack/data/venv/lib/python3.10/site-packages/keystonemiddleware/auth_token/__init__.py:406}}
Aug 15 01:50:24 user devstack@keystone.service[44168]: DEBUG keystone.common.rbac_enforcer.enforcer [None req-2a7dc68a-ec41-465c-8d80-cfc68584ca04 None admin] RBAC: Authorizing `identity:create_grant(project_id=30cbc145c3074b9794dc08b13245a3d7, user_id=03d75cde31614d1687a6f549ce1b3a89, role_id=e21cd75b0a414f50aab7f1da6475c97c)` {{(pid=44168) enforce_call /opt/stack/keystone/keystone/common/rbac_enforcer/enforcer.py:449}}
Aug 15 01:50:24 user devstack@keystone.service[44168]: DEBUG keystone.common.rbac_enforcer.enforcer [None req-2a7dc68a-ec41-465c-8d80-cfc68584ca04 None admin] RBAC: Authorization granted {{(pid=44168) enforce_call /opt/stack/keystone/keystone/common/rbac_enforcer/enforcer.py:457}}
Aug 15 01:50:24 user devstack@keystone.service[44168]: [pid: 44168|app: 0|req: 28/82] 10.0.0.210 () {58 vars in 1434 bytes} [Tue Aug 15 01:50:23 2023] PUT /identity/v3/projects/30cbc145c3074b9794dc08b13245a3d7/users/03d75cde31614d1687a6f549ce1b3a89/roles/e21cd75b0a414f50aab7f1da6475c97c => generated 0 bytes in 127 msecs (HTTP/1.1 204) 3 headers in 132 bytes (0 switches on core 0)
Aug 15 01:50:24 user devstack@keystone.service[44168]: DEBUG keystone.server.flask.request_processing.middleware.auth_context [None req-2a7dc68a-ec41-465c-8d80-cfc68584ca04 None admin] Authenticating user token {{(pid=44168) process_request /opt/stack/data/venv/lib/python3.10/site-packages/keystonemiddleware/auth_token/__init__.py:406}}
Aug 15 01:50:24 user devstack@keystone.service[44167]: DEBUG keystone.server.flask.request_processing.middleware.auth_context [None req-2b6246db-f86c-475b-9a40-b48f306db28c None admin] RBAC: auth_context: {'token': , 'domain_id': None, 'trust_id': None, 'trustor_id': None, 'trustee_id': None, 'domain_name': None, 'group_ids': [], 'user_id': '03d75cde31614d1687a6f549ce1b3a89', 'user_domain_id': 'default', 'system_scope': 'all', 'project_id': None, 'project_domain_id': None, 'roles': ['admin', 'member', 'reader'], 'is_admin_project': True, 'service_user_id': None, 'service_user_domain_id': None, 'service_project_id': None, 'service_project_domain_id': None, 'service_roles': []} {{(pid=44167) fill_context /opt/stack/keystone/keystone/server/flask/request_processing/middleware/auth_context.py:480}}
Aug 15 01:50:24 user devstack@keystone.service[44167]: DEBUG keystone.server.flask.request_processing.req_logging [None req-2b6246db-f86c-475b-9a40-b48f306db28c None admin] REQUEST_METHOD: `POST` {{(pid=44167) log_request_info /opt/stack/keystone/keystone/server/flask/request_processing/req_logging.py:27}}
Aug 15 01:50:24 user devstack@keystone.service[44167]: DEBUG keystone.server.flask.request_processing.req_logging [None req-2b6246db-f86c-475b-9a40-b48f306db28c None admin] SCRIPT_NAME: `/identity` {{(pid=44167) log_request_info /opt/stack/keystone/keystone/server/flask/request_processing/req_logging.py:28}}
Aug 15 01:50:24 user devstack@keystone.service[44167]: DEBUG keystone.server.flask.request_processing.req_logging [None req-2b6246db-f86c-475b-9a40-b48f306db28c None admin] PATH_INFO: `/v3/users` {{(pid=44167) log_request_info /opt/stack/keystone/keystone/server/flask/request_processing/req_logging.py:29}}
Aug 15 01:50:24 user devstack@keystone.service[44167]: DEBUG keystone.common.rbac_enforcer.enforcer [None req-2b6246db-f86c-475b-9a40-b48f306db28c None admin] RBAC: Authorizing `identity:create_user()` {{(pid=44167) enforce_call /opt/stack/keystone/keystone/common/rbac_enforcer/enforcer.py:449}}
Aug 15 01:50:24 user devstack@keystone.service[44167]: DEBUG keystone.common.rbac_enforcer.enforcer [None req-2b6246db-f86c-475b-9a40-b48f306db28c None admin] RBAC: Authorization granted {{(pid=44167) enforce_call /opt/stack/keystone/keystone/common/rbac_enforcer/enforcer.py:457}}
Aug 15 01:50:24 user devstack@keystone.service[44167]: WARNING keystone.common.password_hashing [None req-2b6246db-f86c-475b-9a40-b48f306db28c None admin] Truncating password to algorithm specific maximum length 72 characters.
Aug 15 01:50:24 user devstack@keystone.service[44167]: [pid: 44167|app: 0|req: 26/83] 10.0.0.210 () {60 vars in 1127 bytes} [Tue Aug 15 01:50:23 2023] POST /identity/v3/users => generated 288 bytes in 143 msecs (HTTP/1.1 201) 5 headers in 182 bytes (1 switches on core 0)
Aug 15 01:50:24 user devstack@keystone.service[44169]: DEBUG keystone.server.flask.request_processing.middleware.auth_context [None req-bcb4d425-7bc0-46f2-b9d7-83cec10299ce None admin] Validating token access rules against request {{(pid=44169) validate_allowed_request /opt/stack/data/venv/lib/python3.10/site-packages/keystonemiddleware/auth_token/__init__.py:544}}
Aug 15 01:50:24 user devstack@keystone.service[44168]: DEBUG keystone.server.flask.request_processing.middleware.auth_context [None req-2a7dc68a-ec41-465c-8d80-cfc68584ca04 None admin] Validating token access rules against request {{(pid=44168) validate_allowed_request /opt/stack/data/venv/lib/python3.10/site-packages/keystonemiddleware/auth_token/__init__.py:544}}
Aug 15 01:50:24 user devstack@keystone.service[44169]: DEBUG keystone.server.flask.request_processing.middleware.auth_context [None req-b8629b96-502b-4720-85db-d45049b8c6fe None admin] RBAC: auth_context: {'token': , 'domain_id': None, 'trust_id': None, 'trustor_id': None, 'trustee_id': None, 'domain_name': None, 'group_ids': [], 'user_id': '03d75cde31614d1687a6f549ce1b3a89', 'user_domain_id': 'default', 'system_scope': 'all', 'project_id': None, 'project_domain_id': None, 'roles': ['admin', 'member', 'reader'], 'is_admin_project': True, 'service_user_id': None, 'service_user_domain_id': None, 'service_project_id': None, 'service_project_domain_id': None, 'service_roles': []} {{(pid=44169) fill_context /opt/stack/keystone/keystone/server/flask/request_processing/middleware/auth_context.py:480}}
Aug 15 01:50:24 user devstack@keystone.service[44168]: DEBUG keystone.server.flask.request_processing.middleware.auth_context [None req-d46c7abb-9d68-492b-a912-1f83b7aaa95d None admin] RBAC: auth_context: {'token': , 'domain_id': None, 'trust_id': None, 'trustor_id': None, 'trustee_id': None, 'domain_name': None, 'group_ids': [], 'user_id': '03d75cde31614d1687a6f549ce1b3a89', 'user_domain_id': 'default', 'system_scope': 'all', 'project_id': None, 'project_domain_id': None, 'roles': ['admin', 'member', 'reader'], 'is_admin_project': True, 'service_user_id': None, 'service_user_domain_id': None, 'service_project_id': None, 'service_project_domain_id': None, 'service_roles': []} {{(pid=44168) fill_context /opt/stack/keystone/keystone/server/flask/request_processing/middleware/auth_context.py:480}}
Aug 15 01:50:24 user devstack@keystone.service[44169]: DEBUG keystone.server.flask.request_processing.req_logging [None req-b8629b96-502b-4720-85db-d45049b8c6fe None admin] REQUEST_METHOD: `GET` {{(pid=44169) log_request_info /opt/stack/keystone/keystone/server/flask/request_processing/req_logging.py:27}}
Aug 15 01:50:24 user devstack@keystone.service[44168]: DEBUG keystone.server.flask.request_processing.req_logging [None req-d46c7abb-9d68-492b-a912-1f83b7aaa95d None admin] REQUEST_METHOD: `GET` {{(pid=44168) log_request_info /opt/stack/keystone/keystone/server/flask/request_processing/req_logging.py:27}}
Aug 15 01:50:24 user devstack@keystone.service[44168]: DEBUG keystone.server.flask.request_processing.req_logging [None req-d46c7abb-9d68-492b-a912-1f83b7aaa95d None admin] SCRIPT_NAME: `/identity` {{(pid=44168) log_request_info /opt/stack/keystone/keystone/server/flask/request_processing/req_logging.py:28}}
Aug 15 01:50:24 user devstack@keystone.service[44168]: DEBUG keystone.server.flask.request_processing.req_logging [None req-d46c7abb-9d68-492b-a912-1f83b7aaa95d None admin] PATH_INFO: `/v3/projects/30cbc145c3074b9794dc08b13245a3d7` {{(pid=44168) log_request_info /opt/stack/keystone/keystone/server/flask/request_processing/req_logging.py:29}}
Aug 15 01:50:24 user devstack@keystone.service[44169]: DEBUG keystone.server.flask.request_processing.req_logging [None req-b8629b96-502b-4720-85db-d45049b8c6fe None admin] SCRIPT_NAME: `/identity` {{(pid=44169) log_request_info /opt/stack/keystone/keystone/server/flask/request_processing/req_logging.py:28}}
Aug 15 01:50:24 user devstack@keystone.service[44169]: DEBUG keystone.server.flask.request_processing.req_logging [None req-b8629b96-502b-4720-85db-d45049b8c6fe None admin] PATH_INFO: `/v3/users/6b1c69c66e9648b98101b5ef1a9a7b7a` {{(pid=44169) log_request_info /opt/stack/keystone/keystone/server/flask/request_processing/req_logging.py:29}}
Aug 15 01:50:24 user devstack@keystone.service[44168]: DEBUG keystone.common.rbac_enforcer.enforcer [None req-d46c7abb-9d68-492b-a912-1f83b7aaa95d None admin] RBAC: Authorizing `identity:get_project(project_id=30cbc145c3074b9794dc08b13245a3d7)` {{(pid=44168) enforce_call /opt/stack/keystone/keystone/common/rbac_enforcer/enforcer.py:449}}
Aug 15 01:50:24 user devstack@keystone.service[44169]: DEBUG keystone.common.rbac_enforcer.enforcer [None req-b8629b96-502b-4720-85db-d45049b8c6fe None admin] RBAC: Authorizing `identity:get_user(user_id=6b1c69c66e9648b98101b5ef1a9a7b7a)` {{(pid=44169) enforce_call /opt/stack/keystone/keystone/common/rbac_enforcer/enforcer.py:449}}
Aug 15 01:50:24 user devstack@keystone.service[44168]: DEBUG keystone.common.rbac_enforcer.enforcer [None req-d46c7abb-9d68-492b-a912-1f83b7aaa95d None admin] RBAC: Authorization granted {{(pid=44168) enforce_call /opt/stack/keystone/keystone/common/rbac_enforcer/enforcer.py:457}}
Aug 15 01:50:24 user devstack@keystone.service[44169]: DEBUG keystone.common.rbac_enforcer.enforcer [None req-b8629b96-502b-4720-85db-d45049b8c6fe None admin] RBAC: Authorization granted {{(pid=44169) enforce_call /opt/stack/keystone/keystone/common/rbac_enforcer/enforcer.py:457}}
Aug 15 01:50:24 user devstack@keystone.service[44168]: [pid: 44168|app: 0|req: 29/84] 10.0.0.210 () {56 vars in 1181 bytes} [Tue Aug 15 01:50:24 2023] GET /identity/v3/projects/30cbc145c3074b9794dc08b13245a3d7 => generated 297 bytes in 126 msecs (HTTP/1.1 200) 5 headers in 177 bytes (1 switches on core 0)
Aug 15 01:50:24 user devstack@keystone.service[44169]: [pid: 44169|app: 0|req: 30/85] 10.0.0.210 () {56 vars in 1172 bytes} [Tue Aug 15 01:50:24 2023] GET /identity/v3/users/6b1c69c66e9648b98101b5ef1a9a7b7a => generated 274 bytes in 142 msecs (HTTP/1.1 200) 5 headers in 177 bytes (1 switches on core 0)
Aug 15 01:50:24 user devstack@keystone.service[44167]: DEBUG keystone.server.flask.request_processing.middleware.auth_context [None req-2b6246db-f86c-475b-9a40-b48f306db28c None admin] Authenticating user token {{(pid=44167) process_request /opt/stack/data/venv/lib/python3.10/site-packages/keystonemiddleware/auth_token/__init__.py:406}}
Aug 15 01:50:24 user devstack@keystone.service[44168]: DEBUG keystone.server.flask.request_processing.middleware.auth_context [None req-d46c7abb-9d68-492b-a912-1f83b7aaa95d None admin] Authenticating user token {{(pid=44168) process_request /opt/stack/data/venv/lib/python3.10/site-packages/keystonemiddleware/auth_token/__init__.py:406}}
Aug 15 01:50:24 user devstack@keystone.service[44168]: DEBUG keystone.server.flask.request_processing.middleware.auth_context [None req-d46c7abb-9d68-492b-a912-1f83b7aaa95d None admin] Validating token access rules against request {{(pid=44168) validate_allowed_request /opt/stack/data/venv/lib/python3.10/site-packages/keystonemiddleware/auth_token/__init__.py:544}}
Aug 15 01:50:24 user devstack@keystone.service[44167]: DEBUG keystone.server.flask.request_processing.middleware.auth_context [None req-2b6246db-f86c-475b-9a40-b48f306db28c None admin] Validating token access rules against request {{(pid=44167) validate_allowed_request /opt/stack/data/venv/lib/python3.10/site-packages/keystonemiddleware/auth_token/__init__.py:544}}
Aug 15 01:50:24 user devstack@keystone.service[44168]: DEBUG keystone.server.flask.request_processing.middleware.auth_context [None req-6b85d41b-6df4-4e0e-a014-9de8e2121dbd None admin] RBAC: auth_context: {'token': , 'domain_id': None, 'trust_id': None, 'trustor_id': None, 'trustee_id': None, 'domain_name': None, 'group_ids': [], 'user_id': '03d75cde31614d1687a6f549ce1b3a89', 'user_domain_id': 'default', 'system_scope': 'all', 'project_id': None, 'project_domain_id': None, 'roles': ['admin', 'member', 'reader'], 'is_admin_project': True, 'service_user_id': None, 'service_user_domain_id': None, 'service_project_id': None, 'service_project_domain_id': None, 'service_roles': []} {{(pid=44168) fill_context /opt/stack/keystone/keystone/server/flask/request_processing/middleware/auth_context.py:480}}
Aug 15 01:50:24 user devstack@keystone.service[44168]: DEBUG keystone.server.flask.request_processing.req_logging [None req-6b85d41b-6df4-4e0e-a014-9de8e2121dbd None admin] REQUEST_METHOD: `GET` {{(pid=44168) log_request_info /opt/stack/keystone/keystone/server/flask/request_processing/req_logging.py:27}}
Aug 15 01:50:24 user devstack@keystone.service[44168]: DEBUG keystone.server.flask.request_processing.req_logging [None req-6b85d41b-6df4-4e0e-a014-9de8e2121dbd None admin] SCRIPT_NAME: `/identity` {{(pid=44168) log_request_info /opt/stack/keystone/keystone/server/flask/request_processing/req_logging.py:28}}
Aug 15 01:50:24 user devstack@keystone.service[44168]: DEBUG keystone.server.flask.request_processing.req_logging [None req-6b85d41b-6df4-4e0e-a014-9de8e2121dbd None admin] PATH_INFO: `/v3/projects/d00e378cd9ab4d6ab8faae8633a7ff4d` {{(pid=44168) log_request_info /opt/stack/keystone/keystone/server/flask/request_processing/req_logging.py:29}}
