Nov 23 06:21:05 user devstack@n-api.service[64679]: DEBUG oslo_concurrency.lockutils [None req-2f9dbbd4-eb5e-40fb-a436-815973814540 tempest-ServersNegativeTestJSON-801040632 tempest-ServersNegativeTestJSON-801040632-project-member] Lock "d9ace596-a4f3-47b8-994b-8ec739cdc9d8" acquired by "nova.context.set_target_cell..get_or_set_cached_cell_and_set_connections" :: waited 0.000s {{(pid=64679) inner /opt/stack/data/venv/lib/python3.10/site-packages/oslo_concurrency/lockutils.py:409}}
Nov 23 06:21:05 user devstack@n-api.service[64679]: DEBUG oslo_concurrency.lockutils [None req-2f9dbbd4-eb5e-40fb-a436-815973814540 tempest-ServersNegativeTestJSON-801040632 tempest-ServersNegativeTestJSON-801040632-project-member] Lock "d9ace596-a4f3-47b8-994b-8ec739cdc9d8" "released" by "nova.context.set_target_cell..get_or_set_cached_cell_and_set_connections" :: held 0.000s {{(pid=64679) inner /opt/stack/data/venv/lib/python3.10/site-packages/oslo_concurrency/lockutils.py:423}}
Nov 23 06:21:05 user devstack@n-api.service[64678]: DEBUG nova.api.openstack.wsgi [None req-7f515ded-3104-4006-b691-445a0a900481 tempest-VolumesAdminNegativeTest-585363324 tempest-VolumesAdminNegativeTest-585363324-project-member] Calling method '>' {{(pid=64678) _process_stack /opt/stack/nova/nova/api/openstack/wsgi.py:513}}
Nov 23 06:21:05 user devstack@n-api.service[64678]: DEBUG nova.compute.api [None req-7f515ded-3104-4006-b691-445a0a900481 tempest-VolumesAdminNegativeTest-585363324 tempest-VolumesAdminNegativeTest-585363324-project-member] [instance: 9e6a889b-c990-4488-b2cd-0c1be0c1d6cd] Fetching instance by UUID {{(pid=64678) get /opt/stack/nova/nova/compute/api.py:2978}}
Nov 23 06:21:05 user devstack@n-api.service[64677]: DEBUG nova.api.openstack.wsgi [req-1e8a4145-6e66-4099-8774-ad1f410ba774 req-932703fc-97af-4809-b3fa-46da0f7cf747 service nova] Action: 'create', calling method: >, body: {"events": [{"server_uuid": "08802d78-5573-4533-b3aa-672fe57b971d", "name": "network-vif-plugged", "status": "completed", "tag": "514fb6d5-20c5-4186-a2eb-e6b1da2fcd53"}]} {{(pid=64677) _process_stack /opt/stack/nova/nova/api/openstack/wsgi.py:511}}
Nov 23 06:21:05 user devstack@n-api.service[64678]: DEBUG oslo_concurrency.lockutils [None req-7f515ded-3104-4006-b691-445a0a900481 tempest-VolumesAdminNegativeTest-585363324 tempest-VolumesAdminNegativeTest-585363324-project-member] Acquiring lock "d9ace596-a4f3-47b8-994b-8ec739cdc9d8" by "nova.context.set_target_cell..get_or_set_cached_cell_and_set_connections" {{(pid=64678) inner /opt/stack/data/venv/lib/python3.10/site-packages/oslo_concurrency/lockutils.py:404}}
Nov 23 06:21:05 user devstack@n-api.service[64678]: DEBUG oslo_concurrency.lockutils [None req-7f515ded-3104-4006-b691-445a0a900481 tempest-VolumesAdminNegativeTest-585363324 tempest-VolumesAdminNegativeTest-585363324-project-member] Lock "d9ace596-a4f3-47b8-994b-8ec739cdc9d8" acquired by "nova.context.set_target_cell..get_or_set_cached_cell_and_set_connections" :: waited 0.001s {{(pid=64678) inner /opt/stack/data/venv/lib/python3.10/site-packages/oslo_concurrency/lockutils.py:409}}
Nov 23 06:21:05 user devstack@n-api.service[64678]: DEBUG oslo_concurrency.lockutils [None req-7f515ded-3104-4006-b691-445a0a900481 tempest-VolumesAdminNegativeTest-585363324 tempest-VolumesAdminNegativeTest-585363324-project-member] Lock "d9ace596-a4f3-47b8-994b-8ec739cdc9d8" "released" by "nova.context.set_target_cell..get_or_set_cached_cell_and_set_connections" :: held 0.001s {{(pid=64678) inner /opt/stack/data/venv/lib/python3.10/site-packages/oslo_concurrency/lockutils.py:423}}
Nov 23 06:21:05 user devstack@n-api.service[64678]: DEBUG oslo_concurrency.lockutils [None req-7f515ded-3104-4006-b691-445a0a900481 tempest-VolumesAdminNegativeTest-585363324 tempest-VolumesAdminNegativeTest-585363324-project-member] Acquiring lock "d9ace596-a4f3-47b8-994b-8ec739cdc9d8" by "nova.context.set_target_cell..get_or_set_cached_cell_and_set_connections" {{(pid=64678) inner /opt/stack/data/venv/lib/python3.10/site-packages/oslo_concurrency/lockutils.py:404}}
Nov 23 06:21:05 user devstack@n-api.service[64678]: DEBUG oslo_concurrency.lockutils [None req-7f515ded-3104-4006-b691-445a0a900481 tempest-VolumesAdminNegativeTest-585363324 tempest-VolumesAdminNegativeTest-585363324-project-member] Lock "d9ace596-a4f3-47b8-994b-8ec739cdc9d8" acquired by "nova.context.set_target_cell..get_or_set_cached_cell_and_set_connections" :: waited 0.001s {{(pid=64678) inner /opt/stack/data/venv/lib/python3.10/site-packages/oslo_concurrency/lockutils.py:409}}
Nov 23 06:21:05 user devstack@n-api.service[64678]: DEBUG oslo_concurrency.lockutils [None req-7f515ded-3104-4006-b691-445a0a900481 tempest-VolumesAdminNegativeTest-585363324 tempest-VolumesAdminNegativeTest-585363324-project-member] Lock "d9ace596-a4f3-47b8-994b-8ec739cdc9d8" "released" by "nova.context.set_target_cell..get_or_set_cached_cell_and_set_connections" :: held 0.001s {{(pid=64678) inner /opt/stack/data/venv/lib/python3.10/site-packages/oslo_concurrency/lockutils.py:423}}
Nov 23 06:21:05 user devstack@n-api.service[64677]: DEBUG oslo_concurrency.lockutils [req-1e8a4145-6e66-4099-8774-ad1f410ba774 req-932703fc-97af-4809-b3fa-46da0f7cf747 service nova] Acquiring lock "d9ace596-a4f3-47b8-994b-8ec739cdc9d8" by "nova.context.set_target_cell..get_or_set_cached_cell_and_set_connections" {{(pid=64677) inner /opt/stack/data/venv/lib/python3.10/site-packages/oslo_concurrency/lockutils.py:404}}
Nov 23 06:21:05 user devstack@n-api.service[64677]: DEBUG oslo_concurrency.lockutils [req-1e8a4145-6e66-4099-8774-ad1f410ba774 req-932703fc-97af-4809-b3fa-46da0f7cf747 service nova] Lock "d9ace596-a4f3-47b8-994b-8ec739cdc9d8" acquired by "nova.context.set_target_cell..get_or_set_cached_cell_and_set_connections" :: waited 0.001s {{(pid=64677) inner /opt/stack/data/venv/lib/python3.10/site-packages/oslo_concurrency/lockutils.py:409}}
Nov 23 06:21:05 user devstack@n-api.service[64677]: DEBUG oslo_concurrency.lockutils [req-1e8a4145-6e66-4099-8774-ad1f410ba774 req-932703fc-97af-4809-b3fa-46da0f7cf747 service nova] Lock "d9ace596-a4f3-47b8-994b-8ec739cdc9d8" "released" by "nova.context.set_target_cell..get_or_set_cached_cell_and_set_connections" :: held 0.001s {{(pid=64677) inner /opt/stack/data/venv/lib/python3.10/site-packages/oslo_concurrency/lockutils.py:423}}
Nov 23 06:21:05 user devstack@n-api.service[64677]: INFO nova.api.openstack.compute.server_external_events [req-1e8a4145-6e66-4099-8774-ad1f410ba774 req-932703fc-97af-4809-b3fa-46da0f7cf747 service nova] Creating event network-vif-plugged:514fb6d5-20c5-4186-a2eb-e6b1da2fcd53 for instance 08802d78-5573-4533-b3aa-672fe57b971d on user
Nov 23 06:21:05 user devstack@n-api.service[64677]: INFO nova.api.openstack.requestlog [req-1e8a4145-6e66-4099-8774-ad1f410ba774 req-932703fc-97af-4809-b3fa-46da0f7cf747 service nova] 10.0.0.210 "POST /compute/v2.1/os-server-external-events" status: 200 len: 183 microversion: 2.1 time: 0.052428
Nov 23 06:21:05 user devstack@n-api.service[64677]: [pid: 64677|app: 0|req: 133/383] 10.0.0.210 () {68 vars in 1394 bytes} [Thu Nov 23 06:21:05 2023] POST /compute/v2.1/os-server-external-events => generated 183 bytes in 54 msecs (HTTP/1.1 200) 9 headers in 357 bytes (2 switches on core 0)
Nov 23 06:21:05 user devstack@n-api.service[64678]: DEBUG nova.compute.api [None req-7f515ded-3104-4006-b691-445a0a900481 tempest-VolumesAdminNegativeTest-585363324 tempest-VolumesAdminNegativeTest-585363324-project-member] [instance: 9e6a889b-c990-4488-b2cd-0c1be0c1d6cd] Going to try to terminate instance {{(pid=64678) delete /opt/stack/nova/nova/compute/api.py:2722}}
Nov 23 06:21:05 user devstack@n-api.service[64679]: DEBUG nova.policy [None req-2f9dbbd4-eb5e-40fb-a436-815973814540 tempest-ServersNegativeTestJSON-801040632 tempest-ServersNegativeTestJSON-801040632-project-member] Policy check for os_compute_api:os-extended-server-attributes failed with credentials {'is_admin': False, 'user_id': 'fca8a7c900e3407399300bbfbf431e25', 'user_domain_id': 'default', 'system_scope': None, 'domain_id': None, 'project_id': 'a18b18a40e734f63aca7e52f1074d548', 'project_domain_id': 'default', 'roles': ['reader', 'member'], 'is_admin_project': True, 'service_user_id': None, 'service_user_domain_id': None, 'service_project_id': None, 'service_project_domain_id': None, 'service_roles': []} {{(pid=64679) authorize /opt/stack/nova/nova/policy.py:203}}
Nov 23 06:21:05 user devstack@n-api.service[64679]: INFO nova.api.openstack.requestlog [None req-2f9dbbd4-eb5e-40fb-a436-815973814540 tempest-ServersNegativeTestJSON-801040632 tempest-ServersNegativeTestJSON-801040632-project-member] 10.0.0.210 "GET /compute/v2.1/servers/8bd490c5-ffd8-430b-b74a-29e551e261fb" status: 200 len: 1491 microversion: 2.1 time: 0.358745
Nov 23 06:21:05 user devstack@n-api.service[64679]: [pid: 64679|app: 0|req: 126/384] 10.0.0.210 () {62 vars in 1313 bytes} [Thu Nov 23 06:21:05 2023] GET /compute/v2.1/servers/8bd490c5-ffd8-430b-b74a-29e551e261fb => generated 1491 bytes in 361 msecs (HTTP/1.1 200) 9 headers in 358 bytes (1 switches on core 0)
Nov 23 06:21:05 user devstack@n-api.service[64678]: INFO nova.api.openstack.requestlog [None req-7f515ded-3104-4006-b691-445a0a900481 tempest-VolumesAdminNegativeTest-585363324 tempest-VolumesAdminNegativeTest-585363324-project-member] 10.0.0.210 "DELETE /compute/v2.1/servers/9e6a889b-c990-4488-b2cd-0c1be0c1d6cd" status: 204 len: 0 microversion: 2.1 time: 0.203762
Nov 23 06:21:05 user devstack@n-api.service[64678]: [pid: 64678|app: 0|req: 126/385] 10.0.0.210 () {62 vars in 1316 bytes} [Thu Nov 23 06:21:05 2023] DELETE /compute/v2.1/servers/9e6a889b-c990-4488-b2cd-0c1be0c1d6cd => generated 0 bytes in 207 msecs (HTTP/1.1 204) 9 headers in 363 bytes (1 switches on core 0)
Nov 23 06:21:05 user devstack@n-api.service[64677]: DEBUG nova.api.openstack.wsgi [None req-d218e87a-d83a-436e-99c7-9ee941b97178 tempest-VolumesAdminNegativeTest-585363324 tempest-VolumesAdminNegativeTest-585363324-project-member] Calling method '>' {{(pid=64677) _process_stack /opt/stack/nova/nova/api/openstack/wsgi.py:513}}
Nov 23 06:21:05 user devstack@n-api.service[64677]: DEBUG nova.compute.api [None req-d218e87a-d83a-436e-99c7-9ee941b97178 tempest-VolumesAdminNegativeTest-585363324 tempest-VolumesAdminNegativeTest-585363324-project-member] [instance: 9e6a889b-c990-4488-b2cd-0c1be0c1d6cd] Fetching instance by UUID {{(pid=64677) get /opt/stack/nova/nova/compute/api.py:2978}}
Nov 23 06:21:05 user devstack@n-api.service[64677]: DEBUG oslo_concurrency.lockutils [None req-d218e87a-d83a-436e-99c7-9ee941b97178 tempest-VolumesAdminNegativeTest-585363324 tempest-VolumesAdminNegativeTest-585363324-project-member] Acquiring lock "d9ace596-a4f3-47b8-994b-8ec739cdc9d8" by "nova.context.set_target_cell..get_or_set_cached_cell_and_set_connections" {{(pid=64677) inner /opt/stack/data/venv/lib/python3.10/site-packages/oslo_concurrency/lockutils.py:404}}
Nov 23 06:21:05 user devstack@n-api.service[64677]: DEBUG oslo_concurrency.lockutils [None req-d218e87a-d83a-436e-99c7-9ee941b97178 tempest-VolumesAdminNegativeTest-585363324 tempest-VolumesAdminNegativeTest-585363324-project-member] Lock "d9ace596-a4f3-47b8-994b-8ec739cdc9d8" acquired by "nova.context.set_target_cell..get_or_set_cached_cell_and_set_connections" :: waited 0.001s {{(pid=64677) inner /opt/stack/data/venv/lib/python3.10/site-packages/oslo_concurrency/lockutils.py:409}}
Nov 23 06:21:05 user devstack@n-api.service[64677]: DEBUG oslo_concurrency.lockutils [None req-d218e87a-d83a-436e-99c7-9ee941b97178 tempest-VolumesAdminNegativeTest-585363324 tempest-VolumesAdminNegativeTest-585363324-project-member] Lock "d9ace596-a4f3-47b8-994b-8ec739cdc9d8" "released" by "nova.context.set_target_cell..get_or_set_cached_cell_and_set_connections" :: held 0.001s {{(pid=64677) inner /opt/stack/data/venv/lib/python3.10/site-packages/oslo_concurrency/lockutils.py:423}}
Nov 23 06:21:05 user devstack@n-api.service[64677]: DEBUG oslo_concurrency.lockutils [None req-d218e87a-d83a-436e-99c7-9ee941b97178 tempest-VolumesAdminNegativeTest-585363324 tempest-VolumesAdminNegativeTest-585363324-project-member] Acquiring lock "d9ace596-a4f3-47b8-994b-8ec739cdc9d8" by "nova.context.set_target_cell..get_or_set_cached_cell_and_set_connections" {{(pid=64677) inner /opt/stack/data/venv/lib/python3.10/site-packages/oslo_concurrency/lockutils.py:404}}
Nov 23 06:21:05 user devstack@n-api.service[64677]: DEBUG oslo_concurrency.lockutils [None req-d218e87a-d83a-436e-99c7-9ee941b97178 tempest-VolumesAdminNegativeTest-585363324 tempest-VolumesAdminNegativeTest-585363324-project-member] Lock "d9ace596-a4f3-47b8-994b-8ec739cdc9d8" acquired by "nova.context.set_target_cell..get_or_set_cached_cell_and_set_connections" :: waited 0.001s {{(pid=64677) inner /opt/stack/data/venv/lib/python3.10/site-packages/oslo_concurrency/lockutils.py:409}}
Nov 23 06:21:05 user devstack@n-api.service[64677]: DEBUG oslo_concurrency.lockutils [None req-d218e87a-d83a-436e-99c7-9ee941b97178 tempest-VolumesAdminNegativeTest-585363324 tempest-VolumesAdminNegativeTest-585363324-project-member] Lock "d9ace596-a4f3-47b8-994b-8ec739cdc9d8" "released" by "nova.context.set_target_cell..get_or_set_cached_cell_and_set_connections" :: held 0.000s {{(pid=64677) inner /opt/stack/data/venv/lib/python3.10/site-packages/oslo_concurrency/lockutils.py:423}}
Nov 23 06:21:06 user devstack@n-api.service[64677]: DEBUG nova.policy [None req-d218e87a-d83a-436e-99c7-9ee941b97178 tempest-VolumesAdminNegativeTest-585363324 tempest-VolumesAdminNegativeTest-585363324-project-member] Policy check for os_compute_api:os-extended-server-attributes failed with credentials {'is_admin': False, 'user_id': 'd73102842a624bc68c65c48cf06bdbf1', 'user_domain_id': 'default', 'system_scope': None, 'domain_id': None, 'project_id': '62dd14cd43594b6b87b7262116dcc966', 'project_domain_id': 'default', 'roles': ['reader', 'member'], 'is_admin_project': True, 'service_user_id': None, 'service_user_domain_id': None, 'service_project_id': None, 'service_project_domain_id': None, 'service_roles': []} {{(pid=64677) authorize /opt/stack/nova/nova/policy.py:203}}
Nov 23 06:21:06 user devstack@n-api.service[64677]: INFO nova.api.openstack.requestlog [None req-d218e87a-d83a-436e-99c7-9ee941b97178 tempest-VolumesAdminNegativeTest-585363324 tempest-VolumesAdminNegativeTest-585363324-project-member] 10.0.0.210 "GET /compute/v2.1/servers/9e6a889b-c990-4488-b2cd-0c1be0c1d6cd" status: 200 len: 1668 microversion: 2.1 time: 0.375879
Nov 23 06:21:06 user devstack@n-api.service[64677]: [pid: 64677|app: 0|req: 134/386] 10.0.0.210 () {62 vars in 1313 bytes} [Thu Nov 23 06:21:05 2023] GET /compute/v2.1/servers/9e6a889b-c990-4488-b2cd-0c1be0c1d6cd => generated 1668 bytes in 379 msecs (HTTP/1.1 200) 9 headers in 358 bytes (1 switches on core 0)
Nov 23 06:21:06 user devstack@n-api.service[64679]: DEBUG nova.api.openstack.wsgi [req-3d272ed2-4641-494d-b2b9-a470317dbc6a req-4e7ed0aa-8aa5-4cdd-a950-6b6c06220a9d service nova] Action: 'create', calling method: >, body: {"events": [{"server_uuid": "9e6a889b-c990-4488-b2cd-0c1be0c1d6cd", "name": "network-vif-unplugged", "status": "completed", "tag": "3bbaae4b-21f8-4145-aaa4-b591e2807fd6"}]} {{(pid=64679) _process_stack /opt/stack/nova/nova/api/openstack/wsgi.py:511}}
Nov 23 06:21:06 user devstack@n-api.service[64679]: DEBUG oslo_concurrency.lockutils [req-3d272ed2-4641-494d-b2b9-a470317dbc6a req-4e7ed0aa-8aa5-4cdd-a950-6b6c06220a9d service nova] Acquiring lock "d9ace596-a4f3-47b8-994b-8ec739cdc9d8" by "nova.context.set_target_cell..get_or_set_cached_cell_and_set_connections" {{(pid=64679) inner /opt/stack/data/venv/lib/python3.10/site-packages/oslo_concurrency/lockutils.py:404}}
Nov 23 06:21:06 user devstack@n-api.service[64679]: DEBUG oslo_concurrency.lockutils [req-3d272ed2-4641-494d-b2b9-a470317dbc6a req-4e7ed0aa-8aa5-4cdd-a950-6b6c06220a9d service nova] Lock "d9ace596-a4f3-47b8-994b-8ec739cdc9d8" acquired by "nova.context.set_target_cell..get_or_set_cached_cell_and_set_connections" :: waited 0.001s {{(pid=64679) inner /opt/stack/data/venv/lib/python3.10/site-packages/oslo_concurrency/lockutils.py:409}}
Nov 23 06:21:06 user devstack@n-api.service[64679]: DEBUG oslo_concurrency.lockutils [req-3d272ed2-4641-494d-b2b9-a470317dbc6a req-4e7ed0aa-8aa5-4cdd-a950-6b6c06220a9d service nova] Lock "d9ace596-a4f3-47b8-994b-8ec739cdc9d8" "released" by "nova.context.set_target_cell..get_or_set_cached_cell_and_set_connections" :: held 0.000s {{(pid=64679) inner /opt/stack/data/venv/lib/python3.10/site-packages/oslo_concurrency/lockutils.py:423}}
Nov 23 06:21:06 user devstack@n-api.service[64679]: INFO nova.api.openstack.compute.server_external_events [req-3d272ed2-4641-494d-b2b9-a470317dbc6a req-4e7ed0aa-8aa5-4cdd-a950-6b6c06220a9d service nova] Creating event network-vif-unplugged:3bbaae4b-21f8-4145-aaa4-b591e2807fd6 for instance 9e6a889b-c990-4488-b2cd-0c1be0c1d6cd on user
Nov 23 06:21:06 user devstack@n-api.service[64679]: INFO nova.api.openstack.requestlog [req-3d272ed2-4641-494d-b2b9-a470317dbc6a req-4e7ed0aa-8aa5-4cdd-a950-6b6c06220a9d service nova] 10.0.0.210 "POST /compute/v2.1/os-server-external-events" status: 200 len: 185 microversion: 2.1 time: 0.054012
Nov 23 06:21:06 user devstack@n-api.service[64679]: [pid: 64679|app: 0|req: 127/387] 10.0.0.210 () {68 vars in 1394 bytes} [Thu Nov 23 06:21:06 2023] POST /compute/v2.1/os-server-external-events => generated 185 bytes in 56 msecs (HTTP/1.1 200) 9 headers in 357 bytes (1 switches on core 0)
Nov 23 06:21:07 user devstack@n-api.service[64678]: DEBUG nova.api.openstack.wsgi [req-02c15add-bcc2-4626-a2d6-6eaae20fcbaf req-34309c0f-1ae1-4d86-bfcf-f874d26f0b33 service nova] Action: 'create', calling method: >, body: {"events": [{"server_uuid": "9e6a889b-c990-4488-b2cd-0c1be0c1d6cd", "name": "network-vif-deleted", "tag": "3bbaae4b-21f8-4145-aaa4-b591e2807fd6"}]} {{(pid=64678) _process_stack /opt/stack/nova/nova/api/openstack/wsgi.py:511}}
Nov 23 06:21:07 user devstack@n-api.service[64678]: DEBUG oslo_concurrency.lockutils [req-02c15add-bcc2-4626-a2d6-6eaae20fcbaf req-34309c0f-1ae1-4d86-bfcf-f874d26f0b33 service nova] Acquiring lock "d9ace596-a4f3-47b8-994b-8ec739cdc9d8" by "nova.context.set_target_cell..get_or_set_cached_cell_and_set_connections" {{(pid=64678) inner /opt/stack/data/venv/lib/python3.10/site-packages/oslo_concurrency/lockutils.py:404}}
Nov 23 06:21:07 user devstack@n-api.service[64678]: DEBUG oslo_concurrency.lockutils [req-02c15add-bcc2-4626-a2d6-6eaae20fcbaf req-34309c0f-1ae1-4d86-bfcf-f874d26f0b33 service nova] Lock "d9ace596-a4f3-47b8-994b-8ec739cdc9d8" acquired by "nova.context.set_target_cell..get_or_set_cached_cell_and_set_connections" :: waited 0.001s {{(pid=64678) inner /opt/stack/data/venv/lib/python3.10/site-packages/oslo_concurrency/lockutils.py:409}}
Nov 23 06:21:07 user devstack@n-api.service[64678]: DEBUG oslo_concurrency.lockutils [req-02c15add-bcc2-4626-a2d6-6eaae20fcbaf req-34309c0f-1ae1-4d86-bfcf-f874d26f0b33 service nova] Lock "d9ace596-a4f3-47b8-994b-8ec739cdc9d8" "released" by "nova.context.set_target_cell..get_or_set_cached_cell_and_set_connections" :: held 0.000s {{(pid=64678) inner /opt/stack/data/venv/lib/python3.10/site-packages/oslo_concurrency/lockutils.py:423}}
Nov 23 06:21:07 user devstack@n-api.service[64678]: INFO nova.api.openstack.compute.server_external_events [req-02c15add-bcc2-4626-a2d6-6eaae20fcbaf req-34309c0f-1ae1-4d86-bfcf-f874d26f0b33 service nova] Creating event network-vif-deleted:3bbaae4b-21f8-4145-aaa4-b591e2807fd6 for instance 9e6a889b-c990-4488-b2cd-0c1be0c1d6cd on user
Nov 23 06:21:07 user devstack@n-api.service[64678]: INFO nova.api.openstack.requestlog [req-02c15add-bcc2-4626-a2d6-6eaae20fcbaf req-34309c0f-1ae1-4d86-bfcf-f874d26f0b33 service nova] 10.0.0.210 "POST /compute/v2.1/os-server-external-events" status: 200 len: 183 microversion: 2.1 time: 0.034617
Nov 23 06:21:07 user devstack@n-api.service[64678]: [pid: 64678|app: 0|req: 127/388] 10.0.0.210 () {68 vars in 1394 bytes} [Thu Nov 23 06:21:07 2023] POST /compute/v2.1/os-server-external-events => generated 183 bytes in 37 msecs (HTTP/1.1 200) 9 headers in 357 bytes (1 switches on core 0)
Nov 23 06:21:08 user devstack@n-api.service[64677]: DEBUG nova.api.openstack.wsgi [req-611037f7-7e1b-4702-bfd8-158fab311df9 req-9c1d59dd-0e98-401a-b95a-1597e5315085 service nova] Action: 'create', calling method: >, body: {"events": [{"server_uuid": "9e6a889b-c990-4488-b2cd-0c1be0c1d6cd", "name": "network-vif-plugged", "status": "completed", "tag": "3bbaae4b-21f8-4145-aaa4-b591e2807fd6"}]} {{(pid=64677) _process_stack /opt/stack/nova/nova/api/openstack/wsgi.py:511}}
Nov 23 06:21:08 user devstack@n-api.service[64677]: DEBUG oslo_concurrency.lockutils [req-611037f7-7e1b-4702-bfd8-158fab311df9 req-9c1d59dd-0e98-401a-b95a-1597e5315085 service nova] Acquiring lock "d9ace596-a4f3-47b8-994b-8ec739cdc9d8" by "nova.context.set_target_cell..get_or_set_cached_cell_and_set_connections" {{(pid=64677) inner /opt/stack/data/venv/lib/python3.10/site-packages/oslo_concurrency/lockutils.py:404}}
Nov 23 06:21:08 user devstack@n-api.service[64677]: DEBUG oslo_concurrency.lockutils [req-611037f7-7e1b-4702-bfd8-158fab311df9 req-9c1d59dd-0e98-401a-b95a-1597e5315085 service nova] Lock "d9ace596-a4f3-47b8-994b-8ec739cdc9d8" acquired by "nova.context.set_target_cell..get_or_set_cached_cell_and_set_connections" :: waited 0.001s {{(pid=64677) inner /opt/stack/data/venv/lib/python3.10/site-packages/oslo_concurrency/lockutils.py:409}}
Nov 23 06:21:08 user devstack@n-api.service[64677]: DEBUG oslo_concurrency.lockutils [req-611037f7-7e1b-4702-bfd8-158fab311df9 req-9c1d59dd-0e98-401a-b95a-1597e5315085 service nova] Lock "d9ace596-a4f3-47b8-994b-8ec739cdc9d8" "released" by "nova.context.set_target_cell..get_or_set_cached_cell_and_set_connections" :: held 0.001s {{(pid=64677) inner /opt/stack/data/venv/lib/python3.10/site-packages/oslo_concurrency/lockutils.py:423}}
Nov 23 06:21:08 user devstack@n-api.service[64677]: INFO nova.api.openstack.compute.server_external_events [req-611037f7-7e1b-4702-bfd8-158fab311df9 req-9c1d59dd-0e98-401a-b95a-1597e5315085 service nova] Creating event network-vif-plugged:3bbaae4b-21f8-4145-aaa4-b591e2807fd6 for instance 9e6a889b-c990-4488-b2cd-0c1be0c1d6cd on user
Nov 23 06:21:08 user devstack@n-api.service[64677]: INFO nova.api.openstack.requestlog [req-611037f7-7e1b-4702-bfd8-158fab311df9 req-9c1d59dd-0e98-401a-b95a-1597e5315085 service nova] 10.0.0.210 "POST /compute/v2.1/os-server-external-events" status: 200 len: 183 microversion: 2.1 time: 0.046694
Nov 23 06:21:08 user devstack@n-api.service[64677]: [pid: 64677|app: 0|req: 135/389] 10.0.0.210 () {68 vars in 1394 bytes} [Thu Nov 23 06:21:08 2023] POST /compute/v2.1/os-server-external-events => generated 183 bytes in 48 msecs (HTTP/1.1 200) 9 headers in 357 bytes (1 switches on core 0)
Nov 23 06:21:22 user devstack@n-api.service[64679]: DEBUG dbcounter [-] [64679] Writing DB stats nova_api:SELECT=4 {{(pid=64679) stat_writer /opt/stack/data/venv/lib/python3.10/site-packages/dbcounter.py:115}}
Nov 23 06:21:22 user devstack@n-api.service[64679]: DEBUG dbcounter [-] [64679] Writing DB stats nova_cell1:SELECT=8 {{(pid=64679) stat_writer /opt/stack/data/venv/lib/python3.10/site-packages/dbcounter.py:115}}
Nov 23 06:21:22 user devstack@n-api.service[64679]: DEBUG nova.api.openstack.wsgi [None req-9fa37f26-ab31-48cb-a90c-1648b46a73e0 tempest-ServerStableDeviceRescueTest-403388285 tempest-ServerStableDeviceRescueTest-403388285-project-member] Calling method '>' {{(pid=64679) _process_stack /opt/stack/nova/nova/api/openstack/wsgi.py:513}}
Nov 23 06:21:22 user devstack@n-api.service[64679]: DEBUG nova.compute.api [None req-9fa37f26-ab31-48cb-a90c-1648b46a73e0 tempest-ServerStableDeviceRescueTest-403388285 tempest-ServerStableDeviceRescueTest-403388285-project-member] [instance: cf5db4d3-2728-4ac9-aaec-05d1f1147329] Fetching instance by UUID {{(pid=64679) get /opt/stack/nova/nova/compute/api.py:2978}}
Nov 23 06:21:22 user devstack@n-api.service[64679]: DEBUG oslo_concurrency.lockutils [None req-9fa37f26-ab31-48cb-a90c-1648b46a73e0 tempest-ServerStableDeviceRescueTest-403388285 tempest-ServerStableDeviceRescueTest-403388285-project-member] Acquiring lock "d9ace596-a4f3-47b8-994b-8ec739cdc9d8" by "nova.context.set_target_cell..get_or_set_cached_cell_and_set_connections" {{(pid=64679) inner /opt/stack/data/venv/lib/python3.10/site-packages/oslo_concurrency/lockutils.py:404}}
Nov 23 06:21:22 user devstack@n-api.service[64679]: DEBUG oslo_concurrency.lockutils [None req-9fa37f26-ab31-48cb-a90c-1648b46a73e0 tempest-ServerStableDeviceRescueTest-403388285 tempest-ServerStableDeviceRescueTest-403388285-project-member] Lock "d9ace596-a4f3-47b8-994b-8ec739cdc9d8" acquired by "nova.context.set_target_cell..get_or_set_cached_cell_and_set_connections" :: waited 0.001s {{(pid=64679) inner /opt/stack/data/venv/lib/python3.10/site-packages/oslo_concurrency/lockutils.py:409}}
Nov 23 06:21:22 user devstack@n-api.service[64679]: DEBUG oslo_concurrency.lockutils [None req-9fa37f26-ab31-48cb-a90c-1648b46a73e0 tempest-ServerStableDeviceRescueTest-403388285 tempest-ServerStableDeviceRescueTest-403388285-project-member] Lock "d9ace596-a4f3-47b8-994b-8ec739cdc9d8" "released" by "nova.context.set_target_cell..get_or_set_cached_cell_and_set_connections" :: held 0.001s {{(pid=64679) inner /opt/stack/data/venv/lib/python3.10/site-packages/oslo_concurrency/lockutils.py:423}}
Nov 23 06:21:22 user devstack@n-api.service[64679]: DEBUG oslo_concurrency.lockutils [None req-9fa37f26-ab31-48cb-a90c-1648b46a73e0 tempest-ServerStableDeviceRescueTest-403388285 tempest-ServerStableDeviceRescueTest-403388285-project-member] Acquiring lock "d9ace596-a4f3-47b8-994b-8ec739cdc9d8" by "nova.context.set_target_cell..get_or_set_cached_cell_and_set_connections" {{(pid=64679) inner /opt/stack/data/venv/lib/python3.10/site-packages/oslo_concurrency/lockutils.py:404}}
Nov 23 06:21:22 user devstack@n-api.service[64679]: DEBUG oslo_concurrency.lockutils [None req-9fa37f26-ab31-48cb-a90c-1648b46a73e0 tempest-ServerStableDeviceRescueTest-403388285 tempest-ServerStableDeviceRescueTest-403388285-project-member] Lock "d9ace596-a4f3-47b8-994b-8ec739cdc9d8" acquired by "nova.context.set_target_cell..get_or_set_cached_cell_and_set_connections" :: waited 0.001s {{(pid=64679) inner /opt/stack/data/venv/lib/python3.10/site-packages/oslo_concurrency/lockutils.py:409}}
Nov 23 06:21:22 user devstack@n-api.service[64679]: DEBUG oslo_concurrency.lockutils [None req-9fa37f26-ab31-48cb-a90c-1648b46a73e0 tempest-ServerStableDeviceRescueTest-403388285 tempest-ServerStableDeviceRescueTest-403388285-project-member] Lock "d9ace596-a4f3-47b8-994b-8ec739cdc9d8" "released" by "nova.context.set_target_cell..get_or_set_cached_cell_and_set_connections" :: held 0.001s {{(pid=64679) inner /opt/stack/data/venv/lib/python3.10/site-packages/oslo_concurrency/lockutils.py:423}}
Nov 23 06:21:22 user devstack@n-api.service[64678]: DEBUG dbcounter [-] [64678] Writing DB stats nova_api:SELECT=48,nova_api:INSERT=3,nova_api:UPDATE=1 {{(pid=64678) stat_writer /opt/stack/data/venv/lib/python3.10/site-packages/dbcounter.py:115}}
Nov 23 06:21:22 user devstack@n-api.service[64678]: DEBUG dbcounter [-] [64678] Writing DB stats nova_cell1:SELECT=70,nova_cell1:UPDATE=8,nova_cell1:INSERT=4,nova_cell1:DELETE=1 {{(pid=64678) stat_writer /opt/stack/data/venv/lib/python3.10/site-packages/dbcounter.py:115}}
Nov 23 06:21:22 user devstack@n-api.service[64679]: DEBUG nova.objects.instance [None req-9fa37f26-ab31-48cb-a90c-1648b46a73e0 tempest-ServerStableDeviceRescueTest-403388285 tempest-ServerStableDeviceRescueTest-403388285-project-member] Lazy-loading 'services' on Instance uuid cf5db4d3-2728-4ac9-aaec-05d1f1147329 {{(pid=64679) obj_load_attr /opt/stack/nova/nova/objects/instance.py:1141}}
Nov 23 06:21:22 user devstack@n-api.service[64679]: INFO nova.api.openstack.requestlog [None req-9fa37f26-ab31-48cb-a90c-1648b46a73e0 tempest-ServerStableDeviceRescueTest-403388285 tempest-ServerStableDeviceRescueTest-403388285-project-member] 10.0.0.210 "DELETE /compute/v2.1/servers/cf5db4d3-2728-4ac9-aaec-05d1f1147329/os-volume_attachments/20c3d6d4-df5d-4056-a30b-173cc0090b24" status: 202 len: 0 microversion: 2.1 time: 0.241040
Nov 23 06:21:22 user devstack@n-api.service[64678]: DEBUG nova.api.openstack.wsgi [None req-56ea8399-2e4a-452c-a833-448c6c4e1008 tempest-SnapshotDataIntegrityTests-1159786895 tempest-SnapshotDataIntegrityTests-1159786895-project-member] Action: 'create', calling method: .version_select at 0x7f63f98043a0>, body: {"keypair": {"name": "tempest-keypair-16128251", "public_key": "ecdsa-sha2-nistp384 AAAAE2VjZHNhLXNoYTItbmlzdHAzODQAAAAIbmlzdHAzODQAAABhBF1c4Msapphrj6nUaM+fOMmspu6gqoiwYCSTlwzMf2+/pbfieAndUiVy4fIqPCjumoCSb8iZ4Yp55AnL/NbF3+9joWu6+9gP+m/15ISvdjLmxZLQoIbGfYaTP//gW8jZMw=="}} {{(pid=64678) _process_stack /opt/stack/nova/nova/api/openstack/wsgi.py:511}}
Nov 23 06:21:22 user devstack@n-api.service[64679]: [pid: 64679|app: 0|req: 128/390] 10.0.0.210 () {62 vars in 1493 bytes} [Thu Nov 23 06:21:22 2023] DELETE /compute/v2.1/servers/cf5db4d3-2728-4ac9-aaec-05d1f1147329/os-volume_attachments/20c3d6d4-df5d-4056-a30b-173cc0090b24 => generated 0 bytes in 245 msecs (HTTP/1.1 202) 9 headers in 361 bytes (1 switches on core 0)
Nov 23 06:21:22 user devstack@n-api.service[64677]: DEBUG dbcounter [-] [64677] Writing DB stats nova_api:SELECT=8 {{(pid=64677) stat_writer /opt/stack/data/venv/lib/python3.10/site-packages/dbcounter.py:115}}
Nov 23 06:21:22 user devstack@n-api.service[64677]: DEBUG dbcounter [-] [64677] Writing DB stats nova_cell1:SELECT=12 {{(pid=64677) stat_writer /opt/stack/data/venv/lib/python3.10/site-packages/dbcounter.py:115}}
Nov 23 06:21:22 user devstack@n-api.service[64677]: DEBUG nova.api.openstack.wsgi [None req-52cbc08b-e1b9-4ee4-906b-37e249a434e9 tempest-ServerStableDeviceRescueTest-403388285 tempest-ServerStableDeviceRescueTest-403388285-project-member] Calling method '>' {{(pid=64677) _process_stack /opt/stack/nova/nova/api/openstack/wsgi.py:513}}
Nov 23 06:21:22 user devstack@n-api.service[64677]: DEBUG nova.compute.api [None req-52cbc08b-e1b9-4ee4-906b-37e249a434e9 tempest-ServerStableDeviceRescueTest-403388285 tempest-ServerStableDeviceRescueTest-403388285-project-member] [instance: cf5db4d3-2728-4ac9-aaec-05d1f1147329] Fetching instance by UUID {{(pid=64677) get /opt/stack/nova/nova/compute/api.py:2978}}
Nov 23 06:21:22 user devstack@n-api.service[64678]: DEBUG nova.quota [None req-56ea8399-2e4a-452c-a833-448c6c4e1008 tempest-SnapshotDataIntegrityTests-1159786895 tempest-SnapshotDataIntegrityTests-1159786895-project-member] Getting quotas for project 4e64e5d2fecf487db681ce54998e6a39. Resources: {'key_pairs'} {{(pid=64678) _get_quotas /opt/stack/nova/nova/quota.py:393}}
Nov 23 06:21:22 user devstack@n-api.service[64677]: DEBUG oslo_concurrency.lockutils [None req-52cbc08b-e1b9-4ee4-906b-37e249a434e9 tempest-ServerStableDeviceRescueTest-403388285 tempest-ServerStableDeviceRescueTest-403388285-project-member] Acquiring lock "d9ace596-a4f3-47b8-994b-8ec739cdc9d8" by "nova.context.set_target_cell..get_or_set_cached_cell_and_set_connections" {{(pid=64677) inner /opt/stack/data/venv/lib/python3.10/site-packages/oslo_concurrency/lockutils.py:404}}
Nov 23 06:21:22 user devstack@n-api.service[64677]: DEBUG oslo_concurrency.lockutils [None req-52cbc08b-e1b9-4ee4-906b-37e249a434e9 tempest-ServerStableDeviceRescueTest-403388285 tempest-ServerStableDeviceRescueTest-403388285-project-member] Lock "d9ace596-a4f3-47b8-994b-8ec739cdc9d8" acquired by "nova.context.set_target_cell..get_or_set_cached_cell_and_set_connections" :: waited 0.001s {{(pid=64677) inner /opt/stack/data/venv/lib/python3.10/site-packages/oslo_concurrency/lockutils.py:409}}
Nov 23 06:21:22 user devstack@n-api.service[64677]: DEBUG oslo_concurrency.lockutils [None req-52cbc08b-e1b9-4ee4-906b-37e249a434e9 tempest-ServerStableDeviceRescueTest-403388285 tempest-ServerStableDeviceRescueTest-403388285-project-member] Lock "d9ace596-a4f3-47b8-994b-8ec739cdc9d8" "released" by "nova.context.set_target_cell..get_or_set_cached_cell_and_set_connections" :: held 0.000s {{(pid=64677) inner /opt/stack/data/venv/lib/python3.10/site-packages/oslo_concurrency/lockutils.py:423}}
Nov 23 06:21:22 user devstack@n-api.service[64677]: DEBUG oslo_concurrency.lockutils [None req-52cbc08b-e1b9-4ee4-906b-37e249a434e9 tempest-ServerStableDeviceRescueTest-403388285 tempest-ServerStableDeviceRescueTest-403388285-project-member] Acquiring lock "d9ace596-a4f3-47b8-994b-8ec739cdc9d8" by "nova.context.set_target_cell..get_or_set_cached_cell_and_set_connections" {{(pid=64677) inner /opt/stack/data/venv/lib/python3.10/site-packages/oslo_concurrency/lockutils.py:404}}
Nov 23 06:21:22 user devstack@n-api.service[64677]: DEBUG oslo_concurrency.lockutils [None req-52cbc08b-e1b9-4ee4-906b-37e249a434e9 tempest-ServerStableDeviceRescueTest-403388285 tempest-ServerStableDeviceRescueTest-403388285-project-member] Lock "d9ace596-a4f3-47b8-994b-8ec739cdc9d8" acquired by "nova.context.set_target_cell..get_or_set_cached_cell_and_set_connections" :: waited 0.000s {{(pid=64677) inner /opt/stack/data/venv/lib/python3.10/site-packages/oslo_concurrency/lockutils.py:409}}
Nov 23 06:21:22 user devstack@n-api.service[64677]: DEBUG oslo_concurrency.lockutils [None req-52cbc08b-e1b9-4ee4-906b-37e249a434e9 tempest-ServerStableDeviceRescueTest-403388285 tempest-ServerStableDeviceRescueTest-403388285-project-member] Lock "d9ace596-a4f3-47b8-994b-8ec739cdc9d8" "released" by "nova.context.set_target_cell..get_or_set_cached_cell_and_set_connections" :: held 0.000s {{(pid=64677) inner /opt/stack/data/venv/lib/python3.10/site-packages/oslo_concurrency/lockutils.py:423}}
Nov 23 06:21:22 user devstack@n-api.service[64678]: DEBUG nova.quota [None req-56ea8399-2e4a-452c-a833-448c6c4e1008 tempest-SnapshotDataIntegrityTests-1159786895 tempest-SnapshotDataIntegrityTests-1159786895-project-member] Getting quotas for user fed3eef14c0846ed921f2dab6a4ae7f4 and project 4e64e5d2fecf487db681ce54998e6a39. Resources: {'key_pairs'} {{(pid=64678) _get_quotas /opt/stack/nova/nova/quota.py:383}}
Nov 23 06:21:22 user devstack@n-api.service[64678]: INFO nova.api.openstack.requestlog [None req-56ea8399-2e4a-452c-a833-448c6c4e1008 tempest-SnapshotDataIntegrityTests-1159786895 tempest-SnapshotDataIntegrityTests-1159786895-project-member] 10.0.0.210 "POST /compute/v2.1/os-keypairs" status: 200 len: 384 microversion: 2.1 time: 0.152603
Nov 23 06:21:22 user devstack@n-api.service[64678]: [pid: 64678|app: 0|req: 128/391] 10.0.0.210 () {64 vars in 1236 bytes} [Thu Nov 23 06:21:22 2023] POST /compute/v2.1/os-keypairs => generated 384 bytes in 154 msecs (HTTP/1.1 200) 9 headers in 357 bytes (1 switches on core 0)
Nov 23 06:21:22 user devstack@n-api.service[64677]: INFO nova.api.openstack.requestlog [None req-52cbc08b-e1b9-4ee4-906b-37e249a434e9 tempest-ServerStableDeviceRescueTest-403388285 tempest-ServerStableDeviceRescueTest-403388285-project-member] 10.0.0.210 "GET /compute/v2.1/servers/cf5db4d3-2728-4ac9-aaec-05d1f1147329/os-volume_attachments" status: 200 len: 197 microversion: 2.1 time: 0.048288
Nov 23 06:21:22 user devstack@n-api.service[64677]: [pid: 64677|app: 0|req: 136/392] 10.0.0.210 () {62 vars in 1379 bytes} [Thu Nov 23 06:21:22 2023] GET /compute/v2.1/servers/cf5db4d3-2728-4ac9-aaec-05d1f1147329/os-volume_attachments => generated 197 bytes in 50 msecs (HTTP/1.1 200) 9 headers in 357 bytes (1 switches on core 0)
Nov 23 06:21:25 user devstack@n-api.service[64679]: DEBUG nova.api.openstack.wsgi [None req-b9cd083e-f9eb-40e7-9325-3b0148060fd8 tempest-SnapshotDataIntegrityTests-1159786895 tempest-SnapshotDataIntegrityTests-1159786895-project-member] Action: 'create', calling method: >, body: {"server": {"name": "tempest-SnapshotDataIntegrityTests-server-1557766681", "imageRef": "adb6cd81-46df-49bf-9449-f8be1f499df7", "flavorRef": "1", "key_name": "tempest-keypair-16128251", "security_groups": [{"name": "tempest-secgroup-smoke-634640646"}, {"name": "tempest-securitygroup--446526460"}], "networks": [{"uuid": "06737496-f07b-4046-bdb8-6a80b0b55a1f"}], "user_data": "IyEvYmluL3NoCmVjaG8gIlByaW50aW5nIGNpcnJvcyB1c2VyIGF1dGhvcml6ZWQga2V5cyIKY2F0IH5jaXJyb3MvLnNzaC9hdXRob3JpemVkX2tleXMgfHwgdHJ1ZQo="}} {{(pid=64679) _process_stack /opt/stack/nova/nova/api/openstack/wsgi.py:511}}
Nov 23 06:21:26 user devstack@n-api.service[64679]: DEBUG nova.network.neutron [None req-b9cd083e-f9eb-40e7-9325-3b0148060fd8 tempest-SnapshotDataIntegrityTests-1159786895 tempest-SnapshotDataIntegrityTests-1159786895-project-member] validate_networks() for [('06737496-f07b-4046-bdb8-6a80b0b55a1f', None, None, None, None, None)] {{(pid=64679) validate_networks /opt/stack/nova/nova/network/neutron.py:2645}}
Nov 23 06:21:26 user devstack@n-api.service[64679]: DEBUG nova.virt.hardware [None req-b9cd083e-f9eb-40e7-9325-3b0148060fd8 tempest-SnapshotDataIntegrityTests-1159786895 tempest-SnapshotDataIntegrityTests-1159786895-project-member] Flavor limits 0:0:0 {{(pid=64679) get_cpu_topology_constraints /opt/stack/nova/nova/virt/hardware.py:348}}
Nov 23 06:21:26 user devstack@n-api.service[64679]: DEBUG nova.virt.hardware [None req-b9cd083e-f9eb-40e7-9325-3b0148060fd8 tempest-SnapshotDataIntegrityTests-1159786895 tempest-SnapshotDataIntegrityTests-1159786895-project-member] Image limits 0:0:0 {{(pid=64679) get_cpu_topology_constraints /opt/stack/nova/nova/virt/hardware.py:352}}
Nov 23 06:21:26 user devstack@n-api.service[64679]: DEBUG nova.virt.hardware [None req-b9cd083e-f9eb-40e7-9325-3b0148060fd8 tempest-SnapshotDataIntegrityTests-1159786895 tempest-SnapshotDataIntegrityTests-1159786895-project-member] Flavor pref 0:0:0 {{(pid=64679) get_cpu_topology_constraints /opt/stack/nova/nova/virt/hardware.py:388}}
Nov 23 06:21:26 user devstack@n-api.service[64679]: DEBUG nova.virt.hardware [None req-b9cd083e-f9eb-40e7-9325-3b0148060fd8 tempest-SnapshotDataIntegrityTests-1159786895 tempest-SnapshotDataIntegrityTests-1159786895-project-member] Image pref 0:0:0 {{(pid=64679) get_cpu_topology_constraints /opt/stack/nova/nova/virt/hardware.py:392}}
Nov 23 06:21:26 user devstack@n-api.service[64679]: DEBUG nova.virt.hardware [None req-b9cd083e-f9eb-40e7-9325-3b0148060fd8 tempest-SnapshotDataIntegrityTests-1159786895 tempest-SnapshotDataIntegrityTests-1159786895-project-member] Chose sockets=0, cores=0, threads=0; limits were sockets=65536, cores=65536, threads=65536 {{(pid=64679) get_cpu_topology_constraints /opt/stack/nova/nova/virt/hardware.py:430}}
Nov 23 06:21:26 user devstack@n-api.service[64679]: DEBUG oslo_concurrency.lockutils [None req-b9cd083e-f9eb-40e7-9325-3b0148060fd8 tempest-SnapshotDataIntegrityTests-1159786895 tempest-SnapshotDataIntegrityTests-1159786895-project-member] Acquiring lock "00000000-0000-0000-0000-000000000000" by "nova.context.set_target_cell..get_or_set_cached_cell_and_set_connections" {{(pid=64679) inner /opt/stack/data/venv/lib/python3.10/site-packages/oslo_concurrency/lockutils.py:404}}
Nov 23 06:21:26 user devstack@n-api.service[64679]: DEBUG oslo_concurrency.lockutils [None req-b9cd083e-f9eb-40e7-9325-3b0148060fd8 tempest-SnapshotDataIntegrityTests-1159786895 tempest-SnapshotDataIntegrityTests-1159786895-project-member] Lock "00000000-0000-0000-0000-000000000000" acquired by "nova.context.set_target_cell..get_or_set_cached_cell_and_set_connections" :: waited 0.001s {{(pid=64679) inner /opt/stack/data/venv/lib/python3.10/site-packages/oslo_concurrency/lockutils.py:409}}
Nov 23 06:21:26 user devstack@n-api.service[64679]: DEBUG oslo_concurrency.lockutils [None req-b9cd083e-f9eb-40e7-9325-3b0148060fd8 tempest-SnapshotDataIntegrityTests-1159786895 tempest-SnapshotDataIntegrityTests-1159786895-project-member] Lock "00000000-0000-0000-0000-000000000000" "released" by "nova.context.set_target_cell..get_or_set_cached_cell_and_set_connections" :: held 0.000s {{(pid=64679) inner /opt/stack/data/venv/lib/python3.10/site-packages/oslo_concurrency/lockutils.py:423}}
Nov 23 06:21:26 user devstack@n-api.service[64679]: DEBUG oslo_concurrency.lockutils [None req-b9cd083e-f9eb-40e7-9325-3b0148060fd8 tempest-SnapshotDataIntegrityTests-1159786895 tempest-SnapshotDataIntegrityTests-1159786895-project-member] Acquiring lock "d9ace596-a4f3-47b8-994b-8ec739cdc9d8" by "nova.context.set_target_cell..get_or_set_cached_cell_and_set_connections" {{(pid=64679) inner /opt/stack/data/venv/lib/python3.10/site-packages/oslo_concurrency/lockutils.py:404}}
Nov 23 06:21:26 user devstack@n-api.service[64679]: DEBUG oslo_concurrency.lockutils [None req-b9cd083e-f9eb-40e7-9325-3b0148060fd8 tempest-SnapshotDataIntegrityTests-1159786895 tempest-SnapshotDataIntegrityTests-1159786895-project-member] Lock "d9ace596-a4f3-47b8-994b-8ec739cdc9d8" acquired by "nova.context.set_target_cell..get_or_set_cached_cell_and_set_connections" :: waited 0.000s {{(pid=64679) inner /opt/stack/data/venv/lib/python3.10/site-packages/oslo_concurrency/lockutils.py:409}}
Nov 23 06:21:26 user devstack@n-api.service[64679]: DEBUG oslo_concurrency.lockutils [None req-b9cd083e-f9eb-40e7-9325-3b0148060fd8 tempest-SnapshotDataIntegrityTests-1159786895 tempest-SnapshotDataIntegrityTests-1159786895-project-member] Lock "d9ace596-a4f3-47b8-994b-8ec739cdc9d8" "released" by "nova.context.set_target_cell..get_or_set_cached_cell_and_set_connections" :: held 0.000s {{(pid=64679) inner /opt/stack/data/venv/lib/python3.10/site-packages/oslo_concurrency/lockutils.py:423}}
Nov 23 06:21:26 user devstack@n-api.service[64679]: DEBUG nova.quota [None req-b9cd083e-f9eb-40e7-9325-3b0148060fd8 tempest-SnapshotDataIntegrityTests-1159786895 tempest-SnapshotDataIntegrityTests-1159786895-project-member] Getting quotas for project 4e64e5d2fecf487db681ce54998e6a39. Resources: {'ram', 'instances', 'cores'} {{(pid=64679) _get_quotas /opt/stack/nova/nova/quota.py:393}}
Nov 23 06:21:26 user devstack@n-api.service[64679]: DEBUG nova.quota [None req-b9cd083e-f9eb-40e7-9325-3b0148060fd8 tempest-SnapshotDataIntegrityTests-1159786895 tempest-SnapshotDataIntegrityTests-1159786895-project-member] Getting quotas for user fed3eef14c0846ed921f2dab6a4ae7f4 and project 4e64e5d2fecf487db681ce54998e6a39. Resources: {'ram', 'instances', 'cores'} {{(pid=64679) _get_quotas /opt/stack/nova/nova/quota.py:383}}
Nov 23 06:21:26 user devstack@n-api.service[64679]: DEBUG nova.compute.api [None req-b9cd083e-f9eb-40e7-9325-3b0148060fd8 tempest-SnapshotDataIntegrityTests-1159786895 tempest-SnapshotDataIntegrityTests-1159786895-project-member] Going to run 1 instances... {{(pid=64679) _provision_instances /opt/stack/nova/nova/compute/api.py:1404}}
Nov 23 06:21:26 user devstack@n-api.service[64679]: DEBUG nova.compute.api [None req-b9cd083e-f9eb-40e7-9325-3b0148060fd8 tempest-SnapshotDataIntegrityTests-1159786895 tempest-SnapshotDataIntegrityTests-1159786895-project-member] [instance: 76a32788-6012-42a4-b10a-e62c382ec1cc] block_device_mapping [BlockDeviceMapping(attachment_id=,boot_index=0,connection_info=None,created_at=,delete_on_termination=True,deleted=,deleted_at=,destination_type='local',device_name=None,device_type='disk',disk_bus=None,encrypted=False,encryption_format=None,encryption_options=None,encryption_secret_uuid=None,guest_format=None,id=,image_id='adb6cd81-46df-49bf-9449-f8be1f499df7',instance=,instance_uuid=,no_device=False,snapshot_id=None,source_type='image',tag=None,updated_at=,uuid=,volume_id=None,volume_size=None,volume_type=None)] {{(pid=64679) _bdm_validate_set_size_and_instance /opt/stack/nova/nova/compute/api.py:1865}}
Nov 23 06:21:26 user devstack@n-api.service[64679]: INFO nova.api.openstack.requestlog [None req-b9cd083e-f9eb-40e7-9325-3b0148060fd8 tempest-SnapshotDataIntegrityTests-1159786895 tempest-SnapshotDataIntegrityTests-1159786895-project-member] 10.0.0.210 "POST /compute/v2.1/servers" status: 202 len: 449 microversion: 2.1 time: 0.992672
Nov 23 06:21:26 user devstack@n-api.service[64679]: [pid: 64679|app: 0|req: 129/393] 10.0.0.210 () {64 vars in 1224 bytes} [Thu Nov 23 06:21:25 2023] POST /compute/v2.1/servers => generated 449 bytes in 995 msecs (HTTP/1.1 202) 10 headers in 450 bytes (1 switches on core 0)
Nov 23 06:21:26 user devstack@n-api.service[64678]: DEBUG nova.api.openstack.wsgi [None req-d3ab53c0-0990-4194-8ed2-30f56cd18c7c tempest-SnapshotDataIntegrityTests-1159786895 tempest-SnapshotDataIntegrityTests-1159786895-project-member] Calling method '>' {{(pid=64678) _process_stack /opt/stack/nova/nova/api/openstack/wsgi.py:513}}
Nov 23 06:21:26 user devstack@n-api.service[64678]: DEBUG nova.compute.api [None req-d3ab53c0-0990-4194-8ed2-30f56cd18c7c tempest-SnapshotDataIntegrityTests-1159786895 tempest-SnapshotDataIntegrityTests-1159786895-project-member] [instance: 76a32788-6012-42a4-b10a-e62c382ec1cc] Fetching instance by UUID {{(pid=64678) get /opt/stack/nova/nova/compute/api.py:2978}}
Nov 23 06:21:26 user devstack@n-api.service[64678]: DEBUG nova.policy [None req-d3ab53c0-0990-4194-8ed2-30f56cd18c7c tempest-SnapshotDataIntegrityTests-1159786895 tempest-SnapshotDataIntegrityTests-1159786895-project-member] Policy check for os_compute_api:os-extended-server-attributes failed with credentials {'is_admin': False, 'user_id': 'fed3eef14c0846ed921f2dab6a4ae7f4', 'user_domain_id': 'default', 'system_scope': None, 'domain_id': None, 'project_id': '4e64e5d2fecf487db681ce54998e6a39', 'project_domain_id': 'default', 'roles': ['reader', 'member'], 'is_admin_project': True, 'service_user_id': None, 'service_user_domain_id': None, 'service_project_id': None, 'service_project_domain_id': None, 'service_roles': []} {{(pid=64678) authorize /opt/stack/nova/nova/policy.py:203}}
Nov 23 06:21:26 user devstack@n-api.service[64678]: INFO nova.api.openstack.requestlog [None req-d3ab53c0-0990-4194-8ed2-30f56cd18c7c tempest-SnapshotDataIntegrityTests-1159786895 tempest-SnapshotDataIntegrityTests-1159786895-project-member] 10.0.0.210 "GET /compute/v2.1/servers/76a32788-6012-42a4-b10a-e62c382ec1cc" status: 200 len: 1234 microversion: 2.1 time: 0.079401
Nov 23 06:21:26 user devstack@n-api.service[64678]: [pid: 64678|app: 0|req: 129/394] 10.0.0.210 () {62 vars in 1313 bytes} [Thu Nov 23 06:21:26 2023] GET /compute/v2.1/servers/76a32788-6012-42a4-b10a-e62c382ec1cc => generated 1234 bytes in 82 msecs (HTTP/1.1 200) 9 headers in 358 bytes (1 switches on core 0)
Nov 23 06:21:29 user devstack@n-api.service[64677]: DEBUG nova.api.openstack.wsgi [req-3596217b-0944-4729-8f77-96206c5830f5 req-dab37031-d73f-447a-a43f-525d7d9cd318 service nova] Action: 'create', calling method: >, body: {"events": [{"name": "network-changed", "server_uuid": "76a32788-6012-42a4-b10a-e62c382ec1cc", "tag": "15333a2f-8738-42ab-b573-6b131f5adf6c"}]} {{(pid=64677) _process_stack /opt/stack/nova/nova/api/openstack/wsgi.py:511}}
Nov 23 06:21:29 user devstack@n-api.service[64677]: DEBUG oslo_concurrency.lockutils [req-3596217b-0944-4729-8f77-96206c5830f5 req-dab37031-d73f-447a-a43f-525d7d9cd318 service nova] Acquiring lock "d9ace596-a4f3-47b8-994b-8ec739cdc9d8" by "nova.context.set_target_cell..get_or_set_cached_cell_and_set_connections" {{(pid=64677) inner /opt/stack/data/venv/lib/python3.10/site-packages/oslo_concurrency/lockutils.py:404}}
Nov 23 06:21:29 user devstack@n-api.service[64677]: DEBUG oslo_concurrency.lockutils [req-3596217b-0944-4729-8f77-96206c5830f5 req-dab37031-d73f-447a-a43f-525d7d9cd318 service nova] Lock "d9ace596-a4f3-47b8-994b-8ec739cdc9d8" acquired by "nova.context.set_target_cell..get_or_set_cached_cell_and_set_connections" :: waited 0.001s {{(pid=64677) inner /opt/stack/data/venv/lib/python3.10/site-packages/oslo_concurrency/lockutils.py:409}}
Nov 23 06:21:29 user devstack@n-api.service[64677]: DEBUG oslo_concurrency.lockutils [req-3596217b-0944-4729-8f77-96206c5830f5 req-dab37031-d73f-447a-a43f-525d7d9cd318 service nova] Lock "d9ace596-a4f3-47b8-994b-8ec739cdc9d8" "released" by "nova.context.set_target_cell..get_or_set_cached_cell_and_set_connections" :: held 0.000s {{(pid=64677) inner /opt/stack/data/venv/lib/python3.10/site-packages/oslo_concurrency/lockutils.py:423}}
Nov 23 06:21:29 user devstack@n-api.service[64677]: INFO nova.api.openstack.compute.server_external_events [req-3596217b-0944-4729-8f77-96206c5830f5 req-dab37031-d73f-447a-a43f-525d7d9cd318 service nova] Creating event network-changed:15333a2f-8738-42ab-b573-6b131f5adf6c for instance 76a32788-6012-42a4-b10a-e62c382ec1cc on user
Nov 23 06:21:29 user devstack@n-api.service[64677]: INFO nova.api.openstack.requestlog [req-3596217b-0944-4729-8f77-96206c5830f5 req-dab37031-d73f-447a-a43f-525d7d9cd318 service nova] 10.0.0.210 "POST /compute/v2.1/os-server-external-events" status: 200 len: 179 microversion: 2.1 time: 0.085983
Nov 23 06:21:29 user devstack@n-api.service[64677]: [pid: 64677|app: 0|req: 137/395] 10.0.0.210 () {68 vars in 1394 bytes} [Thu Nov 23 06:21:29 2023] POST /compute/v2.1/os-server-external-events => generated 179 bytes in 88 msecs (HTTP/1.1 200) 9 headers in 357 bytes (1 switches on core 0)
Nov 23 06:21:31 user devstack@n-api.service[64679]: DEBUG nova.api.openstack.wsgi [None req-1f146192-d85a-4d8e-8328-d44befab9ced tempest-ServerRescueNegativeTestJSON-1110786830 tempest-ServerRescueNegativeTestJSON-1110786830-project-member] Action: 'create', calling method: >, body: {"volumeAttachment": {"volumeId": "1789d47f-09cf-4bf2-bc0c-0f3556a97818"}} {{(pid=64679) _process_stack /opt/stack/nova/nova/api/openstack/wsgi.py:511}}
Nov 23 06:21:31 user devstack@n-api.service[64679]: DEBUG nova.compute.api [None req-1f146192-d85a-4d8e-8328-d44befab9ced tempest-ServerRescueNegativeTestJSON-1110786830 tempest-ServerRescueNegativeTestJSON-1110786830-project-member] [instance: f4d40301-d465-42af-8b6c-e62a064afcaf] Fetching instance by UUID {{(pid=64679) get /opt/stack/nova/nova/compute/api.py:2978}}
