Jul 20 05:51:28 user devstack@keystone.service[41911]: DEBUG keystone.server.flask.request_processing.middleware.auth_context [None req-71f70db0-b016-4d38-ac78-742924c729fc None admin] Validating token access rules against request {{(pid=41911) validate_allowed_request /usr/local/lib/python3.10/dist-packages/keystonemiddleware/auth_token/__init__.py:544}}
Jul 20 05:51:28 user devstack@keystone.service[41910]: DEBUG keystone.common.rbac_enforcer.enforcer [None req-42ecf7d2-55c4-4c63-b467-53d5e7fb028e None admin] RBAC: Authorizing `identity:get_user(user_id=74e7fb70f95b4f0a852e4c7e5f9c98d9)` {{(pid=41910) enforce_call /opt/stack/keystone/keystone/common/rbac_enforcer/enforcer.py:449}}
Jul 20 05:51:28 user devstack@keystone.service[41910]: DEBUG keystone.common.rbac_enforcer.enforcer [None req-42ecf7d2-55c4-4c63-b467-53d5e7fb028e None admin] RBAC: Authorization granted {{(pid=41910) enforce_call /opt/stack/keystone/keystone/common/rbac_enforcer/enforcer.py:457}}
Jul 20 05:51:28 user devstack@keystone.service[41910]: [pid: 41910|app: 0|req: 22/70] 10.0.0.210 () {56 vars in 1172 bytes} [Thu Jul 20 05:51:28 2023] GET /identity/v3/users/74e7fb70f95b4f0a852e4c7e5f9c98d9 => generated 274 bytes in 144 msecs (HTTP/1.1 200) 5 headers in 177 bytes (1 switches on core 0)
Jul 20 05:51:28 user devstack@keystone.service[41910]: DEBUG keystone.server.flask.request_processing.middleware.auth_context [None req-42ecf7d2-55c4-4c63-b467-53d5e7fb028e None admin] Authenticating user token {{(pid=41910) process_request /usr/local/lib/python3.10/dist-packages/keystonemiddleware/auth_token/__init__.py:406}}
Jul 20 05:51:28 user devstack@keystone.service[41909]: DEBUG keystone.server.flask.request_processing.middleware.auth_context [None req-b7ac84fd-73eb-4e69-8735-3ac1d503abdf None admin] RBAC: auth_context: {'token': , 'domain_id': None, 'trust_id': None, 'trustor_id': None, 'trustee_id': None, 'domain_name': None, 'group_ids': [], 'user_id': '34f0e162d7ac4380adc2589aa3a9a264', 'user_domain_id': 'default', 'system_scope': 'all', 'project_id': None, 'project_domain_id': None, 'roles': ['admin', 'member', 'reader'], 'is_admin_project': True, 'service_user_id': None, 'service_user_domain_id': None, 'service_project_id': None, 'service_project_domain_id': None, 'service_roles': []} {{(pid=41909) fill_context /opt/stack/keystone/keystone/server/flask/request_processing/middleware/auth_context.py:480}}
Jul 20 05:51:28 user devstack@keystone.service[41909]: DEBUG keystone.server.flask.request_processing.req_logging [None req-b7ac84fd-73eb-4e69-8735-3ac1d503abdf None admin] REQUEST_METHOD: `GET` {{(pid=41909) log_request_info /opt/stack/keystone/keystone/server/flask/request_processing/req_logging.py:27}}
Jul 20 05:51:28 user devstack@keystone.service[41909]: DEBUG keystone.server.flask.request_processing.req_logging [None req-b7ac84fd-73eb-4e69-8735-3ac1d503abdf None admin] SCRIPT_NAME: `/identity` {{(pid=41909) log_request_info /opt/stack/keystone/keystone/server/flask/request_processing/req_logging.py:28}}
Jul 20 05:51:28 user devstack@keystone.service[41909]: DEBUG keystone.server.flask.request_processing.req_logging [None req-b7ac84fd-73eb-4e69-8735-3ac1d503abdf None admin] PATH_INFO: `/v3/roles/member` {{(pid=41909) log_request_info /opt/stack/keystone/keystone/server/flask/request_processing/req_logging.py:29}}
Jul 20 05:51:28 user devstack@keystone.service[41909]: DEBUG keystone.common.rbac_enforcer.enforcer [None req-b7ac84fd-73eb-4e69-8735-3ac1d503abdf None admin] Extracting inferred target data resulted in "NOT FOUND (404)". {{(pid=41909) enforce_call /opt/stack/keystone/keystone/common/rbac_enforcer/enforcer.py:409}}
Jul 20 05:51:28 user devstack@keystone.service[41909]: ERROR keystone.server.flask.application [None req-b7ac84fd-73eb-4e69-8735-3ac1d503abdf None admin] Could not find role: member.: keystone.exception.RoleNotFound: Could not find role: member.
Jul 20 05:51:28 user devstack@keystone.service[41909]: ERROR keystone.server.flask.application
Traceback (most recent call last):
Jul 20 05:51:28 user devstack@keystone.service[41909]: ERROR keystone.server.flask.application
File "/usr/local/lib/python3.10/dist-packages/flask/app.py", line 1823, in full_dispatch_request
Jul 20 05:51:28 user devstack@keystone.service[41909]: ERROR keystone.server.flask.application rv = self.dispatch_request()
Jul 20 05:51:28 user devstack@keystone.service[41909]: ERROR keystone.server.flask.application
File "/usr/local/lib/python3.10/dist-packages/flask/app.py", line 1799, in dispatch_request
Jul 20 05:51:28 user devstack@keystone.service[41909]: ERROR keystone.server.flask.application return self.ensure_sync(self.view_functions[rule.endpoint])(**view_args)
Jul 20 05:51:28 user devstack@keystone.service[41909]: ERROR keystone.server.flask.application
File "/usr/local/lib/python3.10/dist-packages/flask_restful/__init__.py", line 467, in wrapper
Jul 20 05:51:28 user devstack@keystone.service[41909]: ERROR keystone.server.flask.application resp = resource(*args, **kwargs)
Jul 20 05:51:28 user devstack@keystone.service[41909]: ERROR keystone.server.flask.application
File "/usr/local/lib/python3.10/dist-packages/flask/views.py", line 107, in view
Jul 20 05:51:28 user devstack@keystone.service[41909]: ERROR keystone.server.flask.application return current_app.ensure_sync(self.dispatch_request)(**kwargs)
Jul 20 05:51:28 user devstack@keystone.service[41909]: ERROR keystone.server.flask.application
File "/usr/local/lib/python3.10/dist-packages/flask_restful/__init__.py", line 582, in dispatch_request
Jul 20 05:51:28 user devstack@keystone.service[41909]: ERROR keystone.server.flask.application resp = meth(*args, **kwargs)
Jul 20 05:51:28 user devstack@keystone.service[41909]: ERROR keystone.server.flask.application
File "/opt/stack/keystone/keystone/api/roles.py", line 50, in get
Jul 20 05:51:28 user devstack@keystone.service[41909]: ERROR keystone.server.flask.application return self._get_role(role_id)
Jul 20 05:51:28 user devstack@keystone.service[41909]: ERROR keystone.server.flask.application
File "/opt/stack/keystone/keystone/api/roles.py", line 70, in _get_role
Jul 20 05:51:28 user devstack@keystone.service[41909]: ERROR keystone.server.flask.application ENFORCER.enforce_call(action='identity:get_role')
Jul 20 05:51:28 user devstack@keystone.service[41909]: ERROR keystone.server.flask.application
File "/opt/stack/keystone/keystone/common/rbac_enforcer/enforcer.py", line 402, in enforce_call
Jul 20 05:51:28 user devstack@keystone.service[41909]: ERROR keystone.server.flask.application policy_dict.update(cls._extract_member_target_data(
Jul 20 05:51:28 user devstack@keystone.service[41909]: ERROR keystone.server.flask.application
File "/opt/stack/keystone/keystone/common/rbac_enforcer/enforcer.py", line 234, in _extract_member_target_data
Jul 20 05:51:28 user devstack@keystone.service[41909]: ERROR keystone.server.flask.application member_name: func(flask.request.view_args[key])
Jul 20 05:51:28 user devstack@keystone.service[41909]: ERROR keystone.server.flask.application
File "/opt/stack/keystone/keystone/common/manager.py", line 115, in wrapped
Jul 20 05:51:28 user devstack@keystone.service[41909]: ERROR keystone.server.flask.application __ret_val = __f(*args, **kwargs)
Jul 20 05:51:28 user devstack@keystone.service[41909]: ERROR keystone.server.flask.application
File "/usr/local/lib/python3.10/dist-packages/decorator.py", line 232, in fun
Jul 20 05:51:28 user devstack@keystone.service[41909]: ERROR keystone.server.flask.application return caller(func, *(extras + args), **kw)
Jul 20 05:51:28 user devstack@keystone.service[41909]: ERROR keystone.server.flask.application
File "/usr/local/lib/python3.10/dist-packages/dogpile/cache/region.py", line 1577, in get_or_create_for_user_func
Jul 20 05:51:28 user devstack@keystone.service[41909]: ERROR keystone.server.flask.application return self.get_or_create(
Jul 20 05:51:28 user devstack@keystone.service[41909]: ERROR keystone.server.flask.application
File "/usr/local/lib/python3.10/dist-packages/dogpile/cache/region.py", line 1042, in get_or_create
Jul 20 05:51:28 user devstack@keystone.service[41909]: ERROR keystone.server.flask.application with Lock(
Jul 20 05:51:28 user devstack@keystone.service[41909]: ERROR keystone.server.flask.application
File "/usr/local/lib/python3.10/dist-packages/dogpile/lock.py", line 185, in __enter__
Jul 20 05:51:28 user devstack@keystone.service[41909]: ERROR keystone.server.flask.application return self._enter()
Jul 20 05:51:28 user devstack@keystone.service[41909]: ERROR keystone.server.flask.application
File "/usr/local/lib/python3.10/dist-packages/dogpile/lock.py", line 94, in _enter
Jul 20 05:51:28 user devstack@keystone.service[41909]: ERROR keystone.server.flask.application generated = self._enter_create(value, createdtime)
Jul 20 05:51:28 user devstack@keystone.service[41909]: ERROR keystone.server.flask.application
File "/usr/local/lib/python3.10/dist-packages/dogpile/lock.py", line 178, in _enter_create
Jul 20 05:51:28 user devstack@keystone.service[41909]: ERROR keystone.server.flask.application return self.creator()
Jul 20 05:51:28 user devstack@keystone.service[41909]: ERROR keystone.server.flask.application
File "/usr/local/lib/python3.10/dist-packages/dogpile/cache/region.py", line 995, in gen_value
Jul 20 05:51:28 user devstack@keystone.service[41909]: ERROR keystone.server.flask.application created_value = creator(
Jul 20 05:51:28 user devstack@keystone.service[41909]: ERROR keystone.server.flask.application
File "/opt/stack/keystone/keystone/assignment/core.py", line 1276, in get_role
Jul 20 05:51:28 user devstack@keystone.service[41909]: ERROR keystone.server.flask.application return self.driver.get_role(role_id)
Jul 20 05:51:28 user devstack@keystone.service[41909]: ERROR keystone.server.flask.application
File "/opt/stack/keystone/keystone/assignment/role_backends/sql.py", line 70, in get_role
Jul 20 05:51:28 user devstack@keystone.service[41909]: ERROR keystone.server.flask.application return self._get_role(session, role_id).to_dict()
Jul 20 05:51:28 user devstack@keystone.service[41909]: ERROR keystone.server.flask.application
File "/opt/stack/keystone/keystone/assignment/role_backends/sql.py", line 65, in _get_role
Jul 20 05:51:28 user devstack@keystone.service[41909]: ERROR keystone.server.flask.application raise exception.RoleNotFound(role_id=role_id)
Jul 20 05:51:28 user devstack@keystone.service[41909]: ERROR keystone.server.flask.application keystone.exception.RoleNotFound: Could not find role: member.
Jul 20 05:51:28 user devstack@keystone.service[41909]: ERROR keystone.server.flask.application
Jul 20 05:51:28 user devstack@keystone.service[41909]: [pid: 41909|app: 0|req: 22/71] 10.0.0.210 () {56 vars in 1094 bytes} [Thu Jul 20 05:51:28 2023] GET /identity/v3/roles/member => generated 84 bytes in 138 msecs (HTTP/1.1 404) 5 headers in 183 bytes (1 switches on core 0)
Jul 20 05:51:28 user devstack@keystone.service[41909]: DEBUG keystone.server.flask.request_processing.middleware.auth_context [None req-b7ac84fd-73eb-4e69-8735-3ac1d503abdf None admin] Authenticating user token {{(pid=41909) process_request /usr/local/lib/python3.10/dist-packages/keystonemiddleware/auth_token/__init__.py:406}}
Jul 20 05:51:28 user devstack@keystone.service[41911]: DEBUG keystone.server.flask.request_processing.middleware.auth_context [None req-02076b9f-722d-4dab-9309-d2e4baf7d5fe None admin] RBAC: auth_context: {'token': , 'domain_id': None, 'trust_id': None, 'trustor_id': None, 'trustee_id': None, 'domain_name': None, 'group_ids': [], 'user_id': '34f0e162d7ac4380adc2589aa3a9a264', 'user_domain_id': 'default', 'system_scope': 'all', 'project_id': None, 'project_domain_id': None, 'roles': ['admin', 'member', 'reader'], 'is_admin_project': True, 'service_user_id': None, 'service_user_domain_id': None, 'service_project_id': None, 'service_project_domain_id': None, 'service_roles': []} {{(pid=41911) fill_context /opt/stack/keystone/keystone/server/flask/request_processing/middleware/auth_context.py:480}}
Jul 20 05:51:28 user devstack@keystone.service[41911]: DEBUG keystone.server.flask.request_processing.req_logging [None req-02076b9f-722d-4dab-9309-d2e4baf7d5fe None admin] REQUEST_METHOD: `GET` {{(pid=41911) log_request_info /opt/stack/keystone/keystone/server/flask/request_processing/req_logging.py:27}}
Jul 20 05:51:28 user devstack@keystone.service[41911]: DEBUG keystone.server.flask.request_processing.req_logging [None req-02076b9f-722d-4dab-9309-d2e4baf7d5fe None admin] SCRIPT_NAME: `/identity` {{(pid=41911) log_request_info /opt/stack/keystone/keystone/server/flask/request_processing/req_logging.py:28}}
Jul 20 05:51:28 user devstack@keystone.service[41911]: DEBUG keystone.server.flask.request_processing.req_logging [None req-02076b9f-722d-4dab-9309-d2e4baf7d5fe None admin] PATH_INFO: `/v3/roles` {{(pid=41911) log_request_info /opt/stack/keystone/keystone/server/flask/request_processing/req_logging.py:29}}
Jul 20 05:51:28 user devstack@keystone.service[41911]: DEBUG keystone.common.rbac_enforcer.enforcer [None req-02076b9f-722d-4dab-9309-d2e4baf7d5fe None admin] RBAC: Adding query filter params (name=anotherrole) {{(pid=41911) _extract_filter_values /opt/stack/keystone/keystone/common/rbac_enforcer/enforcer.py:167}}
Jul 20 05:51:28 user devstack@keystone.service[41911]: DEBUG keystone.common.rbac_enforcer.enforcer [None req-02076b9f-722d-4dab-9309-d2e4baf7d5fe None admin] RBAC: Authorizing `identity:list_roles()` {{(pid=41911) enforce_call /opt/stack/keystone/keystone/common/rbac_enforcer/enforcer.py:449}}
Jul 20 05:51:28 user devstack@keystone.service[41911]: DEBUG keystone.common.rbac_enforcer.enforcer [None req-02076b9f-722d-4dab-9309-d2e4baf7d5fe None admin] RBAC: Authorization granted {{(pid=41911) enforce_call /opt/stack/keystone/keystone/common/rbac_enforcer/enforcer.py:457}}
Jul 20 05:51:28 user devstack@keystone.service[41911]: [pid: 41911|app: 0|req: 28/72] 10.0.0.210 () {56 vars in 1106 bytes} [Thu Jul 20 05:51:28 2023] GET /identity/v3/roles?name=anotherrole => generated 332 bytes in 138 msecs (HTTP/1.1 200) 5 headers in 177 bytes (1 switches on core 0)
Jul 20 05:51:28 user devstack@keystone.service[41911]: DEBUG keystone.server.flask.request_processing.middleware.auth_context [None req-02076b9f-722d-4dab-9309-d2e4baf7d5fe None admin] Authenticating user token {{(pid=41911) process_request /usr/local/lib/python3.10/dist-packages/keystonemiddleware/auth_token/__init__.py:406}}
Jul 20 05:51:28 user devstack@keystone.service[41910]: DEBUG keystone.server.flask.request_processing.middleware.auth_context [None req-42ecf7d2-55c4-4c63-b467-53d5e7fb028e None admin] Validating token access rules against request {{(pid=41910) validate_allowed_request /usr/local/lib/python3.10/dist-packages/keystonemiddleware/auth_token/__init__.py:544}}
Jul 20 05:51:28 user devstack@keystone.service[41909]: DEBUG keystone.server.flask.request_processing.middleware.auth_context [None req-b7ac84fd-73eb-4e69-8735-3ac1d503abdf None admin] Validating token access rules against request {{(pid=41909) validate_allowed_request /usr/local/lib/python3.10/dist-packages/keystonemiddleware/auth_token/__init__.py:544}}
Jul 20 05:51:28 user devstack@keystone.service[41911]: DEBUG dbcounter [-] [41911] Writing DB stats keystone:SELECT=100 {{(pid=41911) stat_writer /usr/local/lib/python3.10/dist-packages/dbcounter.py:117}}
Jul 20 05:51:28 user devstack@keystone.service[41910]: DEBUG keystone.server.flask.request_processing.middleware.auth_context [None req-538f1b56-f6b8-441c-bf00-adad8d805dbd None admin] RBAC: auth_context: {'token': , 'domain_id': None, 'trust_id': None, 'trustor_id': None, 'trustee_id': None, 'domain_name': None, 'group_ids': [], 'user_id': '34f0e162d7ac4380adc2589aa3a9a264', 'user_domain_id': 'default', 'system_scope': 'all', 'project_id': None, 'project_domain_id': None, 'roles': ['admin', 'member', 'reader'], 'is_admin_project': True, 'service_user_id': None, 'service_user_domain_id': None, 'service_project_id': None, 'service_project_domain_id': None, 'service_roles': []} {{(pid=41910) fill_context /opt/stack/keystone/keystone/server/flask/request_processing/middleware/auth_context.py:480}}
Jul 20 05:51:28 user devstack@keystone.service[41910]: DEBUG keystone.server.flask.request_processing.req_logging [None req-538f1b56-f6b8-441c-bf00-adad8d805dbd None admin] REQUEST_METHOD: `GET` {{(pid=41910) log_request_info /opt/stack/keystone/keystone/server/flask/request_processing/req_logging.py:27}}
Jul 20 05:51:28 user devstack@keystone.service[41910]: DEBUG keystone.server.flask.request_processing.req_logging [None req-538f1b56-f6b8-441c-bf00-adad8d805dbd None admin] SCRIPT_NAME: `/identity` {{(pid=41910) log_request_info /opt/stack/keystone/keystone/server/flask/request_processing/req_logging.py:28}}
Jul 20 05:51:28 user devstack@keystone.service[41910]: DEBUG keystone.server.flask.request_processing.req_logging [None req-538f1b56-f6b8-441c-bf00-adad8d805dbd None admin] PATH_INFO: `/v3/users/34f0e162d7ac4380adc2589aa3a9a264` {{(pid=41910) log_request_info /opt/stack/keystone/keystone/server/flask/request_processing/req_logging.py:29}}
Jul 20 05:51:28 user devstack@keystone.service[41910]: DEBUG keystone.common.rbac_enforcer.enforcer [None req-538f1b56-f6b8-441c-bf00-adad8d805dbd None admin] RBAC: Authorizing `identity:get_user(user_id=34f0e162d7ac4380adc2589aa3a9a264)` {{(pid=41910) enforce_call /opt/stack/keystone/keystone/common/rbac_enforcer/enforcer.py:449}}
Jul 20 05:51:28 user devstack@keystone.service[41910]: DEBUG keystone.common.rbac_enforcer.enforcer [None req-538f1b56-f6b8-441c-bf00-adad8d805dbd None admin] RBAC: Authorization granted {{(pid=41910) enforce_call /opt/stack/keystone/keystone/common/rbac_enforcer/enforcer.py:457}}
Jul 20 05:51:28 user devstack@keystone.service[41911]: DEBUG keystone.server.flask.request_processing.middleware.auth_context [None req-02076b9f-722d-4dab-9309-d2e4baf7d5fe None admin] Validating token access rules against request {{(pid=41911) validate_allowed_request /usr/local/lib/python3.10/dist-packages/keystonemiddleware/auth_token/__init__.py:544}}
Jul 20 05:51:28 user devstack@keystone.service[41910]: [pid: 41910|app: 0|req: 23/73] 10.0.0.210 () {56 vars in 1172 bytes} [Thu Jul 20 05:51:28 2023] GET /identity/v3/users/34f0e162d7ac4380adc2589aa3a9a264 => generated 246 bytes in 127 msecs (HTTP/1.1 200) 5 headers in 177 bytes (1 switches on core 0)
Jul 20 05:51:28 user devstack@keystone.service[41910]: DEBUG keystone.server.flask.request_processing.middleware.auth_context [None req-538f1b56-f6b8-441c-bf00-adad8d805dbd None admin] Authenticating user token {{(pid=41910) process_request /usr/local/lib/python3.10/dist-packages/keystonemiddleware/auth_token/__init__.py:406}}
Jul 20 05:51:28 user devstack@keystone.service[41909]: DEBUG keystone.server.flask.request_processing.middleware.auth_context [None req-b917645a-2dfd-40f9-826c-8c043408ff46 None admin] RBAC: auth_context: {'token': , 'domain_id': None, 'trust_id': None, 'trustor_id': None, 'trustee_id': None, 'domain_name': None, 'group_ids': [], 'user_id': '34f0e162d7ac4380adc2589aa3a9a264', 'user_domain_id': 'default', 'system_scope': 'all', 'project_id': None, 'project_domain_id': None, 'roles': ['admin', 'member', 'reader'], 'is_admin_project': True, 'service_user_id': None, 'service_user_domain_id': None, 'service_project_id': None, 'service_project_domain_id': None, 'service_roles': []} {{(pid=41909) fill_context /opt/stack/keystone/keystone/server/flask/request_processing/middleware/auth_context.py:480}}
Jul 20 05:51:28 user devstack@keystone.service[41909]: DEBUG keystone.server.flask.request_processing.req_logging [None req-b917645a-2dfd-40f9-826c-8c043408ff46 None admin] REQUEST_METHOD: `GET` {{(pid=41909) log_request_info /opt/stack/keystone/keystone/server/flask/request_processing/req_logging.py:27}}
Jul 20 05:51:28 user devstack@keystone.service[41909]: DEBUG keystone.server.flask.request_processing.req_logging [None req-b917645a-2dfd-40f9-826c-8c043408ff46 None admin] SCRIPT_NAME: `/identity` {{(pid=41909) log_request_info /opt/stack/keystone/keystone/server/flask/request_processing/req_logging.py:28}}
Jul 20 05:51:28 user devstack@keystone.service[41909]: DEBUG keystone.server.flask.request_processing.req_logging [None req-b917645a-2dfd-40f9-826c-8c043408ff46 None admin] PATH_INFO: `/v3/domains/default` {{(pid=41909) log_request_info /opt/stack/keystone/keystone/server/flask/request_processing/req_logging.py:29}}
Jul 20 05:51:28 user devstack@keystone.service[41909]: DEBUG keystone.common.rbac_enforcer.enforcer [None req-b917645a-2dfd-40f9-826c-8c043408ff46 None admin] RBAC: Authorizing `identity:get_domain(domain_id=default)` {{(pid=41909) enforce_call /opt/stack/keystone/keystone/common/rbac_enforcer/enforcer.py:449}}
Jul 20 05:51:28 user devstack@keystone.service[41909]: DEBUG keystone.common.rbac_enforcer.enforcer [None req-b917645a-2dfd-40f9-826c-8c043408ff46 None admin] RBAC: Authorization granted {{(pid=41909) enforce_call /opt/stack/keystone/keystone/common/rbac_enforcer/enforcer.py:457}}
Jul 20 05:51:28 user devstack@keystone.service[41909]: [pid: 41909|app: 0|req: 23/74] 10.0.0.210 () {56 vars in 1103 bytes} [Thu Jul 20 05:51:28 2023] GET /identity/v3/domains/default => generated 198 bytes in 119 msecs (HTTP/1.1 200) 5 headers in 177 bytes (1 switches on core 0)
Jul 20 05:51:28 user devstack@keystone.service[41909]: DEBUG keystone.server.flask.request_processing.middleware.auth_context [None req-b917645a-2dfd-40f9-826c-8c043408ff46 None admin] Authenticating user token {{(pid=41909) process_request /usr/local/lib/python3.10/dist-packages/keystonemiddleware/auth_token/__init__.py:406}}
Jul 20 05:51:28 user devstack@keystone.service[41911]: DEBUG keystone.server.flask.request_processing.middleware.auth_context [None req-729561f3-df59-4fc9-a7bf-0f5760f9b27c None admin] RBAC: auth_context: {'token': , 'domain_id': None, 'trust_id': None, 'trustor_id': None, 'trustee_id': None, 'domain_name': None, 'group_ids': [], 'user_id': '34f0e162d7ac4380adc2589aa3a9a264', 'user_domain_id': 'default', 'system_scope': 'all', 'project_id': None, 'project_domain_id': None, 'roles': ['admin', 'member', 'reader'], 'is_admin_project': True, 'service_user_id': None, 'service_user_domain_id': None, 'service_project_id': None, 'service_project_domain_id': None, 'service_roles': []} {{(pid=41911) fill_context /opt/stack/keystone/keystone/server/flask/request_processing/middleware/auth_context.py:480}}
Jul 20 05:51:28 user devstack@keystone.service[41911]: DEBUG keystone.server.flask.request_processing.req_logging [None req-729561f3-df59-4fc9-a7bf-0f5760f9b27c None admin] REQUEST_METHOD: `GET` {{(pid=41911) log_request_info /opt/stack/keystone/keystone/server/flask/request_processing/req_logging.py:27}}
Jul 20 05:51:28 user devstack@keystone.service[41911]: DEBUG keystone.server.flask.request_processing.req_logging [None req-729561f3-df59-4fc9-a7bf-0f5760f9b27c None admin] SCRIPT_NAME: `/identity` {{(pid=41911) log_request_info /opt/stack/keystone/keystone/server/flask/request_processing/req_logging.py:28}}
Jul 20 05:51:28 user devstack@keystone.service[41911]: DEBUG keystone.server.flask.request_processing.req_logging [None req-729561f3-df59-4fc9-a7bf-0f5760f9b27c None admin] PATH_INFO: `/v3/projects/98fd33115e504afaabd5dd0e0f322411` {{(pid=41911) log_request_info /opt/stack/keystone/keystone/server/flask/request_processing/req_logging.py:29}}
Jul 20 05:51:28 user devstack@keystone.service[41911]: DEBUG keystone.common.rbac_enforcer.enforcer [None req-729561f3-df59-4fc9-a7bf-0f5760f9b27c None admin] RBAC: Authorizing `identity:get_project(project_id=98fd33115e504afaabd5dd0e0f322411)` {{(pid=41911) enforce_call /opt/stack/keystone/keystone/common/rbac_enforcer/enforcer.py:449}}
Jul 20 05:51:28 user devstack@keystone.service[41911]: DEBUG keystone.common.rbac_enforcer.enforcer [None req-729561f3-df59-4fc9-a7bf-0f5760f9b27c None admin] RBAC: Authorization granted {{(pid=41911) enforce_call /opt/stack/keystone/keystone/common/rbac_enforcer/enforcer.py:457}}
Jul 20 05:51:28 user devstack@keystone.service[41911]: [pid: 41911|app: 0|req: 29/75] 10.0.0.210 () {56 vars in 1181 bytes} [Thu Jul 20 05:51:28 2023] GET /identity/v3/projects/98fd33115e504afaabd5dd0e0f322411 => generated 297 bytes in 129 msecs (HTTP/1.1 200) 5 headers in 177 bytes (1 switches on core 0)
Jul 20 05:51:28 user devstack@keystone.service[41911]: DEBUG keystone.server.flask.request_processing.middleware.auth_context [None req-729561f3-df59-4fc9-a7bf-0f5760f9b27c None admin] Authenticating user token {{(pid=41911) process_request /usr/local/lib/python3.10/dist-packages/keystonemiddleware/auth_token/__init__.py:406}}
Jul 20 05:51:28 user devstack@keystone.service[41910]: DEBUG dbcounter [-] [41910] Writing DB stats keystone:SELECT=100 {{(pid=41910) stat_writer /usr/local/lib/python3.10/dist-packages/dbcounter.py:117}}
Jul 20 05:51:28 user devstack@keystone.service[41909]: DEBUG dbcounter [-] [41909] Writing DB stats keystone:SELECT=100 {{(pid=41909) stat_writer /usr/local/lib/python3.10/dist-packages/dbcounter.py:117}}
Jul 20 05:51:28 user devstack@keystone.service[41910]: DEBUG keystone.server.flask.request_processing.middleware.auth_context [None req-538f1b56-f6b8-441c-bf00-adad8d805dbd None admin] Validating token access rules against request {{(pid=41910) validate_allowed_request /usr/local/lib/python3.10/dist-packages/keystonemiddleware/auth_token/__init__.py:544}}
Jul 20 05:51:28 user devstack@keystone.service[41909]: DEBUG keystone.server.flask.request_processing.middleware.auth_context [None req-b917645a-2dfd-40f9-826c-8c043408ff46 None admin] Validating token access rules against request {{(pid=41909) validate_allowed_request /usr/local/lib/python3.10/dist-packages/keystonemiddleware/auth_token/__init__.py:544}}
Jul 20 05:51:28 user devstack@keystone.service[41911]: DEBUG keystone.server.flask.request_processing.middleware.auth_context [None req-729561f3-df59-4fc9-a7bf-0f5760f9b27c None admin] Validating token access rules against request {{(pid=41911) validate_allowed_request /usr/local/lib/python3.10/dist-packages/keystonemiddleware/auth_token/__init__.py:544}}
Jul 20 05:51:28 user devstack@keystone.service[41910]: DEBUG keystone.server.flask.request_processing.middleware.auth_context [None req-26739792-9267-4b7e-b20f-779b63fefd3a None admin] RBAC: auth_context: {'token': , 'domain_id': None, 'trust_id': None, 'trustor_id': None, 'trustee_id': None, 'domain_name': None, 'group_ids': [], 'user_id': '34f0e162d7ac4380adc2589aa3a9a264', 'user_domain_id': 'default', 'system_scope': 'all', 'project_id': None, 'project_domain_id': None, 'roles': ['admin', 'member', 'reader'], 'is_admin_project': True, 'service_user_id': None, 'service_user_domain_id': None, 'service_project_id': None, 'service_project_domain_id': None, 'service_roles': []} {{(pid=41910) fill_context /opt/stack/keystone/keystone/server/flask/request_processing/middleware/auth_context.py:480}}
Jul 20 05:51:28 user devstack@keystone.service[41910]: DEBUG keystone.server.flask.request_processing.req_logging [None req-26739792-9267-4b7e-b20f-779b63fefd3a None admin] REQUEST_METHOD: `GET` {{(pid=41910) log_request_info /opt/stack/keystone/keystone/server/flask/request_processing/req_logging.py:27}}
Jul 20 05:51:28 user devstack@keystone.service[41910]: DEBUG keystone.server.flask.request_processing.req_logging [None req-26739792-9267-4b7e-b20f-779b63fefd3a None admin] SCRIPT_NAME: `/identity` {{(pid=41910) log_request_info /opt/stack/keystone/keystone/server/flask/request_processing/req_logging.py:28}}
Jul 20 05:51:28 user devstack@keystone.service[41910]: DEBUG keystone.server.flask.request_processing.req_logging [None req-26739792-9267-4b7e-b20f-779b63fefd3a None admin] PATH_INFO: `/v3/roles` {{(pid=41910) log_request_info /opt/stack/keystone/keystone/server/flask/request_processing/req_logging.py:29}}
Jul 20 05:51:28 user devstack@keystone.service[41910]: DEBUG keystone.common.rbac_enforcer.enforcer [None req-26739792-9267-4b7e-b20f-779b63fefd3a None admin] RBAC: Adding query filter params (name=member) {{(pid=41910) _extract_filter_values /opt/stack/keystone/keystone/common/rbac_enforcer/enforcer.py:167}}
Jul 20 05:51:28 user devstack@keystone.service[41910]: DEBUG keystone.common.rbac_enforcer.enforcer [None req-26739792-9267-4b7e-b20f-779b63fefd3a None admin] RBAC: Authorizing `identity:list_roles()` {{(pid=41910) enforce_call /opt/stack/keystone/keystone/common/rbac_enforcer/enforcer.py:449}}
Jul 20 05:51:28 user devstack@keystone.service[41910]: DEBUG keystone.common.rbac_enforcer.enforcer [None req-26739792-9267-4b7e-b20f-779b63fefd3a None admin] RBAC: Authorization granted {{(pid=41910) enforce_call /opt/stack/keystone/keystone/common/rbac_enforcer/enforcer.py:457}}
Jul 20 05:51:28 user devstack@keystone.service[41910]: [pid: 41910|app: 0|req: 24/76] 10.0.0.210 () {56 vars in 1096 bytes} [Thu Jul 20 05:51:28 2023] GET /identity/v3/roles?name=member => generated 339 bytes in 137 msecs (HTTP/1.1 200) 5 headers in 177 bytes (1 switches on core 0)
Jul 20 05:51:28 user devstack@keystone.service[41910]: DEBUG keystone.server.flask.request_processing.middleware.auth_context [None req-26739792-9267-4b7e-b20f-779b63fefd3a None admin] Authenticating user token {{(pid=41910) process_request /usr/local/lib/python3.10/dist-packages/keystonemiddleware/auth_token/__init__.py:406}}
Jul 20 05:51:28 user devstack@keystone.service[41909]: DEBUG keystone.server.flask.request_processing.middleware.auth_context [None req-3637f672-3b17-40d3-9410-24886cc186e8 None admin] RBAC: auth_context: {'token': , 'domain_id': None, 'trust_id': None, 'trustor_id': None, 'trustee_id': None, 'domain_name': None, 'group_ids': [], 'user_id': '34f0e162d7ac4380adc2589aa3a9a264', 'user_domain_id': 'default', 'system_scope': 'all', 'project_id': None, 'project_domain_id': None, 'roles': ['admin', 'member', 'reader'], 'is_admin_project': True, 'service_user_id': None, 'service_user_domain_id': None, 'service_project_id': None, 'service_project_domain_id': None, 'service_roles': []} {{(pid=41909) fill_context /opt/stack/keystone/keystone/server/flask/request_processing/middleware/auth_context.py:480}}
Jul 20 05:51:28 user devstack@keystone.service[41909]: DEBUG keystone.server.flask.request_processing.req_logging [None req-3637f672-3b17-40d3-9410-24886cc186e8 None admin] REQUEST_METHOD: `GET` {{(pid=41909) log_request_info /opt/stack/keystone/keystone/server/flask/request_processing/req_logging.py:27}}
Jul 20 05:51:28 user devstack@keystone.service[41909]: DEBUG keystone.server.flask.request_processing.req_logging [None req-3637f672-3b17-40d3-9410-24886cc186e8 None admin] SCRIPT_NAME: `/identity` {{(pid=41909) log_request_info /opt/stack/keystone/keystone/server/flask/request_processing/req_logging.py:28}}
Jul 20 05:51:28 user devstack@keystone.service[41909]: DEBUG keystone.server.flask.request_processing.req_logging [None req-3637f672-3b17-40d3-9410-24886cc186e8 None admin] PATH_INFO: `/v3/users/74e7fb70f95b4f0a852e4c7e5f9c98d9` {{(pid=41909) log_request_info /opt/stack/keystone/keystone/server/flask/request_processing/req_logging.py:29}}
Jul 20 05:51:28 user devstack@keystone.service[41911]: DEBUG keystone.server.flask.request_processing.middleware.auth_context [None req-1804512d-6e72-41fa-a6b0-2ace8a8f00de None admin] RBAC: auth_context: {'token': , 'domain_id': None, 'trust_id': None, 'trustor_id': None, 'trustee_id': None, 'domain_name': None, 'group_ids': [], 'user_id': '34f0e162d7ac4380adc2589aa3a9a264', 'user_domain_id': 'default', 'system_scope': 'all', 'project_id': None, 'project_domain_id': None, 'roles': ['admin', 'member', 'reader'], 'is_admin_project': True, 'service_user_id': None, 'service_user_domain_id': None, 'service_project_id': None, 'service_project_domain_id': None, 'service_roles': []} {{(pid=41911) fill_context /opt/stack/keystone/keystone/server/flask/request_processing/middleware/auth_context.py:480}}
Jul 20 05:51:28 user devstack@keystone.service[41911]: DEBUG keystone.server.flask.request_processing.req_logging [None req-1804512d-6e72-41fa-a6b0-2ace8a8f00de None admin] REQUEST_METHOD: `GET` {{(pid=41911) log_request_info /opt/stack/keystone/keystone/server/flask/request_processing/req_logging.py:27}}
Jul 20 05:51:28 user devstack@keystone.service[41911]: DEBUG keystone.server.flask.request_processing.req_logging [None req-1804512d-6e72-41fa-a6b0-2ace8a8f00de None admin] SCRIPT_NAME: `/identity` {{(pid=41911) log_request_info /opt/stack/keystone/keystone/server/flask/request_processing/req_logging.py:28}}
Jul 20 05:51:28 user devstack@keystone.service[41911]: DEBUG keystone.server.flask.request_processing.req_logging [None req-1804512d-6e72-41fa-a6b0-2ace8a8f00de None admin] PATH_INFO: `/v3/projects/98fd33115e504afaabd5dd0e0f322411` {{(pid=41911) log_request_info /opt/stack/keystone/keystone/server/flask/request_processing/req_logging.py:29}}
Jul 20 05:51:28 user devstack@keystone.service[41909]: DEBUG keystone.common.rbac_enforcer.enforcer [None req-3637f672-3b17-40d3-9410-24886cc186e8 None admin] RBAC: Authorizing `identity:get_user(user_id=74e7fb70f95b4f0a852e4c7e5f9c98d9)` {{(pid=41909) enforce_call /opt/stack/keystone/keystone/common/rbac_enforcer/enforcer.py:449}}
Jul 20 05:51:28 user devstack@keystone.service[41911]: DEBUG keystone.common.rbac_enforcer.enforcer [None req-1804512d-6e72-41fa-a6b0-2ace8a8f00de None admin] RBAC: Authorizing `identity:get_project(project_id=98fd33115e504afaabd5dd0e0f322411)` {{(pid=41911) enforce_call /opt/stack/keystone/keystone/common/rbac_enforcer/enforcer.py:449}}
Jul 20 05:51:28 user devstack@keystone.service[41911]: DEBUG keystone.common.rbac_enforcer.enforcer [None req-1804512d-6e72-41fa-a6b0-2ace8a8f00de None admin] RBAC: Authorization granted {{(pid=41911) enforce_call /opt/stack/keystone/keystone/common/rbac_enforcer/enforcer.py:457}}
Jul 20 05:51:28 user devstack@keystone.service[41909]: DEBUG keystone.common.rbac_enforcer.enforcer [None req-3637f672-3b17-40d3-9410-24886cc186e8 None admin] RBAC: Authorization granted {{(pid=41909) enforce_call /opt/stack/keystone/keystone/common/rbac_enforcer/enforcer.py:457}}
Jul 20 05:51:28 user devstack@keystone.service[41911]: [pid: 41911|app: 0|req: 30/77] 10.0.0.210 () {56 vars in 1181 bytes} [Thu Jul 20 05:51:28 2023] GET /identity/v3/projects/98fd33115e504afaabd5dd0e0f322411 => generated 297 bytes in 121 msecs (HTTP/1.1 200) 5 headers in 177 bytes (1 switches on core 0)
Jul 20 05:51:28 user devstack@keystone.service[41911]: DEBUG keystone.server.flask.request_processing.middleware.auth_context [None req-1804512d-6e72-41fa-a6b0-2ace8a8f00de None admin] Authenticating user token {{(pid=41911) process_request /usr/local/lib/python3.10/dist-packages/keystonemiddleware/auth_token/__init__.py:406}}
Jul 20 05:51:28 user devstack@keystone.service[41909]: [pid: 41909|app: 0|req: 24/78] 10.0.0.210 () {56 vars in 1172 bytes} [Thu Jul 20 05:51:28 2023] GET /identity/v3/users/74e7fb70f95b4f0a852e4c7e5f9c98d9 => generated 274 bytes in 151 msecs (HTTP/1.1 200) 5 headers in 177 bytes (1 switches on core 0)
Jul 20 05:51:28 user devstack@keystone.service[41909]: DEBUG keystone.server.flask.request_processing.middleware.auth_context [None req-3637f672-3b17-40d3-9410-24886cc186e8 None admin] Authenticating user token {{(pid=41909) process_request /usr/local/lib/python3.10/dist-packages/keystonemiddleware/auth_token/__init__.py:406}}
Jul 20 05:51:28 user devstack@keystone.service[41911]: DEBUG dbcounter [-] [41911] Writing DB stats keystone:SELECT=100 {{(pid=41911) stat_writer /usr/local/lib/python3.10/dist-packages/dbcounter.py:117}}
Jul 20 05:51:28 user devstack@keystone.service[41910]: DEBUG dbcounter [-] [41910] Writing DB stats keystone:SELECT=100 {{(pid=41910) stat_writer /usr/local/lib/python3.10/dist-packages/dbcounter.py:117}}
Jul 20 05:51:28 user devstack@keystone.service[41910]: DEBUG keystone.server.flask.request_processing.middleware.auth_context [None req-26739792-9267-4b7e-b20f-779b63fefd3a None admin] Validating token access rules against request {{(pid=41910) validate_allowed_request /usr/local/lib/python3.10/dist-packages/keystonemiddleware/auth_token/__init__.py:544}}
Jul 20 05:51:28 user devstack@keystone.service[41911]: DEBUG keystone.server.flask.request_processing.middleware.auth_context [None req-1804512d-6e72-41fa-a6b0-2ace8a8f00de None admin] Validating token access rules against request {{(pid=41911) validate_allowed_request /usr/local/lib/python3.10/dist-packages/keystonemiddleware/auth_token/__init__.py:544}}
Jul 20 05:51:28 user devstack@keystone.service[41910]: DEBUG keystone.server.flask.request_processing.middleware.auth_context [None req-fe954431-24d1-4b80-890b-6dfeae206761 None admin] RBAC: auth_context: {'token': , 'domain_id': None, 'trust_id': None, 'trustor_id': None, 'trustee_id': None, 'domain_name': None, 'group_ids': [], 'user_id': '34f0e162d7ac4380adc2589aa3a9a264', 'user_domain_id': 'default', 'system_scope': 'all', 'project_id': None, 'project_domain_id': None, 'roles': ['admin', 'member', 'reader'], 'is_admin_project': True, 'service_user_id': None, 'service_user_domain_id': None, 'service_project_id': None, 'service_project_domain_id': None, 'service_roles': []} {{(pid=41910) fill_context /opt/stack/keystone/keystone/server/flask/request_processing/middleware/auth_context.py:480}}
Jul 20 05:51:28 user devstack@keystone.service[41910]: DEBUG keystone.server.flask.request_processing.req_logging [None req-fe954431-24d1-4b80-890b-6dfeae206761 None admin] REQUEST_METHOD: `POST` {{(pid=41910) log_request_info /opt/stack/keystone/keystone/server/flask/request_processing/req_logging.py:27}}
Jul 20 05:51:28 user devstack@keystone.service[41910]: DEBUG keystone.server.flask.request_processing.req_logging [None req-fe954431-24d1-4b80-890b-6dfeae206761 None admin] SCRIPT_NAME: `/identity` {{(pid=41910) log_request_info /opt/stack/keystone/keystone/server/flask/request_processing/req_logging.py:28}}
Jul 20 05:51:28 user devstack@keystone.service[41910]: DEBUG keystone.server.flask.request_processing.req_logging [None req-fe954431-24d1-4b80-890b-6dfeae206761 None admin] PATH_INFO: `/v3/users` {{(pid=41910) log_request_info /opt/stack/keystone/keystone/server/flask/request_processing/req_logging.py:29}}
Jul 20 05:51:28 user devstack@keystone.service[41910]: DEBUG keystone.common.rbac_enforcer.enforcer [None req-fe954431-24d1-4b80-890b-6dfeae206761 None admin] RBAC: Authorizing `identity:create_user()` {{(pid=41910) enforce_call /opt/stack/keystone/keystone/common/rbac_enforcer/enforcer.py:449}}
Jul 20 05:51:28 user devstack@keystone.service[41910]: DEBUG keystone.common.rbac_enforcer.enforcer [None req-fe954431-24d1-4b80-890b-6dfeae206761 None admin] RBAC: Authorization granted {{(pid=41910) enforce_call /opt/stack/keystone/keystone/common/rbac_enforcer/enforcer.py:457}}
Jul 20 05:51:28 user devstack@keystone.service[41909]: DEBUG keystone.server.flask.request_processing.middleware.auth_context [None req-3637f672-3b17-40d3-9410-24886cc186e8 None admin] Validating token access rules against request {{(pid=41909) validate_allowed_request /usr/local/lib/python3.10/dist-packages/keystonemiddleware/auth_token/__init__.py:544}}
Jul 20 05:51:28 user devstack@keystone.service[41910]: WARNING keystone.common.password_hashing [None req-fe954431-24d1-4b80-890b-6dfeae206761 None admin] Truncating password to algorithm specific maximum length 54 characters.
Jul 20 05:51:28 user devstack@keystone.service[41909]: DEBUG dbcounter [-] [41909] Writing DB stats keystone:SELECT=100 {{(pid=41909) stat_writer /usr/local/lib/python3.10/dist-packages/dbcounter.py:117}}
Jul 20 05:51:28 user devstack@keystone.service[41911]: DEBUG keystone.server.flask.request_processing.middleware.auth_context [None req-f03f4fcd-2492-47ef-97e2-287599ca4c52 None admin] RBAC: auth_context: {'token': , 'domain_id': None, 'trust_id': None, 'trustor_id': None, 'trustee_id': None, 'domain_name': None, 'group_ids': [], 'user_id': '34f0e162d7ac4380adc2589aa3a9a264', 'user_domain_id': 'default', 'system_scope': 'all', 'project_id': None, 'project_domain_id': None, 'roles': ['admin', 'member', 'reader'], 'is_admin_project': True, 'service_user_id': None, 'service_user_domain_id': None, 'service_project_id': None, 'service_project_domain_id': None, 'service_roles': []} {{(pid=41911) fill_context /opt/stack/keystone/keystone/server/flask/request_processing/middleware/auth_context.py:480}}
Jul 20 05:51:28 user devstack@keystone.service[41911]: DEBUG keystone.server.flask.request_processing.req_logging [None req-f03f4fcd-2492-47ef-97e2-287599ca4c52 None admin] REQUEST_METHOD: `PUT` {{(pid=41911) log_request_info /opt/stack/keystone/keystone/server/flask/request_processing/req_logging.py:27}}
Jul 20 05:51:28 user devstack@keystone.service[41911]: DEBUG keystone.server.flask.request_processing.req_logging [None req-f03f4fcd-2492-47ef-97e2-287599ca4c52 None admin] SCRIPT_NAME: `/identity` {{(pid=41911) log_request_info /opt/stack/keystone/keystone/server/flask/request_processing/req_logging.py:28}}
Jul 20 05:51:28 user devstack@keystone.service[41911]: DEBUG keystone.server.flask.request_processing.req_logging [None req-f03f4fcd-2492-47ef-97e2-287599ca4c52 None admin] PATH_INFO: `/v3/projects/98fd33115e504afaabd5dd0e0f322411/users/74e7fb70f95b4f0a852e4c7e5f9c98d9/roles/0e1abd88ea344e7ca4e7ea6da18e0adb` {{(pid=41911) log_request_info /opt/stack/keystone/keystone/server/flask/request_processing/req_logging.py:29}}
Jul 20 05:51:28 user devstack@keystone.service[41911]: DEBUG keystone.common.rbac_enforcer.enforcer [None req-f03f4fcd-2492-47ef-97e2-287599ca4c52 None admin] RBAC: Authorizing `identity:create_grant(project_id=98fd33115e504afaabd5dd0e0f322411, user_id=74e7fb70f95b4f0a852e4c7e5f9c98d9, role_id=0e1abd88ea344e7ca4e7ea6da18e0adb)` {{(pid=41911) enforce_call /opt/stack/keystone/keystone/common/rbac_enforcer/enforcer.py:449}}
Jul 20 05:51:28 user devstack@keystone.service[41911]: DEBUG keystone.common.rbac_enforcer.enforcer [None req-f03f4fcd-2492-47ef-97e2-287599ca4c52 None admin] RBAC: Authorization granted {{(pid=41911) enforce_call /opt/stack/keystone/keystone/common/rbac_enforcer/enforcer.py:457}}
Jul 20 05:51:28 user devstack@keystone.service[41910]: [pid: 41910|app: 0|req: 25/79] 10.0.0.210 () {60 vars in 1127 bytes} [Thu Jul 20 05:51:28 2023] POST /identity/v3/users => generated 288 bytes in 145 msecs (HTTP/1.1 201) 5 headers in 182 bytes (1 switches on core 0)
Jul 20 05:51:28 user devstack@keystone.service[41910]: DEBUG keystone.server.flask.request_processing.middleware.auth_context [None req-fe954431-24d1-4b80-890b-6dfeae206761 None admin] Authenticating user token {{(pid=41910) process_request /usr/local/lib/python3.10/dist-packages/keystonemiddleware/auth_token/__init__.py:406}}
Jul 20 05:51:28 user devstack@keystone.service[41909]: DEBUG keystone.server.flask.request_processing.middleware.auth_context [None req-69aae28c-9929-4bb8-b3a6-74630806a3bf None admin] RBAC: auth_context: {'token': , 'domain_id': None, 'trust_id': None, 'trustor_id': None, 'trustee_id': None, 'domain_name': None, 'group_ids': [], 'user_id': '34f0e162d7ac4380adc2589aa3a9a264', 'user_domain_id': 'default', 'system_scope': 'all', 'project_id': None, 'project_domain_id': None, 'roles': ['admin', 'member', 'reader'], 'is_admin_project': True, 'service_user_id': None, 'service_user_domain_id': None, 'service_project_id': None, 'service_project_domain_id': None, 'service_roles': []} {{(pid=41909) fill_context /opt/stack/keystone/keystone/server/flask/request_processing/middleware/auth_context.py:480}}
Jul 20 05:51:28 user devstack@keystone.service[41911]: [pid: 41911|app: 0|req: 31/80] 10.0.0.210 () {58 vars in 1434 bytes} [Thu Jul 20 05:51:28 2023] PUT /identity/v3/projects/98fd33115e504afaabd5dd0e0f322411/users/74e7fb70f95b4f0a852e4c7e5f9c98d9/roles/0e1abd88ea344e7ca4e7ea6da18e0adb => generated 0 bytes in 136 msecs (HTTP/1.1 204) 3 headers in 132 bytes (0 switches on core 0)
Jul 20 05:51:28 user devstack@keystone.service[41909]: DEBUG keystone.server.flask.request_processing.req_logging [None req-69aae28c-9929-4bb8-b3a6-74630806a3bf None admin] REQUEST_METHOD: `GET` {{(pid=41909) log_request_info /opt/stack/keystone/keystone/server/flask/request_processing/req_logging.py:27}}
Jul 20 05:51:28 user devstack@keystone.service[41909]: DEBUG keystone.server.flask.request_processing.req_logging [None req-69aae28c-9929-4bb8-b3a6-74630806a3bf None admin] SCRIPT_NAME: `/identity` {{(pid=41909) log_request_info /opt/stack/keystone/keystone/server/flask/request_processing/req_logging.py:28}}
Jul 20 05:51:28 user devstack@keystone.service[41911]: DEBUG keystone.server.flask.request_processing.middleware.auth_context [None req-f03f4fcd-2492-47ef-97e2-287599ca4c52 None admin] Authenticating user token {{(pid=41911) process_request /usr/local/lib/python3.10/dist-packages/keystonemiddleware/auth_token/__init__.py:406}}
Jul 20 05:51:28 user devstack@keystone.service[41909]: DEBUG keystone.server.flask.request_processing.req_logging [None req-69aae28c-9929-4bb8-b3a6-74630806a3bf None admin] PATH_INFO: `/v3/users/74e7fb70f95b4f0a852e4c7e5f9c98d9` {{(pid=41909) log_request_info /opt/stack/keystone/keystone/server/flask/request_processing/req_logging.py:29}}
Jul 20 05:51:28 user devstack@keystone.service[41909]: DEBUG keystone.common.rbac_enforcer.enforcer [None req-69aae28c-9929-4bb8-b3a6-74630806a3bf None admin] RBAC: Authorizing `identity:get_user(user_id=74e7fb70f95b4f0a852e4c7e5f9c98d9)` {{(pid=41909) enforce_call /opt/stack/keystone/keystone/common/rbac_enforcer/enforcer.py:449}}
Jul 20 05:51:28 user devstack@keystone.service[41909]: DEBUG keystone.common.rbac_enforcer.enforcer [None req-69aae28c-9929-4bb8-b3a6-74630806a3bf None admin] RBAC: Authorization granted {{(pid=41909) enforce_call /opt/stack/keystone/keystone/common/rbac_enforcer/enforcer.py:457}}
Jul 20 05:51:28 user devstack@keystone.service[41909]: [pid: 41909|app: 0|req: 25/81] 10.0.0.210 () {56 vars in 1172 bytes} [Thu Jul 20 05:51:28 2023] GET /identity/v3/users/74e7fb70f95b4f0a852e4c7e5f9c98d9 => generated 274 bytes in 138 msecs (HTTP/1.1 200) 5 headers in 177 bytes (1 switches on core 0)
Jul 20 05:51:28 user devstack@keystone.service[41909]: DEBUG keystone.server.flask.request_processing.middleware.auth_context [None req-69aae28c-9929-4bb8-b3a6-74630806a3bf None admin] Authenticating user token {{(pid=41909) process_request /usr/local/lib/python3.10/dist-packages/keystonemiddleware/auth_token/__init__.py:406}}
Jul 20 05:51:29 user devstack@keystone.service[41911]: DEBUG dbcounter [-] [41911] Writing DB stats keystone:SELECT=99,keystone:INSERT=1 {{(pid=41911) stat_writer /usr/local/lib/python3.10/dist-packages/dbcounter.py:117}}
Jul 20 05:51:29 user devstack@keystone.service[41910]: DEBUG keystone.server.flask.request_processing.middleware.auth_context [None req-fe954431-24d1-4b80-890b-6dfeae206761 None admin] Validating token access rules against request {{(pid=41910) validate_allowed_request /usr/local/lib/python3.10/dist-packages/keystonemiddleware/auth_token/__init__.py:544}}
Jul 20 05:51:29 user devstack@keystone.service[41909]: DEBUG keystone.server.flask.request_processing.middleware.auth_context [None req-69aae28c-9929-4bb8-b3a6-74630806a3bf None admin] Validating token access rules against request {{(pid=41909) validate_allowed_request /usr/local/lib/python3.10/dist-packages/keystonemiddleware/auth_token/__init__.py:544}}
Jul 20 05:51:29 user devstack@keystone.service[41911]: DEBUG keystone.server.flask.request_processing.middleware.auth_context [None req-f03f4fcd-2492-47ef-97e2-287599ca4c52 None admin] Validating token access rules against request {{(pid=41911) validate_allowed_request /usr/local/lib/python3.10/dist-packages/keystonemiddleware/auth_token/__init__.py:544}}
Jul 20 05:51:29 user devstack@keystone.service[41909]: DEBUG keystone.server.flask.request_processing.middleware.auth_context [None req-e1eeff97-0ee5-4446-8a2a-4f372dbb2bd1 None admin] RBAC: auth_context: {'token': , 'domain_id': None, 'trust_id': None, 'trustor_id': None, 'trustee_id': None, 'domain_name': None, 'group_ids': [], 'user_id': '34f0e162d7ac4380adc2589aa3a9a264', 'user_domain_id': 'default', 'system_scope': 'all', 'project_id': None, 'project_domain_id': None, 'roles': ['admin', 'member', 'reader'], 'is_admin_project': True, 'service_user_id': None, 'service_user_domain_id': None, 'service_project_id': None, 'service_project_domain_id': None, 'service_roles': []} {{(pid=41909) fill_context /opt/stack/keystone/keystone/server/flask/request_processing/middleware/auth_context.py:480}}
Jul 20 05:51:29 user devstack@keystone.service[41909]: DEBUG keystone.server.flask.request_processing.req_logging [None req-e1eeff97-0ee5-4446-8a2a-4f372dbb2bd1 None admin] REQUEST_METHOD: `GET` {{(pid=41909) log_request_info /opt/stack/keystone/keystone/server/flask/request_processing/req_logging.py:27}}
Jul 20 05:51:29 user devstack@keystone.service[41909]: DEBUG keystone.server.flask.request_processing.req_logging [None req-e1eeff97-0ee5-4446-8a2a-4f372dbb2bd1 None admin] SCRIPT_NAME: `/identity` {{(pid=41909) log_request_info /opt/stack/keystone/keystone/server/flask/request_processing/req_logging.py:28}}
Jul 20 05:51:29 user devstack@keystone.service[41909]: DEBUG keystone.server.flask.request_processing.req_logging [None req-e1eeff97-0ee5-4446-8a2a-4f372dbb2bd1 None admin] PATH_INFO: `/v3/projects/cd1c787a67524f05b4d65a2c130c65fa` {{(pid=41909) log_request_info /opt/stack/keystone/keystone/server/flask/request_processing/req_logging.py:29}}
