Jul 20 05:51:18 user devstack@keystone.service[41910]: DEBUG keystone.common.fernet_utils [None req-89c7e371-38e6-4a6c-98a7-c59a427b1675 None None] Loaded 2 Fernet keys from /etc/keystone/fernet-keys/, but `[fernet_tokens] max_active_keys = 3`; perhaps there have not been enough key rotations to reach `max_active_keys` yet? {{(pid=41910) load_keys /opt/stack/keystone/keystone/common/fernet_utils.py:286}}
Jul 20 05:51:18 user devstack@keystone.service[41909]: [pid: 41909|app: 0|req: 8/26] 10.0.0.210 () {58 vars in 1017 bytes} [Thu Jul 20 05:51:18 2023] POST /identity/v3/auth/tokens => generated 798 bytes in 89 msecs (HTTP/1.1 201) 6 headers in 363 bytes (1 switches on core 0)
Jul 20 05:51:18 user devstack@keystone.service[41911]: DEBUG keystone.server.flask.request_processing.middleware.auth_context [None req-d845cd13-cd86-44e6-a0bf-b1d9adf4b05f None None] Authenticating user token {{(pid=41911) process_request /usr/local/lib/python3.10/dist-packages/keystonemiddleware/auth_token/__init__.py:406}}
Jul 20 05:51:18 user devstack@keystone.service[41909]: DEBUG keystone.server.flask.request_processing.req_logging [None req-5c5bfad8-bd05-4fca-ac56-8851afe8c82b None None] REQUEST_METHOD: `GET` {{(pid=41909) log_request_info /opt/stack/keystone/keystone/server/flask/request_processing/req_logging.py:27}}
Jul 20 05:51:18 user devstack@keystone.service[41909]: DEBUG keystone.server.flask.request_processing.req_logging [None req-5c5bfad8-bd05-4fca-ac56-8851afe8c82b None None] SCRIPT_NAME: `/identity` {{(pid=41909) log_request_info /opt/stack/keystone/keystone/server/flask/request_processing/req_logging.py:28}}
Jul 20 05:51:18 user devstack@keystone.service[41909]: DEBUG keystone.server.flask.request_processing.req_logging [None req-5c5bfad8-bd05-4fca-ac56-8851afe8c82b None None] PATH_INFO: `/` {{(pid=41909) log_request_info /opt/stack/keystone/keystone/server/flask/request_processing/req_logging.py:29}}
Jul 20 05:51:18 user devstack@keystone.service[41909]: [pid: 41909|app: 0|req: 9/27] 10.0.0.210 () {54 vars in 920 bytes} [Thu Jul 20 05:51:18 2023] GET /identity => generated 269 bytes in 4 msecs (HTTP/1.1 300) 6 headers in 233 bytes (2 switches on core 0)
Jul 20 05:51:18 user devstack@keystone.service[41911]: DEBUG dbcounter [-] [41911] Writing DB stats keystone:SELECT=100 {{(pid=41911) stat_writer /usr/local/lib/python3.10/dist-packages/dbcounter.py:117}}
Jul 20 05:51:18 user devstack@keystone.service[41909]: DEBUG keystone.server.flask.request_processing.req_logging [None req-5d7a1a9a-f22e-4994-827d-77047b66da87 None None] REQUEST_METHOD: `POST` {{(pid=41909) log_request_info /opt/stack/keystone/keystone/server/flask/request_processing/req_logging.py:27}}
Jul 20 05:51:18 user devstack@keystone.service[41909]: DEBUG keystone.server.flask.request_processing.req_logging [None req-5d7a1a9a-f22e-4994-827d-77047b66da87 None None] SCRIPT_NAME: `/identity` {{(pid=41909) log_request_info /opt/stack/keystone/keystone/server/flask/request_processing/req_logging.py:28}}
Jul 20 05:51:18 user devstack@keystone.service[41909]: DEBUG keystone.server.flask.request_processing.req_logging [None req-5d7a1a9a-f22e-4994-827d-77047b66da87 None None] PATH_INFO: `/v3/auth/tokens` {{(pid=41909) log_request_info /opt/stack/keystone/keystone/server/flask/request_processing/req_logging.py:29}}
Jul 20 05:51:18 user devstack@keystone.service[41910]: [pid: 41910|app: 0|req: 9/28] 10.0.0.210 () {58 vars in 1017 bytes} [Thu Jul 20 05:51:18 2023] POST /identity/v3/auth/tokens => generated 798 bytes in 91 msecs (HTTP/1.1 201) 6 headers in 363 bytes (1 switches on core 0)
Jul 20 05:51:18 user devstack@keystone.service[41909]: WARNING keystone.common.password_hashing [None req-5d7a1a9a-f22e-4994-827d-77047b66da87 None None] Truncating password to algorithm specific maximum length 54 characters.
Jul 20 05:51:18 user devstack@keystone.service[41909]: DEBUG keystone.auth.core [None req-5d7a1a9a-f22e-4994-827d-77047b66da87 None None] MFA Rules not processed for user `34f0e162d7ac4380adc2589aa3a9a264`. Rule list: `[]` (Enabled: `True`). {{(pid=41909) check_auth_methods_against_rules /opt/stack/keystone/keystone/auth/core.py:438}}
Jul 20 05:51:18 user devstack@keystone.service[41909]: DEBUG keystone.common.fernet_utils [None req-5d7a1a9a-f22e-4994-827d-77047b66da87 None None] Loaded 2 Fernet keys from /etc/keystone/fernet-keys/, but `[fernet_tokens] max_active_keys = 3`; perhaps there have not been enough key rotations to reach `max_active_keys` yet? {{(pid=41909) load_keys /opt/stack/keystone/keystone/common/fernet_utils.py:286}}
Jul 20 05:51:18 user devstack@keystone.service[41911]: DEBUG keystone.server.flask.request_processing.middleware.auth_context [None req-d845cd13-cd86-44e6-a0bf-b1d9adf4b05f None None] Validating token access rules against request {{(pid=41911) validate_allowed_request /usr/local/lib/python3.10/dist-packages/keystonemiddleware/auth_token/__init__.py:544}}
Jul 20 05:51:18 user devstack@keystone.service[41909]: [pid: 41909|app: 0|req: 10/29] 10.0.0.210 () {58 vars in 1017 bytes} [Thu Jul 20 05:51:18 2023] POST /identity/v3/auth/tokens => generated 798 bytes in 77 msecs (HTTP/1.1 201) 6 headers in 363 bytes (2 switches on core 0)
Jul 20 05:51:18 user devstack@keystone.service[41911]: DEBUG keystone.server.flask.request_processing.middleware.auth_context [None req-45ab055b-375d-45e0-91da-b2482a462099 None admin] RBAC: auth_context: {'token': , 'domain_id': None, 'trust_id': None, 'trustor_id': None, 'trustee_id': None, 'domain_name': None, 'group_ids': [], 'user_id': '34f0e162d7ac4380adc2589aa3a9a264', 'user_domain_id': 'default', 'system_scope': 'all', 'project_id': None, 'project_domain_id': None, 'roles': ['admin', 'member', 'reader'], 'is_admin_project': True, 'service_user_id': None, 'service_user_domain_id': None, 'service_project_id': None, 'service_project_domain_id': None, 'service_roles': []} {{(pid=41911) fill_context /opt/stack/keystone/keystone/server/flask/request_processing/middleware/auth_context.py:480}}
Jul 20 05:51:18 user devstack@keystone.service[41911]: DEBUG keystone.server.flask.request_processing.req_logging [None req-45ab055b-375d-45e0-91da-b2482a462099 None admin] REQUEST_METHOD: `GET` {{(pid=41911) log_request_info /opt/stack/keystone/keystone/server/flask/request_processing/req_logging.py:27}}
Jul 20 05:51:18 user devstack@keystone.service[41911]: DEBUG keystone.server.flask.request_processing.req_logging [None req-45ab055b-375d-45e0-91da-b2482a462099 None admin] SCRIPT_NAME: `/identity` {{(pid=41911) log_request_info /opt/stack/keystone/keystone/server/flask/request_processing/req_logging.py:28}}
Jul 20 05:51:18 user devstack@keystone.service[41911]: DEBUG keystone.server.flask.request_processing.req_logging [None req-45ab055b-375d-45e0-91da-b2482a462099 None admin] PATH_INFO: `/v3/domains/Default` {{(pid=41911) log_request_info /opt/stack/keystone/keystone/server/flask/request_processing/req_logging.py:29}}
Jul 20 05:51:18 user devstack@keystone.service[41911]: DEBUG keystone.common.rbac_enforcer.enforcer [None req-45ab055b-375d-45e0-91da-b2482a462099 None admin] RBAC: Authorizing `identity:get_domain(domain_id=Default)` {{(pid=41911) enforce_call /opt/stack/keystone/keystone/common/rbac_enforcer/enforcer.py:449}}
Jul 20 05:51:18 user devstack@keystone.service[41911]: DEBUG keystone.common.rbac_enforcer.enforcer [None req-45ab055b-375d-45e0-91da-b2482a462099 None admin] RBAC: Authorization granted {{(pid=41911) enforce_call /opt/stack/keystone/keystone/common/rbac_enforcer/enforcer.py:457}}
Jul 20 05:51:18 user devstack@keystone.service[41911]: ERROR keystone.server.flask.application [None req-45ab055b-375d-45e0-91da-b2482a462099 None admin] Could not find domain: Default.: keystone.exception.DomainNotFound: Could not find domain: Default.
Jul 20 05:51:18 user devstack@keystone.service[41911]: ERROR keystone.server.flask.application
Traceback (most recent call last):
Jul 20 05:51:18 user devstack@keystone.service[41911]: ERROR keystone.server.flask.application
File "/usr/local/lib/python3.10/dist-packages/flask/app.py", line 1823, in full_dispatch_request
Jul 20 05:51:18 user devstack@keystone.service[41911]: ERROR keystone.server.flask.application rv = self.dispatch_request()
Jul 20 05:51:18 user devstack@keystone.service[41911]: ERROR keystone.server.flask.application
File "/usr/local/lib/python3.10/dist-packages/flask/app.py", line 1799, in dispatch_request
Jul 20 05:51:18 user devstack@keystone.service[41911]: ERROR keystone.server.flask.application return self.ensure_sync(self.view_functions[rule.endpoint])(**view_args)
Jul 20 05:51:18 user devstack@keystone.service[41911]: ERROR keystone.server.flask.application
File "/usr/local/lib/python3.10/dist-packages/flask_restful/__init__.py", line 467, in wrapper
Jul 20 05:51:18 user devstack@keystone.service[41911]: ERROR keystone.server.flask.application resp = resource(*args, **kwargs)
Jul 20 05:51:18 user devstack@keystone.service[41911]: ERROR keystone.server.flask.application
File "/usr/local/lib/python3.10/dist-packages/flask/views.py", line 107, in view
Jul 20 05:51:18 user devstack@keystone.service[41911]: ERROR keystone.server.flask.application return current_app.ensure_sync(self.dispatch_request)(**kwargs)
Jul 20 05:51:18 user devstack@keystone.service[41911]: ERROR keystone.server.flask.application
File "/usr/local/lib/python3.10/dist-packages/flask_restful/__init__.py", line 582, in dispatch_request
Jul 20 05:51:18 user devstack@keystone.service[41911]: ERROR keystone.server.flask.application resp = meth(*args, **kwargs)
Jul 20 05:51:18 user devstack@keystone.service[41911]: ERROR keystone.server.flask.application
File "/opt/stack/keystone/keystone/api/domains.py", line 89, in get
Jul 20 05:51:18 user devstack@keystone.service[41911]: ERROR keystone.server.flask.application return self._get_domain(domain_id)
Jul 20 05:51:18 user devstack@keystone.service[41911]: ERROR keystone.server.flask.application
File "/opt/stack/keystone/keystone/api/domains.py", line 97, in _get_domain
Jul 20 05:51:18 user devstack@keystone.service[41911]: ERROR keystone.server.flask.application domain = PROVIDERS.resource_api.get_domain(domain_id)
Jul 20 05:51:18 user devstack@keystone.service[41911]: ERROR keystone.server.flask.application
File "/opt/stack/keystone/keystone/common/manager.py", line 115, in wrapped
Jul 20 05:51:18 user devstack@keystone.service[41911]: ERROR keystone.server.flask.application __ret_val = __f(*args, **kwargs)
Jul 20 05:51:18 user devstack@keystone.service[41911]: ERROR keystone.server.flask.application
File "/usr/local/lib/python3.10/dist-packages/decorator.py", line 232, in fun
Jul 20 05:51:18 user devstack@keystone.service[41911]: ERROR keystone.server.flask.application return caller(func, *(extras + args), **kw)
Jul 20 05:51:18 user devstack@keystone.service[41911]: ERROR keystone.server.flask.application
File "/usr/local/lib/python3.10/dist-packages/dogpile/cache/region.py", line 1577, in get_or_create_for_user_func
Jul 20 05:51:18 user devstack@keystone.service[41911]: ERROR keystone.server.flask.application return self.get_or_create(
Jul 20 05:51:18 user devstack@keystone.service[41911]: ERROR keystone.server.flask.application
File "/usr/local/lib/python3.10/dist-packages/dogpile/cache/region.py", line 1042, in get_or_create
Jul 20 05:51:18 user devstack@keystone.service[41911]: ERROR keystone.server.flask.application with Lock(
Jul 20 05:51:18 user devstack@keystone.service[41911]: ERROR keystone.server.flask.application
File "/usr/local/lib/python3.10/dist-packages/dogpile/lock.py", line 185, in __enter__
Jul 20 05:51:18 user devstack@keystone.service[41911]: ERROR keystone.server.flask.application return self._enter()
Jul 20 05:51:18 user devstack@keystone.service[41911]: ERROR keystone.server.flask.application
File "/usr/local/lib/python3.10/dist-packages/dogpile/lock.py", line 94, in _enter
Jul 20 05:51:18 user devstack@keystone.service[41911]: ERROR keystone.server.flask.application generated = self._enter_create(value, createdtime)
Jul 20 05:51:18 user devstack@keystone.service[41911]: ERROR keystone.server.flask.application
File "/usr/local/lib/python3.10/dist-packages/dogpile/lock.py", line 178, in _enter_create
Jul 20 05:51:18 user devstack@keystone.service[41911]: ERROR keystone.server.flask.application return self.creator()
Jul 20 05:51:18 user devstack@keystone.service[41911]: ERROR keystone.server.flask.application
File "/usr/local/lib/python3.10/dist-packages/dogpile/cache/region.py", line 995, in gen_value
Jul 20 05:51:18 user devstack@keystone.service[41911]: ERROR keystone.server.flask.application created_value = creator(
Jul 20 05:51:18 user devstack@keystone.service[41911]: ERROR keystone.server.flask.application
File "/opt/stack/keystone/keystone/resource/core.py", line 716, in get_domain
Jul 20 05:51:18 user devstack@keystone.service[41911]: ERROR keystone.server.flask.application raise exception.DomainNotFound(domain_id=domain_id)
Jul 20 05:51:18 user devstack@keystone.service[41911]: ERROR keystone.server.flask.application keystone.exception.DomainNotFound: Could not find domain: Default.
Jul 20 05:51:18 user devstack@keystone.service[41911]: ERROR keystone.server.flask.application
Jul 20 05:51:18 user devstack@keystone.service[41911]: [pid: 41911|app: 0|req: 11/30] 10.0.0.210 () {56 vars in 1103 bytes} [Thu Jul 20 05:51:18 2023] GET /identity/v3/domains/Default => generated 87 bytes in 159 msecs (HTTP/1.1 404) 5 headers in 183 bytes (1 switches on core 0)
Jul 20 05:51:18 user devstack@keystone.service[41910]: DEBUG keystone.server.flask.request_processing.middleware.auth_context [None req-89c7e371-38e6-4a6c-98a7-c59a427b1675 None None] Authenticating user token {{(pid=41910) process_request /usr/local/lib/python3.10/dist-packages/keystonemiddleware/auth_token/__init__.py:406}}
Jul 20 05:51:19 user devstack@keystone.service[41909]: DEBUG keystone.server.flask.request_processing.middleware.auth_context [None req-5d7a1a9a-f22e-4994-827d-77047b66da87 None None] Authenticating user token {{(pid=41909) process_request /usr/local/lib/python3.10/dist-packages/keystonemiddleware/auth_token/__init__.py:406}}
Jul 20 05:51:19 user devstack@keystone.service[41910]: DEBUG dbcounter [-] [41910] Writing DB stats keystone:SELECT=99,keystone:INSERT=1 {{(pid=41910) stat_writer /usr/local/lib/python3.10/dist-packages/dbcounter.py:117}}
Jul 20 05:51:19 user devstack@keystone.service[41911]: DEBUG keystone.server.flask.request_processing.req_logging [None req-871904b2-0426-43e5-a7a5-bda58932c87e None None] REQUEST_METHOD: `GET` {{(pid=41911) log_request_info /opt/stack/keystone/keystone/server/flask/request_processing/req_logging.py:27}}
Jul 20 05:51:19 user devstack@keystone.service[41911]: DEBUG keystone.server.flask.request_processing.req_logging [None req-871904b2-0426-43e5-a7a5-bda58932c87e None None] SCRIPT_NAME: `/identity` {{(pid=41911) log_request_info /opt/stack/keystone/keystone/server/flask/request_processing/req_logging.py:28}}
Jul 20 05:51:19 user devstack@keystone.service[41911]: DEBUG keystone.server.flask.request_processing.req_logging [None req-871904b2-0426-43e5-a7a5-bda58932c87e None None] PATH_INFO: `/` {{(pid=41911) log_request_info /opt/stack/keystone/keystone/server/flask/request_processing/req_logging.py:29}}
Jul 20 05:51:19 user devstack@keystone.service[41911]: [pid: 41911|app: 0|req: 12/31] 10.0.0.210 () {54 vars in 920 bytes} [Thu Jul 20 05:51:19 2023] GET /identity => generated 269 bytes in 3 msecs (HTTP/1.1 300) 6 headers in 233 bytes (1 switches on core 0)
Jul 20 05:51:19 user devstack@keystone.service[41911]: DEBUG keystone.server.flask.request_processing.req_logging [None req-8c1b4b73-feb7-4ef6-be44-649fea664368 None None] REQUEST_METHOD: `POST` {{(pid=41911) log_request_info /opt/stack/keystone/keystone/server/flask/request_processing/req_logging.py:27}}
Jul 20 05:51:19 user devstack@keystone.service[41911]: DEBUG keystone.server.flask.request_processing.req_logging [None req-8c1b4b73-feb7-4ef6-be44-649fea664368 None None] SCRIPT_NAME: `/identity` {{(pid=41911) log_request_info /opt/stack/keystone/keystone/server/flask/request_processing/req_logging.py:28}}
Jul 20 05:51:19 user devstack@keystone.service[41911]: DEBUG keystone.server.flask.request_processing.req_logging [None req-8c1b4b73-feb7-4ef6-be44-649fea664368 None None] PATH_INFO: `/v3/auth/tokens` {{(pid=41911) log_request_info /opt/stack/keystone/keystone/server/flask/request_processing/req_logging.py:29}}
Jul 20 05:51:19 user devstack@keystone.service[41911]: WARNING keystone.common.password_hashing [None req-8c1b4b73-feb7-4ef6-be44-649fea664368 None None] Truncating password to algorithm specific maximum length 54 characters.
Jul 20 05:51:19 user devstack@keystone.service[41911]: DEBUG keystone.auth.core [None req-8c1b4b73-feb7-4ef6-be44-649fea664368 None None] MFA Rules not processed for user `34f0e162d7ac4380adc2589aa3a9a264`. Rule list: `[]` (Enabled: `True`). {{(pid=41911) check_auth_methods_against_rules /opt/stack/keystone/keystone/auth/core.py:438}}
Jul 20 05:51:19 user devstack@keystone.service[41911]: DEBUG keystone.common.fernet_utils [None req-8c1b4b73-feb7-4ef6-be44-649fea664368 None None] Loaded 2 Fernet keys from /etc/keystone/fernet-keys/, but `[fernet_tokens] max_active_keys = 3`; perhaps there have not been enough key rotations to reach `max_active_keys` yet? {{(pid=41911) load_keys /opt/stack/keystone/keystone/common/fernet_utils.py:286}}
Jul 20 05:51:19 user devstack@keystone.service[41910]: DEBUG keystone.server.flask.request_processing.middleware.auth_context [None req-89c7e371-38e6-4a6c-98a7-c59a427b1675 None None] Validating token access rules against request {{(pid=41910) validate_allowed_request /usr/local/lib/python3.10/dist-packages/keystonemiddleware/auth_token/__init__.py:544}}
Jul 20 05:51:19 user devstack@keystone.service[41909]: DEBUG dbcounter [-] [41909] Writing DB stats keystone:SELECT=100 {{(pid=41909) stat_writer /usr/local/lib/python3.10/dist-packages/dbcounter.py:117}}
Jul 20 05:51:19 user devstack@keystone.service[41909]: DEBUG keystone.server.flask.request_processing.middleware.auth_context [None req-5d7a1a9a-f22e-4994-827d-77047b66da87 None None] Validating token access rules against request {{(pid=41909) validate_allowed_request /usr/local/lib/python3.10/dist-packages/keystonemiddleware/auth_token/__init__.py:544}}
Jul 20 05:51:19 user devstack@keystone.service[41910]: DEBUG keystone.server.flask.request_processing.middleware.auth_context [None req-7160b2f7-b249-4fa5-acaf-4e27006ac4d8 None admin] RBAC: auth_context: {'token': , 'domain_id': None, 'trust_id': None, 'trustor_id': None, 'trustee_id': None, 'domain_name': None, 'group_ids': [], 'user_id': '34f0e162d7ac4380adc2589aa3a9a264', 'user_domain_id': 'default', 'system_scope': 'all', 'project_id': None, 'project_domain_id': None, 'roles': ['admin', 'member', 'reader'], 'is_admin_project': True, 'service_user_id': None, 'service_user_domain_id': None, 'service_project_id': None, 'service_project_domain_id': None, 'service_roles': []} {{(pid=41910) fill_context /opt/stack/keystone/keystone/server/flask/request_processing/middleware/auth_context.py:480}}
Jul 20 05:51:19 user devstack@keystone.service[41910]: DEBUG keystone.server.flask.request_processing.req_logging [None req-7160b2f7-b249-4fa5-acaf-4e27006ac4d8 None admin] REQUEST_METHOD: `GET` {{(pid=41910) log_request_info /opt/stack/keystone/keystone/server/flask/request_processing/req_logging.py:27}}
Jul 20 05:51:19 user devstack@keystone.service[41910]: DEBUG keystone.server.flask.request_processing.req_logging [None req-7160b2f7-b249-4fa5-acaf-4e27006ac4d8 None admin] SCRIPT_NAME: `/identity` {{(pid=41910) log_request_info /opt/stack/keystone/keystone/server/flask/request_processing/req_logging.py:28}}
Jul 20 05:51:19 user devstack@keystone.service[41910]: DEBUG keystone.server.flask.request_processing.req_logging [None req-7160b2f7-b249-4fa5-acaf-4e27006ac4d8 None admin] PATH_INFO: `/v3/domains` {{(pid=41910) log_request_info /opt/stack/keystone/keystone/server/flask/request_processing/req_logging.py:29}}
Jul 20 05:51:19 user devstack@keystone.service[41910]: DEBUG keystone.common.rbac_enforcer.enforcer [None req-7160b2f7-b249-4fa5-acaf-4e27006ac4d8 None admin] RBAC: Adding query filter params (name=Default) {{(pid=41910) _extract_filter_values /opt/stack/keystone/keystone/common/rbac_enforcer/enforcer.py:167}}
Jul 20 05:51:19 user devstack@keystone.service[41910]: DEBUG keystone.common.rbac_enforcer.enforcer [None req-7160b2f7-b249-4fa5-acaf-4e27006ac4d8 None admin] RBAC: Authorizing `identity:list_domains()` {{(pid=41910) enforce_call /opt/stack/keystone/keystone/common/rbac_enforcer/enforcer.py:449}}
Jul 20 05:51:19 user devstack@keystone.service[41911]: DEBUG dbcounter [-] [41911] Writing DB stats keystone:SELECT=100 {{(pid=41911) stat_writer /usr/local/lib/python3.10/dist-packages/dbcounter.py:117}}
Jul 20 05:51:19 user devstack@keystone.service[41910]: DEBUG keystone.common.rbac_enforcer.enforcer [None req-7160b2f7-b249-4fa5-acaf-4e27006ac4d8 None admin] RBAC: Authorization granted {{(pid=41910) enforce_call /opt/stack/keystone/keystone/common/rbac_enforcer/enforcer.py:457}}
Jul 20 05:51:19 user devstack@keystone.service[41911]: [pid: 41911|app: 0|req: 13/32] 10.0.0.210 () {58 vars in 1017 bytes} [Thu Jul 20 05:51:19 2023] POST /identity/v3/auth/tokens => generated 798 bytes in 85 msecs (HTTP/1.1 201) 6 headers in 363 bytes (2 switches on core 0)
Jul 20 05:51:19 user devstack@keystone.service[41911]: DEBUG keystone.server.flask.request_processing.middleware.auth_context [None req-8c1b4b73-feb7-4ef6-be44-649fea664368 None None] Authenticating user token {{(pid=41911) process_request /usr/local/lib/python3.10/dist-packages/keystonemiddleware/auth_token/__init__.py:406}}
Jul 20 05:51:19 user devstack@keystone.service[41910]: [pid: 41910|app: 0|req: 10/33] 10.0.0.210 () {56 vars in 1104 bytes} [Thu Jul 20 05:51:18 2023] GET /identity/v3/domains?name=Default => generated 306 bytes in 143 msecs (HTTP/1.1 200) 5 headers in 177 bytes (1 switches on core 0)
Jul 20 05:51:19 user devstack@keystone.service[41910]: DEBUG keystone.server.flask.request_processing.middleware.auth_context [None req-7160b2f7-b249-4fa5-acaf-4e27006ac4d8 None admin] Authenticating user token {{(pid=41910) process_request /usr/local/lib/python3.10/dist-packages/keystonemiddleware/auth_token/__init__.py:406}}
Jul 20 05:51:19 user devstack@keystone.service[41909]: DEBUG keystone.server.flask.request_processing.middleware.auth_context [None req-2efff613-b973-4b68-9198-e839db115f28 None admin] RBAC: auth_context: {'token': , 'domain_id': None, 'trust_id': None, 'trustor_id': None, 'trustee_id': None, 'domain_name': None, 'group_ids': [], 'user_id': '34f0e162d7ac4380adc2589aa3a9a264', 'user_domain_id': 'default', 'system_scope': 'all', 'project_id': None, 'project_domain_id': None, 'roles': ['admin', 'member', 'reader'], 'is_admin_project': True, 'service_user_id': None, 'service_user_domain_id': None, 'service_project_id': None, 'service_project_domain_id': None, 'service_roles': []} {{(pid=41909) fill_context /opt/stack/keystone/keystone/server/flask/request_processing/middleware/auth_context.py:480}}
Jul 20 05:51:19 user devstack@keystone.service[41909]: DEBUG keystone.server.flask.request_processing.req_logging [None req-2efff613-b973-4b68-9198-e839db115f28 None admin] REQUEST_METHOD: `POST` {{(pid=41909) log_request_info /opt/stack/keystone/keystone/server/flask/request_processing/req_logging.py:27}}
Jul 20 05:51:19 user devstack@keystone.service[41909]: DEBUG keystone.server.flask.request_processing.req_logging [None req-2efff613-b973-4b68-9198-e839db115f28 None admin] SCRIPT_NAME: `/identity` {{(pid=41909) log_request_info /opt/stack/keystone/keystone/server/flask/request_processing/req_logging.py:28}}
Jul 20 05:51:19 user devstack@keystone.service[41909]: DEBUG keystone.server.flask.request_processing.req_logging [None req-2efff613-b973-4b68-9198-e839db115f28 None admin] PATH_INFO: `/v3/roles` {{(pid=41909) log_request_info /opt/stack/keystone/keystone/server/flask/request_processing/req_logging.py:29}}
Jul 20 05:51:19 user devstack@keystone.service[41909]: DEBUG keystone.common.rbac_enforcer.enforcer [None req-2efff613-b973-4b68-9198-e839db115f28 None admin] RBAC: Authorizing `identity:create_role()` {{(pid=41909) enforce_call /opt/stack/keystone/keystone/common/rbac_enforcer/enforcer.py:449}}
Jul 20 05:51:19 user devstack@keystone.service[41909]: DEBUG keystone.common.rbac_enforcer.enforcer [None req-2efff613-b973-4b68-9198-e839db115f28 None admin] RBAC: Authorization granted {{(pid=41909) enforce_call /opt/stack/keystone/keystone/common/rbac_enforcer/enforcer.py:457}}
Jul 20 05:51:19 user devstack@keystone.service[41911]: DEBUG keystone.server.flask.request_processing.middleware.auth_context [None req-8c1b4b73-feb7-4ef6-be44-649fea664368 None None] Validating token access rules against request {{(pid=41911) validate_allowed_request /usr/local/lib/python3.10/dist-packages/keystonemiddleware/auth_token/__init__.py:544}}
Jul 20 05:51:19 user devstack@keystone.service[41910]: DEBUG dbcounter [-] [41910] Writing DB stats keystone:SELECT=100 {{(pid=41910) stat_writer /usr/local/lib/python3.10/dist-packages/dbcounter.py:117}}
Jul 20 05:51:19 user devstack@keystone.service[41910]: DEBUG keystone.server.flask.request_processing.middleware.auth_context [None req-7160b2f7-b249-4fa5-acaf-4e27006ac4d8 None admin] Validating token access rules against request {{(pid=41910) validate_allowed_request /usr/local/lib/python3.10/dist-packages/keystonemiddleware/auth_token/__init__.py:544}}
Jul 20 05:51:19 user devstack@keystone.service[41911]: DEBUG keystone.server.flask.request_processing.middleware.auth_context [None req-1cd75a52-3876-4c16-89b7-bd9bccc49e99 None admin] RBAC: auth_context: {'token': , 'domain_id': None, 'trust_id': None, 'trustor_id': None, 'trustee_id': None, 'domain_name': None, 'group_ids': [], 'user_id': '34f0e162d7ac4380adc2589aa3a9a264', 'user_domain_id': 'default', 'system_scope': 'all', 'project_id': None, 'project_domain_id': None, 'roles': ['admin', 'member', 'reader'], 'is_admin_project': True, 'service_user_id': None, 'service_user_domain_id': None, 'service_project_id': None, 'service_project_domain_id': None, 'service_roles': []} {{(pid=41911) fill_context /opt/stack/keystone/keystone/server/flask/request_processing/middleware/auth_context.py:480}}
Jul 20 05:51:19 user devstack@keystone.service[41911]: DEBUG keystone.server.flask.request_processing.req_logging [None req-1cd75a52-3876-4c16-89b7-bd9bccc49e99 None admin] REQUEST_METHOD: `GET` {{(pid=41911) log_request_info /opt/stack/keystone/keystone/server/flask/request_processing/req_logging.py:27}}
Jul 20 05:51:19 user devstack@keystone.service[41911]: DEBUG keystone.server.flask.request_processing.req_logging [None req-1cd75a52-3876-4c16-89b7-bd9bccc49e99 None admin] SCRIPT_NAME: `/identity` {{(pid=41911) log_request_info /opt/stack/keystone/keystone/server/flask/request_processing/req_logging.py:28}}
Jul 20 05:51:19 user devstack@keystone.service[41911]: DEBUG keystone.server.flask.request_processing.req_logging [None req-1cd75a52-3876-4c16-89b7-bd9bccc49e99 None admin] PATH_INFO: `/v3/roles/admin` {{(pid=41911) log_request_info /opt/stack/keystone/keystone/server/flask/request_processing/req_logging.py:29}}
Jul 20 05:51:19 user devstack@keystone.service[41911]: DEBUG keystone.common.rbac_enforcer.enforcer [None req-1cd75a52-3876-4c16-89b7-bd9bccc49e99 None admin] Extracting inferred target data resulted in "NOT FOUND (404)". {{(pid=41911) enforce_call /opt/stack/keystone/keystone/common/rbac_enforcer/enforcer.py:409}}
Jul 20 05:51:19 user devstack@keystone.service[41911]: ERROR keystone.server.flask.application [None req-1cd75a52-3876-4c16-89b7-bd9bccc49e99 None admin] Could not find role: admin.: keystone.exception.RoleNotFound: Could not find role: admin.
Jul 20 05:51:19 user devstack@keystone.service[41911]: ERROR keystone.server.flask.application
Traceback (most recent call last):
Jul 20 05:51:19 user devstack@keystone.service[41911]: ERROR keystone.server.flask.application
File "/usr/local/lib/python3.10/dist-packages/flask/app.py", line 1823, in full_dispatch_request
Jul 20 05:51:19 user devstack@keystone.service[41911]: ERROR keystone.server.flask.application rv = self.dispatch_request()
Jul 20 05:51:19 user devstack@keystone.service[41911]: ERROR keystone.server.flask.application
File "/usr/local/lib/python3.10/dist-packages/flask/app.py", line 1799, in dispatch_request
Jul 20 05:51:19 user devstack@keystone.service[41911]: ERROR keystone.server.flask.application return self.ensure_sync(self.view_functions[rule.endpoint])(**view_args)
Jul 20 05:51:19 user devstack@keystone.service[41911]: ERROR keystone.server.flask.application
File "/usr/local/lib/python3.10/dist-packages/flask_restful/__init__.py", line 467, in wrapper
Jul 20 05:51:19 user devstack@keystone.service[41911]: ERROR keystone.server.flask.application resp = resource(*args, **kwargs)
Jul 20 05:51:19 user devstack@keystone.service[41911]: ERROR keystone.server.flask.application
File "/usr/local/lib/python3.10/dist-packages/flask/views.py", line 107, in view
Jul 20 05:51:19 user devstack@keystone.service[41911]: ERROR keystone.server.flask.application return current_app.ensure_sync(self.dispatch_request)(**kwargs)
Jul 20 05:51:19 user devstack@keystone.service[41911]: ERROR keystone.server.flask.application
File "/usr/local/lib/python3.10/dist-packages/flask_restful/__init__.py", line 582, in dispatch_request
Jul 20 05:51:19 user devstack@keystone.service[41911]: ERROR keystone.server.flask.application resp = meth(*args, **kwargs)
Jul 20 05:51:19 user devstack@keystone.service[41911]: ERROR keystone.server.flask.application
File "/opt/stack/keystone/keystone/api/roles.py", line 50, in get
Jul 20 05:51:19 user devstack@keystone.service[41911]: ERROR keystone.server.flask.application return self._get_role(role_id)
Jul 20 05:51:19 user devstack@keystone.service[41911]: ERROR keystone.server.flask.application
File "/opt/stack/keystone/keystone/api/roles.py", line 70, in _get_role
Jul 20 05:51:19 user devstack@keystone.service[41911]: ERROR keystone.server.flask.application ENFORCER.enforce_call(action='identity:get_role')
Jul 20 05:51:19 user devstack@keystone.service[41911]: ERROR keystone.server.flask.application
File "/opt/stack/keystone/keystone/common/rbac_enforcer/enforcer.py", line 402, in enforce_call
Jul 20 05:51:19 user devstack@keystone.service[41911]: ERROR keystone.server.flask.application policy_dict.update(cls._extract_member_target_data(
Jul 20 05:51:19 user devstack@keystone.service[41911]: ERROR keystone.server.flask.application
File "/opt/stack/keystone/keystone/common/rbac_enforcer/enforcer.py", line 234, in _extract_member_target_data
Jul 20 05:51:19 user devstack@keystone.service[41911]: ERROR keystone.server.flask.application member_name: func(flask.request.view_args[key])
Jul 20 05:51:19 user devstack@keystone.service[41911]: ERROR keystone.server.flask.application
File "/opt/stack/keystone/keystone/common/manager.py", line 115, in wrapped
Jul 20 05:51:19 user devstack@keystone.service[41911]: ERROR keystone.server.flask.application __ret_val = __f(*args, **kwargs)
Jul 20 05:51:19 user devstack@keystone.service[41911]: ERROR keystone.server.flask.application
File "/usr/local/lib/python3.10/dist-packages/decorator.py", line 232, in fun
Jul 20 05:51:19 user devstack@keystone.service[41911]: ERROR keystone.server.flask.application return caller(func, *(extras + args), **kw)
Jul 20 05:51:19 user devstack@keystone.service[41911]: ERROR keystone.server.flask.application
File "/usr/local/lib/python3.10/dist-packages/dogpile/cache/region.py", line 1577, in get_or_create_for_user_func
Jul 20 05:51:19 user devstack@keystone.service[41911]: ERROR keystone.server.flask.application return self.get_or_create(
Jul 20 05:51:19 user devstack@keystone.service[41911]: ERROR keystone.server.flask.application
File "/usr/local/lib/python3.10/dist-packages/dogpile/cache/region.py", line 1042, in get_or_create
Jul 20 05:51:19 user devstack@keystone.service[41911]: ERROR keystone.server.flask.application with Lock(
Jul 20 05:51:19 user devstack@keystone.service[41911]: ERROR keystone.server.flask.application
File "/usr/local/lib/python3.10/dist-packages/dogpile/lock.py", line 185, in __enter__
Jul 20 05:51:19 user devstack@keystone.service[41911]: ERROR keystone.server.flask.application return self._enter()
Jul 20 05:51:19 user devstack@keystone.service[41911]: ERROR keystone.server.flask.application
File "/usr/local/lib/python3.10/dist-packages/dogpile/lock.py", line 94, in _enter
Jul 20 05:51:19 user devstack@keystone.service[41911]: ERROR keystone.server.flask.application generated = self._enter_create(value, createdtime)
Jul 20 05:51:19 user devstack@keystone.service[41911]: ERROR keystone.server.flask.application
File "/usr/local/lib/python3.10/dist-packages/dogpile/lock.py", line 178, in _enter_create
Jul 20 05:51:19 user devstack@keystone.service[41911]: ERROR keystone.server.flask.application return self.creator()
Jul 20 05:51:19 user devstack@keystone.service[41911]: ERROR keystone.server.flask.application
File "/usr/local/lib/python3.10/dist-packages/dogpile/cache/region.py", line 995, in gen_value
Jul 20 05:51:19 user devstack@keystone.service[41911]: ERROR keystone.server.flask.application created_value = creator(
Jul 20 05:51:19 user devstack@keystone.service[41911]: ERROR keystone.server.flask.application
File "/opt/stack/keystone/keystone/assignment/core.py", line 1276, in get_role
Jul 20 05:51:19 user devstack@keystone.service[41911]: ERROR keystone.server.flask.application return self.driver.get_role(role_id)
Jul 20 05:51:19 user devstack@keystone.service[41911]: ERROR keystone.server.flask.application
File "/opt/stack/keystone/keystone/assignment/role_backends/sql.py", line 70, in get_role
Jul 20 05:51:19 user devstack@keystone.service[41911]: ERROR keystone.server.flask.application return self._get_role(session, role_id).to_dict()
Jul 20 05:51:19 user devstack@keystone.service[41911]: ERROR keystone.server.flask.application
File "/opt/stack/keystone/keystone/assignment/role_backends/sql.py", line 65, in _get_role
Jul 20 05:51:19 user devstack@keystone.service[41911]: ERROR keystone.server.flask.application raise exception.RoleNotFound(role_id=role_id)
Jul 20 05:51:19 user devstack@keystone.service[41911]: ERROR keystone.server.flask.application keystone.exception.RoleNotFound: Could not find role: admin.
Jul 20 05:51:19 user devstack@keystone.service[41911]: ERROR keystone.server.flask.application
Jul 20 05:51:19 user devstack@keystone.service[41910]: DEBUG keystone.server.flask.request_processing.middleware.auth_context [None req-ad957df7-5b46-46fb-8884-9cf460539cc5 None admin] RBAC: auth_context: {'token': , 'domain_id': None, 'trust_id': None, 'trustor_id': None, 'trustee_id': None, 'domain_name': None, 'group_ids': [], 'user_id': '34f0e162d7ac4380adc2589aa3a9a264', 'user_domain_id': 'default', 'system_scope': 'all', 'project_id': None, 'project_domain_id': None, 'roles': ['admin', 'member', 'reader'], 'is_admin_project': True, 'service_user_id': None, 'service_user_domain_id': None, 'service_project_id': None, 'service_project_domain_id': None, 'service_roles': []} {{(pid=41910) fill_context /opt/stack/keystone/keystone/server/flask/request_processing/middleware/auth_context.py:480}}
Jul 20 05:51:19 user devstack@keystone.service[41911]: [pid: 41911|app: 0|req: 14/34] 10.0.0.210 () {56 vars in 1091 bytes} [Thu Jul 20 05:51:19 2023] GET /identity/v3/roles/admin => generated 83 bytes in 139 msecs (HTTP/1.1 404) 5 headers in 183 bytes (1 switches on core 0)
Jul 20 05:51:19 user devstack@keystone.service[41910]: DEBUG keystone.server.flask.request_processing.req_logging [None req-ad957df7-5b46-46fb-8884-9cf460539cc5 None admin] REQUEST_METHOD: `POST` {{(pid=41910) log_request_info /opt/stack/keystone/keystone/server/flask/request_processing/req_logging.py:27}}
Jul 20 05:51:19 user devstack@keystone.service[41910]: DEBUG keystone.server.flask.request_processing.req_logging [None req-ad957df7-5b46-46fb-8884-9cf460539cc5 None admin] SCRIPT_NAME: `/identity` {{(pid=41910) log_request_info /opt/stack/keystone/keystone/server/flask/request_processing/req_logging.py:28}}
Jul 20 05:51:19 user devstack@keystone.service[41911]: DEBUG keystone.server.flask.request_processing.middleware.auth_context [None req-1cd75a52-3876-4c16-89b7-bd9bccc49e99 None admin] Authenticating user token {{(pid=41911) process_request /usr/local/lib/python3.10/dist-packages/keystonemiddleware/auth_token/__init__.py:406}}
Jul 20 05:51:19 user devstack@keystone.service[41910]: DEBUG keystone.server.flask.request_processing.req_logging [None req-ad957df7-5b46-46fb-8884-9cf460539cc5 None admin] PATH_INFO: `/v3/projects` {{(pid=41910) log_request_info /opt/stack/keystone/keystone/server/flask/request_processing/req_logging.py:29}}
Jul 20 05:51:19 user devstack@keystone.service[41910]: DEBUG keystone.common.rbac_enforcer.enforcer [None req-ad957df7-5b46-46fb-8884-9cf460539cc5 None admin] RBAC: Authorizing `identity:create_project()` {{(pid=41910) enforce_call /opt/stack/keystone/keystone/common/rbac_enforcer/enforcer.py:449}}
Jul 20 05:51:19 user devstack@keystone.service[41910]: DEBUG keystone.common.rbac_enforcer.enforcer [None req-ad957df7-5b46-46fb-8884-9cf460539cc5 None admin] RBAC: Authorization granted {{(pid=41910) enforce_call /opt/stack/keystone/keystone/common/rbac_enforcer/enforcer.py:457}}
Jul 20 05:51:19 user devstack@keystone.service[41910]: [pid: 41910|app: 0|req: 11/35] 10.0.0.210 () {60 vars in 1136 bytes} [Thu Jul 20 05:51:19 2023] POST /identity/v3/projects => generated 300 bytes in 153 msecs (HTTP/1.1 201) 5 headers in 182 bytes (1 switches on core 0)
Jul 20 05:51:19 user devstack@keystone.service[41910]: DEBUG keystone.server.flask.request_processing.req_logging [None req-d51741cf-c2ad-47ff-9659-b9f5681c4622 None None] REQUEST_METHOD: `GET` {{(pid=41910) log_request_info /opt/stack/keystone/keystone/server/flask/request_processing/req_logging.py:27}}
Jul 20 05:51:19 user devstack@keystone.service[41910]: DEBUG keystone.server.flask.request_processing.req_logging [None req-d51741cf-c2ad-47ff-9659-b9f5681c4622 None None] SCRIPT_NAME: `/identity` {{(pid=41910) log_request_info /opt/stack/keystone/keystone/server/flask/request_processing/req_logging.py:28}}
Jul 20 05:51:19 user devstack@keystone.service[41910]: DEBUG keystone.server.flask.request_processing.req_logging [None req-d51741cf-c2ad-47ff-9659-b9f5681c4622 None None] PATH_INFO: `/` {{(pid=41910) log_request_info /opt/stack/keystone/keystone/server/flask/request_processing/req_logging.py:29}}
Jul 20 05:51:19 user devstack@keystone.service[41910]: [pid: 41910|app: 0|req: 12/36] 10.0.0.210 () {54 vars in 920 bytes} [Thu Jul 20 05:51:19 2023] GET /identity => generated 269 bytes in 4 msecs (HTTP/1.1 300) 6 headers in 233 bytes (1 switches on core 0)
Jul 20 05:51:19 user devstack@keystone.service[41910]: DEBUG keystone.server.flask.request_processing.middleware.auth_context [None req-d51741cf-c2ad-47ff-9659-b9f5681c4622 None None] Authenticating user token {{(pid=41910) process_request /usr/local/lib/python3.10/dist-packages/keystonemiddleware/auth_token/__init__.py:406}}
Jul 20 05:51:19 user devstack@keystone.service[41911]: DEBUG dbcounter [-] [41911] Writing DB stats keystone:SELECT=100 {{(pid=41911) stat_writer /usr/local/lib/python3.10/dist-packages/dbcounter.py:117}}
Jul 20 05:51:19 user devstack@keystone.service[41909]: [pid: 41909|app: 0|req: 11/37] 10.0.0.210 () {60 vars in 1126 bytes} [Thu Jul 20 05:51:19 2023] POST /identity/v3/roles => generated 218 bytes in 313 msecs (HTTP/1.1 201) 5 headers in 182 bytes (1 switches on core 0)
Jul 20 05:51:19 user devstack@keystone.service[41909]: DEBUG keystone.server.flask.request_processing.req_logging [None req-4680c008-7d77-45de-b879-999910e53c68 None None] REQUEST_METHOD: `POST` {{(pid=41909) log_request_info /opt/stack/keystone/keystone/server/flask/request_processing/req_logging.py:27}}
Jul 20 05:51:19 user devstack@keystone.service[41909]: DEBUG keystone.server.flask.request_processing.req_logging [None req-4680c008-7d77-45de-b879-999910e53c68 None None] SCRIPT_NAME: `/identity` {{(pid=41909) log_request_info /opt/stack/keystone/keystone/server/flask/request_processing/req_logging.py:28}}
Jul 20 05:51:19 user devstack@keystone.service[41909]: DEBUG keystone.server.flask.request_processing.req_logging [None req-4680c008-7d77-45de-b879-999910e53c68 None None] PATH_INFO: `/v3/auth/tokens` {{(pid=41909) log_request_info /opt/stack/keystone/keystone/server/flask/request_processing/req_logging.py:29}}
Jul 20 05:51:19 user devstack@keystone.service[41909]: WARNING keystone.common.password_hashing [None req-4680c008-7d77-45de-b879-999910e53c68 None None] Truncating password to algorithm specific maximum length 54 characters.
Jul 20 05:51:19 user devstack@keystone.service[41909]: DEBUG keystone.auth.core [None req-4680c008-7d77-45de-b879-999910e53c68 None None] MFA Rules not processed for user `34f0e162d7ac4380adc2589aa3a9a264`. Rule list: `[]` (Enabled: `True`). {{(pid=41909) check_auth_methods_against_rules /opt/stack/keystone/keystone/auth/core.py:438}}
Jul 20 05:51:19 user devstack@keystone.service[41911]: DEBUG keystone.server.flask.request_processing.middleware.auth_context [None req-1cd75a52-3876-4c16-89b7-bd9bccc49e99 None admin] Validating token access rules against request {{(pid=41911) validate_allowed_request /usr/local/lib/python3.10/dist-packages/keystonemiddleware/auth_token/__init__.py:544}}
Jul 20 05:51:19 user devstack@keystone.service[41909]: DEBUG keystone.common.fernet_utils [None req-4680c008-7d77-45de-b879-999910e53c68 None None] Loaded 2 Fernet keys from /etc/keystone/fernet-keys/, but `[fernet_tokens] max_active_keys = 3`; perhaps there have not been enough key rotations to reach `max_active_keys` yet? {{(pid=41909) load_keys /opt/stack/keystone/keystone/common/fernet_utils.py:286}}
Jul 20 05:51:19 user devstack@keystone.service[41911]: DEBUG keystone.server.flask.request_processing.middleware.auth_context [None req-95d6ae71-cd9e-46bd-82dc-5074954a453e None admin] RBAC: auth_context: {'token': , 'domain_id': None, 'trust_id': None, 'trustor_id': None, 'trustee_id': None, 'domain_name': None, 'group_ids': [], 'user_id': '34f0e162d7ac4380adc2589aa3a9a264', 'user_domain_id': 'default', 'system_scope': 'all', 'project_id': None, 'project_domain_id': None, 'roles': ['admin', 'member', 'reader'], 'is_admin_project': True, 'service_user_id': None, 'service_user_domain_id': None, 'service_project_id': None, 'service_project_domain_id': None, 'service_roles': []} {{(pid=41911) fill_context /opt/stack/keystone/keystone/server/flask/request_processing/middleware/auth_context.py:480}}
Jul 20 05:51:19 user devstack@keystone.service[41911]: DEBUG keystone.server.flask.request_processing.req_logging [None req-95d6ae71-cd9e-46bd-82dc-5074954a453e None admin] REQUEST_METHOD: `POST` {{(pid=41911) log_request_info /opt/stack/keystone/keystone/server/flask/request_processing/req_logging.py:27}}
Jul 20 05:51:19 user devstack@keystone.service[41911]: DEBUG keystone.server.flask.request_processing.req_logging [None req-95d6ae71-cd9e-46bd-82dc-5074954a453e None admin] SCRIPT_NAME: `/identity` {{(pid=41911) log_request_info /opt/stack/keystone/keystone/server/flask/request_processing/req_logging.py:28}}
Jul 20 05:51:19 user devstack@keystone.service[41911]: DEBUG keystone.server.flask.request_processing.req_logging [None req-95d6ae71-cd9e-46bd-82dc-5074954a453e None admin] PATH_INFO: `/v3/roles` {{(pid=41911) log_request_info /opt/stack/keystone/keystone/server/flask/request_processing/req_logging.py:29}}
Jul 20 05:51:19 user devstack@keystone.service[41911]: DEBUG keystone.common.rbac_enforcer.enforcer [None req-95d6ae71-cd9e-46bd-82dc-5074954a453e None admin] RBAC: Authorizing `identity:create_role()` {{(pid=41911) enforce_call /opt/stack/keystone/keystone/common/rbac_enforcer/enforcer.py:449}}
Jul 20 05:51:19 user devstack@keystone.service[41911]: DEBUG keystone.common.rbac_enforcer.enforcer [None req-95d6ae71-cd9e-46bd-82dc-5074954a453e None admin] RBAC: Authorization granted {{(pid=41911) enforce_call /opt/stack/keystone/keystone/common/rbac_enforcer/enforcer.py:457}}
Jul 20 05:51:19 user devstack@keystone.service[41910]: DEBUG keystone.server.flask.request_processing.middleware.auth_context [None req-d51741cf-c2ad-47ff-9659-b9f5681c4622 None None] Validating token access rules against request {{(pid=41910) validate_allowed_request /usr/local/lib/python3.10/dist-packages/keystonemiddleware/auth_token/__init__.py:544}}
Jul 20 05:51:19 user devstack@keystone.service[41909]: [pid: 41909|app: 0|req: 12/38] 10.0.0.210 () {58 vars in 1017 bytes} [Thu Jul 20 05:51:19 2023] POST /identity/v3/auth/tokens => generated 798 bytes in 94 msecs (HTTP/1.1 201) 6 headers in 363 bytes (1 switches on core 0)
Jul 20 05:51:19 user devstack@keystone.service[41909]: DEBUG keystone.server.flask.request_processing.middleware.auth_context [None req-4680c008-7d77-45de-b879-999910e53c68 None None] Authenticating user token {{(pid=41909) process_request /usr/local/lib/python3.10/dist-packages/keystonemiddleware/auth_token/__init__.py:406}}
Jul 20 05:51:19 user devstack@keystone.service[41910]: DEBUG keystone.server.flask.request_processing.middleware.auth_context [None req-a05a0841-7f42-487b-ad40-b87cd590a8c4 None admin] RBAC: auth_context: {'token': , 'domain_id': None, 'trust_id': None, 'trustor_id': None, 'trustee_id': None, 'domain_name': None, 'group_ids': [], 'user_id': '34f0e162d7ac4380adc2589aa3a9a264', 'user_domain_id': 'default', 'system_scope': 'all', 'project_id': None, 'project_domain_id': None, 'roles': ['admin', 'member', 'reader'], 'is_admin_project': True, 'service_user_id': None, 'service_user_domain_id': None, 'service_project_id': None, 'service_project_domain_id': None, 'service_roles': []} {{(pid=41910) fill_context /opt/stack/keystone/keystone/server/flask/request_processing/middleware/auth_context.py:480}}
Jul 20 05:51:19 user devstack@keystone.service[41910]: DEBUG keystone.server.flask.request_processing.req_logging [None req-a05a0841-7f42-487b-ad40-b87cd590a8c4 None admin] REQUEST_METHOD: `GET` {{(pid=41910) log_request_info /opt/stack/keystone/keystone/server/flask/request_processing/req_logging.py:27}}
Jul 20 05:51:19 user devstack@keystone.service[41910]: DEBUG keystone.server.flask.request_processing.req_logging [None req-a05a0841-7f42-487b-ad40-b87cd590a8c4 None admin] SCRIPT_NAME: `/identity` {{(pid=41910) log_request_info /opt/stack/keystone/keystone/server/flask/request_processing/req_logging.py:28}}
Jul 20 05:51:19 user devstack@keystone.service[41910]: DEBUG keystone.server.flask.request_processing.req_logging [None req-a05a0841-7f42-487b-ad40-b87cd590a8c4 None admin] PATH_INFO: `/v3/roles` {{(pid=41910) log_request_info /opt/stack/keystone/keystone/server/flask/request_processing/req_logging.py:29}}
Jul 20 05:51:19 user devstack@keystone.service[41910]: DEBUG keystone.common.rbac_enforcer.enforcer [None req-a05a0841-7f42-487b-ad40-b87cd590a8c4 None admin] RBAC: Adding query filter params (name=admin) {{(pid=41910) _extract_filter_values /opt/stack/keystone/keystone/common/rbac_enforcer/enforcer.py:167}}
Jul 20 05:51:19 user devstack@keystone.service[41910]: DEBUG keystone.common.rbac_enforcer.enforcer [None req-a05a0841-7f42-487b-ad40-b87cd590a8c4 None admin] RBAC: Authorizing `identity:list_roles()` {{(pid=41910) enforce_call /opt/stack/keystone/keystone/common/rbac_enforcer/enforcer.py:449}}
Jul 20 05:51:19 user devstack@keystone.service[41910]: DEBUG keystone.common.rbac_enforcer.enforcer [None req-a05a0841-7f42-487b-ad40-b87cd590a8c4 None admin] RBAC: Authorization granted {{(pid=41910) enforce_call /opt/stack/keystone/keystone/common/rbac_enforcer/enforcer.py:457}}
Jul 20 05:51:19 user devstack@keystone.service[41910]: [pid: 41910|app: 0|req: 13/39] 10.0.0.210 () {56 vars in 1094 bytes} [Thu Jul 20 05:51:19 2023] GET /identity/v3/roles?name=admin => generated 337 bytes in 158 msecs (HTTP/1.1 200) 5 headers in 177 bytes (1 switches on core 0)
Jul 20 05:51:19 user devstack@keystone.service[41910]: DEBUG keystone.server.flask.request_processing.middleware.auth_context [None req-a05a0841-7f42-487b-ad40-b87cd590a8c4 None admin] Authenticating user token {{(pid=41910) process_request /usr/local/lib/python3.10/dist-packages/keystonemiddleware/auth_token/__init__.py:406}}
Jul 20 05:51:19 user devstack@keystone.service[41910]: DEBUG dbcounter [-] [41910] Writing DB stats keystone:SELECT=99,keystone:INSERT=1 {{(pid=41910) stat_writer /usr/local/lib/python3.10/dist-packages/dbcounter.py:117}}
Jul 20 05:51:19 user devstack@keystone.service[41911]: [pid: 41911|app: 0|req: 15/40] 10.0.0.210 () {60 vars in 1126 bytes} [Thu Jul 20 05:51:19 2023] POST /identity/v3/roles => generated 224 bytes in 249 msecs (HTTP/1.1 201) 5 headers in 182 bytes (1 switches on core 0)
Jul 20 05:51:19 user devstack@keystone.service[41909]: DEBUG dbcounter [-] [41909] Writing DB stats keystone:SELECT=99,keystone:INSERT=1 {{(pid=41909) stat_writer /usr/local/lib/python3.10/dist-packages/dbcounter.py:117}}
Jul 20 05:51:19 user devstack@keystone.service[41909]: DEBUG keystone.server.flask.request_processing.middleware.auth_context [None req-4680c008-7d77-45de-b879-999910e53c68 None None] Validating token access rules against request {{(pid=41909) validate_allowed_request /usr/local/lib/python3.10/dist-packages/keystonemiddleware/auth_token/__init__.py:544}}
