Jul 20 05:51:50 user devstack@keystone.service[41909]: DEBUG keystone.server.flask.request_processing.middleware.auth_context [None req-2a1f140a-2acd-4aa5-a0ab-db4bae20a327 admin admin] RBAC: auth_context: {'token': , 'domain_id': None, 'trust_id': None, 'trustor_id': None, 'trustee_id': None, 'domain_name': None, 'group_ids': [], 'user_id': '34f0e162d7ac4380adc2589aa3a9a264', 'user_domain_id': 'default', 'system_scope': None, 'project_id': 'b308025fa49d40c0a0ca22fc06edf012', 'project_domain_id': 'default', 'roles': ['member', 'admin', 'reader'], 'is_admin_project': True, 'service_user_id': None, 'service_user_domain_id': None, 'service_project_id': None, 'service_project_domain_id': None, 'service_roles': []} {{(pid=41909) fill_context /opt/stack/keystone/keystone/server/flask/request_processing/middleware/auth_context.py:480}}
Jul 20 05:51:50 user devstack@keystone.service[41909]: DEBUG keystone.server.flask.request_processing.req_logging [None req-2a1f140a-2acd-4aa5-a0ab-db4bae20a327 admin admin] REQUEST_METHOD: `GET` {{(pid=41909) log_request_info /opt/stack/keystone/keystone/server/flask/request_processing/req_logging.py:27}}
Jul 20 05:51:50 user devstack@keystone.service[41909]: DEBUG keystone.server.flask.request_processing.req_logging [None req-2a1f140a-2acd-4aa5-a0ab-db4bae20a327 admin admin] SCRIPT_NAME: `/identity` {{(pid=41909) log_request_info /opt/stack/keystone/keystone/server/flask/request_processing/req_logging.py:28}}
Jul 20 05:51:50 user devstack@keystone.service[41909]: DEBUG keystone.server.flask.request_processing.req_logging [None req-2a1f140a-2acd-4aa5-a0ab-db4bae20a327 admin admin] PATH_INFO: `/v3/projects/26f8aeae8df34363a797ad065443efc7` {{(pid=41909) log_request_info /opt/stack/keystone/keystone/server/flask/request_processing/req_logging.py:29}}
Jul 20 05:51:50 user devstack@keystone.service[41909]: DEBUG keystone.common.rbac_enforcer.enforcer [None req-2a1f140a-2acd-4aa5-a0ab-db4bae20a327 admin admin] RBAC: Authorizing `identity:get_project(project_id=26f8aeae8df34363a797ad065443efc7)` {{(pid=41909) enforce_call /opt/stack/keystone/keystone/common/rbac_enforcer/enforcer.py:449}}
Jul 20 05:51:50 user devstack@keystone.service[41909]: DEBUG keystone.common.rbac_enforcer.enforcer [None req-2a1f140a-2acd-4aa5-a0ab-db4bae20a327 admin admin] RBAC: Authorization granted {{(pid=41909) enforce_call /opt/stack/keystone/keystone/common/rbac_enforcer/enforcer.py:457}}
Jul 20 05:51:50 user devstack@keystone.service[41909]: [pid: 41909|app: 0|req: 93/280] 10.0.0.210 () {56 vars in 1202 bytes} [Thu Jul 20 05:51:50 2023] GET /identity/v3/projects/26f8aeae8df34363a797ad065443efc7 => generated 301 bytes in 22 msecs (HTTP/1.1 200) 5 headers in 177 bytes (1 switches on core 0)
Jul 20 05:51:50 user devstack@keystone.service[41910]: DEBUG keystone.server.flask.request_processing.middleware.auth_context [None req-e92d1e02-deb4-41c9-91fe-bb570b38c4ad admin admin] Authenticating user token {{(pid=41910) process_request /usr/local/lib/python3.10/dist-packages/keystonemiddleware/auth_token/__init__.py:406}}
Jul 20 05:51:50 user devstack@keystone.service[41910]: DEBUG keystone.server.flask.request_processing.middleware.auth_context [None req-e92d1e02-deb4-41c9-91fe-bb570b38c4ad admin admin] Validating token access rules against request {{(pid=41910) validate_allowed_request /usr/local/lib/python3.10/dist-packages/keystonemiddleware/auth_token/__init__.py:544}}
Jul 20 05:51:50 user devstack@keystone.service[41910]: DEBUG keystone.server.flask.request_processing.middleware.auth_context [None req-85e703f4-1028-4214-8ac9-c97b104b76c8 admin admin] RBAC: auth_context: {'token': , 'domain_id': None, 'trust_id': None, 'trustor_id': None, 'trustee_id': None, 'domain_name': None, 'group_ids': [], 'user_id': '34f0e162d7ac4380adc2589aa3a9a264', 'user_domain_id': 'default', 'system_scope': None, 'project_id': 'b308025fa49d40c0a0ca22fc06edf012', 'project_domain_id': 'default', 'roles': ['member', 'admin', 'reader'], 'is_admin_project': True, 'service_user_id': None, 'service_user_domain_id': None, 'service_project_id': None, 'service_project_domain_id': None, 'service_roles': []} {{(pid=41910) fill_context /opt/stack/keystone/keystone/server/flask/request_processing/middleware/auth_context.py:480}}
Jul 20 05:51:50 user devstack@keystone.service[41910]: DEBUG keystone.server.flask.request_processing.req_logging [None req-85e703f4-1028-4214-8ac9-c97b104b76c8 admin admin] REQUEST_METHOD: `PUT` {{(pid=41910) log_request_info /opt/stack/keystone/keystone/server/flask/request_processing/req_logging.py:27}}
Jul 20 05:51:50 user devstack@keystone.service[41910]: DEBUG keystone.server.flask.request_processing.req_logging [None req-85e703f4-1028-4214-8ac9-c97b104b76c8 admin admin] SCRIPT_NAME: `/identity` {{(pid=41910) log_request_info /opt/stack/keystone/keystone/server/flask/request_processing/req_logging.py:28}}
Jul 20 05:51:50 user devstack@keystone.service[41910]: DEBUG keystone.server.flask.request_processing.req_logging [None req-85e703f4-1028-4214-8ac9-c97b104b76c8 admin admin] PATH_INFO: `/v3/projects/26f8aeae8df34363a797ad065443efc7/groups/0988be80aef54098946aa42df0262548/roles/0e1abd88ea344e7ca4e7ea6da18e0adb` {{(pid=41910) log_request_info /opt/stack/keystone/keystone/server/flask/request_processing/req_logging.py:29}}
Jul 20 05:51:50 user devstack@keystone.service[41910]: DEBUG keystone.common.rbac_enforcer.enforcer [None req-85e703f4-1028-4214-8ac9-c97b104b76c8 admin admin] RBAC: Authorizing `identity:create_grant(project_id=26f8aeae8df34363a797ad065443efc7, group_id=0988be80aef54098946aa42df0262548, role_id=0e1abd88ea344e7ca4e7ea6da18e0adb)` {{(pid=41910) enforce_call /opt/stack/keystone/keystone/common/rbac_enforcer/enforcer.py:449}}
Jul 20 05:51:50 user devstack@keystone.service[41910]: DEBUG keystone.common.rbac_enforcer.enforcer [None req-85e703f4-1028-4214-8ac9-c97b104b76c8 admin admin] RBAC: Authorization granted {{(pid=41910) enforce_call /opt/stack/keystone/keystone/common/rbac_enforcer/enforcer.py:457}}
Jul 20 05:51:50 user devstack@keystone.service[41909]: DEBUG keystone.server.flask.request_processing.middleware.auth_context [None req-2a1f140a-2acd-4aa5-a0ab-db4bae20a327 admin admin] Authenticating user token {{(pid=41909) process_request /usr/local/lib/python3.10/dist-packages/keystonemiddleware/auth_token/__init__.py:406}}
Jul 20 05:51:50 user devstack@keystone.service[41910]: [pid: 41910|app: 0|req: 93/281] 10.0.0.210 () {58 vars in 1458 bytes} [Thu Jul 20 05:51:50 2023] PUT /identity/v3/projects/26f8aeae8df34363a797ad065443efc7/groups/0988be80aef54098946aa42df0262548/roles/0e1abd88ea344e7ca4e7ea6da18e0adb => generated 0 bytes in 32 msecs (HTTP/1.1 204) 3 headers in 132 bytes (0 switches on core 0)
Jul 20 05:51:50 user devstack@keystone.service[41910]: DEBUG keystone.server.flask.request_processing.req_logging [None req-60091736-edf0-42f0-8a5a-47acc9309ca5 None None] REQUEST_METHOD: `GET` {{(pid=41910) log_request_info /opt/stack/keystone/keystone/server/flask/request_processing/req_logging.py:27}}
Jul 20 05:51:50 user devstack@keystone.service[41910]: DEBUG keystone.server.flask.request_processing.req_logging [None req-60091736-edf0-42f0-8a5a-47acc9309ca5 None None] SCRIPT_NAME: `/identity` {{(pid=41910) log_request_info /opt/stack/keystone/keystone/server/flask/request_processing/req_logging.py:28}}
Jul 20 05:51:50 user devstack@keystone.service[41910]: DEBUG keystone.server.flask.request_processing.req_logging [None req-60091736-edf0-42f0-8a5a-47acc9309ca5 None None] PATH_INFO: `/` {{(pid=41910) log_request_info /opt/stack/keystone/keystone/server/flask/request_processing/req_logging.py:29}}
Jul 20 05:51:50 user devstack@keystone.service[41910]: [pid: 41910|app: 0|req: 94/282] 10.0.0.210 () {54 vars in 920 bytes} [Thu Jul 20 05:51:50 2023] GET /identity => generated 269 bytes in 3 msecs (HTTP/1.1 300) 6 headers in 233 bytes (2 switches on core 0)
Jul 20 05:51:50 user devstack@keystone.service[41909]: DEBUG keystone.server.flask.request_processing.middleware.auth_context [None req-2a1f140a-2acd-4aa5-a0ab-db4bae20a327 admin admin] Validating token access rules against request {{(pid=41909) validate_allowed_request /usr/local/lib/python3.10/dist-packages/keystonemiddleware/auth_token/__init__.py:544}}
Jul 20 05:51:50 user devstack@keystone.service[41910]: DEBUG keystone.server.flask.request_processing.req_logging [None req-3eb40a96-20d1-41ec-a273-619a871e3d50 None None] REQUEST_METHOD: `POST` {{(pid=41910) log_request_info /opt/stack/keystone/keystone/server/flask/request_processing/req_logging.py:27}}
Jul 20 05:51:50 user devstack@keystone.service[41910]: DEBUG keystone.server.flask.request_processing.req_logging [None req-3eb40a96-20d1-41ec-a273-619a871e3d50 None None] SCRIPT_NAME: `/identity` {{(pid=41910) log_request_info /opt/stack/keystone/keystone/server/flask/request_processing/req_logging.py:28}}
Jul 20 05:51:50 user devstack@keystone.service[41910]: DEBUG keystone.server.flask.request_processing.req_logging [None req-3eb40a96-20d1-41ec-a273-619a871e3d50 None None] PATH_INFO: `/v3/auth/tokens` {{(pid=41910) log_request_info /opt/stack/keystone/keystone/server/flask/request_processing/req_logging.py:29}}
Jul 20 05:51:50 user devstack@keystone.service[41910]: WARNING keystone.common.password_hashing [None req-3eb40a96-20d1-41ec-a273-619a871e3d50 None None] Truncating password to algorithm specific maximum length 54 characters.
Jul 20 05:51:50 user devstack@keystone.service[41911]: DEBUG dbcounter [-] [41911] Writing DB stats keystone:SELECT=100 {{(pid=41911) stat_writer /usr/local/lib/python3.10/dist-packages/dbcounter.py:117}}
Jul 20 05:51:50 user devstack@keystone.service[41910]: DEBUG keystone.auth.core [None req-3eb40a96-20d1-41ec-a273-619a871e3d50 None None] MFA Rules not processed for user `34f0e162d7ac4380adc2589aa3a9a264`. Rule list: `[]` (Enabled: `True`). {{(pid=41910) check_auth_methods_against_rules /opt/stack/keystone/keystone/auth/core.py:438}}
Jul 20 05:51:50 user devstack@keystone.service[41910]: DEBUG keystone.common.fernet_utils [None req-3eb40a96-20d1-41ec-a273-619a871e3d50 None None] Loaded 2 Fernet keys from /etc/keystone/fernet-keys/, but `[fernet_tokens] max_active_keys = 3`; perhaps there have not been enough key rotations to reach `max_active_keys` yet? {{(pid=41910) load_keys /opt/stack/keystone/keystone/common/fernet_utils.py:286}}
Jul 20 05:51:50 user devstack@keystone.service[41911]: DEBUG keystone.server.flask.request_processing.middleware.auth_context [None req-d5e41648-90d9-4d9e-be2e-7aa44c4b1244 None admin] Validating token access rules against request {{(pid=41911) validate_allowed_request /usr/local/lib/python3.10/dist-packages/keystonemiddleware/auth_token/__init__.py:544}}
Jul 20 05:51:50 user devstack@keystone.service[41909]: DEBUG keystone.server.flask.request_processing.middleware.auth_context [None req-886a2c72-7905-4199-adb1-bcf57be61081 admin admin] RBAC: auth_context: {'token': , 'domain_id': None, 'trust_id': None, 'trustor_id': None, 'trustee_id': None, 'domain_name': None, 'group_ids': [], 'user_id': '34f0e162d7ac4380adc2589aa3a9a264', 'user_domain_id': 'default', 'system_scope': None, 'project_id': 'b308025fa49d40c0a0ca22fc06edf012', 'project_domain_id': 'default', 'roles': ['member', 'admin', 'reader'], 'is_admin_project': True, 'service_user_id': None, 'service_user_domain_id': None, 'service_project_id': None, 'service_project_domain_id': None, 'service_roles': []} {{(pid=41909) fill_context /opt/stack/keystone/keystone/server/flask/request_processing/middleware/auth_context.py:480}}
Jul 20 05:51:50 user devstack@keystone.service[41911]: DEBUG keystone.server.flask.request_processing.middleware.auth_context [None req-51a4b45b-4dd8-45c8-8634-18db63a25556 None admin] RBAC: auth_context: {'token': , 'domain_id': None, 'trust_id': None, 'trustor_id': None, 'trustee_id': None, 'domain_name': None, 'group_ids': [], 'user_id': '34f0e162d7ac4380adc2589aa3a9a264', 'user_domain_id': 'default', 'system_scope': 'all', 'project_id': None, 'project_domain_id': None, 'roles': ['admin', 'member', 'reader'], 'is_admin_project': True, 'service_user_id': None, 'service_user_domain_id': None, 'service_project_id': None, 'service_project_domain_id': None, 'service_roles': []} {{(pid=41911) fill_context /opt/stack/keystone/keystone/server/flask/request_processing/middleware/auth_context.py:480}}
Jul 20 05:51:50 user devstack@keystone.service[41909]: DEBUG keystone.server.flask.request_processing.req_logging [None req-886a2c72-7905-4199-adb1-bcf57be61081 admin admin] REQUEST_METHOD: `GET` {{(pid=41909) log_request_info /opt/stack/keystone/keystone/server/flask/request_processing/req_logging.py:27}}
Jul 20 05:51:50 user devstack@keystone.service[41911]: DEBUG keystone.server.flask.request_processing.req_logging [None req-51a4b45b-4dd8-45c8-8634-18db63a25556 None admin] REQUEST_METHOD: `GET` {{(pid=41911) log_request_info /opt/stack/keystone/keystone/server/flask/request_processing/req_logging.py:27}}
Jul 20 05:51:50 user devstack@keystone.service[41911]: DEBUG keystone.server.flask.request_processing.req_logging [None req-51a4b45b-4dd8-45c8-8634-18db63a25556 None admin] SCRIPT_NAME: `/identity` {{(pid=41911) log_request_info /opt/stack/keystone/keystone/server/flask/request_processing/req_logging.py:28}}
Jul 20 05:51:50 user devstack@keystone.service[41911]: DEBUG keystone.server.flask.request_processing.req_logging [None req-51a4b45b-4dd8-45c8-8634-18db63a25556 None admin] PATH_INFO: `/v3/roles` {{(pid=41911) log_request_info /opt/stack/keystone/keystone/server/flask/request_processing/req_logging.py:29}}
Jul 20 05:51:50 user devstack@keystone.service[41909]: DEBUG keystone.server.flask.request_processing.req_logging [None req-886a2c72-7905-4199-adb1-bcf57be61081 admin admin] SCRIPT_NAME: `/identity` {{(pid=41909) log_request_info /opt/stack/keystone/keystone/server/flask/request_processing/req_logging.py:28}}
Jul 20 05:51:50 user devstack@keystone.service[41911]: DEBUG keystone.common.rbac_enforcer.enforcer [None req-51a4b45b-4dd8-45c8-8634-18db63a25556 None admin] RBAC: Adding query filter params (name=reader) {{(pid=41911) _extract_filter_values /opt/stack/keystone/keystone/common/rbac_enforcer/enforcer.py:167}}
Jul 20 05:51:50 user devstack@keystone.service[41909]: DEBUG keystone.server.flask.request_processing.req_logging [None req-886a2c72-7905-4199-adb1-bcf57be61081 admin admin] PATH_INFO: `/v3/roles/anotherrole` {{(pid=41909) log_request_info /opt/stack/keystone/keystone/server/flask/request_processing/req_logging.py:29}}
Jul 20 05:51:50 user devstack@keystone.service[41911]: DEBUG keystone.common.rbac_enforcer.enforcer [None req-51a4b45b-4dd8-45c8-8634-18db63a25556 None admin] RBAC: Authorizing `identity:list_roles()` {{(pid=41911) enforce_call /opt/stack/keystone/keystone/common/rbac_enforcer/enforcer.py:449}}
Jul 20 05:51:50 user devstack@keystone.service[41911]: DEBUG keystone.common.rbac_enforcer.enforcer [None req-51a4b45b-4dd8-45c8-8634-18db63a25556 None admin] RBAC: Authorization granted {{(pid=41911) enforce_call /opt/stack/keystone/keystone/common/rbac_enforcer/enforcer.py:457}}
Jul 20 05:51:51 user devstack@keystone.service[41911]: [pid: 41911|app: 0|req: 96/283] 10.0.0.210 () {56 vars in 1096 bytes} [Thu Jul 20 05:51:50 2023] GET /identity/v3/roles?name=reader => generated 339 bytes in 144 msecs (HTTP/1.1 200) 5 headers in 177 bytes (1 switches on core 0)
Jul 20 05:51:51 user devstack@keystone.service[41909]: DEBUG keystone.common.rbac_enforcer.enforcer [None req-886a2c72-7905-4199-adb1-bcf57be61081 admin admin] Extracting inferred target data resulted in "NOT FOUND (404)". {{(pid=41909) enforce_call /opt/stack/keystone/keystone/common/rbac_enforcer/enforcer.py:409}}
Jul 20 05:51:51 user devstack@keystone.service[41910]: [pid: 41910|app: 0|req: 95/284] 10.0.0.210 () {58 vars in 1017 bytes} [Thu Jul 20 05:51:50 2023] POST /identity/v3/auth/tokens => generated 913 bytes in 81 msecs (HTTP/1.1 201) 6 headers in 384 bytes (1 switches on core 0)
Jul 20 05:51:51 user devstack@keystone.service[41911]: DEBUG keystone.server.flask.request_processing.middleware.auth_context [None req-51a4b45b-4dd8-45c8-8634-18db63a25556 None admin] Authenticating user token {{(pid=41911) process_request /usr/local/lib/python3.10/dist-packages/keystonemiddleware/auth_token/__init__.py:406}}
Jul 20 05:51:51 user devstack@keystone.service[41909]: ERROR keystone.server.flask.application [None req-886a2c72-7905-4199-adb1-bcf57be61081 admin admin] Could not find role: anotherrole.: keystone.exception.RoleNotFound: Could not find role: anotherrole.
Jul 20 05:51:51 user devstack@keystone.service[41909]: ERROR keystone.server.flask.application
Traceback (most recent call last):
Jul 20 05:51:51 user devstack@keystone.service[41909]: ERROR keystone.server.flask.application
File "/usr/local/lib/python3.10/dist-packages/flask/app.py", line 1823, in full_dispatch_request
Jul 20 05:51:51 user devstack@keystone.service[41909]: ERROR keystone.server.flask.application rv = self.dispatch_request()
Jul 20 05:51:51 user devstack@keystone.service[41909]: ERROR keystone.server.flask.application
File "/usr/local/lib/python3.10/dist-packages/flask/app.py", line 1799, in dispatch_request
Jul 20 05:51:51 user devstack@keystone.service[41909]: ERROR keystone.server.flask.application return self.ensure_sync(self.view_functions[rule.endpoint])(**view_args)
Jul 20 05:51:51 user devstack@keystone.service[41909]: ERROR keystone.server.flask.application
File "/usr/local/lib/python3.10/dist-packages/flask_restful/__init__.py", line 467, in wrapper
Jul 20 05:51:51 user devstack@keystone.service[41909]: ERROR keystone.server.flask.application resp = resource(*args, **kwargs)
Jul 20 05:51:51 user devstack@keystone.service[41909]: ERROR keystone.server.flask.application
File "/usr/local/lib/python3.10/dist-packages/flask/views.py", line 107, in view
Jul 20 05:51:51 user devstack@keystone.service[41909]: ERROR keystone.server.flask.application return current_app.ensure_sync(self.dispatch_request)(**kwargs)
Jul 20 05:51:51 user devstack@keystone.service[41909]: ERROR keystone.server.flask.application
File "/usr/local/lib/python3.10/dist-packages/flask_restful/__init__.py", line 582, in dispatch_request
Jul 20 05:51:51 user devstack@keystone.service[41909]: ERROR keystone.server.flask.application resp = meth(*args, **kwargs)
Jul 20 05:51:51 user devstack@keystone.service[41909]: ERROR keystone.server.flask.application
File "/opt/stack/keystone/keystone/api/roles.py", line 50, in get
Jul 20 05:51:51 user devstack@keystone.service[41909]: ERROR keystone.server.flask.application return self._get_role(role_id)
Jul 20 05:51:51 user devstack@keystone.service[41909]: ERROR keystone.server.flask.application
File "/opt/stack/keystone/keystone/api/roles.py", line 70, in _get_role
Jul 20 05:51:51 user devstack@keystone.service[41909]: ERROR keystone.server.flask.application ENFORCER.enforce_call(action='identity:get_role')
Jul 20 05:51:51 user devstack@keystone.service[41909]: ERROR keystone.server.flask.application
File "/opt/stack/keystone/keystone/common/rbac_enforcer/enforcer.py", line 402, in enforce_call
Jul 20 05:51:51 user devstack@keystone.service[41909]: ERROR keystone.server.flask.application policy_dict.update(cls._extract_member_target_data(
Jul 20 05:51:51 user devstack@keystone.service[41909]: ERROR keystone.server.flask.application
File "/opt/stack/keystone/keystone/common/rbac_enforcer/enforcer.py", line 234, in _extract_member_target_data
Jul 20 05:51:51 user devstack@keystone.service[41909]: ERROR keystone.server.flask.application member_name: func(flask.request.view_args[key])
Jul 20 05:51:51 user devstack@keystone.service[41909]: ERROR keystone.server.flask.application
File "/opt/stack/keystone/keystone/common/manager.py", line 115, in wrapped
Jul 20 05:51:51 user devstack@keystone.service[41909]: ERROR keystone.server.flask.application __ret_val = __f(*args, **kwargs)
Jul 20 05:51:51 user devstack@keystone.service[41909]: ERROR keystone.server.flask.application
File "/usr/local/lib/python3.10/dist-packages/decorator.py", line 232, in fun
Jul 20 05:51:51 user devstack@keystone.service[41909]: ERROR keystone.server.flask.application return caller(func, *(extras + args), **kw)
Jul 20 05:51:51 user devstack@keystone.service[41909]: ERROR keystone.server.flask.application
File "/usr/local/lib/python3.10/dist-packages/dogpile/cache/region.py", line 1577, in get_or_create_for_user_func
Jul 20 05:51:51 user devstack@keystone.service[41909]: ERROR keystone.server.flask.application return self.get_or_create(
Jul 20 05:51:51 user devstack@keystone.service[41909]: ERROR keystone.server.flask.application
File "/usr/local/lib/python3.10/dist-packages/dogpile/cache/region.py", line 1042, in get_or_create
Jul 20 05:51:51 user devstack@keystone.service[41909]: ERROR keystone.server.flask.application with Lock(
Jul 20 05:51:51 user devstack@keystone.service[41909]: ERROR keystone.server.flask.application
File "/usr/local/lib/python3.10/dist-packages/dogpile/lock.py", line 185, in __enter__
Jul 20 05:51:51 user devstack@keystone.service[41909]: ERROR keystone.server.flask.application return self._enter()
Jul 20 05:51:51 user devstack@keystone.service[41909]: ERROR keystone.server.flask.application
File "/usr/local/lib/python3.10/dist-packages/dogpile/lock.py", line 94, in _enter
Jul 20 05:51:51 user devstack@keystone.service[41909]: ERROR keystone.server.flask.application generated = self._enter_create(value, createdtime)
Jul 20 05:51:51 user devstack@keystone.service[41909]: ERROR keystone.server.flask.application
File "/usr/local/lib/python3.10/dist-packages/dogpile/lock.py", line 178, in _enter_create
Jul 20 05:51:51 user devstack@keystone.service[41909]: ERROR keystone.server.flask.application return self.creator()
Jul 20 05:51:51 user devstack@keystone.service[41909]: ERROR keystone.server.flask.application
File "/usr/local/lib/python3.10/dist-packages/dogpile/cache/region.py", line 995, in gen_value
Jul 20 05:51:51 user devstack@keystone.service[41909]: ERROR keystone.server.flask.application created_value = creator(
Jul 20 05:51:51 user devstack@keystone.service[41909]: ERROR keystone.server.flask.application
File "/opt/stack/keystone/keystone/assignment/core.py", line 1276, in get_role
Jul 20 05:51:51 user devstack@keystone.service[41909]: ERROR keystone.server.flask.application return self.driver.get_role(role_id)
Jul 20 05:51:51 user devstack@keystone.service[41909]: ERROR keystone.server.flask.application
File "/opt/stack/keystone/keystone/assignment/role_backends/sql.py", line 70, in get_role
Jul 20 05:51:51 user devstack@keystone.service[41909]: ERROR keystone.server.flask.application return self._get_role(session, role_id).to_dict()
Jul 20 05:51:51 user devstack@keystone.service[41909]: ERROR keystone.server.flask.application
File "/opt/stack/keystone/keystone/assignment/role_backends/sql.py", line 65, in _get_role
Jul 20 05:51:51 user devstack@keystone.service[41909]: ERROR keystone.server.flask.application raise exception.RoleNotFound(role_id=role_id)
Jul 20 05:51:51 user devstack@keystone.service[41909]: ERROR keystone.server.flask.application keystone.exception.RoleNotFound: Could not find role: anotherrole.
Jul 20 05:51:51 user devstack@keystone.service[41909]: ERROR keystone.server.flask.application
Jul 20 05:51:51 user devstack@keystone.service[41909]: [pid: 41909|app: 0|req: 94/285] 10.0.0.210 () {56 vars in 1130 bytes} [Thu Jul 20 05:51:50 2023] GET /identity/v3/roles/anotherrole => generated 89 bytes in 99 msecs (HTTP/1.1 404) 5 headers in 183 bytes (1 switches on core 0)
Jul 20 05:51:51 user devstack@keystone.service[41910]: DEBUG keystone.server.flask.request_processing.middleware.auth_context [None req-3eb40a96-20d1-41ec-a273-619a871e3d50 None None] Authenticating user token {{(pid=41910) process_request /usr/local/lib/python3.10/dist-packages/keystonemiddleware/auth_token/__init__.py:406}}
Jul 20 05:51:51 user devstack@keystone.service[41910]: DEBUG keystone.server.flask.request_processing.middleware.auth_context [None req-3eb40a96-20d1-41ec-a273-619a871e3d50 None None] Validating token access rules against request {{(pid=41910) validate_allowed_request /usr/local/lib/python3.10/dist-packages/keystonemiddleware/auth_token/__init__.py:544}}
Jul 20 05:51:51 user devstack@keystone.service[41910]: DEBUG keystone.server.flask.request_processing.middleware.auth_context [None req-3f91cc17-a692-4584-8d30-0621eb9555e1 admin admin] RBAC: auth_context: {'token': , 'domain_id': None, 'trust_id': None, 'trustor_id': None, 'trustee_id': None, 'domain_name': None, 'group_ids': [], 'user_id': '34f0e162d7ac4380adc2589aa3a9a264', 'user_domain_id': 'default', 'system_scope': None, 'project_id': 'b308025fa49d40c0a0ca22fc06edf012', 'project_domain_id': 'default', 'roles': ['member', 'admin', 'reader'], 'is_admin_project': True, 'service_user_id': None, 'service_user_domain_id': None, 'service_project_id': None, 'service_project_domain_id': None, 'service_roles': []} {{(pid=41910) fill_context /opt/stack/keystone/keystone/server/flask/request_processing/middleware/auth_context.py:480}}
Jul 20 05:51:51 user devstack@keystone.service[41910]: DEBUG keystone.server.flask.request_processing.req_logging [None req-3f91cc17-a692-4584-8d30-0621eb9555e1 admin admin] REQUEST_METHOD: `GET` {{(pid=41910) log_request_info /opt/stack/keystone/keystone/server/flask/request_processing/req_logging.py:27}}
Jul 20 05:51:51 user devstack@keystone.service[41910]: DEBUG keystone.server.flask.request_processing.req_logging [None req-3f91cc17-a692-4584-8d30-0621eb9555e1 admin admin] SCRIPT_NAME: `/identity` {{(pid=41910) log_request_info /opt/stack/keystone/keystone/server/flask/request_processing/req_logging.py:28}}
Jul 20 05:51:51 user devstack@keystone.service[41910]: DEBUG keystone.server.flask.request_processing.req_logging [None req-3f91cc17-a692-4584-8d30-0621eb9555e1 admin admin] PATH_INFO: `/v3/roles` {{(pid=41910) log_request_info /opt/stack/keystone/keystone/server/flask/request_processing/req_logging.py:29}}
Jul 20 05:51:51 user devstack@keystone.service[41910]: DEBUG keystone.common.rbac_enforcer.enforcer [None req-3f91cc17-a692-4584-8d30-0621eb9555e1 admin admin] RBAC: Adding query filter params (name=anotherrole) {{(pid=41910) _extract_filter_values /opt/stack/keystone/keystone/common/rbac_enforcer/enforcer.py:167}}
Jul 20 05:51:51 user devstack@keystone.service[41910]: DEBUG keystone.common.rbac_enforcer.enforcer [None req-3f91cc17-a692-4584-8d30-0621eb9555e1 admin admin] RBAC: Authorizing `identity:list_roles()` {{(pid=41910) enforce_call /opt/stack/keystone/keystone/common/rbac_enforcer/enforcer.py:449}}
Jul 20 05:51:51 user devstack@keystone.service[41910]: DEBUG keystone.common.rbac_enforcer.enforcer [None req-3f91cc17-a692-4584-8d30-0621eb9555e1 admin admin] RBAC: Authorization granted {{(pid=41910) enforce_call /opt/stack/keystone/keystone/common/rbac_enforcer/enforcer.py:457}}
Jul 20 05:51:51 user devstack@keystone.service[41910]: [pid: 41910|app: 0|req: 96/286] 10.0.0.210 () {56 vars in 1127 bytes} [Thu Jul 20 05:51:51 2023] GET /identity/v3/roles?name=anotherrole => generated 332 bytes in 26 msecs (HTTP/1.1 200) 5 headers in 177 bytes (1 switches on core 0)
Jul 20 05:51:51 user devstack@keystone.service[41909]: DEBUG keystone.server.flask.request_processing.middleware.auth_context [None req-886a2c72-7905-4199-adb1-bcf57be61081 admin admin] Authenticating user token {{(pid=41909) process_request /usr/local/lib/python3.10/dist-packages/keystonemiddleware/auth_token/__init__.py:406}}
Jul 20 05:51:51 user devstack@keystone.service[41909]: DEBUG keystone.server.flask.request_processing.middleware.auth_context [None req-886a2c72-7905-4199-adb1-bcf57be61081 admin admin] Validating token access rules against request {{(pid=41909) validate_allowed_request /usr/local/lib/python3.10/dist-packages/keystonemiddleware/auth_token/__init__.py:544}}
Jul 20 05:51:51 user devstack@keystone.service[41909]: DEBUG keystone.server.flask.request_processing.middleware.auth_context [None req-1c4f3b86-e561-440b-8d95-abe560f77f02 admin admin] RBAC: auth_context: {'token': , 'domain_id': None, 'trust_id': None, 'trustor_id': None, 'trustee_id': None, 'domain_name': None, 'group_ids': [], 'user_id': '34f0e162d7ac4380adc2589aa3a9a264', 'user_domain_id': 'default', 'system_scope': None, 'project_id': 'b308025fa49d40c0a0ca22fc06edf012', 'project_domain_id': 'default', 'roles': ['member', 'admin', 'reader'], 'is_admin_project': True, 'service_user_id': None, 'service_user_domain_id': None, 'service_project_id': None, 'service_project_domain_id': None, 'service_roles': []} {{(pid=41909) fill_context /opt/stack/keystone/keystone/server/flask/request_processing/middleware/auth_context.py:480}}
Jul 20 05:51:51 user devstack@keystone.service[41909]: DEBUG keystone.server.flask.request_processing.req_logging [None req-1c4f3b86-e561-440b-8d95-abe560f77f02 admin admin] REQUEST_METHOD: `GET` {{(pid=41909) log_request_info /opt/stack/keystone/keystone/server/flask/request_processing/req_logging.py:27}}
Jul 20 05:51:51 user devstack@keystone.service[41909]: DEBUG keystone.server.flask.request_processing.req_logging [None req-1c4f3b86-e561-440b-8d95-abe560f77f02 admin admin] SCRIPT_NAME: `/identity` {{(pid=41909) log_request_info /opt/stack/keystone/keystone/server/flask/request_processing/req_logging.py:28}}
Jul 20 05:51:51 user devstack@keystone.service[41909]: DEBUG keystone.server.flask.request_processing.req_logging [None req-1c4f3b86-e561-440b-8d95-abe560f77f02 admin admin] PATH_INFO: `/v3/groups/0988be80aef54098946aa42df0262548` {{(pid=41909) log_request_info /opt/stack/keystone/keystone/server/flask/request_processing/req_logging.py:29}}
Jul 20 05:51:51 user devstack@keystone.service[41909]: DEBUG keystone.common.rbac_enforcer.enforcer [None req-1c4f3b86-e561-440b-8d95-abe560f77f02 admin admin] RBAC: Authorizing `identity:get_group(group_id=0988be80aef54098946aa42df0262548)` {{(pid=41909) enforce_call /opt/stack/keystone/keystone/common/rbac_enforcer/enforcer.py:449}}
Jul 20 05:51:51 user devstack@keystone.service[41909]: DEBUG keystone.common.rbac_enforcer.enforcer [None req-1c4f3b86-e561-440b-8d95-abe560f77f02 admin admin] RBAC: Authorization granted {{(pid=41909) enforce_call /opt/stack/keystone/keystone/common/rbac_enforcer/enforcer.py:457}}
Jul 20 05:51:51 user devstack@keystone.service[41909]: [pid: 41909|app: 0|req: 95/287] 10.0.0.210 () {56 vars in 1196 bytes} [Thu Jul 20 05:51:51 2023] GET /identity/v3/groups/0988be80aef54098946aa42df0262548 => generated 225 bytes in 20 msecs (HTTP/1.1 200) 5 headers in 177 bytes (1 switches on core 0)
Jul 20 05:51:51 user devstack@keystone.service[41910]: DEBUG keystone.server.flask.request_processing.middleware.auth_context [None req-3f91cc17-a692-4584-8d30-0621eb9555e1 admin admin] Authenticating user token {{(pid=41910) process_request /usr/local/lib/python3.10/dist-packages/keystonemiddleware/auth_token/__init__.py:406}}
Jul 20 05:51:51 user devstack@keystone.service[41910]: DEBUG keystone.server.flask.request_processing.middleware.auth_context [None req-3f91cc17-a692-4584-8d30-0621eb9555e1 admin admin] Validating token access rules against request {{(pid=41910) validate_allowed_request /usr/local/lib/python3.10/dist-packages/keystonemiddleware/auth_token/__init__.py:544}}
Jul 20 05:51:51 user devstack@keystone.service[41910]: DEBUG keystone.server.flask.request_processing.middleware.auth_context [None req-dcb88d27-76dd-4e83-b486-f261354373f0 admin admin] RBAC: auth_context: {'token': , 'domain_id': None, 'trust_id': None, 'trustor_id': None, 'trustee_id': None, 'domain_name': None, 'group_ids': [], 'user_id': '34f0e162d7ac4380adc2589aa3a9a264', 'user_domain_id': 'default', 'system_scope': None, 'project_id': 'b308025fa49d40c0a0ca22fc06edf012', 'project_domain_id': 'default', 'roles': ['member', 'admin', 'reader'], 'is_admin_project': True, 'service_user_id': None, 'service_user_domain_id': None, 'service_project_id': None, 'service_project_domain_id': None, 'service_roles': []} {{(pid=41910) fill_context /opt/stack/keystone/keystone/server/flask/request_processing/middleware/auth_context.py:480}}
Jul 20 05:51:51 user devstack@keystone.service[41910]: DEBUG keystone.server.flask.request_processing.req_logging [None req-dcb88d27-76dd-4e83-b486-f261354373f0 admin admin] REQUEST_METHOD: `GET` {{(pid=41910) log_request_info /opt/stack/keystone/keystone/server/flask/request_processing/req_logging.py:27}}
Jul 20 05:51:51 user devstack@keystone.service[41910]: DEBUG keystone.server.flask.request_processing.req_logging [None req-dcb88d27-76dd-4e83-b486-f261354373f0 admin admin] SCRIPT_NAME: `/identity` {{(pid=41910) log_request_info /opt/stack/keystone/keystone/server/flask/request_processing/req_logging.py:28}}
Jul 20 05:51:51 user devstack@keystone.service[41910]: DEBUG keystone.server.flask.request_processing.req_logging [None req-dcb88d27-76dd-4e83-b486-f261354373f0 admin admin] PATH_INFO: `/v3/projects/26f8aeae8df34363a797ad065443efc7` {{(pid=41910) log_request_info /opt/stack/keystone/keystone/server/flask/request_processing/req_logging.py:29}}
Jul 20 05:51:51 user devstack@keystone.service[41910]: DEBUG keystone.common.rbac_enforcer.enforcer [None req-dcb88d27-76dd-4e83-b486-f261354373f0 admin admin] RBAC: Authorizing `identity:get_project(project_id=26f8aeae8df34363a797ad065443efc7)` {{(pid=41910) enforce_call /opt/stack/keystone/keystone/common/rbac_enforcer/enforcer.py:449}}
Jul 20 05:51:51 user devstack@keystone.service[41910]: DEBUG keystone.common.rbac_enforcer.enforcer [None req-dcb88d27-76dd-4e83-b486-f261354373f0 admin admin] RBAC: Authorization granted {{(pid=41910) enforce_call /opt/stack/keystone/keystone/common/rbac_enforcer/enforcer.py:457}}
Jul 20 05:51:51 user devstack@keystone.service[41910]: [pid: 41910|app: 0|req: 97/288] 10.0.0.210 () {56 vars in 1202 bytes} [Thu Jul 20 05:51:51 2023] GET /identity/v3/projects/26f8aeae8df34363a797ad065443efc7 => generated 301 bytes in 19 msecs (HTTP/1.1 200) 5 headers in 177 bytes (1 switches on core 0)
Jul 20 05:51:51 user devstack@keystone.service[41909]: DEBUG keystone.server.flask.request_processing.middleware.auth_context [None req-1c4f3b86-e561-440b-8d95-abe560f77f02 admin admin] Authenticating user token {{(pid=41909) process_request /usr/local/lib/python3.10/dist-packages/keystonemiddleware/auth_token/__init__.py:406}}
Jul 20 05:51:51 user devstack@keystone.service[41909]: DEBUG keystone.server.flask.request_processing.middleware.auth_context [None req-1c4f3b86-e561-440b-8d95-abe560f77f02 admin admin] Validating token access rules against request {{(pid=41909) validate_allowed_request /usr/local/lib/python3.10/dist-packages/keystonemiddleware/auth_token/__init__.py:544}}
Jul 20 05:51:51 user devstack@keystone.service[41909]: DEBUG keystone.server.flask.request_processing.middleware.auth_context [None req-8e292ae8-568b-4c6d-a149-788109b04f44 admin admin] RBAC: auth_context: {'token': , 'domain_id': None, 'trust_id': None, 'trustor_id': None, 'trustee_id': None, 'domain_name': None, 'group_ids': [], 'user_id': '34f0e162d7ac4380adc2589aa3a9a264', 'user_domain_id': 'default', 'system_scope': None, 'project_id': 'b308025fa49d40c0a0ca22fc06edf012', 'project_domain_id': 'default', 'roles': ['member', 'admin', 'reader'], 'is_admin_project': True, 'service_user_id': None, 'service_user_domain_id': None, 'service_project_id': None, 'service_project_domain_id': None, 'service_roles': []} {{(pid=41909) fill_context /opt/stack/keystone/keystone/server/flask/request_processing/middleware/auth_context.py:480}}
Jul 20 05:51:51 user devstack@keystone.service[41909]: DEBUG keystone.server.flask.request_processing.req_logging [None req-8e292ae8-568b-4c6d-a149-788109b04f44 admin admin] REQUEST_METHOD: `PUT` {{(pid=41909) log_request_info /opt/stack/keystone/keystone/server/flask/request_processing/req_logging.py:27}}
Jul 20 05:51:51 user devstack@keystone.service[41909]: DEBUG keystone.server.flask.request_processing.req_logging [None req-8e292ae8-568b-4c6d-a149-788109b04f44 admin admin] SCRIPT_NAME: `/identity` {{(pid=41909) log_request_info /opt/stack/keystone/keystone/server/flask/request_processing/req_logging.py:28}}
Jul 20 05:51:51 user devstack@keystone.service[41909]: DEBUG keystone.server.flask.request_processing.req_logging [None req-8e292ae8-568b-4c6d-a149-788109b04f44 admin admin] PATH_INFO: `/v3/projects/26f8aeae8df34363a797ad065443efc7/groups/0988be80aef54098946aa42df0262548/roles/f10b9443195641bd81d75b8f0bd72c38` {{(pid=41909) log_request_info /opt/stack/keystone/keystone/server/flask/request_processing/req_logging.py:29}}
Jul 20 05:51:51 user devstack@keystone.service[41909]: DEBUG keystone.common.rbac_enforcer.enforcer [None req-8e292ae8-568b-4c6d-a149-788109b04f44 admin admin] RBAC: Authorizing `identity:create_grant(project_id=26f8aeae8df34363a797ad065443efc7, group_id=0988be80aef54098946aa42df0262548, role_id=f10b9443195641bd81d75b8f0bd72c38)` {{(pid=41909) enforce_call /opt/stack/keystone/keystone/common/rbac_enforcer/enforcer.py:449}}
Jul 20 05:51:51 user devstack@keystone.service[41909]: DEBUG keystone.common.rbac_enforcer.enforcer [None req-8e292ae8-568b-4c6d-a149-788109b04f44 admin admin] RBAC: Authorization granted {{(pid=41909) enforce_call /opt/stack/keystone/keystone/common/rbac_enforcer/enforcer.py:457}}
Jul 20 05:51:51 user devstack@keystone.service[41911]: DEBUG keystone.server.flask.request_processing.middleware.auth_context [None req-51a4b45b-4dd8-45c8-8634-18db63a25556 None admin] Validating token access rules against request {{(pid=41911) validate_allowed_request /usr/local/lib/python3.10/dist-packages/keystonemiddleware/auth_token/__init__.py:544}}
Jul 20 05:51:51 user devstack@keystone.service[41909]: DEBUG dbcounter [-] [41909] Writing DB stats keystone:SELECT=98,keystone:INSERT=2 {{(pid=41909) stat_writer /usr/local/lib/python3.10/dist-packages/dbcounter.py:117}}
Jul 20 05:51:51 user devstack@keystone.service[41909]: [pid: 41909|app: 0|req: 96/289] 10.0.0.210 () {58 vars in 1458 bytes} [Thu Jul 20 05:51:51 2023] PUT /identity/v3/projects/26f8aeae8df34363a797ad065443efc7/groups/0988be80aef54098946aa42df0262548/roles/f10b9443195641bd81d75b8f0bd72c38 => generated 0 bytes in 36 msecs (HTTP/1.1 204) 3 headers in 132 bytes (0 switches on core 0)
Jul 20 05:51:51 user devstack@keystone.service[41911]: DEBUG keystone.server.flask.request_processing.middleware.auth_context [None req-aad8304e-0a48-4d23-a54d-d94ac68cefcd None admin] RBAC: auth_context: {'token': , 'domain_id': None, 'trust_id': None, 'trustor_id': None, 'trustee_id': None, 'domain_name': None, 'group_ids': [], 'user_id': '34f0e162d7ac4380adc2589aa3a9a264', 'user_domain_id': 'default', 'system_scope': 'all', 'project_id': None, 'project_domain_id': None, 'roles': ['admin', 'member', 'reader'], 'is_admin_project': True, 'service_user_id': None, 'service_user_domain_id': None, 'service_project_id': None, 'service_project_domain_id': None, 'service_roles': []} {{(pid=41911) fill_context /opt/stack/keystone/keystone/server/flask/request_processing/middleware/auth_context.py:480}}
Jul 20 05:51:51 user devstack@keystone.service[41911]: DEBUG keystone.server.flask.request_processing.req_logging [None req-aad8304e-0a48-4d23-a54d-d94ac68cefcd None admin] REQUEST_METHOD: `GET` {{(pid=41911) log_request_info /opt/stack/keystone/keystone/server/flask/request_processing/req_logging.py:27}}
Jul 20 05:51:51 user devstack@keystone.service[41911]: DEBUG keystone.server.flask.request_processing.req_logging [None req-aad8304e-0a48-4d23-a54d-d94ac68cefcd None admin] SCRIPT_NAME: `/identity` {{(pid=41911) log_request_info /opt/stack/keystone/keystone/server/flask/request_processing/req_logging.py:28}}
Jul 20 05:51:51 user devstack@keystone.service[41911]: DEBUG keystone.server.flask.request_processing.req_logging [None req-aad8304e-0a48-4d23-a54d-d94ac68cefcd None admin] PATH_INFO: `/v3/users/adf181b133ff4c4e870577b976a08b29` {{(pid=41911) log_request_info /opt/stack/keystone/keystone/server/flask/request_processing/req_logging.py:29}}
Jul 20 05:51:51 user devstack@keystone.service[41911]: DEBUG keystone.common.rbac_enforcer.enforcer [None req-aad8304e-0a48-4d23-a54d-d94ac68cefcd None admin] RBAC: Authorizing `identity:get_user(user_id=adf181b133ff4c4e870577b976a08b29)` {{(pid=41911) enforce_call /opt/stack/keystone/keystone/common/rbac_enforcer/enforcer.py:449}}
Jul 20 05:51:51 user devstack@keystone.service[41911]: DEBUG keystone.common.rbac_enforcer.enforcer [None req-aad8304e-0a48-4d23-a54d-d94ac68cefcd None admin] RBAC: Authorization granted {{(pid=41911) enforce_call /opt/stack/keystone/keystone/common/rbac_enforcer/enforcer.py:457}}
Jul 20 05:51:51 user devstack@keystone.service[41911]: [pid: 41911|app: 0|req: 97/290] 10.0.0.210 () {56 vars in 1172 bytes} [Thu Jul 20 05:51:51 2023] GET /identity/v3/users/adf181b133ff4c4e870577b976a08b29 => generated 292 bytes in 163 msecs (HTTP/1.1 200) 5 headers in 177 bytes (1 switches on core 0)
Jul 20 05:51:51 user devstack@keystone.service[41910]: DEBUG keystone.server.flask.request_processing.middleware.auth_context [None req-dcb88d27-76dd-4e83-b486-f261354373f0 admin admin] Authenticating user token {{(pid=41910) process_request /usr/local/lib/python3.10/dist-packages/keystonemiddleware/auth_token/__init__.py:406}}
Jul 20 05:51:51 user devstack@keystone.service[41909]: DEBUG keystone.server.flask.request_processing.middleware.auth_context [None req-8e292ae8-568b-4c6d-a149-788109b04f44 admin admin] Authenticating user token {{(pid=41909) process_request /usr/local/lib/python3.10/dist-packages/keystonemiddleware/auth_token/__init__.py:406}}
Jul 20 05:51:51 user devstack@keystone.service[41910]: DEBUG dbcounter [-] [41910] Writing DB stats keystone:SELECT=99,keystone:INSERT=1 {{(pid=41910) stat_writer /usr/local/lib/python3.10/dist-packages/dbcounter.py:117}}
Jul 20 05:51:51 user devstack@keystone.service[41910]: DEBUG keystone.server.flask.request_processing.middleware.auth_context [None req-dcb88d27-76dd-4e83-b486-f261354373f0 admin admin] Validating token access rules against request {{(pid=41910) validate_allowed_request /usr/local/lib/python3.10/dist-packages/keystonemiddleware/auth_token/__init__.py:544}}
Jul 20 05:51:51 user devstack@keystone.service[41910]: DEBUG keystone.server.flask.request_processing.middleware.auth_context [None req-0442777f-b51f-4450-bc41-dacc9803b7aa None admin] RBAC: auth_context: {'token': , 'domain_id': None, 'trust_id': None, 'trustor_id': None, 'trustee_id': None, 'domain_name': None, 'group_ids': [], 'user_id': '34f0e162d7ac4380adc2589aa3a9a264', 'user_domain_id': 'default', 'system_scope': 'all', 'project_id': None, 'project_domain_id': None, 'roles': ['admin', 'member', 'reader'], 'is_admin_project': True, 'service_user_id': None, 'service_user_domain_id': None, 'service_project_id': None, 'service_project_domain_id': None, 'service_roles': []} {{(pid=41910) fill_context /opt/stack/keystone/keystone/server/flask/request_processing/middleware/auth_context.py:480}}
Jul 20 05:51:51 user devstack@keystone.service[41910]: DEBUG keystone.server.flask.request_processing.req_logging [None req-0442777f-b51f-4450-bc41-dacc9803b7aa None admin] REQUEST_METHOD: `GET` {{(pid=41910) log_request_info /opt/stack/keystone/keystone/server/flask/request_processing/req_logging.py:27}}
Jul 20 05:51:51 user devstack@keystone.service[41910]: DEBUG keystone.server.flask.request_processing.req_logging [None req-0442777f-b51f-4450-bc41-dacc9803b7aa None admin] SCRIPT_NAME: `/identity` {{(pid=41910) log_request_info /opt/stack/keystone/keystone/server/flask/request_processing/req_logging.py:28}}
Jul 20 05:51:51 user devstack@keystone.service[41910]: DEBUG keystone.server.flask.request_processing.req_logging [None req-0442777f-b51f-4450-bc41-dacc9803b7aa None admin] PATH_INFO: `/v3/role_assignments` {{(pid=41910) log_request_info /opt/stack/keystone/keystone/server/flask/request_processing/req_logging.py:29}}
Jul 20 05:51:51 user devstack@keystone.service[41910]: DEBUG keystone.common.rbac_enforcer.enforcer [None req-0442777f-b51f-4450-bc41-dacc9803b7aa None admin] RBAC: Adding query filter params (role.id=6379a16f74b6428ab8c89be2a282cdd9, user.id=adf181b133ff4c4e870577b976a08b29, scope.system=all) {{(pid=41910) _extract_filter_values /opt/stack/keystone/keystone/common/rbac_enforcer/enforcer.py:167}}
Jul 20 05:51:51 user devstack@keystone.service[41910]: DEBUG keystone.common.rbac_enforcer.enforcer [None req-0442777f-b51f-4450-bc41-dacc9803b7aa None admin] RBAC: Authorizing `identity:list_role_assignments()` {{(pid=41910) enforce_call /opt/stack/keystone/keystone/common/rbac_enforcer/enforcer.py:449}}
Jul 20 05:51:51 user devstack@keystone.service[41910]: DEBUG keystone.common.rbac_enforcer.enforcer [None req-0442777f-b51f-4450-bc41-dacc9803b7aa None admin] RBAC: Authorization granted {{(pid=41910) enforce_call /opt/stack/keystone/keystone/common/rbac_enforcer/enforcer.py:457}}
Jul 20 05:51:51 user devstack@keystone.service[41910]: [pid: 41910|app: 0|req: 98/291] 10.0.0.210 () {56 vars in 1303 bytes} [Thu Jul 20 05:51:51 2023] GET /identity/v3/role_assignments?user.id=adf181b133ff4c4e870577b976a08b29&scope.system=all&role.id=6379a16f74b6428ab8c89be2a282cdd9 => generated 508 bytes in 143 msecs (HTTP/1.1 200) 5 headers in 177 bytes (1 switches on core 0)
Jul 20 05:51:51 user devstack@keystone.service[41909]: DEBUG keystone.server.flask.request_processing.middleware.auth_context [None req-8e292ae8-568b-4c6d-a149-788109b04f44 admin admin] Validating token access rules against request {{(pid=41909) validate_allowed_request /usr/local/lib/python3.10/dist-packages/keystonemiddleware/auth_token/__init__.py:544}}
Jul 20 05:51:51 user devstack@keystone.service[41909]: DEBUG keystone.server.flask.request_processing.middleware.auth_context [None req-6992be29-8ca5-45db-a65c-6087b94b1eed admin admin] RBAC: auth_context: {'token': , 'domain_id': None, 'trust_id': None, 'trustor_id': None, 'trustee_id': None, 'domain_name': None, 'group_ids': [], 'user_id': '34f0e162d7ac4380adc2589aa3a9a264', 'user_domain_id': 'default', 'system_scope': None, 'project_id': 'b308025fa49d40c0a0ca22fc06edf012', 'project_domain_id': 'default', 'roles': ['member', 'admin', 'reader'], 'is_admin_project': True, 'service_user_id': None, 'service_user_domain_id': None, 'service_project_id': None, 'service_project_domain_id': None, 'service_roles': []} {{(pid=41909) fill_context /opt/stack/keystone/keystone/server/flask/request_processing/middleware/auth_context.py:480}}
Jul 20 05:51:51 user devstack@keystone.service[41909]: DEBUG keystone.server.flask.request_processing.req_logging [None req-6992be29-8ca5-45db-a65c-6087b94b1eed admin admin] REQUEST_METHOD: `GET` {{(pid=41909) log_request_info /opt/stack/keystone/keystone/server/flask/request_processing/req_logging.py:27}}
Jul 20 05:51:51 user devstack@keystone.service[41909]: DEBUG keystone.server.flask.request_processing.req_logging [None req-6992be29-8ca5-45db-a65c-6087b94b1eed admin admin] SCRIPT_NAME: `/identity` {{(pid=41909) log_request_info /opt/stack/keystone/keystone/server/flask/request_processing/req_logging.py:28}}
Jul 20 05:51:51 user devstack@keystone.service[41909]: DEBUG keystone.server.flask.request_processing.req_logging [None req-6992be29-8ca5-45db-a65c-6087b94b1eed admin admin] PATH_INFO: `/v3/roles/admin` {{(pid=41909) log_request_info /opt/stack/keystone/keystone/server/flask/request_processing/req_logging.py:29}}
Jul 20 05:51:51 user devstack@keystone.service[41909]: DEBUG keystone.common.rbac_enforcer.enforcer [None req-6992be29-8ca5-45db-a65c-6087b94b1eed admin admin] Extracting inferred target data resulted in "NOT FOUND (404)". {{(pid=41909) enforce_call /opt/stack/keystone/keystone/common/rbac_enforcer/enforcer.py:409}}
Jul 20 05:51:51 user devstack@keystone.service[41909]: ERROR keystone.server.flask.application [None req-6992be29-8ca5-45db-a65c-6087b94b1eed admin admin] Could not find role: admin.: keystone.exception.RoleNotFound: Could not find role: admin.
Jul 20 05:51:51 user devstack@keystone.service[41909]: ERROR keystone.server.flask.application
Traceback (most recent call last):
Jul 20 05:51:51 user devstack@keystone.service[41909]: ERROR keystone.server.flask.application
File "/usr/local/lib/python3.10/dist-packages/flask/app.py", line 1823, in full_dispatch_request
Jul 20 05:51:51 user devstack@keystone.service[41909]: ERROR keystone.server.flask.application rv = self.dispatch_request()
Jul 20 05:51:51 user devstack@keystone.service[41909]: ERROR keystone.server.flask.application
File "/usr/local/lib/python3.10/dist-packages/flask/app.py", line 1799, in dispatch_request
Jul 20 05:51:51 user devstack@keystone.service[41909]: ERROR keystone.server.flask.application return self.ensure_sync(self.view_functions[rule.endpoint])(**view_args)
Jul 20 05:51:51 user devstack@keystone.service[41909]: ERROR keystone.server.flask.application
File "/usr/local/lib/python3.10/dist-packages/flask_restful/__init__.py", line 467, in wrapper
Jul 20 05:51:51 user devstack@keystone.service[41909]: ERROR keystone.server.flask.application resp = resource(*args, **kwargs)
Jul 20 05:51:51 user devstack@keystone.service[41909]: ERROR keystone.server.flask.application
File "/usr/local/lib/python3.10/dist-packages/flask/views.py", line 107, in view
Jul 20 05:51:51 user devstack@keystone.service[41909]: ERROR keystone.server.flask.application return current_app.ensure_sync(self.dispatch_request)(**kwargs)
Jul 20 05:51:51 user devstack@keystone.service[41909]: ERROR keystone.server.flask.application
File "/usr/local/lib/python3.10/dist-packages/flask_restful/__init__.py", line 582, in dispatch_request
Jul 20 05:51:51 user devstack@keystone.service[41909]: ERROR keystone.server.flask.application resp = meth(*args, **kwargs)
Jul 20 05:51:51 user devstack@keystone.service[41909]: ERROR keystone.server.flask.application
