Jul 20 05:51:40 user devstack@keystone.service[41909]: [pid: 41909|app: 0|req: 62/190] 10.0.0.210 () {58 vars in 1017 bytes} [Thu Jul 20 05:51:40 2023] POST /identity/v3/auth/tokens => generated 798 bytes in 96 msecs (HTTP/1.1 201) 6 headers in 363 bytes (1 switches on core 0)
Jul 20 05:51:40 user devstack@keystone.service[41910]: DEBUG keystone.server.flask.request_processing.req_logging [None req-8ec45275-6a23-426d-a173-7dc2a15cca1b None None] REQUEST_METHOD: `GET` {{(pid=41910) log_request_info /opt/stack/keystone/keystone/server/flask/request_processing/req_logging.py:27}}
Jul 20 05:51:40 user devstack@keystone.service[41910]: DEBUG keystone.server.flask.request_processing.req_logging [None req-8ec45275-6a23-426d-a173-7dc2a15cca1b None None] SCRIPT_NAME: `/identity` {{(pid=41910) log_request_info /opt/stack/keystone/keystone/server/flask/request_processing/req_logging.py:28}}
Jul 20 05:51:40 user devstack@keystone.service[41910]: DEBUG keystone.server.flask.request_processing.req_logging [None req-8ec45275-6a23-426d-a173-7dc2a15cca1b None None] PATH_INFO: `/` {{(pid=41910) log_request_info /opt/stack/keystone/keystone/server/flask/request_processing/req_logging.py:29}}
Jul 20 05:51:40 user devstack@keystone.service[41910]: [pid: 41910|app: 0|req: 62/191] 10.0.0.210 () {54 vars in 920 bytes} [Thu Jul 20 05:51:40 2023] GET /identity => generated 269 bytes in 3 msecs (HTTP/1.1 300) 6 headers in 233 bytes (1 switches on core 0)
Jul 20 05:51:40 user devstack@keystone.service[41911]: DEBUG keystone.server.flask.request_processing.req_logging [None req-c9f1d8c7-f441-4ac6-93b5-42a8563ec514 None None] REQUEST_METHOD: `POST` {{(pid=41911) log_request_info /opt/stack/keystone/keystone/server/flask/request_processing/req_logging.py:27}}
Jul 20 05:51:40 user devstack@keystone.service[41911]: DEBUG keystone.server.flask.request_processing.req_logging [None req-c9f1d8c7-f441-4ac6-93b5-42a8563ec514 None None] SCRIPT_NAME: `/identity` {{(pid=41911) log_request_info /opt/stack/keystone/keystone/server/flask/request_processing/req_logging.py:28}}
Jul 20 05:51:40 user devstack@keystone.service[41911]: DEBUG keystone.server.flask.request_processing.req_logging [None req-c9f1d8c7-f441-4ac6-93b5-42a8563ec514 None None] PATH_INFO: `/v3/auth/tokens` {{(pid=41911) log_request_info /opt/stack/keystone/keystone/server/flask/request_processing/req_logging.py:29}}
Jul 20 05:51:40 user devstack@keystone.service[41911]: WARNING keystone.common.password_hashing [None req-c9f1d8c7-f441-4ac6-93b5-42a8563ec514 None None] Truncating password to algorithm specific maximum length 54 characters.
Jul 20 05:51:40 user devstack@keystone.service[41911]: DEBUG keystone.auth.core [None req-c9f1d8c7-f441-4ac6-93b5-42a8563ec514 None None] MFA Rules not processed for user `34f0e162d7ac4380adc2589aa3a9a264`. Rule list: `[]` (Enabled: `True`). {{(pid=41911) check_auth_methods_against_rules /opt/stack/keystone/keystone/auth/core.py:438}}
Jul 20 05:51:40 user devstack@keystone.service[41911]: DEBUG keystone.common.fernet_utils [None req-c9f1d8c7-f441-4ac6-93b5-42a8563ec514 None None] Loaded 2 Fernet keys from /etc/keystone/fernet-keys/, but `[fernet_tokens] max_active_keys = 3`; perhaps there have not been enough key rotations to reach `max_active_keys` yet? {{(pid=41911) load_keys /opt/stack/keystone/keystone/common/fernet_utils.py:286}}
Jul 20 05:51:41 user devstack@keystone.service[41909]: DEBUG keystone.server.flask.request_processing.middleware.auth_context [None req-53e36fe4-d183-4229-8bf4-cad08c2e7fe9 None None] Authenticating user token {{(pid=41909) process_request /usr/local/lib/python3.10/dist-packages/keystonemiddleware/auth_token/__init__.py:406}}
Jul 20 05:51:41 user devstack@keystone.service[41911]: [pid: 41911|app: 0|req: 68/192] 10.0.0.210 () {58 vars in 1017 bytes} [Thu Jul 20 05:51:40 2023] POST /identity/v3/auth/tokens => generated 798 bytes in 81 msecs (HTTP/1.1 201) 6 headers in 363 bytes (1 switches on core 0)
Jul 20 05:51:41 user devstack@keystone.service[41910]: DEBUG keystone.server.flask.request_processing.middleware.auth_context [None req-8ec45275-6a23-426d-a173-7dc2a15cca1b None None] Authenticating user token {{(pid=41910) process_request /usr/local/lib/python3.10/dist-packages/keystonemiddleware/auth_token/__init__.py:406}}
Jul 20 05:51:41 user devstack@keystone.service[41909]: DEBUG keystone.server.flask.request_processing.middleware.auth_context [None req-53e36fe4-d183-4229-8bf4-cad08c2e7fe9 None None] Validating token access rules against request {{(pid=41909) validate_allowed_request /usr/local/lib/python3.10/dist-packages/keystonemiddleware/auth_token/__init__.py:544}}
Jul 20 05:51:41 user devstack@keystone.service[41909]: DEBUG keystone.server.flask.request_processing.middleware.auth_context [None req-c3076727-d1dd-487b-b07a-2d3420e8f2b8 None admin] RBAC: auth_context: {'token': , 'domain_id': None, 'trust_id': None, 'trustor_id': None, 'trustee_id': None, 'domain_name': None, 'group_ids': [], 'user_id': '34f0e162d7ac4380adc2589aa3a9a264', 'user_domain_id': 'default', 'system_scope': 'all', 'project_id': None, 'project_domain_id': None, 'roles': ['admin', 'member', 'reader'], 'is_admin_project': True, 'service_user_id': None, 'service_user_domain_id': None, 'service_project_id': None, 'service_project_domain_id': None, 'service_roles': []} {{(pid=41909) fill_context /opt/stack/keystone/keystone/server/flask/request_processing/middleware/auth_context.py:480}}
Jul 20 05:51:41 user devstack@keystone.service[41909]: DEBUG keystone.server.flask.request_processing.req_logging [None req-c3076727-d1dd-487b-b07a-2d3420e8f2b8 None admin] REQUEST_METHOD: `GET` {{(pid=41909) log_request_info /opt/stack/keystone/keystone/server/flask/request_processing/req_logging.py:27}}
Jul 20 05:51:41 user devstack@keystone.service[41909]: DEBUG keystone.server.flask.request_processing.req_logging [None req-c3076727-d1dd-487b-b07a-2d3420e8f2b8 None admin] SCRIPT_NAME: `/identity` {{(pid=41909) log_request_info /opt/stack/keystone/keystone/server/flask/request_processing/req_logging.py:28}}
Jul 20 05:51:41 user devstack@keystone.service[41909]: DEBUG keystone.server.flask.request_processing.req_logging [None req-c3076727-d1dd-487b-b07a-2d3420e8f2b8 None admin] PATH_INFO: `/v3/roles/reader` {{(pid=41909) log_request_info /opt/stack/keystone/keystone/server/flask/request_processing/req_logging.py:29}}
Jul 20 05:51:41 user devstack@keystone.service[41909]: DEBUG keystone.common.rbac_enforcer.enforcer [None req-c3076727-d1dd-487b-b07a-2d3420e8f2b8 None admin] Extracting inferred target data resulted in "NOT FOUND (404)". {{(pid=41909) enforce_call /opt/stack/keystone/keystone/common/rbac_enforcer/enforcer.py:409}}
Jul 20 05:51:41 user devstack@keystone.service[41909]: ERROR keystone.server.flask.application [None req-c3076727-d1dd-487b-b07a-2d3420e8f2b8 None admin] Could not find role: reader.: keystone.exception.RoleNotFound: Could not find role: reader.
Jul 20 05:51:41 user devstack@keystone.service[41909]: ERROR keystone.server.flask.application
Traceback (most recent call last):
Jul 20 05:51:41 user devstack@keystone.service[41909]: ERROR keystone.server.flask.application
File "/usr/local/lib/python3.10/dist-packages/flask/app.py", line 1823, in full_dispatch_request
Jul 20 05:51:41 user devstack@keystone.service[41909]: ERROR keystone.server.flask.application rv = self.dispatch_request()
Jul 20 05:51:41 user devstack@keystone.service[41909]: ERROR keystone.server.flask.application
File "/usr/local/lib/python3.10/dist-packages/flask/app.py", line 1799, in dispatch_request
Jul 20 05:51:41 user devstack@keystone.service[41909]: ERROR keystone.server.flask.application return self.ensure_sync(self.view_functions[rule.endpoint])(**view_args)
Jul 20 05:51:41 user devstack@keystone.service[41909]: ERROR keystone.server.flask.application
File "/usr/local/lib/python3.10/dist-packages/flask_restful/__init__.py", line 467, in wrapper
Jul 20 05:51:41 user devstack@keystone.service[41909]: ERROR keystone.server.flask.application resp = resource(*args, **kwargs)
Jul 20 05:51:41 user devstack@keystone.service[41909]: ERROR keystone.server.flask.application
File "/usr/local/lib/python3.10/dist-packages/flask/views.py", line 107, in view
Jul 20 05:51:41 user devstack@keystone.service[41909]: ERROR keystone.server.flask.application return current_app.ensure_sync(self.dispatch_request)(**kwargs)
Jul 20 05:51:41 user devstack@keystone.service[41909]: ERROR keystone.server.flask.application
File "/usr/local/lib/python3.10/dist-packages/flask_restful/__init__.py", line 582, in dispatch_request
Jul 20 05:51:41 user devstack@keystone.service[41909]: ERROR keystone.server.flask.application resp = meth(*args, **kwargs)
Jul 20 05:51:41 user devstack@keystone.service[41909]: ERROR keystone.server.flask.application
File "/opt/stack/keystone/keystone/api/roles.py", line 50, in get
Jul 20 05:51:41 user devstack@keystone.service[41909]: ERROR keystone.server.flask.application return self._get_role(role_id)
Jul 20 05:51:41 user devstack@keystone.service[41909]: ERROR keystone.server.flask.application
File "/opt/stack/keystone/keystone/api/roles.py", line 70, in _get_role
Jul 20 05:51:41 user devstack@keystone.service[41909]: ERROR keystone.server.flask.application ENFORCER.enforce_call(action='identity:get_role')
Jul 20 05:51:41 user devstack@keystone.service[41909]: ERROR keystone.server.flask.application
File "/opt/stack/keystone/keystone/common/rbac_enforcer/enforcer.py", line 402, in enforce_call
Jul 20 05:51:41 user devstack@keystone.service[41909]: ERROR keystone.server.flask.application policy_dict.update(cls._extract_member_target_data(
Jul 20 05:51:41 user devstack@keystone.service[41909]: ERROR keystone.server.flask.application
File "/opt/stack/keystone/keystone/common/rbac_enforcer/enforcer.py", line 234, in _extract_member_target_data
Jul 20 05:51:41 user devstack@keystone.service[41909]: ERROR keystone.server.flask.application member_name: func(flask.request.view_args[key])
Jul 20 05:51:41 user devstack@keystone.service[41909]: ERROR keystone.server.flask.application
File "/opt/stack/keystone/keystone/common/manager.py", line 115, in wrapped
Jul 20 05:51:41 user devstack@keystone.service[41909]: ERROR keystone.server.flask.application __ret_val = __f(*args, **kwargs)
Jul 20 05:51:41 user devstack@keystone.service[41909]: ERROR keystone.server.flask.application
File "/usr/local/lib/python3.10/dist-packages/decorator.py", line 232, in fun
Jul 20 05:51:41 user devstack@keystone.service[41909]: ERROR keystone.server.flask.application return caller(func, *(extras + args), **kw)
Jul 20 05:51:41 user devstack@keystone.service[41909]: ERROR keystone.server.flask.application
File "/usr/local/lib/python3.10/dist-packages/dogpile/cache/region.py", line 1577, in get_or_create_for_user_func
Jul 20 05:51:41 user devstack@keystone.service[41909]: ERROR keystone.server.flask.application return self.get_or_create(
Jul 20 05:51:41 user devstack@keystone.service[41909]: ERROR keystone.server.flask.application
File "/usr/local/lib/python3.10/dist-packages/dogpile/cache/region.py", line 1042, in get_or_create
Jul 20 05:51:41 user devstack@keystone.service[41909]: ERROR keystone.server.flask.application with Lock(
Jul 20 05:51:41 user devstack@keystone.service[41909]: ERROR keystone.server.flask.application
File "/usr/local/lib/python3.10/dist-packages/dogpile/lock.py", line 185, in __enter__
Jul 20 05:51:41 user devstack@keystone.service[41909]: ERROR keystone.server.flask.application return self._enter()
Jul 20 05:51:41 user devstack@keystone.service[41909]: ERROR keystone.server.flask.application
File "/usr/local/lib/python3.10/dist-packages/dogpile/lock.py", line 94, in _enter
Jul 20 05:51:41 user devstack@keystone.service[41909]: ERROR keystone.server.flask.application generated = self._enter_create(value, createdtime)
Jul 20 05:51:41 user devstack@keystone.service[41909]: ERROR keystone.server.flask.application
File "/usr/local/lib/python3.10/dist-packages/dogpile/lock.py", line 178, in _enter_create
Jul 20 05:51:41 user devstack@keystone.service[41909]: ERROR keystone.server.flask.application return self.creator()
Jul 20 05:51:41 user devstack@keystone.service[41909]: ERROR keystone.server.flask.application
File "/usr/local/lib/python3.10/dist-packages/dogpile/cache/region.py", line 995, in gen_value
Jul 20 05:51:41 user devstack@keystone.service[41909]: ERROR keystone.server.flask.application created_value = creator(
Jul 20 05:51:41 user devstack@keystone.service[41909]: ERROR keystone.server.flask.application
File "/opt/stack/keystone/keystone/assignment/core.py", line 1276, in get_role
Jul 20 05:51:41 user devstack@keystone.service[41909]: ERROR keystone.server.flask.application return self.driver.get_role(role_id)
Jul 20 05:51:41 user devstack@keystone.service[41909]: ERROR keystone.server.flask.application
File "/opt/stack/keystone/keystone/assignment/role_backends/sql.py", line 70, in get_role
Jul 20 05:51:41 user devstack@keystone.service[41909]: ERROR keystone.server.flask.application return self._get_role(session, role_id).to_dict()
Jul 20 05:51:41 user devstack@keystone.service[41909]: ERROR keystone.server.flask.application
File "/opt/stack/keystone/keystone/assignment/role_backends/sql.py", line 65, in _get_role
Jul 20 05:51:41 user devstack@keystone.service[41909]: ERROR keystone.server.flask.application raise exception.RoleNotFound(role_id=role_id)
Jul 20 05:51:41 user devstack@keystone.service[41909]: ERROR keystone.server.flask.application keystone.exception.RoleNotFound: Could not find role: reader.
Jul 20 05:51:41 user devstack@keystone.service[41909]: ERROR keystone.server.flask.application
Jul 20 05:51:41 user devstack@keystone.service[41909]: [pid: 41909|app: 0|req: 63/193] 10.0.0.210 () {56 vars in 1094 bytes} [Thu Jul 20 05:51:41 2023] GET /identity/v3/roles/reader => generated 84 bytes in 133 msecs (HTTP/1.1 404) 5 headers in 183 bytes (1 switches on core 0)
Jul 20 05:51:41 user devstack@keystone.service[41911]: DEBUG keystone.server.flask.request_processing.middleware.auth_context [None req-c9f1d8c7-f441-4ac6-93b5-42a8563ec514 None None] Authenticating user token {{(pid=41911) process_request /usr/local/lib/python3.10/dist-packages/keystonemiddleware/auth_token/__init__.py:406}}
Jul 20 05:51:41 user devstack@keystone.service[41910]: DEBUG dbcounter [-] [41910] Writing DB stats keystone:SELECT=100 {{(pid=41910) stat_writer /usr/local/lib/python3.10/dist-packages/dbcounter.py:117}}
Jul 20 05:51:41 user devstack@keystone.service[41910]: DEBUG keystone.server.flask.request_processing.middleware.auth_context [None req-8ec45275-6a23-426d-a173-7dc2a15cca1b None None] Validating token access rules against request {{(pid=41910) validate_allowed_request /usr/local/lib/python3.10/dist-packages/keystonemiddleware/auth_token/__init__.py:544}}
Jul 20 05:51:41 user devstack@keystone.service[41910]: DEBUG keystone.server.flask.request_processing.middleware.auth_context [None req-c627320d-5376-47bd-90e3-0ccc5cb7ac89 None admin] RBAC: auth_context: {'token': , 'domain_id': None, 'trust_id': None, 'trustor_id': None, 'trustee_id': None, 'domain_name': None, 'group_ids': [], 'user_id': '34f0e162d7ac4380adc2589aa3a9a264', 'user_domain_id': 'default', 'system_scope': 'all', 'project_id': None, 'project_domain_id': None, 'roles': ['admin', 'member', 'reader'], 'is_admin_project': True, 'service_user_id': None, 'service_user_domain_id': None, 'service_project_id': None, 'service_project_domain_id': None, 'service_roles': []} {{(pid=41910) fill_context /opt/stack/keystone/keystone/server/flask/request_processing/middleware/auth_context.py:480}}
Jul 20 05:51:41 user devstack@keystone.service[41910]: DEBUG keystone.server.flask.request_processing.req_logging [None req-c627320d-5376-47bd-90e3-0ccc5cb7ac89 None admin] REQUEST_METHOD: `GET` {{(pid=41910) log_request_info /opt/stack/keystone/keystone/server/flask/request_processing/req_logging.py:27}}
Jul 20 05:51:41 user devstack@keystone.service[41910]: DEBUG keystone.server.flask.request_processing.req_logging [None req-c627320d-5376-47bd-90e3-0ccc5cb7ac89 None admin] SCRIPT_NAME: `/identity` {{(pid=41910) log_request_info /opt/stack/keystone/keystone/server/flask/request_processing/req_logging.py:28}}
Jul 20 05:51:41 user devstack@keystone.service[41910]: DEBUG keystone.server.flask.request_processing.req_logging [None req-c627320d-5376-47bd-90e3-0ccc5cb7ac89 None admin] PATH_INFO: `/v3/domains/default` {{(pid=41910) log_request_info /opt/stack/keystone/keystone/server/flask/request_processing/req_logging.py:29}}
Jul 20 05:51:41 user devstack@keystone.service[41910]: DEBUG keystone.common.rbac_enforcer.enforcer [None req-c627320d-5376-47bd-90e3-0ccc5cb7ac89 None admin] RBAC: Authorizing `identity:get_domain(domain_id=default)` {{(pid=41910) enforce_call /opt/stack/keystone/keystone/common/rbac_enforcer/enforcer.py:449}}
Jul 20 05:51:41 user devstack@keystone.service[41910]: DEBUG keystone.common.rbac_enforcer.enforcer [None req-c627320d-5376-47bd-90e3-0ccc5cb7ac89 None admin] RBAC: Authorization granted {{(pid=41910) enforce_call /opt/stack/keystone/keystone/common/rbac_enforcer/enforcer.py:457}}
Jul 20 05:51:41 user devstack@keystone.service[41910]: [pid: 41910|app: 0|req: 63/194] 10.0.0.210 () {56 vars in 1103 bytes} [Thu Jul 20 05:51:41 2023] GET /identity/v3/domains/default => generated 198 bytes in 126 msecs (HTTP/1.1 200) 5 headers in 177 bytes (1 switches on core 0)
Jul 20 05:51:41 user devstack@keystone.service[41909]: DEBUG keystone.server.flask.request_processing.middleware.auth_context [None req-c3076727-d1dd-487b-b07a-2d3420e8f2b8 None admin] Authenticating user token {{(pid=41909) process_request /usr/local/lib/python3.10/dist-packages/keystonemiddleware/auth_token/__init__.py:406}}
Jul 20 05:51:41 user devstack@keystone.service[41910]: DEBUG keystone.server.flask.request_processing.middleware.auth_context [None req-c627320d-5376-47bd-90e3-0ccc5cb7ac89 None admin] Authenticating user token {{(pid=41910) process_request /usr/local/lib/python3.10/dist-packages/keystonemiddleware/auth_token/__init__.py:406}}
Jul 20 05:51:41 user devstack@keystone.service[41911]: DEBUG dbcounter [-] [41911] Writing DB stats keystone:SELECT=100 {{(pid=41911) stat_writer /usr/local/lib/python3.10/dist-packages/dbcounter.py:117}}
Jul 20 05:51:41 user devstack@keystone.service[41911]: DEBUG keystone.server.flask.request_processing.middleware.auth_context [None req-c9f1d8c7-f441-4ac6-93b5-42a8563ec514 None None] Validating token access rules against request {{(pid=41911) validate_allowed_request /usr/local/lib/python3.10/dist-packages/keystonemiddleware/auth_token/__init__.py:544}}
Jul 20 05:51:41 user devstack@keystone.service[41909]: DEBUG dbcounter [-] [41909] Writing DB stats keystone:SELECT=100 {{(pid=41909) stat_writer /usr/local/lib/python3.10/dist-packages/dbcounter.py:117}}
Jul 20 05:51:41 user devstack@keystone.service[41911]: DEBUG keystone.server.flask.request_processing.middleware.auth_context [None req-b3178307-049d-413b-8d1e-0b22aa0f18e8 None admin] RBAC: auth_context: {'token': , 'domain_id': None, 'trust_id': None, 'trustor_id': None, 'trustee_id': None, 'domain_name': None, 'group_ids': [], 'user_id': '34f0e162d7ac4380adc2589aa3a9a264', 'user_domain_id': 'default', 'system_scope': 'all', 'project_id': None, 'project_domain_id': None, 'roles': ['admin', 'member', 'reader'], 'is_admin_project': True, 'service_user_id': None, 'service_user_domain_id': None, 'service_project_id': None, 'service_project_domain_id': None, 'service_roles': []} {{(pid=41911) fill_context /opt/stack/keystone/keystone/server/flask/request_processing/middleware/auth_context.py:480}}
Jul 20 05:51:41 user devstack@keystone.service[41911]: DEBUG keystone.server.flask.request_processing.req_logging [None req-b3178307-049d-413b-8d1e-0b22aa0f18e8 None admin] REQUEST_METHOD: `GET` {{(pid=41911) log_request_info /opt/stack/keystone/keystone/server/flask/request_processing/req_logging.py:27}}
Jul 20 05:51:41 user devstack@keystone.service[41911]: DEBUG keystone.server.flask.request_processing.req_logging [None req-b3178307-049d-413b-8d1e-0b22aa0f18e8 None admin] SCRIPT_NAME: `/identity` {{(pid=41911) log_request_info /opt/stack/keystone/keystone/server/flask/request_processing/req_logging.py:28}}
Jul 20 05:51:41 user devstack@keystone.service[41911]: DEBUG keystone.server.flask.request_processing.req_logging [None req-b3178307-049d-413b-8d1e-0b22aa0f18e8 None admin] PATH_INFO: `/v3/roles` {{(pid=41911) log_request_info /opt/stack/keystone/keystone/server/flask/request_processing/req_logging.py:29}}
Jul 20 05:51:41 user devstack@keystone.service[41911]: DEBUG keystone.common.rbac_enforcer.enforcer [None req-b3178307-049d-413b-8d1e-0b22aa0f18e8 None admin] RBAC: Adding query filter params (name=reader) {{(pid=41911) _extract_filter_values /opt/stack/keystone/keystone/common/rbac_enforcer/enforcer.py:167}}
Jul 20 05:51:41 user devstack@keystone.service[41911]: DEBUG keystone.common.rbac_enforcer.enforcer [None req-b3178307-049d-413b-8d1e-0b22aa0f18e8 None admin] RBAC: Authorizing `identity:list_roles()` {{(pid=41911) enforce_call /opt/stack/keystone/keystone/common/rbac_enforcer/enforcer.py:449}}
Jul 20 05:51:41 user devstack@keystone.service[41911]: DEBUG keystone.common.rbac_enforcer.enforcer [None req-b3178307-049d-413b-8d1e-0b22aa0f18e8 None admin] RBAC: Authorization granted {{(pid=41911) enforce_call /opt/stack/keystone/keystone/common/rbac_enforcer/enforcer.py:457}}
Jul 20 05:51:41 user devstack@keystone.service[41911]: [pid: 41911|app: 0|req: 69/195] 10.0.0.210 () {56 vars in 1096 bytes} [Thu Jul 20 05:51:41 2023] GET /identity/v3/roles?name=reader => generated 339 bytes in 129 msecs (HTTP/1.1 200) 5 headers in 177 bytes (1 switches on core 0)
Jul 20 05:51:41 user devstack@keystone.service[41911]: DEBUG keystone.server.flask.request_processing.middleware.auth_context [None req-b3178307-049d-413b-8d1e-0b22aa0f18e8 None admin] Authenticating user token {{(pid=41911) process_request /usr/local/lib/python3.10/dist-packages/keystonemiddleware/auth_token/__init__.py:406}}
Jul 20 05:51:41 user devstack@keystone.service[41909]: DEBUG keystone.server.flask.request_processing.middleware.auth_context [None req-c3076727-d1dd-487b-b07a-2d3420e8f2b8 None admin] Validating token access rules against request {{(pid=41909) validate_allowed_request /usr/local/lib/python3.10/dist-packages/keystonemiddleware/auth_token/__init__.py:544}}
Jul 20 05:51:41 user devstack@keystone.service[41910]: DEBUG keystone.server.flask.request_processing.middleware.auth_context [None req-c627320d-5376-47bd-90e3-0ccc5cb7ac89 None admin] Validating token access rules against request {{(pid=41910) validate_allowed_request /usr/local/lib/python3.10/dist-packages/keystonemiddleware/auth_token/__init__.py:544}}
Jul 20 05:51:41 user devstack@keystone.service[41909]: DEBUG keystone.server.flask.request_processing.middleware.auth_context [None req-094eb7fd-2e6e-4f77-90d6-43b0a0c50e09 None admin] RBAC: auth_context: {'token': , 'domain_id': None, 'trust_id': None, 'trustor_id': None, 'trustee_id': None, 'domain_name': None, 'group_ids': [], 'user_id': '34f0e162d7ac4380adc2589aa3a9a264', 'user_domain_id': 'default', 'system_scope': 'all', 'project_id': None, 'project_domain_id': None, 'roles': ['admin', 'member', 'reader'], 'is_admin_project': True, 'service_user_id': None, 'service_user_domain_id': None, 'service_project_id': None, 'service_project_domain_id': None, 'service_roles': []} {{(pid=41909) fill_context /opt/stack/keystone/keystone/server/flask/request_processing/middleware/auth_context.py:480}}
Jul 20 05:51:41 user devstack@keystone.service[41909]: DEBUG keystone.server.flask.request_processing.req_logging [None req-094eb7fd-2e6e-4f77-90d6-43b0a0c50e09 None admin] REQUEST_METHOD: `GET` {{(pid=41909) log_request_info /opt/stack/keystone/keystone/server/flask/request_processing/req_logging.py:27}}
Jul 20 05:51:41 user devstack@keystone.service[41909]: DEBUG keystone.server.flask.request_processing.req_logging [None req-094eb7fd-2e6e-4f77-90d6-43b0a0c50e09 None admin] SCRIPT_NAME: `/identity` {{(pid=41909) log_request_info /opt/stack/keystone/keystone/server/flask/request_processing/req_logging.py:28}}
Jul 20 05:51:41 user devstack@keystone.service[41909]: DEBUG keystone.server.flask.request_processing.req_logging [None req-094eb7fd-2e6e-4f77-90d6-43b0a0c50e09 None admin] PATH_INFO: `/v3/roles/member` {{(pid=41909) log_request_info /opt/stack/keystone/keystone/server/flask/request_processing/req_logging.py:29}}
Jul 20 05:51:41 user devstack@keystone.service[41910]: DEBUG keystone.server.flask.request_processing.middleware.auth_context [None req-dc685909-c3bd-41bd-bb33-145239b00943 None admin] RBAC: auth_context: {'token': , 'domain_id': None, 'trust_id': None, 'trustor_id': None, 'trustee_id': None, 'domain_name': None, 'group_ids': [], 'user_id': '34f0e162d7ac4380adc2589aa3a9a264', 'user_domain_id': 'default', 'system_scope': 'all', 'project_id': None, 'project_domain_id': None, 'roles': ['admin', 'member', 'reader'], 'is_admin_project': True, 'service_user_id': None, 'service_user_domain_id': None, 'service_project_id': None, 'service_project_domain_id': None, 'service_roles': []} {{(pid=41910) fill_context /opt/stack/keystone/keystone/server/flask/request_processing/middleware/auth_context.py:480}}
Jul 20 05:51:41 user devstack@keystone.service[41910]: DEBUG keystone.server.flask.request_processing.req_logging [None req-dc685909-c3bd-41bd-bb33-145239b00943 None admin] REQUEST_METHOD: `POST` {{(pid=41910) log_request_info /opt/stack/keystone/keystone/server/flask/request_processing/req_logging.py:27}}
Jul 20 05:51:41 user devstack@keystone.service[41910]: DEBUG keystone.server.flask.request_processing.req_logging [None req-dc685909-c3bd-41bd-bb33-145239b00943 None admin] SCRIPT_NAME: `/identity` {{(pid=41910) log_request_info /opt/stack/keystone/keystone/server/flask/request_processing/req_logging.py:28}}
Jul 20 05:51:41 user devstack@keystone.service[41910]: DEBUG keystone.server.flask.request_processing.req_logging [None req-dc685909-c3bd-41bd-bb33-145239b00943 None admin] PATH_INFO: `/v3/users` {{(pid=41910) log_request_info /opt/stack/keystone/keystone/server/flask/request_processing/req_logging.py:29}}
Jul 20 05:51:41 user devstack@keystone.service[41910]: DEBUG keystone.common.rbac_enforcer.enforcer [None req-dc685909-c3bd-41bd-bb33-145239b00943 None admin] RBAC: Authorizing `identity:create_user()` {{(pid=41910) enforce_call /opt/stack/keystone/keystone/common/rbac_enforcer/enforcer.py:449}}
Jul 20 05:51:41 user devstack@keystone.service[41910]: DEBUG keystone.common.rbac_enforcer.enforcer [None req-dc685909-c3bd-41bd-bb33-145239b00943 None admin] RBAC: Authorization granted {{(pid=41910) enforce_call /opt/stack/keystone/keystone/common/rbac_enforcer/enforcer.py:457}}
Jul 20 05:51:41 user devstack@keystone.service[41909]: DEBUG keystone.common.rbac_enforcer.enforcer [None req-094eb7fd-2e6e-4f77-90d6-43b0a0c50e09 None admin] Extracting inferred target data resulted in "NOT FOUND (404)". {{(pid=41909) enforce_call /opt/stack/keystone/keystone/common/rbac_enforcer/enforcer.py:409}}
Jul 20 05:51:41 user devstack@keystone.service[41910]: WARNING keystone.common.password_hashing [None req-dc685909-c3bd-41bd-bb33-145239b00943 None admin] Truncating password to algorithm specific maximum length 54 characters.
Jul 20 05:51:41 user devstack@keystone.service[41909]: ERROR keystone.server.flask.application [None req-094eb7fd-2e6e-4f77-90d6-43b0a0c50e09 None admin] Could not find role: member.: keystone.exception.RoleNotFound: Could not find role: member.
Jul 20 05:51:41 user devstack@keystone.service[41909]: ERROR keystone.server.flask.application
Traceback (most recent call last):
Jul 20 05:51:41 user devstack@keystone.service[41909]: ERROR keystone.server.flask.application
File "/usr/local/lib/python3.10/dist-packages/flask/app.py", line 1823, in full_dispatch_request
Jul 20 05:51:41 user devstack@keystone.service[41909]: ERROR keystone.server.flask.application rv = self.dispatch_request()
Jul 20 05:51:41 user devstack@keystone.service[41909]: ERROR keystone.server.flask.application
File "/usr/local/lib/python3.10/dist-packages/flask/app.py", line 1799, in dispatch_request
Jul 20 05:51:41 user devstack@keystone.service[41909]: ERROR keystone.server.flask.application return self.ensure_sync(self.view_functions[rule.endpoint])(**view_args)
Jul 20 05:51:41 user devstack@keystone.service[41909]: ERROR keystone.server.flask.application
File "/usr/local/lib/python3.10/dist-packages/flask_restful/__init__.py", line 467, in wrapper
Jul 20 05:51:41 user devstack@keystone.service[41909]: ERROR keystone.server.flask.application resp = resource(*args, **kwargs)
Jul 20 05:51:41 user devstack@keystone.service[41909]: ERROR keystone.server.flask.application
File "/usr/local/lib/python3.10/dist-packages/flask/views.py", line 107, in view
Jul 20 05:51:41 user devstack@keystone.service[41909]: ERROR keystone.server.flask.application return current_app.ensure_sync(self.dispatch_request)(**kwargs)
Jul 20 05:51:41 user devstack@keystone.service[41909]: ERROR keystone.server.flask.application
File "/usr/local/lib/python3.10/dist-packages/flask_restful/__init__.py", line 582, in dispatch_request
Jul 20 05:51:41 user devstack@keystone.service[41909]: ERROR keystone.server.flask.application resp = meth(*args, **kwargs)
Jul 20 05:51:41 user devstack@keystone.service[41909]: ERROR keystone.server.flask.application
File "/opt/stack/keystone/keystone/api/roles.py", line 50, in get
Jul 20 05:51:41 user devstack@keystone.service[41909]: ERROR keystone.server.flask.application return self._get_role(role_id)
Jul 20 05:51:41 user devstack@keystone.service[41909]: ERROR keystone.server.flask.application
File "/opt/stack/keystone/keystone/api/roles.py", line 70, in _get_role
Jul 20 05:51:41 user devstack@keystone.service[41909]: ERROR keystone.server.flask.application ENFORCER.enforce_call(action='identity:get_role')
Jul 20 05:51:41 user devstack@keystone.service[41909]: ERROR keystone.server.flask.application
File "/opt/stack/keystone/keystone/common/rbac_enforcer/enforcer.py", line 402, in enforce_call
Jul 20 05:51:41 user devstack@keystone.service[41909]: ERROR keystone.server.flask.application policy_dict.update(cls._extract_member_target_data(
Jul 20 05:51:41 user devstack@keystone.service[41909]: ERROR keystone.server.flask.application
File "/opt/stack/keystone/keystone/common/rbac_enforcer/enforcer.py", line 234, in _extract_member_target_data
Jul 20 05:51:41 user devstack@keystone.service[41909]: ERROR keystone.server.flask.application member_name: func(flask.request.view_args[key])
Jul 20 05:51:41 user devstack@keystone.service[41909]: ERROR keystone.server.flask.application
File "/opt/stack/keystone/keystone/common/manager.py", line 115, in wrapped
Jul 20 05:51:41 user devstack@keystone.service[41909]: ERROR keystone.server.flask.application __ret_val = __f(*args, **kwargs)
Jul 20 05:51:41 user devstack@keystone.service[41909]: ERROR keystone.server.flask.application
File "/usr/local/lib/python3.10/dist-packages/decorator.py", line 232, in fun
Jul 20 05:51:41 user devstack@keystone.service[41909]: ERROR keystone.server.flask.application return caller(func, *(extras + args), **kw)
Jul 20 05:51:41 user devstack@keystone.service[41909]: ERROR keystone.server.flask.application
File "/usr/local/lib/python3.10/dist-packages/dogpile/cache/region.py", line 1577, in get_or_create_for_user_func
Jul 20 05:51:41 user devstack@keystone.service[41909]: ERROR keystone.server.flask.application return self.get_or_create(
Jul 20 05:51:41 user devstack@keystone.service[41909]: ERROR keystone.server.flask.application
File "/usr/local/lib/python3.10/dist-packages/dogpile/cache/region.py", line 1042, in get_or_create
Jul 20 05:51:41 user devstack@keystone.service[41909]: ERROR keystone.server.flask.application with Lock(
Jul 20 05:51:41 user devstack@keystone.service[41909]: ERROR keystone.server.flask.application
File "/usr/local/lib/python3.10/dist-packages/dogpile/lock.py", line 185, in __enter__
Jul 20 05:51:41 user devstack@keystone.service[41909]: ERROR keystone.server.flask.application return self._enter()
Jul 20 05:51:41 user devstack@keystone.service[41909]: ERROR keystone.server.flask.application
File "/usr/local/lib/python3.10/dist-packages/dogpile/lock.py", line 94, in _enter
Jul 20 05:51:41 user devstack@keystone.service[41909]: ERROR keystone.server.flask.application generated = self._enter_create(value, createdtime)
Jul 20 05:51:41 user devstack@keystone.service[41909]: ERROR keystone.server.flask.application
File "/usr/local/lib/python3.10/dist-packages/dogpile/lock.py", line 178, in _enter_create
Jul 20 05:51:41 user devstack@keystone.service[41909]: ERROR keystone.server.flask.application return self.creator()
Jul 20 05:51:41 user devstack@keystone.service[41909]: ERROR keystone.server.flask.application
File "/usr/local/lib/python3.10/dist-packages/dogpile/cache/region.py", line 995, in gen_value
Jul 20 05:51:41 user devstack@keystone.service[41909]: ERROR keystone.server.flask.application created_value = creator(
Jul 20 05:51:41 user devstack@keystone.service[41909]: ERROR keystone.server.flask.application
File "/opt/stack/keystone/keystone/assignment/core.py", line 1276, in get_role
Jul 20 05:51:41 user devstack@keystone.service[41909]: ERROR keystone.server.flask.application return self.driver.get_role(role_id)
Jul 20 05:51:41 user devstack@keystone.service[41909]: ERROR keystone.server.flask.application
File "/opt/stack/keystone/keystone/assignment/role_backends/sql.py", line 70, in get_role
Jul 20 05:51:41 user devstack@keystone.service[41909]: ERROR keystone.server.flask.application return self._get_role(session, role_id).to_dict()
Jul 20 05:51:41 user devstack@keystone.service[41909]: ERROR keystone.server.flask.application
File "/opt/stack/keystone/keystone/assignment/role_backends/sql.py", line 65, in _get_role
Jul 20 05:51:41 user devstack@keystone.service[41909]: ERROR keystone.server.flask.application raise exception.RoleNotFound(role_id=role_id)
Jul 20 05:51:41 user devstack@keystone.service[41909]: ERROR keystone.server.flask.application keystone.exception.RoleNotFound: Could not find role: member.
Jul 20 05:51:41 user devstack@keystone.service[41909]: ERROR keystone.server.flask.application
Jul 20 05:51:41 user devstack@keystone.service[41911]: DEBUG keystone.server.flask.request_processing.middleware.auth_context [None req-b3178307-049d-413b-8d1e-0b22aa0f18e8 None admin] Validating token access rules against request {{(pid=41911) validate_allowed_request /usr/local/lib/python3.10/dist-packages/keystonemiddleware/auth_token/__init__.py:544}}
Jul 20 05:51:41 user devstack@keystone.service[41909]: [pid: 41909|app: 0|req: 64/196] 10.0.0.210 () {56 vars in 1094 bytes} [Thu Jul 20 05:51:41 2023] GET /identity/v3/roles/member => generated 84 bytes in 152 msecs (HTTP/1.1 404) 5 headers in 183 bytes (1 switches on core 0)
Jul 20 05:51:41 user devstack@keystone.service[41909]: DEBUG keystone.server.flask.request_processing.middleware.auth_context [None req-094eb7fd-2e6e-4f77-90d6-43b0a0c50e09 None admin] Authenticating user token {{(pid=41909) process_request /usr/local/lib/python3.10/dist-packages/keystonemiddleware/auth_token/__init__.py:406}}
Jul 20 05:51:41 user devstack@keystone.service[41910]: [pid: 41910|app: 0|req: 64/197] 10.0.0.210 () {60 vars in 1127 bytes} [Thu Jul 20 05:51:41 2023] POST /identity/v3/users => generated 292 bytes in 159 msecs (HTTP/1.1 201) 5 headers in 182 bytes (2 switches on core 0)
Jul 20 05:51:41 user devstack@keystone.service[41911]: DEBUG keystone.server.flask.request_processing.middleware.auth_context [None req-a660e8a1-b531-4819-99b8-8186f1e11512 None admin] RBAC: auth_context: {'token': , 'domain_id': None, 'trust_id': None, 'trustor_id': None, 'trustee_id': None, 'domain_name': None, 'group_ids': [], 'user_id': '34f0e162d7ac4380adc2589aa3a9a264', 'user_domain_id': 'default', 'system_scope': 'all', 'project_id': None, 'project_domain_id': None, 'roles': ['admin', 'member', 'reader'], 'is_admin_project': True, 'service_user_id': None, 'service_user_domain_id': None, 'service_project_id': None, 'service_project_domain_id': None, 'service_roles': []} {{(pid=41911) fill_context /opt/stack/keystone/keystone/server/flask/request_processing/middleware/auth_context.py:480}}
Jul 20 05:51:41 user devstack@keystone.service[41911]: DEBUG keystone.server.flask.request_processing.req_logging [None req-a660e8a1-b531-4819-99b8-8186f1e11512 None admin] REQUEST_METHOD: `GET` {{(pid=41911) log_request_info /opt/stack/keystone/keystone/server/flask/request_processing/req_logging.py:27}}
Jul 20 05:51:41 user devstack@keystone.service[41911]: DEBUG keystone.server.flask.request_processing.req_logging [None req-a660e8a1-b531-4819-99b8-8186f1e11512 None admin] SCRIPT_NAME: `/identity` {{(pid=41911) log_request_info /opt/stack/keystone/keystone/server/flask/request_processing/req_logging.py:28}}
Jul 20 05:51:41 user devstack@keystone.service[41911]: DEBUG keystone.server.flask.request_processing.req_logging [None req-a660e8a1-b531-4819-99b8-8186f1e11512 None admin] PATH_INFO: `/v3/users/8128c5069c6947d5a5ab06081fa2897e` {{(pid=41911) log_request_info /opt/stack/keystone/keystone/server/flask/request_processing/req_logging.py:29}}
Jul 20 05:51:41 user devstack@keystone.service[41911]: DEBUG keystone.common.rbac_enforcer.enforcer [None req-a660e8a1-b531-4819-99b8-8186f1e11512 None admin] RBAC: Authorizing `identity:get_user(user_id=8128c5069c6947d5a5ab06081fa2897e)` {{(pid=41911) enforce_call /opt/stack/keystone/keystone/common/rbac_enforcer/enforcer.py:449}}
Jul 20 05:51:41 user devstack@keystone.service[41911]: DEBUG keystone.common.rbac_enforcer.enforcer [None req-a660e8a1-b531-4819-99b8-8186f1e11512 None admin] RBAC: Authorization granted {{(pid=41911) enforce_call /opt/stack/keystone/keystone/common/rbac_enforcer/enforcer.py:457}}
Jul 20 05:51:41 user devstack@keystone.service[41911]: [pid: 41911|app: 0|req: 70/198] 10.0.0.210 () {56 vars in 1172 bytes} [Thu Jul 20 05:51:41 2023] GET /identity/v3/users/8128c5069c6947d5a5ab06081fa2897e => generated 296 bytes in 133 msecs (HTTP/1.1 200) 5 headers in 177 bytes (2 switches on core 0)
Jul 20 05:51:41 user devstack@keystone.service[41910]: DEBUG keystone.server.flask.request_processing.middleware.auth_context [None req-dc685909-c3bd-41bd-bb33-145239b00943 None admin] Authenticating user token {{(pid=41910) process_request /usr/local/lib/python3.10/dist-packages/keystonemiddleware/auth_token/__init__.py:406}}
Jul 20 05:51:41 user devstack@keystone.service[41910]: DEBUG dbcounter [-] [41910] Writing DB stats keystone:SELECT=97,keystone:INSERT=3 {{(pid=41910) stat_writer /usr/local/lib/python3.10/dist-packages/dbcounter.py:117}}
Jul 20 05:51:41 user devstack@keystone.service[41909]: DEBUG dbcounter [-] [41909] Writing DB stats keystone:SELECT=100 {{(pid=41909) stat_writer /usr/local/lib/python3.10/dist-packages/dbcounter.py:117}}
Jul 20 05:51:41 user devstack@keystone.service[41909]: DEBUG keystone.server.flask.request_processing.middleware.auth_context [None req-094eb7fd-2e6e-4f77-90d6-43b0a0c50e09 None admin] Validating token access rules against request {{(pid=41909) validate_allowed_request /usr/local/lib/python3.10/dist-packages/keystonemiddleware/auth_token/__init__.py:544}}
Jul 20 05:51:41 user devstack@keystone.service[41909]: DEBUG keystone.server.flask.request_processing.middleware.auth_context [None req-aa514313-19a5-419a-9526-3d7d0e90a1ab None admin] RBAC: auth_context: {'token': , 'domain_id': None, 'trust_id': None, 'trustor_id': None, 'trustee_id': None, 'domain_name': None, 'group_ids': [], 'user_id': '34f0e162d7ac4380adc2589aa3a9a264', 'user_domain_id': 'default', 'system_scope': 'all', 'project_id': None, 'project_domain_id': None, 'roles': ['admin', 'member', 'reader'], 'is_admin_project': True, 'service_user_id': None, 'service_user_domain_id': None, 'service_project_id': None, 'service_project_domain_id': None, 'service_roles': []} {{(pid=41909) fill_context /opt/stack/keystone/keystone/server/flask/request_processing/middleware/auth_context.py:480}}
Jul 20 05:51:41 user devstack@keystone.service[41909]: DEBUG keystone.server.flask.request_processing.req_logging [None req-aa514313-19a5-419a-9526-3d7d0e90a1ab None admin] REQUEST_METHOD: `GET` {{(pid=41909) log_request_info /opt/stack/keystone/keystone/server/flask/request_processing/req_logging.py:27}}
Jul 20 05:51:41 user devstack@keystone.service[41909]: DEBUG keystone.server.flask.request_processing.req_logging [None req-aa514313-19a5-419a-9526-3d7d0e90a1ab None admin] SCRIPT_NAME: `/identity` {{(pid=41909) log_request_info /opt/stack/keystone/keystone/server/flask/request_processing/req_logging.py:28}}
Jul 20 05:51:41 user devstack@keystone.service[41909]: DEBUG keystone.server.flask.request_processing.req_logging [None req-aa514313-19a5-419a-9526-3d7d0e90a1ab None admin] PATH_INFO: `/v3/roles` {{(pid=41909) log_request_info /opt/stack/keystone/keystone/server/flask/request_processing/req_logging.py:29}}
Jul 20 05:51:41 user devstack@keystone.service[41909]: DEBUG keystone.common.rbac_enforcer.enforcer [None req-aa514313-19a5-419a-9526-3d7d0e90a1ab None admin] RBAC: Adding query filter params (name=member) {{(pid=41909) _extract_filter_values /opt/stack/keystone/keystone/common/rbac_enforcer/enforcer.py:167}}
Jul 20 05:51:41 user devstack@keystone.service[41909]: DEBUG keystone.common.rbac_enforcer.enforcer [None req-aa514313-19a5-419a-9526-3d7d0e90a1ab None admin] RBAC: Authorizing `identity:list_roles()` {{(pid=41909) enforce_call /opt/stack/keystone/keystone/common/rbac_enforcer/enforcer.py:449}}
Jul 20 05:51:41 user devstack@keystone.service[41909]: DEBUG keystone.common.rbac_enforcer.enforcer [None req-aa514313-19a5-419a-9526-3d7d0e90a1ab None admin] RBAC: Authorization granted {{(pid=41909) enforce_call /opt/stack/keystone/keystone/common/rbac_enforcer/enforcer.py:457}}
Jul 20 05:51:41 user devstack@keystone.service[41909]: [pid: 41909|app: 0|req: 65/199] 10.0.0.210 () {56 vars in 1096 bytes} [Thu Jul 20 05:51:41 2023] GET /identity/v3/roles?name=member => generated 339 bytes in 140 msecs (HTTP/1.1 200) 5 headers in 177 bytes (1 switches on core 0)
Jul 20 05:51:41 user devstack@keystone.service[41910]: DEBUG keystone.server.flask.request_processing.middleware.auth_context [None req-dc685909-c3bd-41bd-bb33-145239b00943 None admin] Validating token access rules against request {{(pid=41910) validate_allowed_request /usr/local/lib/python3.10/dist-packages/keystonemiddleware/auth_token/__init__.py:544}}
Jul 20 05:51:41 user devstack@keystone.service[41911]: DEBUG keystone.server.flask.request_processing.middleware.auth_context [None req-a660e8a1-b531-4819-99b8-8186f1e11512 None admin] Authenticating user token {{(pid=41911) process_request /usr/local/lib/python3.10/dist-packages/keystonemiddleware/auth_token/__init__.py:406}}
Jul 20 05:51:41 user devstack@keystone.service[41911]: DEBUG dbcounter [-] [41911] Writing DB stats keystone:SELECT=100 {{(pid=41911) stat_writer /usr/local/lib/python3.10/dist-packages/dbcounter.py:117}}
Jul 20 05:51:41 user devstack@keystone.service[41910]: DEBUG keystone.server.flask.request_processing.middleware.auth_context [None req-b843581a-bb02-4fda-91cf-c756572281b1 None admin] RBAC: auth_context: {'token': , 'domain_id': None, 'trust_id': None, 'trustor_id': None, 'trustee_id': None, 'domain_name': None, 'group_ids': [], 'user_id': '34f0e162d7ac4380adc2589aa3a9a264', 'user_domain_id': 'default', 'system_scope': 'all', 'project_id': None, 'project_domain_id': None, 'roles': ['admin', 'member', 'reader'], 'is_admin_project': True, 'service_user_id': None, 'service_user_domain_id': None, 'service_project_id': None, 'service_project_domain_id': None, 'service_roles': []} {{(pid=41910) fill_context /opt/stack/keystone/keystone/server/flask/request_processing/middleware/auth_context.py:480}}
Jul 20 05:51:41 user devstack@keystone.service[41910]: DEBUG keystone.server.flask.request_processing.req_logging [None req-b843581a-bb02-4fda-91cf-c756572281b1 None admin] REQUEST_METHOD: `GET` {{(pid=41910) log_request_info /opt/stack/keystone/keystone/server/flask/request_processing/req_logging.py:27}}
Jul 20 05:51:41 user devstack@keystone.service[41910]: DEBUG keystone.server.flask.request_processing.req_logging [None req-b843581a-bb02-4fda-91cf-c756572281b1 None admin] SCRIPT_NAME: `/identity` {{(pid=41910) log_request_info /opt/stack/keystone/keystone/server/flask/request_processing/req_logging.py:28}}
Jul 20 05:51:41 user devstack@keystone.service[41910]: DEBUG keystone.server.flask.request_processing.req_logging [None req-b843581a-bb02-4fda-91cf-c756572281b1 None admin] PATH_INFO: `/v3/projects/26f8aeae8df34363a797ad065443efc7` {{(pid=41910) log_request_info /opt/stack/keystone/keystone/server/flask/request_processing/req_logging.py:29}}
Jul 20 05:51:41 user devstack@keystone.service[41910]: DEBUG keystone.common.rbac_enforcer.enforcer [None req-b843581a-bb02-4fda-91cf-c756572281b1 None admin] RBAC: Authorizing `identity:get_project(project_id=26f8aeae8df34363a797ad065443efc7)` {{(pid=41910) enforce_call /opt/stack/keystone/keystone/common/rbac_enforcer/enforcer.py:449}}
Jul 20 05:51:41 user devstack@keystone.service[41910]: DEBUG keystone.common.rbac_enforcer.enforcer [None req-b843581a-bb02-4fda-91cf-c756572281b1 None admin] RBAC: Authorization granted {{(pid=41910) enforce_call /opt/stack/keystone/keystone/common/rbac_enforcer/enforcer.py:457}}
Jul 20 05:51:41 user devstack@keystone.service[41910]: [pid: 41910|app: 0|req: 65/200] 10.0.0.210 () {56 vars in 1181 bytes} [Thu Jul 20 05:51:41 2023] GET /identity/v3/projects/26f8aeae8df34363a797ad065443efc7 => generated 301 bytes in 126 msecs (HTTP/1.1 200) 5 headers in 177 bytes (1 switches on core 0)
Jul 20 05:51:41 user devstack@keystone.service[41909]: DEBUG keystone.server.flask.request_processing.middleware.auth_context [None req-aa514313-19a5-419a-9526-3d7d0e90a1ab None admin] Authenticating user token {{(pid=41909) process_request /usr/local/lib/python3.10/dist-packages/keystonemiddleware/auth_token/__init__.py:406}}
Jul 20 05:51:41 user devstack@keystone.service[41911]: DEBUG keystone.server.flask.request_processing.middleware.auth_context [None req-a660e8a1-b531-4819-99b8-8186f1e11512 None admin] Validating token access rules against request {{(pid=41911) validate_allowed_request /usr/local/lib/python3.10/dist-packages/keystonemiddleware/auth_token/__init__.py:544}}
Jul 20 05:51:41 user devstack@keystone.service[41909]: DEBUG keystone.server.flask.request_processing.middleware.auth_context [None req-aa514313-19a5-419a-9526-3d7d0e90a1ab None admin] Validating token access rules against request {{(pid=41909) validate_allowed_request /usr/local/lib/python3.10/dist-packages/keystonemiddleware/auth_token/__init__.py:544}}
Jul 20 05:51:41 user devstack@keystone.service[41911]: DEBUG keystone.server.flask.request_processing.middleware.auth_context [None req-ba384c9d-aadc-446f-aa00-7219df2e1d5d None admin] RBAC: auth_context: {'token': , 'domain_id': None, 'trust_id': None, 'trustor_id': None, 'trustee_id': None, 'domain_name': None, 'group_ids': [], 'user_id': '34f0e162d7ac4380adc2589aa3a9a264', 'user_domain_id': 'default', 'system_scope': 'all', 'project_id': None, 'project_domain_id': None, 'roles': ['admin', 'member', 'reader'], 'is_admin_project': True, 'service_user_id': None, 'service_user_domain_id': None, 'service_project_id': None, 'service_project_domain_id': None, 'service_roles': []} {{(pid=41911) fill_context /opt/stack/keystone/keystone/server/flask/request_processing/middleware/auth_context.py:480}}
Jul 20 05:51:41 user devstack@keystone.service[41911]: DEBUG keystone.server.flask.request_processing.req_logging [None req-ba384c9d-aadc-446f-aa00-7219df2e1d5d None admin] REQUEST_METHOD: `GET` {{(pid=41911) log_request_info /opt/stack/keystone/keystone/server/flask/request_processing/req_logging.py:27}}
Jul 20 05:51:41 user devstack@keystone.service[41911]: DEBUG keystone.server.flask.request_processing.req_logging [None req-ba384c9d-aadc-446f-aa00-7219df2e1d5d None admin] SCRIPT_NAME: `/identity` {{(pid=41911) log_request_info /opt/stack/keystone/keystone/server/flask/request_processing/req_logging.py:28}}
Jul 20 05:51:41 user devstack@keystone.service[41911]: DEBUG keystone.server.flask.request_processing.req_logging [None req-ba384c9d-aadc-446f-aa00-7219df2e1d5d None admin] PATH_INFO: `/v3/users/762c159b9f9a485bae6b4583569cdaa4` {{(pid=41911) log_request_info /opt/stack/keystone/keystone/server/flask/request_processing/req_logging.py:29}}
Jul 20 05:51:41 user devstack@keystone.service[41911]: DEBUG keystone.common.rbac_enforcer.enforcer [None req-ba384c9d-aadc-446f-aa00-7219df2e1d5d None admin] RBAC: Authorizing `identity:get_user(user_id=762c159b9f9a485bae6b4583569cdaa4)` {{(pid=41911) enforce_call /opt/stack/keystone/keystone/common/rbac_enforcer/enforcer.py:449}}
Jul 20 05:51:41 user devstack@keystone.service[41911]: DEBUG keystone.common.rbac_enforcer.enforcer [None req-ba384c9d-aadc-446f-aa00-7219df2e1d5d None admin] RBAC: Authorization granted {{(pid=41911) enforce_call /opt/stack/keystone/keystone/common/rbac_enforcer/enforcer.py:457}}
Jul 20 05:51:41 user devstack@keystone.service[41911]: [pid: 41911|app: 0|req: 71/201] 10.0.0.210 () {56 vars in 1172 bytes} [Thu Jul 20 05:51:41 2023] GET /identity/v3/users/762c159b9f9a485bae6b4583569cdaa4 => generated 296 bytes in 129 msecs (HTTP/1.1 200) 5 headers in 177 bytes (1 switches on core 0)
