Apr 13 20:18:37 user devstack@c-api.service[72078]: DEBUG cinder.api.v3.volumes [None req-4e709b9c-d441-460b-802e-5cbe508fcab9 tempest-VolumeQuotasNegativeTestJSON-1618974133 tempest-VolumeQuotasNegativeTestJSON-1618974133-project-member] Create volume request body: {'volume': {'size': 1}} {{(pid=72078) create /opt/stack/cinder/cinder/api/v3/volumes.py:297}}
Apr 13 20:18:37 user devstack@c-api.service[72078]: INFO cinder.api.v3.volumes [None req-4e709b9c-d441-460b-802e-5cbe508fcab9 tempest-VolumeQuotasNegativeTestJSON-1618974133 tempest-VolumeQuotasNegativeTestJSON-1618974133-project-member] Create volume of 1 GB
Apr 13 20:18:37 user devstack@c-api.service[72078]: INFO cinder.volume.api [None req-4e709b9c-d441-460b-802e-5cbe508fcab9 tempest-VolumeQuotasNegativeTestJSON-1618974133 tempest-VolumeQuotasNegativeTestJSON-1618974133-project-member] Availability Zones retrieved successfully.
Apr 13 20:18:37 user devstack@c-api.service[72078]: DEBUG cinder.volume.api [None req-4e709b9c-d441-460b-802e-5cbe508fcab9 tempest-VolumeQuotasNegativeTestJSON-1618974133 tempest-VolumeQuotasNegativeTestJSON-1618974133-project-member] Flow 'volume_create_api' (e5111bce-d092-47f7-809a-b8271abe1770) transitioned into state 'RUNNING' from state 'PENDING' {{(pid=72078) _flow_receiver /usr/local/lib/python3.10/dist-packages/taskflow/listeners/logging.py:141}}
Apr 13 20:18:37 user devstack@c-api.service[72078]: DEBUG cinder.volume.api [None req-4e709b9c-d441-460b-802e-5cbe508fcab9 tempest-VolumeQuotasNegativeTestJSON-1618974133 tempest-VolumeQuotasNegativeTestJSON-1618974133-project-member] Task 'cinder.volume.flows.api.create_volume.ExtractVolumeRequestTask;volume:create' (231ccdc7-d06f-4e11-be37-ab2e0960fb40) transitioned into state 'RUNNING' from state 'PENDING' {{(pid=72078) _task_receiver /usr/local/lib/python3.10/dist-packages/taskflow/listeners/logging.py:190}}
Apr 13 20:18:37 user devstack@c-api.service[72078]: DEBUG cinder.volume.flows.api.create_volume [None req-4e709b9c-d441-460b-802e-5cbe508fcab9 tempest-VolumeQuotasNegativeTestJSON-1618974133 tempest-VolumeQuotasNegativeTestJSON-1618974133-project-member] Validating volume size '1' using validate_int {{(pid=72078) _extract_size /opt/stack/cinder/cinder/volume/flows/api/create_volume.py:228}}
Apr 13 20:18:37 user devstack@c-api.service[72078]: DEBUG cinder.volume.api [None req-4e709b9c-d441-460b-802e-5cbe508fcab9 tempest-VolumeQuotasNegativeTestJSON-1618974133 tempest-VolumeQuotasNegativeTestJSON-1618974133-project-member] Task 'cinder.volume.flows.api.create_volume.ExtractVolumeRequestTask;volume:create' (231ccdc7-d06f-4e11-be37-ab2e0960fb40) transitioned into state 'SUCCESS' from state 'RUNNING' with result '{'size': 1, 'snapshot_id': None, 'source_volid': None, 'volume_type': VolumeType(created_at=2023-04-13T20:14:51Z,deleted=False,deleted_at=None,description=None,extra_specs={volume_backend_name='joviandss-2'},id=cdb59f79-63e0-4606-b5e1-b23d94798f57,is_public=True,name='joviandss-2',projects=[],qos_specs=,qos_specs_id=None,updated_at=None), 'volume_type_id': 'cdb59f79-63e0-4606-b5e1-b23d94798f57', 'encryption_key_id': None, 'qos_specs': None, 'consistencygroup_id': None, 'cgsnapshot_id': None, 'group_id': None, 'replication_status': 'disabled', 'refresh_az': False, 'backup_id': None, 'multiattach': False, 'availability_zones': ['nova']}' {{(pid=72078) _task_receiver /usr/local/lib/python3.10/dist-packages/taskflow/listeners/logging.py:178}}
Apr 13 20:18:37 user devstack@c-api.service[72078]: DEBUG cinder.volume.api [None req-4e709b9c-d441-460b-802e-5cbe508fcab9 tempest-VolumeQuotasNegativeTestJSON-1618974133 tempest-VolumeQuotasNegativeTestJSON-1618974133-project-member] Task 'cinder.volume.flows.api.create_volume.QuotaReserveTask;volume:create' (5d1fd9ae-a06e-402e-a5fe-8b9f4df447fe) transitioned into state 'RUNNING' from state 'PENDING' {{(pid=72078) _task_receiver /usr/local/lib/python3.10/dist-packages/taskflow/listeners/logging.py:190}}
Apr 13 20:18:37 user devstack@c-api.service[72078]: WARNING cinder.quota_utils [None req-4e709b9c-d441-460b-802e-5cbe508fcab9 tempest-VolumeQuotasNegativeTestJSON-1618974133 tempest-VolumeQuotasNegativeTestJSON-1618974133-project-member] Quota exceeded for 43c098a63e4c44a5bdd833036310f074, tried to create volume (1 volumes already consumed).: cinder.exception.OverQuota: Quota exceeded for resources: ['volumes']
Apr 13 20:18:37 user devstack@c-api.service[72078]: WARNING cinder.volume.api [None req-4e709b9c-d441-460b-802e-5cbe508fcab9 tempest-VolumeQuotasNegativeTestJSON-1618974133 tempest-VolumeQuotasNegativeTestJSON-1618974133-project-member] Task 'cinder.volume.flows.api.create_volume.QuotaReserveTask;volume:create' (5d1fd9ae-a06e-402e-a5fe-8b9f4df447fe) transitioned into state 'FAILURE' from state 'RUNNING'
Apr 13 20:18:37 user devstack@c-api.service[72078]: Failure: cinder.exception.VolumeLimitExceeded: Maximum number of volumes allowed (1) exceeded for quota 'volumes'.
Apr 13 20:18:37 user devstack@c-api.service[72078]: DEBUG cinder.volume.api [None req-4e709b9c-d441-460b-802e-5cbe508fcab9 tempest-VolumeQuotasNegativeTestJSON-1618974133 tempest-VolumeQuotasNegativeTestJSON-1618974133-project-member] Task 'cinder.volume.flows.api.create_volume.QuotaReserveTask;volume:create' (5d1fd9ae-a06e-402e-a5fe-8b9f4df447fe) transitioned into state 'REVERTING' from state 'FAILURE' {{(pid=72078) _task_receiver /usr/local/lib/python3.10/dist-packages/taskflow/listeners/logging.py:190}}
Apr 13 20:18:37 user devstack@c-api.service[72078]: WARNING cinder.volume.api [None req-4e709b9c-d441-460b-802e-5cbe508fcab9 tempest-VolumeQuotasNegativeTestJSON-1618974133 tempest-VolumeQuotasNegativeTestJSON-1618974133-project-member] Task 'cinder.volume.flows.api.create_volume.QuotaReserveTask;volume:create' (5d1fd9ae-a06e-402e-a5fe-8b9f4df447fe) transitioned into state 'REVERTED' from state 'REVERTING' with result 'None'
Apr 13 20:18:37 user devstack@c-api.service[72078]: DEBUG cinder.volume.api [None req-4e709b9c-d441-460b-802e-5cbe508fcab9 tempest-VolumeQuotasNegativeTestJSON-1618974133 tempest-VolumeQuotasNegativeTestJSON-1618974133-project-member] Task 'cinder.volume.flows.api.create_volume.ExtractVolumeRequestTask;volume:create' (231ccdc7-d06f-4e11-be37-ab2e0960fb40) transitioned into state 'REVERTING' from state 'SUCCESS' {{(pid=72078) _task_receiver /usr/local/lib/python3.10/dist-packages/taskflow/listeners/logging.py:190}}
Apr 13 20:18:37 user devstack@c-api.service[72078]: WARNING cinder.volume.api [None req-4e709b9c-d441-460b-802e-5cbe508fcab9 tempest-VolumeQuotasNegativeTestJSON-1618974133 tempest-VolumeQuotasNegativeTestJSON-1618974133-project-member] Task 'cinder.volume.flows.api.create_volume.ExtractVolumeRequestTask;volume:create' (231ccdc7-d06f-4e11-be37-ab2e0960fb40) transitioned into state 'REVERTED' from state 'REVERTING' with result 'None'
Apr 13 20:18:37 user devstack@c-api.service[72078]: WARNING cinder.volume.api [None req-4e709b9c-d441-460b-802e-5cbe508fcab9 tempest-VolumeQuotasNegativeTestJSON-1618974133 tempest-VolumeQuotasNegativeTestJSON-1618974133-project-member] Flow 'volume_create_api' (e5111bce-d092-47f7-809a-b8271abe1770) transitioned into state 'REVERTED' from state 'RUNNING'
Apr 13 20:18:37 user devstack@c-api.service[72078]: INFO cinder.api.middleware.fault [None req-4e709b9c-d441-460b-802e-5cbe508fcab9 tempest-VolumeQuotasNegativeTestJSON-1618974133 tempest-VolumeQuotasNegativeTestJSON-1618974133-project-member] http://10.0.0.210/volume/v3/43c098a63e4c44a5bdd833036310f074/volumes returned with HTTP 413
Apr 13 20:18:37 user devstack@c-api.service[72078]: [pid: 72078|app: 0|req: 24/61] 10.0.0.210 () {64 vars in 1312 bytes} [Thu Apr 13 20:18:37 2023] POST /volume/v3/43c098a63e4c44a5bdd833036310f074/volumes => generated 150 bytes in 242 msecs (HTTP/1.1 413) 8 headers in 323 bytes (1 switches on core 0)
Apr 13 20:18:37 user devstack@c-api.service[72076]: DEBUG cinder.api.middleware.request_id [None req-139a3d99-5aed-4aa4-a6a8-73b770149cbd None None] RequestId filter calling following filter/app {{(pid=72076) _context_setter /opt/stack/cinder/cinder/api/middleware/request_id.py:62}}
Apr 13 20:18:37 user devstack@c-api.service[72076]: INFO cinder.api.openstack.wsgi [None req-139a3d99-5aed-4aa4-a6a8-73b770149cbd tempest-VolumeQuotasNegativeTestJSON-929509239 tempest-VolumeQuotasNegativeTestJSON-929509239-project-admin] PUT http://10.0.0.210/volume/v3/c7cb7d5325f548b19290edd76b7c8929/os-quota-sets/43c098a63e4c44a5bdd833036310f074
Apr 13 20:18:37 user devstack@c-api.service[72076]: DEBUG cinder.api.openstack.wsgi [None req-139a3d99-5aed-4aa4-a6a8-73b770149cbd tempest-VolumeQuotasNegativeTestJSON-929509239 tempest-VolumeQuotasNegativeTestJSON-929509239-project-admin] Action: 'update', calling method: update, body: {"quota_set": {"gigabytes": 1}} {{(pid=72076) _process_stack /opt/stack/cinder/cinder/api/openstack/wsgi.py:866}}
Apr 13 20:18:37 user devstack@c-api.service[72076]: /usr/local/lib/python3.10/dist-packages/oslo_context/context.py:100: DeprecationWarning: Policy enforcement is depending on the value of is_admin. This key is deprecated. Please update your policy file to use the standard policy values.
Apr 13 20:18:37 user devstack@c-api.service[72076]: warnings.warn('Policy enforcement is depending on the value of '
Apr 13 20:18:37 user devstack@c-api.service[72076]: DEBUG dbcounter [-] [72076] Writing DB stats cinder:SELECT=88,cinder:UPDATE=6,cinder:INSERT=6 {{(pid=72076) stat_writer /usr/local/lib/python3.10/dist-packages/dbcounter.py:117}}
Apr 13 20:18:37 user devstack@c-api.service[72077]: DEBUG cinder.api.middleware.request_id [None req-44728e15-77f6-44ac-945d-fcbaff180b73 None None] RequestId filter calling following filter/app {{(pid=72077) _context_setter /opt/stack/cinder/cinder/api/middleware/request_id.py:62}}
Apr 13 20:18:37 user devstack@c-api.service[72077]: INFO cinder.api.openstack.wsgi [None req-44728e15-77f6-44ac-945d-fcbaff180b73 tempest-GroupSnapshotsTest-1179875496 tempest-GroupSnapshotsTest-1179875496-project-member] GET http://10.0.0.210/volume/v3/d5dacfb1b0b743a7bd41e30f05b01e99/volumes/725a1017-170b-4188-9e12-2026fd61fdbf
Apr 13 20:18:37 user devstack@c-api.service[72077]: DEBUG cinder.api.openstack.wsgi [None req-44728e15-77f6-44ac-945d-fcbaff180b73 tempest-GroupSnapshotsTest-1179875496 tempest-GroupSnapshotsTest-1179875496-project-member] Empty body provided in request {{(pid=72077) get_body /opt/stack/cinder/cinder/api/openstack/wsgi.py:715}}
Apr 13 20:18:37 user devstack@c-api.service[72077]: DEBUG cinder.api.openstack.wsgi [None req-44728e15-77f6-44ac-945d-fcbaff180b73 tempest-GroupSnapshotsTest-1179875496 tempest-GroupSnapshotsTest-1179875496-project-member] Calling method 'show' {{(pid=72077) _process_stack /opt/stack/cinder/cinder/api/openstack/wsgi.py:868}}
Apr 13 20:18:37 user devstack@c-api.service[72077]: /usr/local/lib/python3.10/dist-packages/oslo_context/context.py:100: DeprecationWarning: Policy enforcement is depending on the value of is_admin. This key is deprecated. Please update your policy file to use the standard policy values.
Apr 13 20:18:37 user devstack@c-api.service[72077]: warnings.warn('Policy enforcement is depending on the value of '
Apr 13 20:18:37 user devstack@c-api.service[72077]: INFO cinder.volume.api [None req-44728e15-77f6-44ac-945d-fcbaff180b73 tempest-GroupSnapshotsTest-1179875496 tempest-GroupSnapshotsTest-1179875496-project-member] Volume info retrieved successfully.
Apr 13 20:18:37 user devstack@c-api.service[72077]: WARNING stevedore.named [None req-44728e15-77f6-44ac-945d-fcbaff180b73 tempest-GroupSnapshotsTest-1179875496 tempest-GroupSnapshotsTest-1179875496-project-member] Could not load cinder.keymgr.conf_key_mgr.ConfKeyManager
Apr 13 20:18:37 user devstack@c-api.service[72077]: WARNING castellan.key_manager [None req-44728e15-77f6-44ac-945d-fcbaff180b73 tempest-GroupSnapshotsTest-1179875496 tempest-GroupSnapshotsTest-1179875496-project-member] Deprecation Warning : cinder.keymgr.conf_key_mgr.ConfKeyManager is not a stevedore based driver, trying to load it as a class: stevedore.exception.NoMatches: No 'castellan.drivers' driver found, looking for 'cinder.keymgr.conf_key_mgr.ConfKeyManager'
Apr 13 20:18:37 user devstack@c-api.service[72077]: DEBUG oslo_db.sqlalchemy.engines [None req-44728e15-77f6-44ac-945d-fcbaff180b73 tempest-GroupSnapshotsTest-1179875496 tempest-GroupSnapshotsTest-1179875496-project-member] MySQL server mode set to STRICT_TRANS_TABLES,STRICT_ALL_TABLES,NO_ZERO_IN_DATE,NO_ZERO_DATE,ERROR_FOR_DIVISION_BY_ZERO,TRADITIONAL,NO_ENGINE_SUBSTITUTION {{(pid=72077) _check_effective_sql_mode /usr/local/lib/python3.10/dist-packages/oslo_db/sqlalchemy/engines.py:335}}
Apr 13 20:18:37 user devstack@c-api.service[72077]: /usr/local/lib/python3.10/dist-packages/oslo_context/context.py:100: DeprecationWarning: Policy enforcement is depending on the value of is_admin. This key is deprecated. Please update your policy file to use the standard policy values.
Apr 13 20:18:37 user devstack@c-api.service[72077]: warnings.warn('Policy enforcement is depending on the value of '
Apr 13 20:18:37 user devstack@c-api.service[72076]: WARNING cinder.quota [None req-139a3d99-5aed-4aa4-a6a8-73b770149cbd tempest-VolumeQuotasNegativeTestJSON-929509239 tempest-VolumeQuotasNegativeTestJSON-929509239-project-admin] Deprecated: Default quota for resource: backups is set by the default quota flag: quota_backups, it is now deprecated. Please use the default quota class for default quota.
Apr 13 20:18:37 user devstack@c-api.service[72076]: WARNING cinder.quota [None req-139a3d99-5aed-4aa4-a6a8-73b770149cbd tempest-VolumeQuotasNegativeTestJSON-929509239 tempest-VolumeQuotasNegativeTestJSON-929509239-project-admin] Deprecated: Default quota for resource: backup_gigabytes is set by the default quota flag: quota_backup_gigabytes, it is now deprecated. Please use the default quota class for default quota.
Apr 13 20:18:37 user devstack@c-api.service[72076]: WARNING cinder.quota [None req-139a3d99-5aed-4aa4-a6a8-73b770149cbd tempest-VolumeQuotasNegativeTestJSON-929509239 tempest-VolumeQuotasNegativeTestJSON-929509239-project-admin] Deprecated: Default quota for resource: snapshots_tempest-VolumeTypesTest-volume-type-1916121376 is set by the default quota flag: quota_snapshots_tempest-VolumeTypesTest-volume-type-1916121376, it is now deprecated. Please use the default quota class for default quota.
Apr 13 20:18:37 user devstack@c-api.service[72076]: WARNING cinder.quota [None req-139a3d99-5aed-4aa4-a6a8-73b770149cbd tempest-VolumeQuotasNegativeTestJSON-929509239 tempest-VolumeQuotasNegativeTestJSON-929509239-project-admin] Deprecated: Default quota for resource: snapshots_tempest-VolumeTypesTest-volume-type-669106425 is set by the default quota flag: quota_snapshots_tempest-VolumeTypesTest-volume-type-669106425, it is now deprecated. Please use the default quota class for default quota.
Apr 13 20:18:37 user devstack@c-api.service[72076]: WARNING cinder.quota [None req-139a3d99-5aed-4aa4-a6a8-73b770149cbd tempest-VolumeQuotasNegativeTestJSON-929509239 tempest-VolumeQuotasNegativeTestJSON-929509239-project-admin] Deprecated: Default quota for resource: snapshots_joviandss-2 is set by the default quota flag: quota_snapshots_joviandss-2, it is now deprecated. Please use the default quota class for default quota.
Apr 13 20:18:37 user devstack@c-api.service[72076]: WARNING cinder.quota [None req-139a3d99-5aed-4aa4-a6a8-73b770149cbd tempest-VolumeQuotasNegativeTestJSON-929509239 tempest-VolumeQuotasNegativeTestJSON-929509239-project-admin] Deprecated: Default quota for resource: volumes___DEFAULT__ is set by the default quota flag: quota_volumes___DEFAULT__, it is now deprecated. Please use the default quota class for default quota.
Apr 13 20:18:37 user devstack@c-api.service[72076]: WARNING cinder.quota [None req-139a3d99-5aed-4aa4-a6a8-73b770149cbd tempest-VolumeQuotasNegativeTestJSON-929509239 tempest-VolumeQuotasNegativeTestJSON-929509239-project-admin] Deprecated: Default quota for resource: gigabytes___DEFAULT__ is set by the default quota flag: quota_gigabytes___DEFAULT__, it is now deprecated. Please use the default quota class for default quota.
Apr 13 20:18:37 user devstack@c-api.service[72076]: WARNING cinder.quota [None req-139a3d99-5aed-4aa4-a6a8-73b770149cbd tempest-VolumeQuotasNegativeTestJSON-929509239 tempest-VolumeQuotasNegativeTestJSON-929509239-project-admin] Deprecated: Default quota for resource: snapshots___DEFAULT__ is set by the default quota flag: quota_snapshots___DEFAULT__, it is now deprecated. Please use the default quota class for default quota.
Apr 13 20:18:37 user devstack@c-api.service[72077]: INFO cinder.api.openstack.wsgi [None req-44728e15-77f6-44ac-945d-fcbaff180b73 tempest-GroupSnapshotsTest-1179875496 tempest-GroupSnapshotsTest-1179875496-project-member] http://10.0.0.210/volume/v3/d5dacfb1b0b743a7bd41e30f05b01e99/volumes/725a1017-170b-4188-9e12-2026fd61fdbf returned with HTTP 200
Apr 13 20:18:37 user devstack@c-api.service[72077]: [pid: 72077|app: 0|req: 16/62] 10.0.0.210 () {64 vars in 1443 bytes} [Thu Apr 13 20:18:37 2023] GET /volume/v3/d5dacfb1b0b743a7bd41e30f05b01e99/volumes/725a1017-170b-4188-9e12-2026fd61fdbf => generated 989 bytes in 75 msecs (HTTP/1.1 200) 7 headers in 286 bytes (1 switches on core 0)
Apr 13 20:18:37 user devstack@c-api.service[72076]: INFO cinder.api.openstack.wsgi [None req-139a3d99-5aed-4aa4-a6a8-73b770149cbd tempest-VolumeQuotasNegativeTestJSON-929509239 tempest-VolumeQuotasNegativeTestJSON-929509239-project-admin] http://10.0.0.210/volume/v3/c7cb7d5325f548b19290edd76b7c8929/os-quota-sets/43c098a63e4c44a5bdd833036310f074 returned with HTTP 200
Apr 13 20:18:37 user devstack@c-api.service[72076]: [pid: 72076|app: 0|req: 23/63] 10.0.0.210 () {64 vars in 1428 bytes} [Thu Apr 13 20:18:37 2023] PUT /volume/v3/c7cb7d5325f548b19290edd76b7c8929/os-quota-sets/43c098a63e4c44a5bdd833036310f074 => generated 888 bytes in 104 msecs (HTTP/1.1 200) 7 headers in 285 bytes (1 switches on core 0)
Apr 13 20:18:37 user devstack@c-api.service[72078]: DEBUG cinder.api.middleware.request_id [None req-5b6408e6-b52a-4dfe-ba00-7cfae965d79e None None] RequestId filter calling following filter/app {{(pid=72078) _context_setter /opt/stack/cinder/cinder/api/middleware/request_id.py:62}}
Apr 13 20:18:37 user devstack@c-api.service[72078]: INFO cinder.api.openstack.wsgi [None req-5b6408e6-b52a-4dfe-ba00-7cfae965d79e tempest-VolumeQuotasNegativeTestJSON-1618974133 tempest-VolumeQuotasNegativeTestJSON-1618974133-project-member] POST http://10.0.0.210/volume/v3/43c098a63e4c44a5bdd833036310f074/volumes/7389e60e-6fa7-44ab-a3f6-8f8cf893be72/action
Apr 13 20:18:37 user devstack@c-api.service[72078]: DEBUG cinder.api.openstack.wsgi [None req-5b6408e6-b52a-4dfe-ba00-7cfae965d79e tempest-VolumeQuotasNegativeTestJSON-1618974133 tempest-VolumeQuotasNegativeTestJSON-1618974133-project-member] Action body: b'{"os-extend": {"new_size": 2}}' {{(pid=72078) get_method /opt/stack/cinder/cinder/api/openstack/wsgi.py:983}}
Apr 13 20:18:37 user devstack@c-api.service[72078]: DEBUG cinder.api.openstack.wsgi [None req-5b6408e6-b52a-4dfe-ba00-7cfae965d79e tempest-VolumeQuotasNegativeTestJSON-1618974133 tempest-VolumeQuotasNegativeTestJSON-1618974133-project-member] Action: 'action', calling method: _extend, body: {"os-extend": {"new_size": 2}} {{(pid=72078) _process_stack /opt/stack/cinder/cinder/api/openstack/wsgi.py:866}}
Apr 13 20:18:37 user devstack@c-api.service[72078]: /usr/local/lib/python3.10/dist-packages/oslo_context/context.py:100: DeprecationWarning: Policy enforcement is depending on the value of is_admin. This key is deprecated. Please update your policy file to use the standard policy values.
Apr 13 20:18:37 user devstack@c-api.service[72078]: warnings.warn('Policy enforcement is depending on the value of '
Apr 13 20:18:37 user devstack@c-api.service[72078]: INFO cinder.volume.api [None req-5b6408e6-b52a-4dfe-ba00-7cfae965d79e tempest-VolumeQuotasNegativeTestJSON-1618974133 tempest-VolumeQuotasNegativeTestJSON-1618974133-project-member] Volume info retrieved successfully.
Apr 13 20:18:37 user devstack@c-api.service[72077]: DEBUG cinder.api.middleware.request_id [None req-7a8870a6-a13d-4e33-b17a-f1edc7f765d6 None None] RequestId filter calling following filter/app {{(pid=72077) _context_setter /opt/stack/cinder/cinder/api/middleware/request_id.py:62}}
Apr 13 20:18:37 user devstack@c-api.service[72077]: INFO cinder.api.openstack.wsgi [None req-7a8870a6-a13d-4e33-b17a-f1edc7f765d6 tempest-VolumeTypesTest-436275190 tempest-VolumeTypesTest-436275190-project-member] GET http://10.0.0.210/volume/v3/766a7fe82b7e4f878f163e83b7f41345/volumes/716f36a7-5f50-4116-b72c-e485fcfdf7e3
Apr 13 20:18:37 user devstack@c-api.service[72077]: DEBUG cinder.api.openstack.wsgi [None req-7a8870a6-a13d-4e33-b17a-f1edc7f765d6 tempest-VolumeTypesTest-436275190 tempest-VolumeTypesTest-436275190-project-member] Empty body provided in request {{(pid=72077) get_body /opt/stack/cinder/cinder/api/openstack/wsgi.py:715}}
Apr 13 20:18:37 user devstack@c-api.service[72077]: DEBUG cinder.api.openstack.wsgi [None req-7a8870a6-a13d-4e33-b17a-f1edc7f765d6 tempest-VolumeTypesTest-436275190 tempest-VolumeTypesTest-436275190-project-member] Calling method 'show' {{(pid=72077) _process_stack /opt/stack/cinder/cinder/api/openstack/wsgi.py:868}}
Apr 13 20:18:37 user devstack@c-api.service[72077]: /usr/local/lib/python3.10/dist-packages/oslo_context/context.py:100: DeprecationWarning: Policy enforcement is depending on the value of is_admin. This key is deprecated. Please update your policy file to use the standard policy values.
Apr 13 20:18:37 user devstack@c-api.service[72077]: warnings.warn('Policy enforcement is depending on the value of '
Apr 13 20:18:37 user devstack@c-api.service[72078]: ERROR cinder.volume.api [None req-5b6408e6-b52a-4dfe-ba00-7cfae965d79e tempest-VolumeQuotasNegativeTestJSON-1618974133 tempest-VolumeQuotasNegativeTestJSON-1618974133-project-member] Quota exceeded for 43c098a63e4c44a5bdd833036310f074, tried to extend volume by 1G, (1G of 1G already consumed).: cinder.exception.OverQuota: Quota exceeded for resources: ['gigabytes']
Apr 13 20:18:37 user devstack@c-api.service[72077]: INFO cinder.volume.api [None req-7a8870a6-a13d-4e33-b17a-f1edc7f765d6 tempest-VolumeTypesTest-436275190 tempest-VolumeTypesTest-436275190-project-member] Volume info retrieved successfully.
Apr 13 20:18:37 user devstack@c-api.service[72078]: INFO cinder.api.middleware.fault [None req-5b6408e6-b52a-4dfe-ba00-7cfae965d79e tempest-VolumeQuotasNegativeTestJSON-1618974133 tempest-VolumeQuotasNegativeTestJSON-1618974133-project-member] http://10.0.0.210/volume/v3/43c098a63e4c44a5bdd833036310f074/volumes/7389e60e-6fa7-44ab-a3f6-8f8cf893be72/action returned with HTTP 413
Apr 13 20:18:37 user devstack@c-api.service[72078]: [pid: 72078|app: 0|req: 25/64] 10.0.0.210 () {64 vars in 1444 bytes} [Thu Apr 13 20:18:37 2023] POST /volume/v3/43c098a63e4c44a5bdd833036310f074/volumes/7389e60e-6fa7-44ab-a3f6-8f8cf893be72/action => generated 208 bytes in 126 msecs (HTTP/1.1 413) 8 headers in 323 bytes (1 switches on core 0)
Apr 13 20:18:37 user devstack@c-api.service[72076]: DEBUG cinder.api.middleware.request_id [None req-8ede05aa-d31b-42b2-8def-16b66d0bdffe None None] RequestId filter calling following filter/app {{(pid=72076) _context_setter /opt/stack/cinder/cinder/api/middleware/request_id.py:62}}
Apr 13 20:18:37 user devstack@c-api.service[72076]: INFO cinder.api.openstack.wsgi [None req-8ede05aa-d31b-42b2-8def-16b66d0bdffe tempest-VolumeQuotasNegativeTestJSON-1618974133 tempest-VolumeQuotasNegativeTestJSON-1618974133-project-member] GET http://10.0.0.210/volume/v3/43c098a63e4c44a5bdd833036310f074/volumes/7389e60e-6fa7-44ab-a3f6-8f8cf893be72
Apr 13 20:18:37 user devstack@c-api.service[72076]: DEBUG cinder.api.openstack.wsgi [None req-8ede05aa-d31b-42b2-8def-16b66d0bdffe tempest-VolumeQuotasNegativeTestJSON-1618974133 tempest-VolumeQuotasNegativeTestJSON-1618974133-project-member] Empty body provided in request {{(pid=72076) get_body /opt/stack/cinder/cinder/api/openstack/wsgi.py:715}}
Apr 13 20:18:37 user devstack@c-api.service[72076]: DEBUG cinder.api.openstack.wsgi [None req-8ede05aa-d31b-42b2-8def-16b66d0bdffe tempest-VolumeQuotasNegativeTestJSON-1618974133 tempest-VolumeQuotasNegativeTestJSON-1618974133-project-member] Calling method 'show' {{(pid=72076) _process_stack /opt/stack/cinder/cinder/api/openstack/wsgi.py:868}}
Apr 13 20:18:37 user devstack@c-api.service[72077]: INFO cinder.api.openstack.wsgi [None req-7a8870a6-a13d-4e33-b17a-f1edc7f765d6 tempest-VolumeTypesTest-436275190 tempest-VolumeTypesTest-436275190-project-member] http://10.0.0.210/volume/v3/766a7fe82b7e4f878f163e83b7f41345/volumes/716f36a7-5f50-4116-b72c-e485fcfdf7e3 returned with HTTP 200
Apr 13 20:18:37 user devstack@c-api.service[72077]: [pid: 72077|app: 0|req: 17/65] 10.0.0.210 () {62 vars in 1402 bytes} [Thu Apr 13 20:18:37 2023] GET /volume/v3/766a7fe82b7e4f878f163e83b7f41345/volumes/716f36a7-5f50-4116-b72c-e485fcfdf7e3 => generated 940 bytes in 64 msecs (HTTP/1.1 200) 7 headers in 285 bytes (1 switches on core 0)
Apr 13 20:18:37 user devstack@c-api.service[72076]: /usr/local/lib/python3.10/dist-packages/oslo_context/context.py:100: DeprecationWarning: Policy enforcement is depending on the value of is_admin. This key is deprecated. Please update your policy file to use the standard policy values.
Apr 13 20:18:37 user devstack@c-api.service[72076]: warnings.warn('Policy enforcement is depending on the value of '
Apr 13 20:18:37 user devstack@c-api.service[72078]: DEBUG cinder.api.middleware.request_id [None req-49ad760f-0ba0-46db-9c5b-9cb221941eb0 None None] RequestId filter calling following filter/app {{(pid=72078) _context_setter /opt/stack/cinder/cinder/api/middleware/request_id.py:62}}
Apr 13 20:18:37 user devstack@c-api.service[72078]: INFO cinder.api.openstack.wsgi [None req-49ad760f-0ba0-46db-9c5b-9cb221941eb0 tempest-VolumeTypesTest-436275190 tempest-VolumeTypesTest-436275190-project-member] GET http://10.0.0.210/volume/v3/766a7fe82b7e4f878f163e83b7f41345/volumes/716f36a7-5f50-4116-b72c-e485fcfdf7e3
Apr 13 20:18:37 user devstack@c-api.service[72078]: DEBUG cinder.api.openstack.wsgi [None req-49ad760f-0ba0-46db-9c5b-9cb221941eb0 tempest-VolumeTypesTest-436275190 tempest-VolumeTypesTest-436275190-project-member] Empty body provided in request {{(pid=72078) get_body /opt/stack/cinder/cinder/api/openstack/wsgi.py:715}}
Apr 13 20:18:37 user devstack@c-api.service[72076]: INFO cinder.volume.api [None req-8ede05aa-d31b-42b2-8def-16b66d0bdffe tempest-VolumeQuotasNegativeTestJSON-1618974133 tempest-VolumeQuotasNegativeTestJSON-1618974133-project-member] Volume info retrieved successfully.
Apr 13 20:18:37 user devstack@c-api.service[72078]: DEBUG cinder.api.openstack.wsgi [None req-49ad760f-0ba0-46db-9c5b-9cb221941eb0 tempest-VolumeTypesTest-436275190 tempest-VolumeTypesTest-436275190-project-member] Calling method 'show' {{(pid=72078) _process_stack /opt/stack/cinder/cinder/api/openstack/wsgi.py:868}}
Apr 13 20:18:37 user devstack@c-api.service[72076]: INFO cinder.api.openstack.wsgi [None req-8ede05aa-d31b-42b2-8def-16b66d0bdffe tempest-VolumeQuotasNegativeTestJSON-1618974133 tempest-VolumeQuotasNegativeTestJSON-1618974133-project-member] http://10.0.0.210/volume/v3/43c098a63e4c44a5bdd833036310f074/volumes/7389e60e-6fa7-44ab-a3f6-8f8cf893be72 returned with HTTP 200
Apr 13 20:18:37 user devstack@c-api.service[72076]: [pid: 72076|app: 0|req: 24/66] 10.0.0.210 () {62 vars in 1402 bytes} [Thu Apr 13 20:18:37 2023] GET /volume/v3/43c098a63e4c44a5bdd833036310f074/volumes/7389e60e-6fa7-44ab-a3f6-8f8cf893be72 => generated 917 bytes in 41 msecs (HTTP/1.1 200) 7 headers in 285 bytes (2 switches on core 0)
Apr 13 20:18:37 user devstack@c-api.service[72078]: /usr/local/lib/python3.10/dist-packages/oslo_context/context.py:100: DeprecationWarning: Policy enforcement is depending on the value of is_admin. This key is deprecated. Please update your policy file to use the standard policy values.
Apr 13 20:18:37 user devstack@c-api.service[72078]: warnings.warn('Policy enforcement is depending on the value of '
Apr 13 20:18:37 user devstack@c-api.service[72078]: INFO cinder.volume.api [None req-49ad760f-0ba0-46db-9c5b-9cb221941eb0 tempest-VolumeTypesTest-436275190 tempest-VolumeTypesTest-436275190-project-member] Volume info retrieved successfully.
Apr 13 20:18:37 user devstack@c-api.service[72077]: DEBUG cinder.api.middleware.request_id [None req-abc7db6f-e9c1-4147-adfe-23e4a6e49144 None None] RequestId filter calling following filter/app {{(pid=72077) _context_setter /opt/stack/cinder/cinder/api/middleware/request_id.py:62}}
Apr 13 20:18:37 user devstack@c-api.service[72077]: INFO cinder.api.openstack.wsgi [None req-abc7db6f-e9c1-4147-adfe-23e4a6e49144 tempest-VolumeQuotasNegativeTestJSON-1618974133 tempest-VolumeQuotasNegativeTestJSON-1618974133-project-member] DELETE http://10.0.0.210/volume/v3/43c098a63e4c44a5bdd833036310f074/volumes/7389e60e-6fa7-44ab-a3f6-8f8cf893be72
Apr 13 20:18:37 user devstack@c-api.service[72077]: DEBUG cinder.api.openstack.wsgi [None req-abc7db6f-e9c1-4147-adfe-23e4a6e49144 tempest-VolumeQuotasNegativeTestJSON-1618974133 tempest-VolumeQuotasNegativeTestJSON-1618974133-project-member] Empty body provided in request {{(pid=72077) get_body /opt/stack/cinder/cinder/api/openstack/wsgi.py:715}}
Apr 13 20:18:37 user devstack@c-api.service[72077]: DEBUG cinder.api.openstack.wsgi [None req-abc7db6f-e9c1-4147-adfe-23e4a6e49144 tempest-VolumeQuotasNegativeTestJSON-1618974133 tempest-VolumeQuotasNegativeTestJSON-1618974133-project-member] Calling method 'delete' {{(pid=72077) _process_stack /opt/stack/cinder/cinder/api/openstack/wsgi.py:868}}
Apr 13 20:18:37 user devstack@c-api.service[72077]: INFO cinder.api.v3.volumes [None req-abc7db6f-e9c1-4147-adfe-23e4a6e49144 tempest-VolumeQuotasNegativeTestJSON-1618974133 tempest-VolumeQuotasNegativeTestJSON-1618974133-project-member] Delete volume with id: 7389e60e-6fa7-44ab-a3f6-8f8cf893be72
Apr 13 20:18:37 user devstack@c-api.service[72078]: INFO cinder.api.openstack.wsgi [None req-49ad760f-0ba0-46db-9c5b-9cb221941eb0 tempest-VolumeTypesTest-436275190 tempest-VolumeTypesTest-436275190-project-member] http://10.0.0.210/volume/v3/766a7fe82b7e4f878f163e83b7f41345/volumes/716f36a7-5f50-4116-b72c-e485fcfdf7e3 returned with HTTP 200
Apr 13 20:18:37 user devstack@c-api.service[72078]: [pid: 72078|app: 0|req: 26/67] 10.0.0.210 () {62 vars in 1402 bytes} [Thu Apr 13 20:18:37 2023] GET /volume/v3/766a7fe82b7e4f878f163e83b7f41345/volumes/716f36a7-5f50-4116-b72c-e485fcfdf7e3 => generated 940 bytes in 52 msecs (HTTP/1.1 200) 7 headers in 285 bytes (1 switches on core 0)
Apr 13 20:18:37 user devstack@c-api.service[72077]: /usr/local/lib/python3.10/dist-packages/oslo_context/context.py:100: DeprecationWarning: Policy enforcement is depending on the value of is_admin. This key is deprecated. Please update your policy file to use the standard policy values.
Apr 13 20:18:37 user devstack@c-api.service[72077]: warnings.warn('Policy enforcement is depending on the value of '
Apr 13 20:18:37 user devstack@c-api.service[72076]: DEBUG cinder.api.middleware.request_id [None req-825914de-17ed-4fa8-a58b-67477a511bfe None None] RequestId filter calling following filter/app {{(pid=72076) _context_setter /opt/stack/cinder/cinder/api/middleware/request_id.py:62}}
Apr 13 20:18:37 user devstack@c-api.service[72077]: INFO cinder.volume.api [None req-abc7db6f-e9c1-4147-adfe-23e4a6e49144 tempest-VolumeQuotasNegativeTestJSON-1618974133 tempest-VolumeQuotasNegativeTestJSON-1618974133-project-member] Volume info retrieved successfully.
Apr 13 20:18:37 user devstack@c-api.service[72076]: INFO cinder.api.openstack.wsgi [None req-825914de-17ed-4fa8-a58b-67477a511bfe tempest-VolumeTypesTest-436275190 tempest-VolumeTypesTest-436275190-project-member] GET http://10.0.0.210/volume/v3/766a7fe82b7e4f878f163e83b7f41345/volumes/716f36a7-5f50-4116-b72c-e485fcfdf7e3
Apr 13 20:18:37 user devstack@c-api.service[72076]: DEBUG cinder.api.openstack.wsgi [None req-825914de-17ed-4fa8-a58b-67477a511bfe tempest-VolumeTypesTest-436275190 tempest-VolumeTypesTest-436275190-project-member] Empty body provided in request {{(pid=72076) get_body /opt/stack/cinder/cinder/api/openstack/wsgi.py:715}}
Apr 13 20:18:37 user devstack@c-api.service[72076]: DEBUG cinder.api.openstack.wsgi [None req-825914de-17ed-4fa8-a58b-67477a511bfe tempest-VolumeTypesTest-436275190 tempest-VolumeTypesTest-436275190-project-member] Calling method 'show' {{(pid=72076) _process_stack /opt/stack/cinder/cinder/api/openstack/wsgi.py:868}}
Apr 13 20:18:37 user devstack@c-api.service[72076]: /usr/local/lib/python3.10/dist-packages/oslo_context/context.py:100: DeprecationWarning: Policy enforcement is depending on the value of is_admin. This key is deprecated. Please update your policy file to use the standard policy values.
Apr 13 20:18:37 user devstack@c-api.service[72076]: warnings.warn('Policy enforcement is depending on the value of '
Apr 13 20:18:37 user devstack@c-api.service[72076]: INFO cinder.volume.api [None req-825914de-17ed-4fa8-a58b-67477a511bfe tempest-VolumeTypesTest-436275190 tempest-VolumeTypesTest-436275190-project-member] Volume info retrieved successfully.
Apr 13 20:18:37 user devstack@c-api.service[72076]: INFO cinder.api.openstack.wsgi [None req-825914de-17ed-4fa8-a58b-67477a511bfe tempest-VolumeTypesTest-436275190 tempest-VolumeTypesTest-436275190-project-member] http://10.0.0.210/volume/v3/766a7fe82b7e4f878f163e83b7f41345/volumes/716f36a7-5f50-4116-b72c-e485fcfdf7e3 returned with HTTP 200
Apr 13 20:18:37 user devstack@c-api.service[72076]: [pid: 72076|app: 0|req: 25/68] 10.0.0.210 () {62 vars in 1402 bytes} [Thu Apr 13 20:18:37 2023] GET /volume/v3/766a7fe82b7e4f878f163e83b7f41345/volumes/716f36a7-5f50-4116-b72c-e485fcfdf7e3 => generated 940 bytes in 46 msecs (HTTP/1.1 200) 7 headers in 285 bytes (1 switches on core 0)
Apr 13 20:18:38 user devstack@c-api.service[72078]: DEBUG cinder.api.middleware.request_id [None req-de7b9e43-30d6-40d3-bc24-109d625b98e1 None None] RequestId filter calling following filter/app {{(pid=72078) _context_setter /opt/stack/cinder/cinder/api/middleware/request_id.py:62}}
Apr 13 20:18:38 user devstack@c-api.service[72078]: INFO cinder.api.openstack.wsgi [None req-de7b9e43-30d6-40d3-bc24-109d625b98e1 tempest-VolumeTypesTest-436275190 tempest-VolumeTypesTest-436275190-project-member] DELETE http://10.0.0.210/volume/v3/766a7fe82b7e4f878f163e83b7f41345/volumes/716f36a7-5f50-4116-b72c-e485fcfdf7e3
Apr 13 20:18:38 user devstack@c-api.service[72078]: DEBUG cinder.api.openstack.wsgi [None req-de7b9e43-30d6-40d3-bc24-109d625b98e1 tempest-VolumeTypesTest-436275190 tempest-VolumeTypesTest-436275190-project-member] Empty body provided in request {{(pid=72078) get_body /opt/stack/cinder/cinder/api/openstack/wsgi.py:715}}
Apr 13 20:18:38 user devstack@c-api.service[72078]: DEBUG cinder.api.openstack.wsgi [None req-de7b9e43-30d6-40d3-bc24-109d625b98e1 tempest-VolumeTypesTest-436275190 tempest-VolumeTypesTest-436275190-project-member] Calling method 'delete' {{(pid=72078) _process_stack /opt/stack/cinder/cinder/api/openstack/wsgi.py:868}}
Apr 13 20:18:38 user devstack@c-api.service[72078]: INFO cinder.api.v3.volumes [None req-de7b9e43-30d6-40d3-bc24-109d625b98e1 tempest-VolumeTypesTest-436275190 tempest-VolumeTypesTest-436275190-project-member] Delete volume with id: 716f36a7-5f50-4116-b72c-e485fcfdf7e3
Apr 13 20:18:38 user devstack@c-api.service[72077]: INFO cinder.volume.api [None req-abc7db6f-e9c1-4147-adfe-23e4a6e49144 tempest-VolumeQuotasNegativeTestJSON-1618974133 tempest-VolumeQuotasNegativeTestJSON-1618974133-project-member] Delete volume request issued successfully.
Apr 13 20:18:38 user devstack@c-api.service[72077]: INFO cinder.api.openstack.wsgi [None req-abc7db6f-e9c1-4147-adfe-23e4a6e49144 tempest-VolumeQuotasNegativeTestJSON-1618974133 tempest-VolumeQuotasNegativeTestJSON-1618974133-project-member] http://10.0.0.210/volume/v3/43c098a63e4c44a5bdd833036310f074/volumes/7389e60e-6fa7-44ab-a3f6-8f8cf893be72 returned with HTTP 202
Apr 13 20:18:38 user devstack@c-api.service[72077]: [pid: 72077|app: 0|req: 18/69] 10.0.0.210 () {62 vars in 1405 bytes} [Thu Apr 13 20:18:37 2023] DELETE /volume/v3/43c098a63e4c44a5bdd833036310f074/volumes/7389e60e-6fa7-44ab-a3f6-8f8cf893be72 => generated 0 bytes in 104 msecs (HTTP/1.1 202) 6 headers in 233 bytes (1 switches on core 0)
Apr 13 20:18:38 user devstack@c-api.service[72076]: DEBUG cinder.api.middleware.request_id [None req-f075a256-9f5b-4b04-8120-edb336222e4c None None] RequestId filter calling following filter/app {{(pid=72076) _context_setter /opt/stack/cinder/cinder/api/middleware/request_id.py:62}}
Apr 13 20:18:38 user devstack@c-api.service[72076]: INFO cinder.api.openstack.wsgi [None req-f075a256-9f5b-4b04-8120-edb336222e4c tempest-VolumeQuotasNegativeTestJSON-1618974133 tempest-VolumeQuotasNegativeTestJSON-1618974133-project-member] GET http://10.0.0.210/volume/v3/43c098a63e4c44a5bdd833036310f074/volumes/7389e60e-6fa7-44ab-a3f6-8f8cf893be72
Apr 13 20:18:38 user devstack@c-api.service[72076]: DEBUG cinder.api.openstack.wsgi [None req-f075a256-9f5b-4b04-8120-edb336222e4c tempest-VolumeQuotasNegativeTestJSON-1618974133 tempest-VolumeQuotasNegativeTestJSON-1618974133-project-member] Empty body provided in request {{(pid=72076) get_body /opt/stack/cinder/cinder/api/openstack/wsgi.py:715}}
Apr 13 20:18:38 user devstack@c-api.service[72078]: /usr/local/lib/python3.10/dist-packages/oslo_context/context.py:100: DeprecationWarning: Policy enforcement is depending on the value of is_admin. This key is deprecated. Please update your policy file to use the standard policy values.
Apr 13 20:18:38 user devstack@c-api.service[72078]: warnings.warn('Policy enforcement is depending on the value of '
Apr 13 20:18:38 user devstack@c-api.service[72076]: DEBUG cinder.api.openstack.wsgi [None req-f075a256-9f5b-4b04-8120-edb336222e4c tempest-VolumeQuotasNegativeTestJSON-1618974133 tempest-VolumeQuotasNegativeTestJSON-1618974133-project-member] Calling method 'show' {{(pid=72076) _process_stack /opt/stack/cinder/cinder/api/openstack/wsgi.py:868}}
Apr 13 20:18:38 user devstack@c-api.service[72078]: INFO cinder.volume.api [None req-de7b9e43-30d6-40d3-bc24-109d625b98e1 tempest-VolumeTypesTest-436275190 tempest-VolumeTypesTest-436275190-project-member] Volume info retrieved successfully.
Apr 13 20:18:38 user devstack@c-api.service[72076]: /usr/local/lib/python3.10/dist-packages/oslo_context/context.py:100: DeprecationWarning: Policy enforcement is depending on the value of is_admin. This key is deprecated. Please update your policy file to use the standard policy values.
Apr 13 20:18:38 user devstack@c-api.service[72076]: warnings.warn('Policy enforcement is depending on the value of '
Apr 13 20:18:38 user devstack@c-api.service[72076]: INFO cinder.volume.api [None req-f075a256-9f5b-4b04-8120-edb336222e4c tempest-VolumeQuotasNegativeTestJSON-1618974133 tempest-VolumeQuotasNegativeTestJSON-1618974133-project-member] Volume info retrieved successfully.
Apr 13 20:18:38 user devstack@c-api.service[72078]: INFO cinder.volume.api [None req-de7b9e43-30d6-40d3-bc24-109d625b98e1 tempest-VolumeTypesTest-436275190 tempest-VolumeTypesTest-436275190-project-member] Delete volume request issued successfully.
Apr 13 20:18:38 user devstack@c-api.service[72076]: INFO cinder.api.openstack.wsgi [None req-f075a256-9f5b-4b04-8120-edb336222e4c tempest-VolumeQuotasNegativeTestJSON-1618974133 tempest-VolumeQuotasNegativeTestJSON-1618974133-project-member] http://10.0.0.210/volume/v3/43c098a63e4c44a5bdd833036310f074/volumes/7389e60e-6fa7-44ab-a3f6-8f8cf893be72 returned with HTTP 200
Apr 13 20:18:38 user devstack@c-api.service[72078]: INFO cinder.api.openstack.wsgi [None req-de7b9e43-30d6-40d3-bc24-109d625b98e1 tempest-VolumeTypesTest-436275190 tempest-VolumeTypesTest-436275190-project-member] http://10.0.0.210/volume/v3/766a7fe82b7e4f878f163e83b7f41345/volumes/716f36a7-5f50-4116-b72c-e485fcfdf7e3 returned with HTTP 202
Apr 13 20:18:38 user devstack@c-api.service[72076]: [pid: 72076|app: 0|req: 26/70] 10.0.0.210 () {62 vars in 1402 bytes} [Thu Apr 13 20:18:38 2023] GET /volume/v3/43c098a63e4c44a5bdd833036310f074/volumes/7389e60e-6fa7-44ab-a3f6-8f8cf893be72 => generated 916 bytes in 65 msecs (HTTP/1.1 200) 7 headers in 285 bytes (1 switches on core 0)
Apr 13 20:18:38 user devstack@c-api.service[72078]: [pid: 72078|app: 0|req: 27/71] 10.0.0.210 () {62 vars in 1405 bytes} [Thu Apr 13 20:18:38 2023] DELETE /volume/v3/766a7fe82b7e4f878f163e83b7f41345/volumes/716f36a7-5f50-4116-b72c-e485fcfdf7e3 => generated 0 bytes in 83 msecs (HTTP/1.1 202) 6 headers in 233 bytes (1 switches on core 0)
Apr 13 20:18:38 user devstack@c-api.service[72077]: DEBUG cinder.api.middleware.request_id [None req-71340a6e-0fa6-482f-b466-657eed996de0 None None] RequestId filter calling following filter/app {{(pid=72077) _context_setter /opt/stack/cinder/cinder/api/middleware/request_id.py:62}}
Apr 13 20:18:38 user devstack@c-api.service[72077]: INFO cinder.api.openstack.wsgi [None req-71340a6e-0fa6-482f-b466-657eed996de0 tempest-VolumeTypesTest-436275190 tempest-VolumeTypesTest-436275190-project-member] GET http://10.0.0.210/volume/v3/766a7fe82b7e4f878f163e83b7f41345/volumes/716f36a7-5f50-4116-b72c-e485fcfdf7e3
Apr 13 20:18:38 user devstack@c-api.service[72077]: DEBUG cinder.api.openstack.wsgi [None req-71340a6e-0fa6-482f-b466-657eed996de0 tempest-VolumeTypesTest-436275190 tempest-VolumeTypesTest-436275190-project-member] Empty body provided in request {{(pid=72077) get_body /opt/stack/cinder/cinder/api/openstack/wsgi.py:715}}
Apr 13 20:18:38 user devstack@c-api.service[72077]: DEBUG cinder.api.openstack.wsgi [None req-71340a6e-0fa6-482f-b466-657eed996de0 tempest-VolumeTypesTest-436275190 tempest-VolumeTypesTest-436275190-project-member] Calling method 'show' {{(pid=72077) _process_stack /opt/stack/cinder/cinder/api/openstack/wsgi.py:868}}
Apr 13 20:18:38 user devstack@c-api.service[72077]: /usr/local/lib/python3.10/dist-packages/oslo_context/context.py:100: DeprecationWarning: Policy enforcement is depending on the value of is_admin. This key is deprecated. Please update your policy file to use the standard policy values.
Apr 13 20:18:38 user devstack@c-api.service[72077]: warnings.warn('Policy enforcement is depending on the value of '
Apr 13 20:18:38 user devstack@c-api.service[72077]: INFO cinder.volume.api [None req-71340a6e-0fa6-482f-b466-657eed996de0 tempest-VolumeTypesTest-436275190 tempest-VolumeTypesTest-436275190-project-member] Volume info retrieved successfully.
Apr 13 20:18:38 user devstack@c-api.service[72077]: INFO cinder.api.openstack.wsgi [None req-71340a6e-0fa6-482f-b466-657eed996de0 tempest-VolumeTypesTest-436275190 tempest-VolumeTypesTest-436275190-project-member] http://10.0.0.210/volume/v3/766a7fe82b7e4f878f163e83b7f41345/volumes/716f36a7-5f50-4116-b72c-e485fcfdf7e3 returned with HTTP 200
Apr 13 20:18:38 user devstack@c-api.service[72077]: [pid: 72077|app: 0|req: 19/72] 10.0.0.210 () {62 vars in 1402 bytes} [Thu Apr 13 20:18:38 2023] GET /volume/v3/766a7fe82b7e4f878f163e83b7f41345/volumes/716f36a7-5f50-4116-b72c-e485fcfdf7e3 => generated 939 bytes in 47 msecs (HTTP/1.1 200) 7 headers in 285 bytes (1 switches on core 0)
Apr 13 20:18:38 user devstack@c-api.service[72076]: DEBUG cinder.api.middleware.request_id [None req-cbaad5c2-8928-4a97-9bd8-40534a4f8cbb None None] RequestId filter calling following filter/app {{(pid=72076) _context_setter /opt/stack/cinder/cinder/api/middleware/request_id.py:62}}
Apr 13 20:18:38 user devstack@c-api.service[72076]: INFO cinder.api.openstack.wsgi [None req-cbaad5c2-8928-4a97-9bd8-40534a4f8cbb tempest-GroupSnapshotsTest-1179875496 tempest-GroupSnapshotsTest-1179875496-project-member] GET http://10.0.0.210/volume/v3/d5dacfb1b0b743a7bd41e30f05b01e99/volumes/725a1017-170b-4188-9e12-2026fd61fdbf
Apr 13 20:18:38 user devstack@c-api.service[72076]: DEBUG cinder.api.openstack.wsgi [None req-cbaad5c2-8928-4a97-9bd8-40534a4f8cbb tempest-GroupSnapshotsTest-1179875496 tempest-GroupSnapshotsTest-1179875496-project-member] Empty body provided in request {{(pid=72076) get_body /opt/stack/cinder/cinder/api/openstack/wsgi.py:715}}
Apr 13 20:18:38 user devstack@c-api.service[72076]: DEBUG cinder.api.openstack.wsgi [None req-cbaad5c2-8928-4a97-9bd8-40534a4f8cbb tempest-GroupSnapshotsTest-1179875496 tempest-GroupSnapshotsTest-1179875496-project-member] Calling method 'show' {{(pid=72076) _process_stack /opt/stack/cinder/cinder/api/openstack/wsgi.py:868}}
Apr 13 20:18:38 user devstack@c-api.service[72076]: INFO cinder.api.openstack.wsgi [None req-cbaad5c2-8928-4a97-9bd8-40534a4f8cbb tempest-GroupSnapshotsTest-1179875496 tempest-GroupSnapshotsTest-1179875496-project-member] http://10.0.0.210/volume/v3/d5dacfb1b0b743a7bd41e30f05b01e99/volumes/725a1017-170b-4188-9e12-2026fd61fdbf returned with HTTP 404
Apr 13 20:18:38 user devstack@c-api.service[72076]: [pid: 72076|app: 0|req: 27/73] 10.0.0.210 () {64 vars in 1443 bytes} [Thu Apr 13 20:18:38 2023] GET /volume/v3/d5dacfb1b0b743a7bd41e30f05b01e99/volumes/725a1017-170b-4188-9e12-2026fd61fdbf => generated 109 bytes in 20 msecs (HTTP/1.1 404) 7 headers in 293 bytes (1 switches on core 0)
Apr 13 20:18:38 user devstack@c-api.service[72078]: DEBUG cinder.api.middleware.request_id [None req-df5477ef-f581-48d0-9579-7d46eabeaa51 None None] RequestId filter calling following filter/app {{(pid=72078) _context_setter /opt/stack/cinder/cinder/api/middleware/request_id.py:62}}
Apr 13 20:18:38 user devstack@c-api.service[72078]: INFO cinder.api.openstack.wsgi [None req-df5477ef-f581-48d0-9579-7d46eabeaa51 tempest-GroupSnapshotsTest-1179875496 tempest-GroupSnapshotsTest-1179875496-project-member] GET http://10.0.0.210/volume/v3/d5dacfb1b0b743a7bd41e30f05b01e99/groups/3f503b74-ed99-4fa3-a146-a82b75002faf
Apr 13 20:18:38 user devstack@c-api.service[72078]: DEBUG cinder.api.openstack.wsgi [None req-df5477ef-f581-48d0-9579-7d46eabeaa51 tempest-GroupSnapshotsTest-1179875496 tempest-GroupSnapshotsTest-1179875496-project-member] Empty body provided in request {{(pid=72078) get_body /opt/stack/cinder/cinder/api/openstack/wsgi.py:715}}
Apr 13 20:18:38 user devstack@c-api.service[72078]: DEBUG cinder.api.openstack.wsgi [None req-df5477ef-f581-48d0-9579-7d46eabeaa51 tempest-GroupSnapshotsTest-1179875496 tempest-GroupSnapshotsTest-1179875496-project-member] Calling method 'version_select' {{(pid=72078) _process_stack /opt/stack/cinder/cinder/api/openstack/wsgi.py:868}}
Apr 13 20:18:38 user devstack@c-api.service[72078]: DEBUG cinder.api.v3.groups [None req-df5477ef-f581-48d0-9579-7d46eabeaa51 tempest-GroupSnapshotsTest-1179875496 tempest-GroupSnapshotsTest-1179875496-project-member] show called for member 3f503b74-ed99-4fa3-a146-a82b75002faf {{(pid=72078) show /opt/stack/cinder/cinder/api/v3/groups.py:58}}
Apr 13 20:18:38 user devstack@c-api.service[72078]: INFO cinder.api.openstack.wsgi [None req-df5477ef-f581-48d0-9579-7d46eabeaa51 tempest-GroupSnapshotsTest-1179875496 tempest-GroupSnapshotsTest-1179875496-project-member] http://10.0.0.210/volume/v3/d5dacfb1b0b743a7bd41e30f05b01e99/groups/3f503b74-ed99-4fa3-a146-a82b75002faf returned with HTTP 404
Apr 13 20:18:38 user devstack@c-api.service[72078]: [pid: 72078|app: 0|req: 28/74] 10.0.0.210 () {64 vars in 1440 bytes} [Thu Apr 13 20:18:38 2023] GET /volume/v3/d5dacfb1b0b743a7bd41e30f05b01e99/groups/3f503b74-ed99-4fa3-a146-a82b75002faf => generated 108 bytes in 23 msecs (HTTP/1.1 404) 7 headers in 293 bytes (1 switches on core 0)
Apr 13 20:18:38 user devstack@c-api.service[72077]: DEBUG cinder.api.middleware.request_id [None req-a3f25bdb-1936-4c89-8ea8-2f4cf09083c6 None None] RequestId filter calling following filter/app {{(pid=72077) _context_setter /opt/stack/cinder/cinder/api/middleware/request_id.py:62}}
Apr 13 20:18:38 user devstack@c-api.service[72077]: INFO cinder.api.openstack.wsgi [None req-a3f25bdb-1936-4c89-8ea8-2f4cf09083c6 tempest-GroupSnapshotsTest-1179875496 tempest-GroupSnapshotsTest-1179875496-project-member] DELETE http://10.0.0.210/volume/v3/d5dacfb1b0b743a7bd41e30f05b01e99/group_snapshots/2a153f40-915c-4911-b55f-71af1406d01e
Apr 13 20:18:38 user devstack@c-api.service[72077]: DEBUG cinder.api.openstack.wsgi [None req-a3f25bdb-1936-4c89-8ea8-2f4cf09083c6 tempest-GroupSnapshotsTest-1179875496 tempest-GroupSnapshotsTest-1179875496-project-member] Empty body provided in request {{(pid=72077) get_body /opt/stack/cinder/cinder/api/openstack/wsgi.py:715}}
Apr 13 20:18:38 user devstack@c-api.service[72077]: DEBUG cinder.api.openstack.wsgi [None req-a3f25bdb-1936-4c89-8ea8-2f4cf09083c6 tempest-GroupSnapshotsTest-1179875496 tempest-GroupSnapshotsTest-1179875496-project-member] Calling method 'version_select' {{(pid=72077) _process_stack /opt/stack/cinder/cinder/api/openstack/wsgi.py:868}}
Apr 13 20:18:38 user devstack@c-api.service[72077]: DEBUG cinder.api.v3.group_snapshots [None req-a3f25bdb-1936-4c89-8ea8-2f4cf09083c6 tempest-GroupSnapshotsTest-1179875496 tempest-GroupSnapshotsTest-1179875496-project-member] delete called for member 2a153f40-915c-4911-b55f-71af1406d01e {{(pid=72077) delete /opt/stack/cinder/cinder/api/v3/group_snapshots.py:72}}
Apr 13 20:18:38 user devstack@c-api.service[72077]: INFO cinder.api.v3.group_snapshots [None req-a3f25bdb-1936-4c89-8ea8-2f4cf09083c6 tempest-GroupSnapshotsTest-1179875496 tempest-GroupSnapshotsTest-1179875496-project-member] Delete group_snapshot with id: 2a153f40-915c-4911-b55f-71af1406d01e
Apr 13 20:18:38 user devstack@c-api.service[72077]: /usr/local/lib/python3.10/dist-packages/oslo_context/context.py:100: DeprecationWarning: Policy enforcement is depending on the value of is_admin. This key is deprecated. Please update your policy file to use the standard policy values.
