Apr 17 20:52:27 user devstack@keystone.service[43120]: DEBUG keystone.server.flask.request_processing.req_logging [None req-74b2f632-82d6-4b54-8c5b-982913b34ad5 None None] PATH_INFO: `/v3/auth/tokens` {{(pid=43120) log_request_info /opt/stack/keystone/keystone/server/flask/request_processing/req_logging.py:29}}
Apr 17 20:52:27 user devstack@keystone.service[43119]: DEBUG keystone.common.rbac_enforcer.enforcer [None req-d72b9653-3383-4954-92c6-8c9153c79689 None admin] Extracting inferred target data resulted in "NOT FOUND (404)". {{(pid=43119) enforce_call /opt/stack/keystone/keystone/common/rbac_enforcer/enforcer.py:409}}
Apr 17 20:52:27 user devstack@keystone.service[43119]: ERROR keystone.server.flask.application [None req-d72b9653-3383-4954-92c6-8c9153c79689 None admin] Could not find role: member.: keystone.exception.RoleNotFound: Could not find role: member.
Apr 17 20:52:27 user devstack@keystone.service[43119]: ERROR keystone.server.flask.application
Traceback (most recent call last):
Apr 17 20:52:27 user devstack@keystone.service[43119]: ERROR keystone.server.flask.application
File "/usr/local/lib/python3.10/dist-packages/flask/app.py", line 1823, in full_dispatch_request
Apr 17 20:52:27 user devstack@keystone.service[43119]: ERROR keystone.server.flask.application rv = self.dispatch_request()
Apr 17 20:52:27 user devstack@keystone.service[43119]: ERROR keystone.server.flask.application
File "/usr/local/lib/python3.10/dist-packages/flask/app.py", line 1799, in dispatch_request
Apr 17 20:52:27 user devstack@keystone.service[43119]: ERROR keystone.server.flask.application return self.ensure_sync(self.view_functions[rule.endpoint])(**view_args)
Apr 17 20:52:27 user devstack@keystone.service[43119]: ERROR keystone.server.flask.application
File "/usr/local/lib/python3.10/dist-packages/flask_restful/__init__.py", line 467, in wrapper
Apr 17 20:52:27 user devstack@keystone.service[43119]: ERROR keystone.server.flask.application resp = resource(*args, **kwargs)
Apr 17 20:52:27 user devstack@keystone.service[43119]: ERROR keystone.server.flask.application
File "/usr/local/lib/python3.10/dist-packages/flask/views.py", line 107, in view
Apr 17 20:52:27 user devstack@keystone.service[43119]: ERROR keystone.server.flask.application return current_app.ensure_sync(self.dispatch_request)(**kwargs)
Apr 17 20:52:27 user devstack@keystone.service[43119]: ERROR keystone.server.flask.application
File "/usr/local/lib/python3.10/dist-packages/flask_restful/__init__.py", line 582, in dispatch_request
Apr 17 20:52:27 user devstack@keystone.service[43119]: ERROR keystone.server.flask.application resp = meth(*args, **kwargs)
Apr 17 20:52:27 user devstack@keystone.service[43119]: ERROR keystone.server.flask.application
File "/opt/stack/keystone/keystone/api/roles.py", line 50, in get
Apr 17 20:52:27 user devstack@keystone.service[43119]: ERROR keystone.server.flask.application return self._get_role(role_id)
Apr 17 20:52:27 user devstack@keystone.service[43119]: ERROR keystone.server.flask.application
File "/opt/stack/keystone/keystone/api/roles.py", line 70, in _get_role
Apr 17 20:52:27 user devstack@keystone.service[43119]: ERROR keystone.server.flask.application ENFORCER.enforce_call(action='identity:get_role')
Apr 17 20:52:27 user devstack@keystone.service[43119]: ERROR keystone.server.flask.application
File "/opt/stack/keystone/keystone/common/rbac_enforcer/enforcer.py", line 402, in enforce_call
Apr 17 20:52:27 user devstack@keystone.service[43119]: ERROR keystone.server.flask.application policy_dict.update(cls._extract_member_target_data(
Apr 17 20:52:27 user devstack@keystone.service[43119]: ERROR keystone.server.flask.application
File "/opt/stack/keystone/keystone/common/rbac_enforcer/enforcer.py", line 234, in _extract_member_target_data
Apr 17 20:52:27 user devstack@keystone.service[43119]: ERROR keystone.server.flask.application member_name: func(flask.request.view_args[key])
Apr 17 20:52:27 user devstack@keystone.service[43119]: ERROR keystone.server.flask.application
File "/opt/stack/keystone/keystone/common/manager.py", line 115, in wrapped
Apr 17 20:52:27 user devstack@keystone.service[43119]: ERROR keystone.server.flask.application __ret_val = __f(*args, **kwargs)
Apr 17 20:52:27 user devstack@keystone.service[43119]: ERROR keystone.server.flask.application
File "/usr/local/lib/python3.10/dist-packages/decorator.py", line 232, in fun
Apr 17 20:52:27 user devstack@keystone.service[43119]: ERROR keystone.server.flask.application return caller(func, *(extras + args), **kw)
Apr 17 20:52:27 user devstack@keystone.service[43119]: ERROR keystone.server.flask.application
File "/usr/local/lib/python3.10/dist-packages/dogpile/cache/region.py", line 1577, in get_or_create_for_user_func
Apr 17 20:52:27 user devstack@keystone.service[43119]: ERROR keystone.server.flask.application return self.get_or_create(
Apr 17 20:52:27 user devstack@keystone.service[43119]: ERROR keystone.server.flask.application
File "/usr/local/lib/python3.10/dist-packages/dogpile/cache/region.py", line 1042, in get_or_create
Apr 17 20:52:27 user devstack@keystone.service[43119]: ERROR keystone.server.flask.application with Lock(
Apr 17 20:52:27 user devstack@keystone.service[43119]: ERROR keystone.server.flask.application
File "/usr/local/lib/python3.10/dist-packages/dogpile/lock.py", line 185, in __enter__
Apr 17 20:52:27 user devstack@keystone.service[43119]: ERROR keystone.server.flask.application return self._enter()
Apr 17 20:52:27 user devstack@keystone.service[43119]: ERROR keystone.server.flask.application
File "/usr/local/lib/python3.10/dist-packages/dogpile/lock.py", line 94, in _enter
Apr 17 20:52:27 user devstack@keystone.service[43119]: ERROR keystone.server.flask.application generated = self._enter_create(value, createdtime)
Apr 17 20:52:27 user devstack@keystone.service[43119]: ERROR keystone.server.flask.application
File "/usr/local/lib/python3.10/dist-packages/dogpile/lock.py", line 178, in _enter_create
Apr 17 20:52:27 user devstack@keystone.service[43119]: ERROR keystone.server.flask.application return self.creator()
Apr 17 20:52:27 user devstack@keystone.service[43119]: ERROR keystone.server.flask.application
File "/usr/local/lib/python3.10/dist-packages/dogpile/cache/region.py", line 995, in gen_value
Apr 17 20:52:27 user devstack@keystone.service[43119]: ERROR keystone.server.flask.application created_value = creator(
Apr 17 20:52:27 user devstack@keystone.service[43119]: ERROR keystone.server.flask.application
File "/opt/stack/keystone/keystone/assignment/core.py", line 1276, in get_role
Apr 17 20:52:27 user devstack@keystone.service[43119]: ERROR keystone.server.flask.application return self.driver.get_role(role_id)
Apr 17 20:52:27 user devstack@keystone.service[43119]: ERROR keystone.server.flask.application
File "/opt/stack/keystone/keystone/assignment/role_backends/sql.py", line 70, in get_role
Apr 17 20:52:27 user devstack@keystone.service[43119]: ERROR keystone.server.flask.application return self._get_role(session, role_id).to_dict()
Apr 17 20:52:27 user devstack@keystone.service[43119]: ERROR keystone.server.flask.application
File "/opt/stack/keystone/keystone/assignment/role_backends/sql.py", line 65, in _get_role
Apr 17 20:52:27 user devstack@keystone.service[43119]: ERROR keystone.server.flask.application raise exception.RoleNotFound(role_id=role_id)
Apr 17 20:52:27 user devstack@keystone.service[43119]: ERROR keystone.server.flask.application keystone.exception.RoleNotFound: Could not find role: member.
Apr 17 20:52:27 user devstack@keystone.service[43119]: ERROR keystone.server.flask.application
Apr 17 20:52:27 user devstack@keystone.service[43119]: [pid: 43119|app: 0|req: 21/60] 10.0.0.210 () {56 vars in 1094 bytes} [Mon Apr 17 20:52:27 2023] GET /identity/v3/roles/member => generated 84 bytes in 133 msecs (HTTP/1.1 404) 5 headers in 183 bytes (1 switches on core 0)
Apr 17 20:52:27 user devstack@keystone.service[43118]: DEBUG keystone.server.flask.request_processing.middleware.auth_context [None req-98775846-77d3-4697-973c-48e57bdf9697 None None] Authenticating user token {{(pid=43118) process_request /usr/local/lib/python3.10/dist-packages/keystonemiddleware/auth_token/__init__.py:406}}
Apr 17 20:52:27 user devstack@keystone.service[43120]: DEBUG dbcounter [-] [43120] Writing DB stats keystone:SELECT=100 {{(pid=43120) stat_writer /usr/local/lib/python3.10/dist-packages/dbcounter.py:117}}
Apr 17 20:52:27 user devstack@keystone.service[43118]: DEBUG dbcounter [-] [43118] Writing DB stats keystone:SELECT=97,keystone:INSERT=3 {{(pid=43118) stat_writer /usr/local/lib/python3.10/dist-packages/dbcounter.py:117}}
Apr 17 20:52:27 user devstack@keystone.service[43119]: DEBUG keystone.server.flask.request_processing.middleware.auth_context [None req-d72b9653-3383-4954-92c6-8c9153c79689 None admin] Authenticating user token {{(pid=43119) process_request /usr/local/lib/python3.10/dist-packages/keystonemiddleware/auth_token/__init__.py:406}}
Apr 17 20:52:27 user devstack@keystone.service[43118]: DEBUG keystone.server.flask.request_processing.middleware.auth_context [None req-98775846-77d3-4697-973c-48e57bdf9697 None None] Validating token access rules against request {{(pid=43118) validate_allowed_request /usr/local/lib/python3.10/dist-packages/keystonemiddleware/auth_token/__init__.py:544}}
Apr 17 20:52:27 user devstack@keystone.service[43118]: DEBUG keystone.server.flask.request_processing.middleware.auth_context [None req-3dba460c-fe2c-4aac-bdd5-bd8604dc30a3 None admin] RBAC: auth_context: {'token': , 'domain_id': None, 'trust_id': None, 'trustor_id': None, 'trustee_id': None, 'domain_name': None, 'group_ids': [], 'user_id': '350094072cf8453b9a21bebeeaae1947', 'user_domain_id': 'default', 'system_scope': 'all', 'project_id': None, 'project_domain_id': None, 'roles': ['admin', 'member', 'reader'], 'is_admin_project': True, 'service_user_id': None, 'service_user_domain_id': None, 'service_project_id': None, 'service_project_domain_id': None, 'service_roles': []} {{(pid=43118) fill_context /opt/stack/keystone/keystone/server/flask/request_processing/middleware/auth_context.py:478}}
Apr 17 20:52:27 user devstack@keystone.service[43118]: DEBUG keystone.server.flask.request_processing.req_logging [None req-3dba460c-fe2c-4aac-bdd5-bd8604dc30a3 None admin] REQUEST_METHOD: `GET` {{(pid=43118) log_request_info /opt/stack/keystone/keystone/server/flask/request_processing/req_logging.py:27}}
Apr 17 20:52:27 user devstack@keystone.service[43118]: DEBUG keystone.server.flask.request_processing.req_logging [None req-3dba460c-fe2c-4aac-bdd5-bd8604dc30a3 None admin] SCRIPT_NAME: `/identity` {{(pid=43118) log_request_info /opt/stack/keystone/keystone/server/flask/request_processing/req_logging.py:28}}
Apr 17 20:52:27 user devstack@keystone.service[43118]: DEBUG keystone.server.flask.request_processing.req_logging [None req-3dba460c-fe2c-4aac-bdd5-bd8604dc30a3 None admin] PATH_INFO: `/v3/roles` {{(pid=43118) log_request_info /opt/stack/keystone/keystone/server/flask/request_processing/req_logging.py:29}}
Apr 17 20:52:27 user devstack@keystone.service[43118]: DEBUG keystone.common.rbac_enforcer.enforcer [None req-3dba460c-fe2c-4aac-bdd5-bd8604dc30a3 None admin] RBAC: Adding query filter params (name=member) {{(pid=43118) _extract_filter_values /opt/stack/keystone/keystone/common/rbac_enforcer/enforcer.py:167}}
Apr 17 20:52:27 user devstack@keystone.service[43118]: DEBUG keystone.common.rbac_enforcer.enforcer [None req-3dba460c-fe2c-4aac-bdd5-bd8604dc30a3 None admin] RBAC: Authorizing `identity:list_roles()` {{(pid=43118) enforce_call /opt/stack/keystone/keystone/common/rbac_enforcer/enforcer.py:449}}
Apr 17 20:52:27 user devstack@keystone.service[43118]: DEBUG keystone.common.rbac_enforcer.enforcer [None req-3dba460c-fe2c-4aac-bdd5-bd8604dc30a3 None admin] RBAC: Authorization granted {{(pid=43118) enforce_call /opt/stack/keystone/keystone/common/rbac_enforcer/enforcer.py:457}}
Apr 17 20:52:27 user devstack@keystone.service[43119]: DEBUG keystone.server.flask.request_processing.middleware.auth_context [None req-d72b9653-3383-4954-92c6-8c9153c79689 None admin] Validating token access rules against request {{(pid=43119) validate_allowed_request /usr/local/lib/python3.10/dist-packages/keystonemiddleware/auth_token/__init__.py:544}}
Apr 17 20:52:27 user devstack@keystone.service[43118]: [pid: 43118|app: 0|req: 21/61] 10.0.0.210 () {56 vars in 1096 bytes} [Mon Apr 17 20:52:27 2023] GET /identity/v3/roles?name=member => generated 339 bytes in 143 msecs (HTTP/1.1 200) 5 headers in 177 bytes (1 switches on core 0)
Apr 17 20:52:27 user devstack@keystone.service[43118]: DEBUG keystone.server.flask.request_processing.middleware.auth_context [None req-3dba460c-fe2c-4aac-bdd5-bd8604dc30a3 None admin] Authenticating user token {{(pid=43118) process_request /usr/local/lib/python3.10/dist-packages/keystonemiddleware/auth_token/__init__.py:406}}
Apr 17 20:52:27 user devstack@keystone.service[43119]: DEBUG keystone.server.flask.request_processing.middleware.auth_context [None req-e790de4c-05b7-4086-b64f-8529fde5c2bb None admin] RBAC: auth_context: {'token': , 'domain_id': None, 'trust_id': None, 'trustor_id': None, 'trustee_id': None, 'domain_name': None, 'group_ids': [], 'user_id': '350094072cf8453b9a21bebeeaae1947', 'user_domain_id': 'default', 'system_scope': 'all', 'project_id': None, 'project_domain_id': None, 'roles': ['admin', 'member', 'reader'], 'is_admin_project': True, 'service_user_id': None, 'service_user_domain_id': None, 'service_project_id': None, 'service_project_domain_id': None, 'service_roles': []} {{(pid=43119) fill_context /opt/stack/keystone/keystone/server/flask/request_processing/middleware/auth_context.py:478}}
Apr 17 20:52:27 user devstack@keystone.service[43119]: DEBUG keystone.server.flask.request_processing.req_logging [None req-e790de4c-05b7-4086-b64f-8529fde5c2bb None admin] REQUEST_METHOD: `GET` {{(pid=43119) log_request_info /opt/stack/keystone/keystone/server/flask/request_processing/req_logging.py:27}}
Apr 17 20:52:27 user devstack@keystone.service[43119]: DEBUG keystone.server.flask.request_processing.req_logging [None req-e790de4c-05b7-4086-b64f-8529fde5c2bb None admin] SCRIPT_NAME: `/identity` {{(pid=43119) log_request_info /opt/stack/keystone/keystone/server/flask/request_processing/req_logging.py:28}}
Apr 17 20:52:27 user devstack@keystone.service[43119]: DEBUG keystone.server.flask.request_processing.req_logging [None req-e790de4c-05b7-4086-b64f-8529fde5c2bb None admin] PATH_INFO: `/v3/roles/admin` {{(pid=43119) log_request_info /opt/stack/keystone/keystone/server/flask/request_processing/req_logging.py:29}}
Apr 17 20:52:27 user devstack@keystone.service[43120]: WARNING keystone.common.password_hashing [None req-74b2f632-82d6-4b54-8c5b-982913b34ad5 None None] Truncating password to algorithm specific maximum length 54 characters.
Apr 17 20:52:27 user devstack@keystone.service[43119]: DEBUG keystone.common.rbac_enforcer.enforcer [None req-e790de4c-05b7-4086-b64f-8529fde5c2bb None admin] Extracting inferred target data resulted in "NOT FOUND (404)". {{(pid=43119) enforce_call /opt/stack/keystone/keystone/common/rbac_enforcer/enforcer.py:409}}
Apr 17 20:52:27 user devstack@keystone.service[43120]: DEBUG keystone.auth.core [None req-74b2f632-82d6-4b54-8c5b-982913b34ad5 None None] MFA Rules not processed for user `350094072cf8453b9a21bebeeaae1947`. Rule list: `[]` (Enabled: `True`). {{(pid=43120) check_auth_methods_against_rules /opt/stack/keystone/keystone/auth/core.py:438}}
Apr 17 20:52:27 user devstack@keystone.service[43120]: DEBUG keystone.common.fernet_utils [None req-74b2f632-82d6-4b54-8c5b-982913b34ad5 None None] Loaded 2 Fernet keys from /etc/keystone/fernet-keys/, but `[fernet_tokens] max_active_keys = 3`; perhaps there have not been enough key rotations to reach `max_active_keys` yet? {{(pid=43120) load_keys /opt/stack/keystone/keystone/common/fernet_utils.py:286}}
Apr 17 20:52:27 user devstack@keystone.service[43119]: ERROR keystone.server.flask.application [None req-e790de4c-05b7-4086-b64f-8529fde5c2bb None admin] Could not find role: admin.: keystone.exception.RoleNotFound: Could not find role: admin.
Apr 17 20:52:27 user devstack@keystone.service[43119]: ERROR keystone.server.flask.application
Traceback (most recent call last):
Apr 17 20:52:27 user devstack@keystone.service[43119]: ERROR keystone.server.flask.application
File "/usr/local/lib/python3.10/dist-packages/flask/app.py", line 1823, in full_dispatch_request
Apr 17 20:52:27 user devstack@keystone.service[43119]: ERROR keystone.server.flask.application rv = self.dispatch_request()
Apr 17 20:52:27 user devstack@keystone.service[43119]: ERROR keystone.server.flask.application
File "/usr/local/lib/python3.10/dist-packages/flask/app.py", line 1799, in dispatch_request
Apr 17 20:52:27 user devstack@keystone.service[43119]: ERROR keystone.server.flask.application return self.ensure_sync(self.view_functions[rule.endpoint])(**view_args)
Apr 17 20:52:27 user devstack@keystone.service[43119]: ERROR keystone.server.flask.application
File "/usr/local/lib/python3.10/dist-packages/flask_restful/__init__.py", line 467, in wrapper
Apr 17 20:52:27 user devstack@keystone.service[43119]: ERROR keystone.server.flask.application resp = resource(*args, **kwargs)
Apr 17 20:52:27 user devstack@keystone.service[43119]: ERROR keystone.server.flask.application
File "/usr/local/lib/python3.10/dist-packages/flask/views.py", line 107, in view
Apr 17 20:52:27 user devstack@keystone.service[43119]: ERROR keystone.server.flask.application return current_app.ensure_sync(self.dispatch_request)(**kwargs)
Apr 17 20:52:27 user devstack@keystone.service[43119]: ERROR keystone.server.flask.application
File "/usr/local/lib/python3.10/dist-packages/flask_restful/__init__.py", line 582, in dispatch_request
Apr 17 20:52:27 user devstack@keystone.service[43119]: ERROR keystone.server.flask.application resp = meth(*args, **kwargs)
Apr 17 20:52:27 user devstack@keystone.service[43119]: ERROR keystone.server.flask.application
File "/opt/stack/keystone/keystone/api/roles.py", line 50, in get
Apr 17 20:52:27 user devstack@keystone.service[43119]: ERROR keystone.server.flask.application return self._get_role(role_id)
Apr 17 20:52:27 user devstack@keystone.service[43119]: ERROR keystone.server.flask.application
File "/opt/stack/keystone/keystone/api/roles.py", line 70, in _get_role
Apr 17 20:52:27 user devstack@keystone.service[43119]: ERROR keystone.server.flask.application ENFORCER.enforce_call(action='identity:get_role')
Apr 17 20:52:27 user devstack@keystone.service[43119]: ERROR keystone.server.flask.application
File "/opt/stack/keystone/keystone/common/rbac_enforcer/enforcer.py", line 402, in enforce_call
Apr 17 20:52:27 user devstack@keystone.service[43119]: ERROR keystone.server.flask.application policy_dict.update(cls._extract_member_target_data(
Apr 17 20:52:27 user devstack@keystone.service[43119]: ERROR keystone.server.flask.application
File "/opt/stack/keystone/keystone/common/rbac_enforcer/enforcer.py", line 234, in _extract_member_target_data
Apr 17 20:52:27 user devstack@keystone.service[43119]: ERROR keystone.server.flask.application member_name: func(flask.request.view_args[key])
Apr 17 20:52:27 user devstack@keystone.service[43119]: ERROR keystone.server.flask.application
File "/opt/stack/keystone/keystone/common/manager.py", line 115, in wrapped
Apr 17 20:52:27 user devstack@keystone.service[43119]: ERROR keystone.server.flask.application __ret_val = __f(*args, **kwargs)
Apr 17 20:52:27 user devstack@keystone.service[43119]: ERROR keystone.server.flask.application
File "/usr/local/lib/python3.10/dist-packages/decorator.py", line 232, in fun
Apr 17 20:52:27 user devstack@keystone.service[43119]: ERROR keystone.server.flask.application return caller(func, *(extras + args), **kw)
Apr 17 20:52:27 user devstack@keystone.service[43119]: ERROR keystone.server.flask.application
File "/usr/local/lib/python3.10/dist-packages/dogpile/cache/region.py", line 1577, in get_or_create_for_user_func
Apr 17 20:52:27 user devstack@keystone.service[43119]: ERROR keystone.server.flask.application return self.get_or_create(
Apr 17 20:52:27 user devstack@keystone.service[43119]: ERROR keystone.server.flask.application
File "/usr/local/lib/python3.10/dist-packages/dogpile/cache/region.py", line 1042, in get_or_create
Apr 17 20:52:27 user devstack@keystone.service[43119]: ERROR keystone.server.flask.application with Lock(
Apr 17 20:52:27 user devstack@keystone.service[43119]: ERROR keystone.server.flask.application
File "/usr/local/lib/python3.10/dist-packages/dogpile/lock.py", line 185, in __enter__
Apr 17 20:52:27 user devstack@keystone.service[43119]: ERROR keystone.server.flask.application return self._enter()
Apr 17 20:52:27 user devstack@keystone.service[43119]: ERROR keystone.server.flask.application
File "/usr/local/lib/python3.10/dist-packages/dogpile/lock.py", line 94, in _enter
Apr 17 20:52:27 user devstack@keystone.service[43119]: ERROR keystone.server.flask.application generated = self._enter_create(value, createdtime)
Apr 17 20:52:27 user devstack@keystone.service[43119]: ERROR keystone.server.flask.application
File "/usr/local/lib/python3.10/dist-packages/dogpile/lock.py", line 178, in _enter_create
Apr 17 20:52:27 user devstack@keystone.service[43119]: ERROR keystone.server.flask.application return self.creator()
Apr 17 20:52:27 user devstack@keystone.service[43119]: ERROR keystone.server.flask.application
File "/usr/local/lib/python3.10/dist-packages/dogpile/cache/region.py", line 995, in gen_value
Apr 17 20:52:27 user devstack@keystone.service[43119]: ERROR keystone.server.flask.application created_value = creator(
Apr 17 20:52:27 user devstack@keystone.service[43119]: ERROR keystone.server.flask.application
File "/opt/stack/keystone/keystone/assignment/core.py", line 1276, in get_role
Apr 17 20:52:27 user devstack@keystone.service[43119]: ERROR keystone.server.flask.application return self.driver.get_role(role_id)
Apr 17 20:52:27 user devstack@keystone.service[43119]: ERROR keystone.server.flask.application
File "/opt/stack/keystone/keystone/assignment/role_backends/sql.py", line 70, in get_role
Apr 17 20:52:27 user devstack@keystone.service[43119]: ERROR keystone.server.flask.application return self._get_role(session, role_id).to_dict()
Apr 17 20:52:27 user devstack@keystone.service[43119]: ERROR keystone.server.flask.application
File "/opt/stack/keystone/keystone/assignment/role_backends/sql.py", line 65, in _get_role
Apr 17 20:52:27 user devstack@keystone.service[43119]: ERROR keystone.server.flask.application raise exception.RoleNotFound(role_id=role_id)
Apr 17 20:52:27 user devstack@keystone.service[43119]: ERROR keystone.server.flask.application keystone.exception.RoleNotFound: Could not find role: admin.
Apr 17 20:52:27 user devstack@keystone.service[43119]: ERROR keystone.server.flask.application
Apr 17 20:52:27 user devstack@keystone.service[43119]: [pid: 43119|app: 0|req: 22/62] 10.0.0.210 () {56 vars in 1091 bytes} [Mon Apr 17 20:52:27 2023] GET /identity/v3/roles/admin => generated 83 bytes in 135 msecs (HTTP/1.1 404) 5 headers in 183 bytes (1 switches on core 0)
Apr 17 20:52:27 user devstack@keystone.service[43119]: DEBUG keystone.server.flask.request_processing.req_logging [None req-671a0a3e-3430-4dde-bd0e-6d38376da18e None None] REQUEST_METHOD: `GET` {{(pid=43119) log_request_info /opt/stack/keystone/keystone/server/flask/request_processing/req_logging.py:27}}
Apr 17 20:52:27 user devstack@keystone.service[43119]: DEBUG keystone.server.flask.request_processing.req_logging [None req-671a0a3e-3430-4dde-bd0e-6d38376da18e None None] SCRIPT_NAME: `/identity` {{(pid=43119) log_request_info /opt/stack/keystone/keystone/server/flask/request_processing/req_logging.py:28}}
Apr 17 20:52:27 user devstack@keystone.service[43119]: DEBUG keystone.server.flask.request_processing.req_logging [None req-671a0a3e-3430-4dde-bd0e-6d38376da18e None None] PATH_INFO: `/` {{(pid=43119) log_request_info /opt/stack/keystone/keystone/server/flask/request_processing/req_logging.py:29}}
Apr 17 20:52:27 user devstack@keystone.service[43119]: [pid: 43119|app: 0|req: 23/63] 10.0.0.210 () {54 vars in 920 bytes} [Mon Apr 17 20:52:27 2023] GET /identity => generated 269 bytes in 2 msecs (HTTP/1.1 300) 6 headers in 233 bytes (1 switches on core 0)
Apr 17 20:52:27 user devstack@keystone.service[43119]: DEBUG keystone.server.flask.request_processing.middleware.auth_context [None req-671a0a3e-3430-4dde-bd0e-6d38376da18e None None] Authenticating user token {{(pid=43119) process_request /usr/local/lib/python3.10/dist-packages/keystonemiddleware/auth_token/__init__.py:406}}
Apr 17 20:52:27 user devstack@keystone.service[43119]: DEBUG dbcounter [-] [43119] Writing DB stats keystone:SELECT=100 {{(pid=43119) stat_writer /usr/local/lib/python3.10/dist-packages/dbcounter.py:117}}
Apr 17 20:52:27 user devstack@keystone.service[43118]: DEBUG dbcounter [-] [43118] Writing DB stats keystone:SELECT=100 {{(pid=43118) stat_writer /usr/local/lib/python3.10/dist-packages/dbcounter.py:117}}
Apr 17 20:52:27 user devstack@keystone.service[43118]: DEBUG keystone.server.flask.request_processing.middleware.auth_context [None req-3dba460c-fe2c-4aac-bdd5-bd8604dc30a3 None admin] Validating token access rules against request {{(pid=43118) validate_allowed_request /usr/local/lib/python3.10/dist-packages/keystonemiddleware/auth_token/__init__.py:544}}
Apr 17 20:52:27 user devstack@keystone.service[43120]: [pid: 43120|app: 0|req: 20/64] 10.0.0.210 () {58 vars in 1017 bytes} [Mon Apr 17 20:52:27 2023] POST /identity/v3/auth/tokens => generated 798 bytes in 271 msecs (HTTP/1.1 201) 6 headers in 363 bytes (1 switches on core 0)
Apr 17 20:52:27 user devstack@keystone.service[43120]: DEBUG keystone.server.flask.request_processing.req_logging [None req-65588448-35f7-40d9-8561-759de4e3f86e None None] REQUEST_METHOD: `POST` {{(pid=43120) log_request_info /opt/stack/keystone/keystone/server/flask/request_processing/req_logging.py:27}}
Apr 17 20:52:27 user devstack@keystone.service[43120]: DEBUG keystone.server.flask.request_processing.req_logging [None req-65588448-35f7-40d9-8561-759de4e3f86e None None] SCRIPT_NAME: `/identity` {{(pid=43120) log_request_info /opt/stack/keystone/keystone/server/flask/request_processing/req_logging.py:28}}
Apr 17 20:52:27 user devstack@keystone.service[43120]: DEBUG keystone.server.flask.request_processing.req_logging [None req-65588448-35f7-40d9-8561-759de4e3f86e None None] PATH_INFO: `/v3/auth/tokens` {{(pid=43120) log_request_info /opt/stack/keystone/keystone/server/flask/request_processing/req_logging.py:29}}
Apr 17 20:52:27 user devstack@keystone.service[43120]: WARNING keystone.common.password_hashing [None req-65588448-35f7-40d9-8561-759de4e3f86e None None] Truncating password to algorithm specific maximum length 54 characters.
Apr 17 20:52:27 user devstack@keystone.service[43120]: DEBUG keystone.auth.core [None req-65588448-35f7-40d9-8561-759de4e3f86e None None] MFA Rules not processed for user `350094072cf8453b9a21bebeeaae1947`. Rule list: `[]` (Enabled: `True`). {{(pid=43120) check_auth_methods_against_rules /opt/stack/keystone/keystone/auth/core.py:438}}
Apr 17 20:52:27 user devstack@keystone.service[43118]: DEBUG keystone.server.flask.request_processing.middleware.auth_context [None req-c9d8f3e5-a3a2-43d3-9aa1-beea2a7898e6 None admin] RBAC: auth_context: {'token': , 'domain_id': None, 'trust_id': None, 'trustor_id': None, 'trustee_id': None, 'domain_name': None, 'group_ids': [], 'user_id': '350094072cf8453b9a21bebeeaae1947', 'user_domain_id': 'default', 'system_scope': 'all', 'project_id': None, 'project_domain_id': None, 'roles': ['admin', 'member', 'reader'], 'is_admin_project': True, 'service_user_id': None, 'service_user_domain_id': None, 'service_project_id': None, 'service_project_domain_id': None, 'service_roles': []} {{(pid=43118) fill_context /opt/stack/keystone/keystone/server/flask/request_processing/middleware/auth_context.py:478}}
Apr 17 20:52:27 user devstack@keystone.service[43120]: DEBUG keystone.common.fernet_utils [None req-65588448-35f7-40d9-8561-759de4e3f86e None None] Loaded 2 Fernet keys from /etc/keystone/fernet-keys/, but `[fernet_tokens] max_active_keys = 3`; perhaps there have not been enough key rotations to reach `max_active_keys` yet? {{(pid=43120) load_keys /opt/stack/keystone/keystone/common/fernet_utils.py:286}}
Apr 17 20:52:27 user devstack@keystone.service[43118]: DEBUG keystone.server.flask.request_processing.req_logging [None req-c9d8f3e5-a3a2-43d3-9aa1-beea2a7898e6 None admin] REQUEST_METHOD: `GET` {{(pid=43118) log_request_info /opt/stack/keystone/keystone/server/flask/request_processing/req_logging.py:27}}
Apr 17 20:52:27 user devstack@keystone.service[43118]: DEBUG keystone.server.flask.request_processing.req_logging [None req-c9d8f3e5-a3a2-43d3-9aa1-beea2a7898e6 None admin] SCRIPT_NAME: `/identity` {{(pid=43118) log_request_info /opt/stack/keystone/keystone/server/flask/request_processing/req_logging.py:28}}
Apr 17 20:52:27 user devstack@keystone.service[43118]: DEBUG keystone.server.flask.request_processing.req_logging [None req-c9d8f3e5-a3a2-43d3-9aa1-beea2a7898e6 None admin] PATH_INFO: `/v3/users/4dd8c50386914e9ea04fa798274de45d` {{(pid=43118) log_request_info /opt/stack/keystone/keystone/server/flask/request_processing/req_logging.py:29}}
Apr 17 20:52:27 user devstack@keystone.service[43119]: DEBUG keystone.server.flask.request_processing.middleware.auth_context [None req-671a0a3e-3430-4dde-bd0e-6d38376da18e None None] Validating token access rules against request {{(pid=43119) validate_allowed_request /usr/local/lib/python3.10/dist-packages/keystonemiddleware/auth_token/__init__.py:544}}
Apr 17 20:52:27 user devstack@keystone.service[43118]: DEBUG keystone.common.rbac_enforcer.enforcer [None req-c9d8f3e5-a3a2-43d3-9aa1-beea2a7898e6 None admin] RBAC: Authorizing `identity:get_user(user_id=4dd8c50386914e9ea04fa798274de45d)` {{(pid=43118) enforce_call /opt/stack/keystone/keystone/common/rbac_enforcer/enforcer.py:449}}
Apr 17 20:52:27 user devstack@keystone.service[43118]: DEBUG keystone.common.rbac_enforcer.enforcer [None req-c9d8f3e5-a3a2-43d3-9aa1-beea2a7898e6 None admin] RBAC: Authorization granted {{(pid=43118) enforce_call /opt/stack/keystone/keystone/common/rbac_enforcer/enforcer.py:457}}
Apr 17 20:52:27 user devstack@keystone.service[43118]: [pid: 43118|app: 0|req: 22/65] 10.0.0.210 () {56 vars in 1172 bytes} [Mon Apr 17 20:52:27 2023] GET /identity/v3/users/4dd8c50386914e9ea04fa798274de45d => generated 274 bytes in 142 msecs (HTTP/1.1 200) 5 headers in 177 bytes (1 switches on core 0)
Apr 17 20:52:27 user devstack@keystone.service[43118]: DEBUG keystone.server.flask.request_processing.req_logging [None req-e3534694-5446-4ab2-b4fe-aac27ae3fa7f None None] REQUEST_METHOD: `GET` {{(pid=43118) log_request_info /opt/stack/keystone/keystone/server/flask/request_processing/req_logging.py:27}}
Apr 17 20:52:27 user devstack@keystone.service[43118]: DEBUG keystone.server.flask.request_processing.req_logging [None req-e3534694-5446-4ab2-b4fe-aac27ae3fa7f None None] SCRIPT_NAME: `/identity` {{(pid=43118) log_request_info /opt/stack/keystone/keystone/server/flask/request_processing/req_logging.py:28}}
Apr 17 20:52:27 user devstack@keystone.service[43118]: DEBUG keystone.server.flask.request_processing.req_logging [None req-e3534694-5446-4ab2-b4fe-aac27ae3fa7f None None] PATH_INFO: `/` {{(pid=43118) log_request_info /opt/stack/keystone/keystone/server/flask/request_processing/req_logging.py:29}}
Apr 17 20:52:27 user devstack@keystone.service[43118]: [pid: 43118|app: 0|req: 23/66] 10.0.0.210 () {54 vars in 920 bytes} [Mon Apr 17 20:52:27 2023] GET /identity => generated 269 bytes in 2 msecs (HTTP/1.1 300) 6 headers in 233 bytes (1 switches on core 0)
Apr 17 20:52:27 user devstack@keystone.service[43118]: DEBUG keystone.server.flask.request_processing.middleware.auth_context [None req-e3534694-5446-4ab2-b4fe-aac27ae3fa7f None None] Authenticating user token {{(pid=43118) process_request /usr/local/lib/python3.10/dist-packages/keystonemiddleware/auth_token/__init__.py:406}}
Apr 17 20:52:27 user devstack@keystone.service[43119]: DEBUG keystone.server.flask.request_processing.middleware.auth_context [None req-2315c348-2c0b-4473-91c0-0e69aaeb2c14 None admin] RBAC: auth_context: {'token': , 'domain_id': None, 'trust_id': None, 'trustor_id': None, 'trustee_id': None, 'domain_name': None, 'group_ids': [], 'user_id': '350094072cf8453b9a21bebeeaae1947', 'user_domain_id': 'default', 'system_scope': 'all', 'project_id': None, 'project_domain_id': None, 'roles': ['admin', 'member', 'reader'], 'is_admin_project': True, 'service_user_id': None, 'service_user_domain_id': None, 'service_project_id': None, 'service_project_domain_id': None, 'service_roles': []} {{(pid=43119) fill_context /opt/stack/keystone/keystone/server/flask/request_processing/middleware/auth_context.py:478}}
Apr 17 20:52:27 user devstack@keystone.service[43119]: DEBUG keystone.server.flask.request_processing.req_logging [None req-2315c348-2c0b-4473-91c0-0e69aaeb2c14 None admin] REQUEST_METHOD: `GET` {{(pid=43119) log_request_info /opt/stack/keystone/keystone/server/flask/request_processing/req_logging.py:27}}
Apr 17 20:52:27 user devstack@keystone.service[43119]: DEBUG keystone.server.flask.request_processing.req_logging [None req-2315c348-2c0b-4473-91c0-0e69aaeb2c14 None admin] SCRIPT_NAME: `/identity` {{(pid=43119) log_request_info /opt/stack/keystone/keystone/server/flask/request_processing/req_logging.py:28}}
Apr 17 20:52:27 user devstack@keystone.service[43119]: DEBUG keystone.server.flask.request_processing.req_logging [None req-2315c348-2c0b-4473-91c0-0e69aaeb2c14 None admin] PATH_INFO: `/v3/roles` {{(pid=43119) log_request_info /opt/stack/keystone/keystone/server/flask/request_processing/req_logging.py:29}}
Apr 17 20:52:27 user devstack@keystone.service[43119]: DEBUG keystone.common.rbac_enforcer.enforcer [None req-2315c348-2c0b-4473-91c0-0e69aaeb2c14 None admin] RBAC: Adding query filter params (name=admin) {{(pid=43119) _extract_filter_values /opt/stack/keystone/keystone/common/rbac_enforcer/enforcer.py:167}}
Apr 17 20:52:27 user devstack@keystone.service[43119]: DEBUG keystone.common.rbac_enforcer.enforcer [None req-2315c348-2c0b-4473-91c0-0e69aaeb2c14 None admin] RBAC: Authorizing `identity:list_roles()` {{(pid=43119) enforce_call /opt/stack/keystone/keystone/common/rbac_enforcer/enforcer.py:449}}
Apr 17 20:52:27 user devstack@keystone.service[43119]: DEBUG keystone.common.rbac_enforcer.enforcer [None req-2315c348-2c0b-4473-91c0-0e69aaeb2c14 None admin] RBAC: Authorization granted {{(pid=43119) enforce_call /opt/stack/keystone/keystone/common/rbac_enforcer/enforcer.py:457}}
Apr 17 20:52:27 user devstack@keystone.service[43119]: [pid: 43119|app: 0|req: 24/67] 10.0.0.210 () {56 vars in 1094 bytes} [Mon Apr 17 20:52:27 2023] GET /identity/v3/roles?name=admin => generated 337 bytes in 128 msecs (HTTP/1.1 200) 5 headers in 177 bytes (2 switches on core 0)
Apr 17 20:52:27 user devstack@keystone.service[43119]: DEBUG keystone.server.flask.request_processing.req_logging [None req-f75e5114-fea5-4889-9b7c-dfce90dbcee8 None None] REQUEST_METHOD: `POST` {{(pid=43119) log_request_info /opt/stack/keystone/keystone/server/flask/request_processing/req_logging.py:27}}
Apr 17 20:52:27 user devstack@keystone.service[43119]: DEBUG keystone.server.flask.request_processing.req_logging [None req-f75e5114-fea5-4889-9b7c-dfce90dbcee8 None None] SCRIPT_NAME: `/identity` {{(pid=43119) log_request_info /opt/stack/keystone/keystone/server/flask/request_processing/req_logging.py:28}}
Apr 17 20:52:27 user devstack@keystone.service[43119]: DEBUG keystone.server.flask.request_processing.req_logging [None req-f75e5114-fea5-4889-9b7c-dfce90dbcee8 None None] PATH_INFO: `/v3/auth/tokens` {{(pid=43119) log_request_info /opt/stack/keystone/keystone/server/flask/request_processing/req_logging.py:29}}
Apr 17 20:52:27 user devstack@keystone.service[43120]: [pid: 43120|app: 0|req: 21/68] 10.0.0.210 () {58 vars in 1017 bytes} [Mon Apr 17 20:52:27 2023] POST /identity/v3/auth/tokens => generated 798 bytes in 78 msecs (HTTP/1.1 201) 6 headers in 363 bytes (1 switches on core 0)
Apr 17 20:52:27 user devstack@keystone.service[43120]: DEBUG keystone.server.flask.request_processing.middleware.auth_context [None req-65588448-35f7-40d9-8561-759de4e3f86e None None] Authenticating user token {{(pid=43120) process_request /usr/local/lib/python3.10/dist-packages/keystonemiddleware/auth_token/__init__.py:406}}
Apr 17 20:52:27 user devstack@keystone.service[43119]: WARNING keystone.common.password_hashing [None req-f75e5114-fea5-4889-9b7c-dfce90dbcee8 None None] Truncating password to algorithm specific maximum length 54 characters.
Apr 17 20:52:27 user devstack@keystone.service[43119]: DEBUG keystone.auth.core [None req-f75e5114-fea5-4889-9b7c-dfce90dbcee8 None None] MFA Rules not processed for user `350094072cf8453b9a21bebeeaae1947`. Rule list: `[]` (Enabled: `True`). {{(pid=43119) check_auth_methods_against_rules /opt/stack/keystone/keystone/auth/core.py:438}}
Apr 17 20:52:27 user devstack@keystone.service[43119]: DEBUG keystone.common.fernet_utils [None req-f75e5114-fea5-4889-9b7c-dfce90dbcee8 None None] Loaded 2 Fernet keys from /etc/keystone/fernet-keys/, but `[fernet_tokens] max_active_keys = 3`; perhaps there have not been enough key rotations to reach `max_active_keys` yet? {{(pid=43119) load_keys /opt/stack/keystone/keystone/common/fernet_utils.py:286}}
Apr 17 20:52:27 user devstack@keystone.service[43118]: DEBUG keystone.server.flask.request_processing.middleware.auth_context [None req-e3534694-5446-4ab2-b4fe-aac27ae3fa7f None None] Validating token access rules against request {{(pid=43118) validate_allowed_request /usr/local/lib/python3.10/dist-packages/keystonemiddleware/auth_token/__init__.py:544}}
Apr 17 20:52:27 user devstack@keystone.service[43119]: [pid: 43119|app: 0|req: 25/69] 10.0.0.210 () {58 vars in 1017 bytes} [Mon Apr 17 20:52:27 2023] POST /identity/v3/auth/tokens => generated 798 bytes in 81 msecs (HTTP/1.1 201) 6 headers in 363 bytes (1 switches on core 0)
Apr 17 20:52:27 user devstack@keystone.service[43120]: DEBUG dbcounter [-] [43120] Writing DB stats keystone:SELECT=100 {{(pid=43120) stat_writer /usr/local/lib/python3.10/dist-packages/dbcounter.py:117}}
Apr 17 20:52:27 user devstack@keystone.service[43118]: DEBUG keystone.server.flask.request_processing.middleware.auth_context [None req-96bd2ed7-a57d-4edb-8d60-f0d947c997a7 None admin] RBAC: auth_context: {'token': , 'domain_id': None, 'trust_id': None, 'trustor_id': None, 'trustee_id': None, 'domain_name': None, 'group_ids': [], 'user_id': '350094072cf8453b9a21bebeeaae1947', 'user_domain_id': 'default', 'system_scope': 'all', 'project_id': None, 'project_domain_id': None, 'roles': ['admin', 'member', 'reader'], 'is_admin_project': True, 'service_user_id': None, 'service_user_domain_id': None, 'service_project_id': None, 'service_project_domain_id': None, 'service_roles': []} {{(pid=43118) fill_context /opt/stack/keystone/keystone/server/flask/request_processing/middleware/auth_context.py:478}}
Apr 17 20:52:27 user devstack@keystone.service[43118]: DEBUG keystone.server.flask.request_processing.req_logging [None req-96bd2ed7-a57d-4edb-8d60-f0d947c997a7 None admin] REQUEST_METHOD: `GET` {{(pid=43118) log_request_info /opt/stack/keystone/keystone/server/flask/request_processing/req_logging.py:27}}
Apr 17 20:52:27 user devstack@keystone.service[43118]: DEBUG keystone.server.flask.request_processing.req_logging [None req-96bd2ed7-a57d-4edb-8d60-f0d947c997a7 None admin] SCRIPT_NAME: `/identity` {{(pid=43118) log_request_info /opt/stack/keystone/keystone/server/flask/request_processing/req_logging.py:28}}
Apr 17 20:52:27 user devstack@keystone.service[43118]: DEBUG keystone.server.flask.request_processing.req_logging [None req-96bd2ed7-a57d-4edb-8d60-f0d947c997a7 None admin] PATH_INFO: `/v3/projects/81947b70c0684f18af04669714d4c843` {{(pid=43118) log_request_info /opt/stack/keystone/keystone/server/flask/request_processing/req_logging.py:29}}
Apr 17 20:52:27 user devstack@keystone.service[43118]: DEBUG keystone.common.rbac_enforcer.enforcer [None req-96bd2ed7-a57d-4edb-8d60-f0d947c997a7 None admin] RBAC: Authorizing `identity:get_project(project_id=81947b70c0684f18af04669714d4c843)` {{(pid=43118) enforce_call /opt/stack/keystone/keystone/common/rbac_enforcer/enforcer.py:449}}
Apr 17 20:52:27 user devstack@keystone.service[43118]: DEBUG keystone.common.rbac_enforcer.enforcer [None req-96bd2ed7-a57d-4edb-8d60-f0d947c997a7 None admin] RBAC: Authorization granted {{(pid=43118) enforce_call /opt/stack/keystone/keystone/common/rbac_enforcer/enforcer.py:457}}
Apr 17 20:52:27 user devstack@keystone.service[43118]: [pid: 43118|app: 0|req: 24/70] 10.0.0.210 () {56 vars in 1181 bytes} [Mon Apr 17 20:52:27 2023] GET /identity/v3/projects/81947b70c0684f18af04669714d4c843 => generated 297 bytes in 155 msecs (HTTP/1.1 200) 5 headers in 177 bytes (2 switches on core 0)
Apr 17 20:52:27 user devstack@keystone.service[43119]: DEBUG keystone.server.flask.request_processing.middleware.auth_context [None req-f75e5114-fea5-4889-9b7c-dfce90dbcee8 None None] Authenticating user token {{(pid=43119) process_request /usr/local/lib/python3.10/dist-packages/keystonemiddleware/auth_token/__init__.py:406}}
Apr 17 20:52:27 user devstack@keystone.service[43120]: DEBUG keystone.server.flask.request_processing.middleware.auth_context [None req-65588448-35f7-40d9-8561-759de4e3f86e None None] Validating token access rules against request {{(pid=43120) validate_allowed_request /usr/local/lib/python3.10/dist-packages/keystonemiddleware/auth_token/__init__.py:544}}
Apr 17 20:52:27 user devstack@keystone.service[43119]: DEBUG dbcounter [-] [43119] Writing DB stats keystone:SELECT=100 {{(pid=43119) stat_writer /usr/local/lib/python3.10/dist-packages/dbcounter.py:117}}
Apr 17 20:52:27 user devstack@keystone.service[43118]: DEBUG keystone.server.flask.request_processing.middleware.auth_context [None req-96bd2ed7-a57d-4edb-8d60-f0d947c997a7 None admin] Authenticating user token {{(pid=43118) process_request /usr/local/lib/python3.10/dist-packages/keystonemiddleware/auth_token/__init__.py:406}}
Apr 17 20:52:27 user devstack@keystone.service[43120]: DEBUG keystone.server.flask.request_processing.middleware.auth_context [None req-ba026704-d44a-400f-9378-937443657d76 None admin] RBAC: auth_context: {'token': , 'domain_id': None, 'trust_id': None, 'trustor_id': None, 'trustee_id': None, 'domain_name': None, 'group_ids': [], 'user_id': '350094072cf8453b9a21bebeeaae1947', 'user_domain_id': 'default', 'system_scope': 'all', 'project_id': None, 'project_domain_id': None, 'roles': ['admin', 'member', 'reader'], 'is_admin_project': True, 'service_user_id': None, 'service_user_domain_id': None, 'service_project_id': None, 'service_project_domain_id': None, 'service_roles': []} {{(pid=43120) fill_context /opt/stack/keystone/keystone/server/flask/request_processing/middleware/auth_context.py:478}}
Apr 17 20:52:27 user devstack@keystone.service[43120]: DEBUG keystone.server.flask.request_processing.req_logging [None req-ba026704-d44a-400f-9378-937443657d76 None admin] REQUEST_METHOD: `GET` {{(pid=43120) log_request_info /opt/stack/keystone/keystone/server/flask/request_processing/req_logging.py:27}}
Apr 17 20:52:27 user devstack@keystone.service[43120]: DEBUG keystone.server.flask.request_processing.req_logging [None req-ba026704-d44a-400f-9378-937443657d76 None admin] SCRIPT_NAME: `/identity` {{(pid=43120) log_request_info /opt/stack/keystone/keystone/server/flask/request_processing/req_logging.py:28}}
Apr 17 20:52:27 user devstack@keystone.service[43120]: DEBUG keystone.server.flask.request_processing.req_logging [None req-ba026704-d44a-400f-9378-937443657d76 None admin] PATH_INFO: `/v3/users/350094072cf8453b9a21bebeeaae1947` {{(pid=43120) log_request_info /opt/stack/keystone/keystone/server/flask/request_processing/req_logging.py:29}}
Apr 17 20:52:27 user devstack@keystone.service[43120]: DEBUG keystone.common.rbac_enforcer.enforcer [None req-ba026704-d44a-400f-9378-937443657d76 None admin] RBAC: Authorizing `identity:get_user(user_id=350094072cf8453b9a21bebeeaae1947)` {{(pid=43120) enforce_call /opt/stack/keystone/keystone/common/rbac_enforcer/enforcer.py:449}}
Apr 17 20:52:27 user devstack@keystone.service[43120]: DEBUG keystone.common.rbac_enforcer.enforcer [None req-ba026704-d44a-400f-9378-937443657d76 None admin] RBAC: Authorization granted {{(pid=43120) enforce_call /opt/stack/keystone/keystone/common/rbac_enforcer/enforcer.py:457}}
Apr 17 20:52:27 user devstack@keystone.service[43120]: [pid: 43120|app: 0|req: 22/71] 10.0.0.210 () {56 vars in 1172 bytes} [Mon Apr 17 20:52:27 2023] GET /identity/v3/users/350094072cf8453b9a21bebeeaae1947 => generated 246 bytes in 186 msecs (HTTP/1.1 200) 5 headers in 177 bytes (1 switches on core 0)
Apr 17 20:52:27 user devstack@keystone.service[43120]: DEBUG keystone.server.flask.request_processing.middleware.auth_context [None req-ba026704-d44a-400f-9378-937443657d76 None admin] Authenticating user token {{(pid=43120) process_request /usr/local/lib/python3.10/dist-packages/keystonemiddleware/auth_token/__init__.py:406}}
Apr 17 20:52:27 user devstack@keystone.service[43118]: DEBUG dbcounter [-] [43118] Writing DB stats keystone:SELECT=100 {{(pid=43118) stat_writer /usr/local/lib/python3.10/dist-packages/dbcounter.py:117}}
Apr 17 20:52:27 user devstack@keystone.service[43119]: DEBUG keystone.server.flask.request_processing.middleware.auth_context [None req-f75e5114-fea5-4889-9b7c-dfce90dbcee8 None None] Validating token access rules against request {{(pid=43119) validate_allowed_request /usr/local/lib/python3.10/dist-packages/keystonemiddleware/auth_token/__init__.py:544}}
Apr 17 20:52:27 user devstack@keystone.service[43119]: DEBUG keystone.server.flask.request_processing.middleware.auth_context [None req-e037ddce-c5f8-4a3a-95de-666351ddc924 None admin] RBAC: auth_context: {'token': , 'domain_id': None, 'trust_id': None, 'trustor_id': None, 'trustee_id': None, 'domain_name': None, 'group_ids': [], 'user_id': '350094072cf8453b9a21bebeeaae1947', 'user_domain_id': 'default', 'system_scope': 'all', 'project_id': None, 'project_domain_id': None, 'roles': ['admin', 'member', 'reader'], 'is_admin_project': True, 'service_user_id': None, 'service_user_domain_id': None, 'service_project_id': None, 'service_project_domain_id': None, 'service_roles': []} {{(pid=43119) fill_context /opt/stack/keystone/keystone/server/flask/request_processing/middleware/auth_context.py:478}}
Apr 17 20:52:27 user devstack@keystone.service[43119]: DEBUG keystone.server.flask.request_processing.req_logging [None req-e037ddce-c5f8-4a3a-95de-666351ddc924 None admin] REQUEST_METHOD: `PUT` {{(pid=43119) log_request_info /opt/stack/keystone/keystone/server/flask/request_processing/req_logging.py:27}}
Apr 17 20:52:27 user devstack@keystone.service[43119]: DEBUG keystone.server.flask.request_processing.req_logging [None req-e037ddce-c5f8-4a3a-95de-666351ddc924 None admin] SCRIPT_NAME: `/identity` {{(pid=43119) log_request_info /opt/stack/keystone/keystone/server/flask/request_processing/req_logging.py:28}}
Apr 17 20:52:27 user devstack@keystone.service[43119]: DEBUG keystone.server.flask.request_processing.req_logging [None req-e037ddce-c5f8-4a3a-95de-666351ddc924 None admin] PATH_INFO: `/v3/projects/81947b70c0684f18af04669714d4c843/users/4dd8c50386914e9ea04fa798274de45d/roles/a903576d38cd4fd7a722f46d954fd519` {{(pid=43119) log_request_info /opt/stack/keystone/keystone/server/flask/request_processing/req_logging.py:29}}
Apr 17 20:52:27 user devstack@keystone.service[43119]: DEBUG keystone.common.rbac_enforcer.enforcer [None req-e037ddce-c5f8-4a3a-95de-666351ddc924 None admin] RBAC: Authorizing `identity:create_grant(project_id=81947b70c0684f18af04669714d4c843, user_id=4dd8c50386914e9ea04fa798274de45d, role_id=a903576d38cd4fd7a722f46d954fd519)` {{(pid=43119) enforce_call /opt/stack/keystone/keystone/common/rbac_enforcer/enforcer.py:449}}
Apr 17 20:52:27 user devstack@keystone.service[43119]: DEBUG keystone.common.rbac_enforcer.enforcer [None req-e037ddce-c5f8-4a3a-95de-666351ddc924 None admin] RBAC: Authorization granted {{(pid=43119) enforce_call /opt/stack/keystone/keystone/common/rbac_enforcer/enforcer.py:457}}
Apr 17 20:52:27 user devstack@keystone.service[43119]: [pid: 43119|app: 0|req: 26/72] 10.0.0.210 () {58 vars in 1434 bytes} [Mon Apr 17 20:52:27 2023] PUT /identity/v3/projects/81947b70c0684f18af04669714d4c843/users/4dd8c50386914e9ea04fa798274de45d/roles/a903576d38cd4fd7a722f46d954fd519 => generated 0 bytes in 151 msecs (HTTP/1.1 204) 3 headers in 132 bytes (0 switches on core 0)
Apr 17 20:52:27 user devstack@keystone.service[43119]: DEBUG keystone.server.flask.request_processing.middleware.auth_context [None req-e037ddce-c5f8-4a3a-95de-666351ddc924 None admin] Authenticating user token {{(pid=43119) process_request /usr/local/lib/python3.10/dist-packages/keystonemiddleware/auth_token/__init__.py:406}}
Apr 17 20:52:27 user devstack@keystone.service[43120]: DEBUG keystone.server.flask.request_processing.middleware.auth_context [None req-ba026704-d44a-400f-9378-937443657d76 None admin] Validating token access rules against request {{(pid=43120) validate_allowed_request /usr/local/lib/python3.10/dist-packages/keystonemiddleware/auth_token/__init__.py:544}}
Apr 17 20:52:27 user devstack@keystone.service[43118]: DEBUG keystone.server.flask.request_processing.middleware.auth_context [None req-96bd2ed7-a57d-4edb-8d60-f0d947c997a7 None admin] Validating token access rules against request {{(pid=43118) validate_allowed_request /usr/local/lib/python3.10/dist-packages/keystonemiddleware/auth_token/__init__.py:544}}
