Apr 17 21:01:09 user neutron-server[65794]: DEBUG neutron.api.rpc.handlers.resources_rpc [None req-1e0f43b1-a438-4a2a-80d9-91204b37e236 admin admin] Pushing event deleted for resources: {'SecurityGroup': ['ID=bfef3014-2b41-46c0-a160-013a8289fab4,revision_number=None']} {{(pid=65794) push /opt/stack/neutron/neutron/api/rpc/handlers/resources_rpc.py:237}}
Apr 17 21:01:09 user neutron-server[65794]: DEBUG neutron.api.rpc.callbacks.version_manager [None req-1e0f43b1-a438-4a2a-80d9-91204b37e236 admin admin] Tracked resource versions report:
Apr 17 21:01:09 user neutron-server[65794]: pushed versions:
Apr 17 21:01:09 user neutron-server[65794]: { 'AddressGroup': {'1.2'},
Apr 17 21:01:09 user neutron-server[65794]: 'Agent': {'1.1'},
Apr 17 21:01:09 user neutron-server[65794]: 'ConntrackHelper': {'1.0'},
Apr 17 21:01:09 user neutron-server[65794]: 'LocalIPAssociation': {'1.0'},
Apr 17 21:01:09 user neutron-server[65794]: 'Log': {'1.0'},
Apr 17 21:01:09 user neutron-server[65794]: 'NDPProxy': {'1.0'},
Apr 17 21:01:09 user neutron-server[65794]: 'Network': {'1.1'},
Apr 17 21:01:09 user neutron-server[65794]: 'Port': {'1.7'},
Apr 17 21:01:09 user neutron-server[65794]: 'PortForwarding': {'1.3'},
Apr 17 21:01:09 user neutron-server[65794]: 'QosPolicy': {'1.10'},
Apr 17 21:01:09 user neutron-server[65794]: 'SecurityGroup': {'1.5'},
Apr 17 21:01:09 user neutron-server[65794]: 'SecurityGroupRule': {'1.2'},
Apr 17 21:01:09 user neutron-server[65794]: 'SubPort': {'1.0'},
Apr 17 21:01:09 user neutron-server[65794]: 'Subnet': {'1.1'},
Apr 17 21:01:09 user neutron-server[65794]: 'Trunk': {'1.1'}}
Apr 17 21:01:09 user neutron-server[65794]: consumer versions:
Apr 17 21:01:09 user neutron-server[65794]: {OVN Controller Gateway agent@user: {}, OVN Metadata agent@user: {}}
Apr 17 21:01:09 user neutron-server[65794]: {{(pid=65794) report /opt/stack/neutron/neutron/api/rpc/callbacks/version_manager.py:175}}
Apr 17 21:01:13 user neutron-server[65799]: DEBUG dbcounter [-] [65799] Writing DB stats neutron:SELECT=4 {{(pid=65799) stat_writer /usr/local/lib/python3.10/dist-packages/dbcounter.py:117}}
Apr 17 21:01:16 user neutron-server[65792]: DEBUG futurist.periodics [-] Submitting periodic callback 'neutron.plugins.ml2.drivers.ovn.mech_driver.ovsdb.maintenance.HashRingHealthCheckPeriodics.touch_hash_ring_nodes' {{(pid=65792) _process_scheduled /usr/local/lib/python3.10/dist-packages/futurist/periodics.py:638}}
Apr 17 21:01:19 user neutron-server[65796]: DEBUG dbcounter [-] [65796] Writing DB stats neutron:SELECT=2 {{(pid=65796) stat_writer /usr/local/lib/python3.10/dist-packages/dbcounter.py:117}}
Apr 17 21:01:19 user neutron-server[65796]: DEBUG dbcounter [-] [65796] Writing DB stats neutron:SELECT=2 {{(pid=65796) stat_writer /usr/local/lib/python3.10/dist-packages/dbcounter.py:117}}
Apr 17 21:01:19 user neutron-server[65793]: DEBUG dbcounter [-] [65793] Writing DB stats neutron:SELECT=5 {{(pid=65793) stat_writer /usr/local/lib/python3.10/dist-packages/dbcounter.py:117}}
Apr 17 21:01:19 user neutron-server[65793]: DEBUG dbcounter [-] [65793] Writing DB stats neutron:SELECT=1,neutron:UPDATE=2 {{(pid=65793) stat_writer /usr/local/lib/python3.10/dist-packages/dbcounter.py:117}}
Apr 17 21:01:19 user neutron-server[65794]: DEBUG dbcounter [-] [65794] Writing DB stats neutron:SELECT=26,neutron:UPDATE=1,neutron:DELETE=1 {{(pid=65794) stat_writer /usr/local/lib/python3.10/dist-packages/dbcounter.py:117}}
Apr 17 21:01:19 user neutron-server[65794]: DEBUG dbcounter [-] [65794] Writing DB stats neutron:SELECT=42,neutron:DELETE=4 {{(pid=65794) stat_writer /usr/local/lib/python3.10/dist-packages/dbcounter.py:117}}
Apr 17 21:01:23 user neutron-server[65796]: DEBUG neutron.plugins.ml2.drivers.ovn.mech_driver.ovsdb.ovsdb_monitor [-] ChassisMetadataAgentWriteEvent : Matched Chassis_Private, update, None None {{(pid=65796) matches /opt/stack/neutron/neutron/plugins/ml2/drivers/ovn/mech_driver/ovsdb/ovsdb_monitor.py:63}}
Apr 17 21:01:23 user neutron-server[65792]: DEBUG neutron.plugins.ml2.drivers.ovn.mech_driver.ovsdb.ovsdb_monitor [None req-6624ee0b-33cc-43cf-a21a-d6700b319e70 None None] ChassisMetadataAgentWriteEvent : Matched Chassis_Private, update, None None {{(pid=65792) matches /opt/stack/neutron/neutron/plugins/ml2/drivers/ovn/mech_driver/ovsdb/ovsdb_monitor.py:63}}
Apr 17 21:01:23 user neutron-server[65794]: DEBUG neutron.plugins.ml2.drivers.ovn.mech_driver.ovsdb.ovsdb_monitor [None req-5f25c20b-99ca-4a9f-8ded-3bc4cc8ea807 None None] ChassisMetadataAgentWriteEvent : Matched Chassis_Private, update, None None {{(pid=65794) matches /opt/stack/neutron/neutron/plugins/ml2/drivers/ovn/mech_driver/ovsdb/ovsdb_monitor.py:63}}
Apr 17 21:01:23 user neutron-server[65793]: DEBUG neutron.plugins.ml2.drivers.ovn.mech_driver.ovsdb.ovsdb_monitor [None req-4c636a9d-3636-42d3-9805-44e82e01c1fa None None] ChassisMetadataAgentWriteEvent : Matched Chassis_Private, update, None None {{(pid=65793) matches /opt/stack/neutron/neutron/plugins/ml2/drivers/ovn/mech_driver/ovsdb/ovsdb_monitor.py:63}}
Apr 17 21:01:23 user neutron-server[65793]: DEBUG neutron.plugins.ml2.drivers.ovn.mech_driver.ovsdb.ovsdb_monitor [None req-4c636a9d-3636-42d3-9805-44e82e01c1fa None None] Hash Ring: Node db9b7787-5db2-4052-8bb9-c60aa4e37389 (host: user) handling event "update" for row 8cb955ba-ffaa-4f4c-85e5-1f53ef230925 (table: Chassis_Private) {{(pid=65793) notify /opt/stack/neutron/neutron/plugins/ml2/drivers/ovn/mech_driver/ovsdb/ovsdb_monitor.py:752}}
Apr 17 21:01:26 user neutron-server[65792]: DEBUG dbcounter [-] [65792] Writing DB stats neutron:SELECT=29,neutron:INSERT=5,neutron:UPDATE=1 {{(pid=65792) stat_writer /usr/local/lib/python3.10/dist-packages/dbcounter.py:117}}
Apr 17 21:01:26 user neutron-server[65792]: DEBUG dbcounter [-] [65792] Writing DB stats neutron:SELECT=22,neutron:INSERT=7,neutron:UPDATE=3 {{(pid=65792) stat_writer /usr/local/lib/python3.10/dist-packages/dbcounter.py:117}}
Apr 17 21:01:40 user neutron-server[65799]: DEBUG neutron.db.agents_db [None req-cd0136b2-a67e-4ee0-b483-31bca44a1894 None None] Agent healthcheck: found 0 active agents {{(pid=65799) agent_health_check /opt/stack/neutron/neutron/db/agents_db.py:317}}
Apr 17 21:01:42 user neutron-server[65799]: DEBUG dbcounter [-] [65799] Writing DB stats neutron:SELECT=6 {{(pid=65799) stat_writer /usr/local/lib/python3.10/dist-packages/dbcounter.py:117}}
Apr 17 21:01:46 user neutron-server[65792]: DEBUG futurist.periodics [-] Submitting periodic callback 'neutron.plugins.ml2.drivers.ovn.mech_driver.ovsdb.maintenance.HashRingHealthCheckPeriodics.touch_hash_ring_nodes' {{(pid=65792) _process_scheduled /usr/local/lib/python3.10/dist-packages/futurist/periodics.py:638}}
Apr 17 21:01:46 user neutron-server[65797]: DEBUG futurist.periodics [None req-bca9c7fd-c437-4de8-b8f0-0f948c07c15e None None] Submitting periodic callback 'neutron.plugins.ml2.drivers.ovn.mech_driver.ovsdb.maintenance.DBInconsistenciesPeriodics.check_for_inconsistencies' {{(pid=65797) _process_scheduled /usr/local/lib/python3.10/dist-packages/futurist/periodics.py:638}}
Apr 17 21:01:46 user neutron-server[65797]: DEBUG neutron.plugins.ml2.drivers.ovn.mech_driver.ovsdb.maintenance [None req-bca9c7fd-c437-4de8-b8f0-0f948c07c15e None None] Maintenance task: Synchronizing Neutron and OVN databases {{(pid=65797) check_for_inconsistencies /opt/stack/neutron/neutron/plugins/ml2/drivers/ovn/mech_driver/ovsdb/maintenance.py:375}}
Apr 17 21:01:46 user neutron-server[65797]: DEBUG neutron.plugins.ml2.drivers.ovn.mech_driver.ovsdb.maintenance [None req-bca9c7fd-c437-4de8-b8f0-0f948c07c15e None None] Maintenance task: Number of inconsistencies found at create/update: networks=3, ports=1 {{(pid=65797) _log /opt/stack/neutron/neutron/plugins/ml2/drivers/ovn/mech_driver/ovsdb/maintenance.py:351}}
Apr 17 21:01:46 user neutron-server[65797]: DEBUG neutron.plugins.ml2.drivers.ovn.mech_driver.ovsdb.maintenance [None req-bca9c7fd-c437-4de8-b8f0-0f948c07c15e None None] Maintenance task: Fixing resource 283e1a70-3b13-4eca-b79c-100b0f463bbd (type: networks) at create/update {{(pid=65797) check_for_inconsistencies /opt/stack/neutron/neutron/plugins/ml2/drivers/ovn/mech_driver/ovsdb/maintenance.py:385}}
Apr 17 21:01:46 user neutron-server[65797]: DEBUG ovsdbapp.backend.ovs_idl.transaction [-] Running txn n=1 command(idx=0): CheckRevisionNumberCommand(_result=None, name=neutron-283e1a70-3b13-4eca-b79c-100b0f463bbd, resource={'id': '283e1a70-3b13-4eca-b79c-100b0f463bbd', 'name': 'shared', 'tenant_id': '1daeff1953c74c6c807bc06a11f4bb9b', 'admin_state_up': True, 'mtu': 1442, 'status': 'ACTIVE', 'subnets': ['78e6d358-7895-49b1-8607-360ee2bdbfe6'], 'standard_attr_id': 27, 'shared': True, 'availability_zone_hints': [], 'availability_zones': [], 'ipv4_address_scope': None, 'ipv6_address_scope': None, 'router:external': False, 'vlan_transparent': None, 'description': '', 'port_security_enabled': True, 'tags': [], 'created_at': '2023-04-17T20:59:49Z', 'updated_at': '2023-04-17T20:59:52Z', 'revision_number': 2, 'project_id': '1daeff1953c74c6c807bc06a11f4bb9b', 'provider:network_type': 'geneve', 'provider:physical_network': None, 'provider:segmentation_id': 57061}, resource_type=networks, if_exists=True) {{(pid=65797) do_commit /usr/local/lib/python3.10/dist-packages/ovsdbapp/backend/ovs_idl/transaction.py:89}}
Apr 17 21:01:46 user neutron-server[65797]: DEBUG ovsdbapp.backend.ovs_idl.transaction [-] Running txn n=1 command(idx=1): DbSetCommand(_result=None, table=Logical_Switch, record=neutron-283e1a70-3b13-4eca-b79c-100b0f463bbd, col_values=(('external_ids', {'neutron:network_name': 'shared', 'neutron:mtu': '1442', 'neutron:revision_number': '2', 'neutron:availability_zone_hints': ''}), ('other_config', {'mcast_snoop': 'false', 'mcast_flood_unregistered': 'false', 'vlan-passthru': 'false'}))) {{(pid=65797) do_commit /usr/local/lib/python3.10/dist-packages/ovsdbapp/backend/ovs_idl/transaction.py:89}}
Apr 17 21:01:46 user neutron-server[65797]: DEBUG ovsdbapp.backend.ovs_idl.transaction [-] Running txn n=1 command(idx=2): SetLSwitchPortCommand(_result=None, lport=provnet-8f956bca-a955-4b4e-9738-8e21ba8a250b, external_ids_update=None, columns={'tag': 57061}, if_exists=True) {{(pid=65797) do_commit /usr/local/lib/python3.10/dist-packages/ovsdbapp/backend/ovs_idl/transaction.py:89}}
Apr 17 21:01:46 user neutron-server[65792]: DEBUG neutron.plugins.ml2.drivers.ovn.mech_driver.ovsdb.ovsdb_monitor [None req-6ad52e85-706a-4ff7-b8a0-6c4461fd38f1 None None] Hash Ring: Node fb5b3ea0-651e-43b7-9016-b085cf8cc8a3 (host: user) handling event "update" for row d59c4eea-1348-4da1-b5a4-623ac4b67705 (table: Logical_Switch) {{(pid=65792) notify /opt/stack/neutron/neutron/plugins/ml2/drivers/ovn/mech_driver/ovsdb/ovsdb_monitor.py:752}}
Apr 17 21:01:46 user neutron-server[65797]: INFO neutron.db.ovn_revision_numbers_db [None req-bca9c7fd-c437-4de8-b8f0-0f948c07c15e None None] Successfully bumped revision number for resource 283e1a70-3b13-4eca-b79c-100b0f463bbd (type: networks) to 2
Apr 17 21:01:46 user neutron-server[65797]: DEBUG neutron.plugins.ml2.drivers.ovn.mech_driver.ovsdb.maintenance [None req-bca9c7fd-c437-4de8-b8f0-0f948c07c15e None None] Maintenance task: Fixing resource 29adf5ce-106e-49d3-9529-9748a76f614c (type: networks) at create/update {{(pid=65797) check_for_inconsistencies /opt/stack/neutron/neutron/plugins/ml2/drivers/ovn/mech_driver/ovsdb/maintenance.py:385}}
Apr 17 21:01:47 user neutron-server[65797]: DEBUG ovsdbapp.backend.ovs_idl.transaction [-] Running txn n=1 command(idx=0): CheckRevisionNumberCommand(_result=None, name=neutron-29adf5ce-106e-49d3-9529-9748a76f614c, resource={'id': '29adf5ce-106e-49d3-9529-9748a76f614c', 'name': 'public', 'tenant_id': '1daeff1953c74c6c807bc06a11f4bb9b', 'admin_state_up': True, 'mtu': 1500, 'status': 'ACTIVE', 'subnets': ['40a4e73a-c672-4c59-a130-2d8af88b8e57', 'ea1655c0-b8c9-4b64-8739-d2caa747312e'], 'standard_attr_id': 19, 'shared': False, 'availability_zone_hints': [], 'availability_zones': [], 'ipv4_address_scope': None, 'ipv6_address_scope': None, 'router:external': True, 'vlan_transparent': None, 'description': '', 'port_security_enabled': True, 'is_default': True, 'tags': [], 'created_at': '2023-04-17T20:57:20Z', 'updated_at': '2023-04-17T20:57:40Z', 'revision_number': 3, 'project_id': '1daeff1953c74c6c807bc06a11f4bb9b', 'provider:network_type': 'flat', 'provider:physical_network': 'public', 'provider:segmentation_id': None}, resource_type=networks, if_exists=True) {{(pid=65797) do_commit /usr/local/lib/python3.10/dist-packages/ovsdbapp/backend/ovs_idl/transaction.py:89}}
Apr 17 21:01:47 user neutron-server[65797]: DEBUG ovsdbapp.backend.ovs_idl.transaction [-] Running txn n=1 command(idx=1): DbSetCommand(_result=None, table=Logical_Switch, record=neutron-29adf5ce-106e-49d3-9529-9748a76f614c, col_values=(('external_ids', {'neutron:network_name': 'public', 'neutron:mtu': '1500', 'neutron:revision_number': '3', 'neutron:availability_zone_hints': ''}), ('other_config', {'mcast_snoop': 'false', 'mcast_flood_unregistered': 'false', 'vlan-passthru': 'false'}))) {{(pid=65797) do_commit /usr/local/lib/python3.10/dist-packages/ovsdbapp/backend/ovs_idl/transaction.py:89}}
Apr 17 21:01:47 user neutron-server[65797]: DEBUG ovsdbapp.backend.ovs_idl.transaction [-] Running txn n=1 command(idx=2): SetLSwitchPortCommand(_result=None, lport=provnet-6d4d6adb-51b6-4b3e-8097-d19677a0fe8e, external_ids_update=None, columns={'tag': []}, if_exists=True) {{(pid=65797) do_commit /usr/local/lib/python3.10/dist-packages/ovsdbapp/backend/ovs_idl/transaction.py:89}}
Apr 17 21:01:47 user neutron-server[65794]: DEBUG neutron.plugins.ml2.drivers.ovn.mech_driver.ovsdb.ovsdb_monitor [None req-7988f655-9d1c-4122-849e-a5bf4eda6149 None None] Hash Ring: Node f88becb2-d0e6-49bf-bbf8-782ad306408a (host: user) handling event "update" for row 6dac47bf-989c-442d-8453-67696e21bf5f (table: Logical_Switch) {{(pid=65794) notify /opt/stack/neutron/neutron/plugins/ml2/drivers/ovn/mech_driver/ovsdb/ovsdb_monitor.py:752}}
Apr 17 21:01:47 user neutron-server[65797]: INFO neutron.db.ovn_revision_numbers_db [None req-bca9c7fd-c437-4de8-b8f0-0f948c07c15e None None] Successfully bumped revision number for resource 29adf5ce-106e-49d3-9529-9748a76f614c (type: networks) to 3
Apr 17 21:01:47 user neutron-server[65797]: DEBUG neutron.plugins.ml2.drivers.ovn.mech_driver.ovsdb.maintenance [None req-bca9c7fd-c437-4de8-b8f0-0f948c07c15e None None] Maintenance task: Fixing resource 5ddce478-501f-478f-b38d-c1c1994dcfe1 (type: networks) at create/update {{(pid=65797) check_for_inconsistencies /opt/stack/neutron/neutron/plugins/ml2/drivers/ovn/mech_driver/ovsdb/maintenance.py:385}}
Apr 17 21:01:47 user neutron-server[65797]: DEBUG ovsdbapp.backend.ovs_idl.transaction [-] Running txn n=1 command(idx=0): CheckRevisionNumberCommand(_result=None, name=neutron-5ddce478-501f-478f-b38d-c1c1994dcfe1, resource={'id': '5ddce478-501f-478f-b38d-c1c1994dcfe1', 'name': 'private', 'tenant_id': '81947b70c0684f18af04669714d4c843', 'admin_state_up': True, 'mtu': 1442, 'status': 'ACTIVE', 'subnets': ['533c72c0-06ff-43e5-96fc-ca402c1f23ac', '67bc982e-4344-470a-959b-cce2227ca8ec'], 'standard_attr_id': 8, 'shared': False, 'availability_zone_hints': [], 'availability_zones': [], 'ipv4_address_scope': None, 'ipv6_address_scope': None, 'router:external': False, 'vlan_transparent': None, 'description': '', 'port_security_enabled': True, 'tags': [], 'created_at': '2023-04-17T20:57:02Z', 'updated_at': '2023-04-17T20:57:09Z', 'revision_number': 3, 'project_id': '81947b70c0684f18af04669714d4c843', 'provider:network_type': 'geneve', 'provider:physical_network': None, 'provider:segmentation_id': 42532}, resource_type=networks, if_exists=True) {{(pid=65797) do_commit /usr/local/lib/python3.10/dist-packages/ovsdbapp/backend/ovs_idl/transaction.py:89}}
Apr 17 21:01:47 user neutron-server[65797]: DEBUG ovsdbapp.backend.ovs_idl.transaction [-] Running txn n=1 command(idx=1): DbSetCommand(_result=None, table=Logical_Switch, record=neutron-5ddce478-501f-478f-b38d-c1c1994dcfe1, col_values=(('external_ids', {'neutron:network_name': 'private', 'neutron:mtu': '1442', 'neutron:revision_number': '3', 'neutron:availability_zone_hints': ''}), ('other_config', {'mcast_snoop': 'false', 'mcast_flood_unregistered': 'false', 'vlan-passthru': 'false'}))) {{(pid=65797) do_commit /usr/local/lib/python3.10/dist-packages/ovsdbapp/backend/ovs_idl/transaction.py:89}}
Apr 17 21:01:47 user neutron-server[65797]: DEBUG ovsdbapp.backend.ovs_idl.transaction [-] Running txn n=1 command(idx=2): SetLSwitchPortCommand(_result=None, lport=provnet-1a8145dc-293f-4f1f-b856-c59dddc4cf6a, external_ids_update=None, columns={'tag': 42532}, if_exists=True) {{(pid=65797) do_commit /usr/local/lib/python3.10/dist-packages/ovsdbapp/backend/ovs_idl/transaction.py:89}}
Apr 17 21:01:47 user neutron-server[65793]: DEBUG neutron.plugins.ml2.drivers.ovn.mech_driver.ovsdb.ovsdb_monitor [None req-908df36d-1961-42f6-a8a9-36538764aa2b None None] Hash Ring: Node db9b7787-5db2-4052-8bb9-c60aa4e37389 (host: user) handling event "update" for row 6091fdb6-6052-42cd-a70a-3216dc48c9d9 (table: Logical_Switch) {{(pid=65793) notify /opt/stack/neutron/neutron/plugins/ml2/drivers/ovn/mech_driver/ovsdb/ovsdb_monitor.py:752}}
Apr 17 21:01:47 user neutron-server[65797]: INFO neutron.db.ovn_revision_numbers_db [None req-bca9c7fd-c437-4de8-b8f0-0f948c07c15e None None] Successfully bumped revision number for resource 5ddce478-501f-478f-b38d-c1c1994dcfe1 (type: networks) to 3
Apr 17 21:01:47 user neutron-server[65797]: DEBUG neutron.plugins.ml2.drivers.ovn.mech_driver.ovsdb.maintenance [None req-bca9c7fd-c437-4de8-b8f0-0f948c07c15e None None] Maintenance task: Fixing resource 45da768b-3ddc-400e-8f62-12ec6bd98ec0 (type: ports) at create/update {{(pid=65797) check_for_inconsistencies /opt/stack/neutron/neutron/plugins/ml2/drivers/ovn/mech_driver/ovsdb/maintenance.py:385}}
Apr 17 21:01:47 user neutron-server[65797]: DEBUG ovsdbapp.backend.ovs_idl.transaction [-] Running txn n=1 command(idx=0): CheckRevisionNumberCommand(_result=None, name=45da768b-3ddc-400e-8f62-12ec6bd98ec0, resource={'id': '45da768b-3ddc-400e-8f62-12ec6bd98ec0', 'name': '', 'network_id': '29adf5ce-106e-49d3-9529-9748a76f614c', 'tenant_id': '', 'mac_address': 'fa:16:3e:fb:37:f0', 'admin_state_up': True, 'status': 'ACTIVE', 'device_id': 'fa70b0b8-f0eb-4097-8a95-029fc3072069', 'device_owner': 'network:router_gateway', 'standard_attr_id': 24, 'fixed_ips': [{'subnet_id': 'ea1655c0-b8c9-4b64-8739-d2caa747312e', 'ip_address': '172.24.4.243'}, {'subnet_id': '40a4e73a-c672-4c59-a130-2d8af88b8e57', 'ip_address': '2001:db8::3e8'}], 'allowed_address_pairs': [], 'extra_dhcp_opts': [], 'security_groups': [], 'description': '', 'binding:vnic_type': 'normal', 'binding:profile': {}, 'binding:host_id': 'user', 'binding:vif_type': 'ovs', 'binding:vif_details': {'port_filter': True, 'connectivity': 'l2', 'bound_drivers': {'0': 'ovn'}}, 'port_security_enabled': False, 'tags': [], 'created_at': '2023-04-17T20:57:29Z', 'updated_at': '2023-04-17T20:57:42Z', 'revision_number': 6, 'project_id': ''}, resource_type=ports, if_exists=True) {{(pid=65797) do_commit /usr/local/lib/python3.10/dist-packages/ovsdbapp/backend/ovs_idl/transaction.py:89}}
Apr 17 21:01:47 user neutron-server[65797]: DEBUG ovsdbapp.backend.ovs_idl.transaction [-] Running txn n=1 command(idx=1): SetLSwitchPortCommand(_result=None, lport=45da768b-3ddc-400e-8f62-12ec6bd98ec0, external_ids_update=None, columns={'external_ids': {'neutron:port_name': '', 'neutron:device_id': 'fa70b0b8-f0eb-4097-8a95-029fc3072069', 'neutron:project_id': '', 'neutron:cidrs': '172.24.4.243/24 2001:db8::3e8/64', 'neutron:device_owner': 'network:router_gateway', 'neutron:subnet_pool_addr_scope4': '', 'neutron:subnet_pool_addr_scope6': '', 'neutron:network_name': 'neutron-29adf5ce-106e-49d3-9529-9748a76f614c', 'neutron:security_group_ids': '', 'neutron:revision_number': '6', 'neutron:vnic_type': 'normal', 'neutron:port_capabilities': ''}, 'parent_name': [], 'tag': [], 'options': {'requested-chassis': 'user', 'mcast_flood_reports': 'true', 'exclude-lb-vips-from-garp': 'true', 'nat-addresses': 'router', 'router-port': 'lrp-45da768b-3ddc-400e-8f62-12ec6bd98ec0'}, 'enabled': True, 'port_security': [], 'dhcpv4_options': [], 'dhcpv6_options': [], 'type': 'router', 'ha_chassis_group': []}, if_exists=False) {{(pid=65797) do_commit /usr/local/lib/python3.10/dist-packages/ovsdbapp/backend/ovs_idl/transaction.py:89}}
Apr 17 21:01:47 user neutron-server[65797]: DEBUG ovsdbapp.backend.ovs_idl.transaction [-] Running txn n=1 command(idx=2): PgDelPortCommand(_result=None, port_group=neutron_pg_drop, lsp=['45da768b-3ddc-400e-8f62-12ec6bd98ec0'], if_exists=False) {{(pid=65797) do_commit /usr/local/lib/python3.10/dist-packages/ovsdbapp/backend/ovs_idl/transaction.py:89}}
Apr 17 21:01:47 user neutron-server[65793]: DEBUG neutron.plugins.ml2.drivers.ovn.mech_driver.ovsdb.ovsdb_monitor [None req-908df36d-1961-42f6-a8a9-36538764aa2b None None] Hash Ring: Node db9b7787-5db2-4052-8bb9-c60aa4e37389 (host: user) handling event "update" for row 9582ee8a-1319-4712-815b-e22163a5a29e (table: Logical_Switch_Port) {{(pid=65793) notify /opt/stack/neutron/neutron/plugins/ml2/drivers/ovn/mech_driver/ovsdb/ovsdb_monitor.py:752}}
Apr 17 21:01:47 user neutron-server[65794]: DEBUG neutron.plugins.ml2.drivers.ovn.mech_driver.ovsdb.ovsdb_monitor [None req-5f25c20b-99ca-4a9f-8ded-3bc4cc8ea807 None None] Hash Ring: Node f88becb2-d0e6-49bf-bbf8-782ad306408a (host: user) handling event "update" for row f757bd89-a0b6-49c8-b03e-fd94506c2911 (table: Port_Binding) {{(pid=65794) notify /opt/stack/neutron/neutron/plugins/ml2/drivers/ovn/mech_driver/ovsdb/ovsdb_monitor.py:752}}
Apr 17 21:01:47 user neutron-server[65797]: INFO neutron.db.ovn_revision_numbers_db [None req-bca9c7fd-c437-4de8-b8f0-0f948c07c15e None None] Successfully bumped revision number for resource 45da768b-3ddc-400e-8f62-12ec6bd98ec0 (type: ports) to 6
Apr 17 21:01:47 user neutron-server[65797]: INFO neutron.plugins.ml2.drivers.ovn.mech_driver.ovsdb.maintenance [None req-bca9c7fd-c437-4de8-b8f0-0f948c07c15e None None] Maintenance task: Synchronization finished (took 0.74 seconds)
Apr 17 21:01:50 user neutron-server[65799]: DEBUG dbcounter [-] [65799] Writing DB stats neutron:SELECT=4 {{(pid=65799) stat_writer /usr/local/lib/python3.10/dist-packages/dbcounter.py:117}}
Apr 17 21:01:56 user neutron-server[65796]: DEBUG dbcounter [-] [65796] Writing DB stats neutron:SELECT=1 {{(pid=65796) stat_writer /usr/local/lib/python3.10/dist-packages/dbcounter.py:117}}
Apr 17 21:01:56 user neutron-server[65793]: DEBUG dbcounter [-] [65793] Writing DB stats neutron:SELECT=2 {{(pid=65793) stat_writer /usr/local/lib/python3.10/dist-packages/dbcounter.py:117}}
Apr 17 21:01:57 user neutron-server[65794]: DEBUG neutron.wsgi [-] (65794) accepted ('10.0.0.210', 40462) {{(pid=65794) server /usr/local/lib/python3.10/dist-packages/eventlet/wsgi.py:1004}}
Apr 17 21:01:57 user neutron-server[65793]: DEBUG neutron.wsgi [-] (65793) accepted ('10.0.0.210', 40466) {{(pid=65793) server /usr/local/lib/python3.10/dist-packages/eventlet/wsgi.py:1004}}
Apr 17 21:01:57 user neutron-server[65794]: DEBUG neutron.wsgi [-] (65794) accepted ('10.0.0.210', 40476) {{(pid=65794) server /usr/local/lib/python3.10/dist-packages/eventlet/wsgi.py:1004}}
Apr 17 21:01:57 user neutron-server[65792]: DEBUG neutron.wsgi [-] (65792) accepted ('10.0.0.210', 40486) {{(pid=65792) server /usr/local/lib/python3.10/dist-packages/eventlet/wsgi.py:1004}}
Apr 17 21:01:57 user neutron-server[65794]: DEBUG neutron.api.v2.base [None req-202857eb-8bad-4d05-a491-903a4f388f72 admin admin] Request body: {'network': {'name': 'tempest-AttachSCSIVolumeTestJSON-700830592-network', 'tenant_id': '974fd88cd1f04e8199cbdf87f8cae7c6'}} {{(pid=65794) prepare_request_body /opt/stack/neutron/neutron/api/v2/base.py:731}}
Apr 17 21:01:57 user neutron-server[65793]: DEBUG neutron.api.v2.base [None req-f373a127-d03b-4e85-bfe1-a23115ccf1ea admin admin] Request body: {'network': {'name': 'tempest-AttachVolumeTestJSON-279877128-network', 'tenant_id': '1d5ac6235def483c99dcebcf25e0c8d0'}} {{(pid=65793) prepare_request_body /opt/stack/neutron/neutron/api/v2/base.py:731}}
Apr 17 21:01:57 user neutron-server[65792]: DEBUG dbcounter [-] [65792] Writing DB stats neutron:UPDATE=2,neutron:SELECT=3 {{(pid=65792) stat_writer /usr/local/lib/python3.10/dist-packages/dbcounter.py:117}}
Apr 17 21:01:57 user neutron-server[65792]: DEBUG dbcounter [-] [65792] Writing DB stats neutron:SELECT=3 {{(pid=65792) stat_writer /usr/local/lib/python3.10/dist-packages/dbcounter.py:117}}
Apr 17 21:01:57 user neutron-server[65796]: DEBUG dbcounter [-] [65796] Writing DB stats neutron:SELECT=3 {{(pid=65796) stat_writer /usr/local/lib/python3.10/dist-packages/dbcounter.py:117}}
Apr 17 21:01:57 user neutron-server[65793]: DEBUG dbcounter [-] [65793] Writing DB stats neutron:SELECT=3,neutron:UPDATE=1 {{(pid=65793) stat_writer /usr/local/lib/python3.10/dist-packages/dbcounter.py:117}}
Apr 17 21:01:57 user neutron-server[65794]: DEBUG neutron.pecan_wsgi.hooks.quota_enforcement [None req-202857eb-8bad-4d05-a491-903a4f388f72 admin admin] Made reservation on behalf of 974fd88cd1f04e8199cbdf87f8cae7c6 for: {'network': 1} {{(pid=65794) before /opt/stack/neutron/neutron/pecan_wsgi/hooks/quota_enforcement.py:53}}
Apr 17 21:01:57 user neutron-server[65794]: DEBUG neutron_lib.callbacks.manager [None req-202857eb-8bad-4d05-a491-903a4f388f72 admin admin] Publish callbacks ['neutron.plugins.ml2.plugin.SecurityGroupDbMixin._ensure_default_security_group_handler-1043257'] for network (None), before_create {{(pid=65794) _notify_loop /usr/local/lib/python3.10/dist-packages/neutron_lib/callbacks/manager.py:176}}
Apr 17 21:01:57 user neutron-server[65794]: DEBUG neutron_lib.callbacks.manager [None req-202857eb-8bad-4d05-a491-903a4f388f72 admin admin] Publish callbacks [] for security_group (None), before_create {{(pid=65794) _notify_loop /usr/local/lib/python3.10/dist-packages/neutron_lib/callbacks/manager.py:176}}
Apr 17 21:01:57 user neutron-server[65793]: DEBUG neutron.pecan_wsgi.hooks.quota_enforcement [None req-f373a127-d03b-4e85-bfe1-a23115ccf1ea admin admin] Made reservation on behalf of 1d5ac6235def483c99dcebcf25e0c8d0 for: {'network': 1} {{(pid=65793) before /opt/stack/neutron/neutron/pecan_wsgi/hooks/quota_enforcement.py:53}}
Apr 17 21:01:57 user neutron-server[65793]: DEBUG neutron_lib.callbacks.manager [None req-f373a127-d03b-4e85-bfe1-a23115ccf1ea admin admin] Publish callbacks ['neutron.plugins.ml2.plugin.SecurityGroupDbMixin._ensure_default_security_group_handler-1043257'] for network (None), before_create {{(pid=65793) _notify_loop /usr/local/lib/python3.10/dist-packages/neutron_lib/callbacks/manager.py:176}}
Apr 17 21:01:57 user neutron-server[65797]: DEBUG dbcounter [-] [65797] Writing DB stats neutron:SELECT=74,neutron:UPDATE=1 {{(pid=65797) stat_writer /usr/local/lib/python3.10/dist-packages/dbcounter.py:117}}
Apr 17 21:01:57 user neutron-server[65793]: DEBUG neutron_lib.callbacks.manager [None req-f373a127-d03b-4e85-bfe1-a23115ccf1ea admin admin] Publish callbacks [] for security_group (None), before_create {{(pid=65793) _notify_loop /usr/local/lib/python3.10/dist-packages/neutron_lib/callbacks/manager.py:176}}
Apr 17 21:01:57 user neutron-server[65797]: DEBUG dbcounter [-] [65797] Writing DB stats neutron:SELECT=92,neutron:UPDATE=3 {{(pid=65797) stat_writer /usr/local/lib/python3.10/dist-packages/dbcounter.py:117}}
Apr 17 21:01:57 user neutron-server[65794]: DEBUG neutron_lib.callbacks.manager [None req-202857eb-8bad-4d05-a491-903a4f388f72 admin admin] Publish callbacks ['neutron.plugins.ml2.drivers.ovn.mech_driver.mech_driver.OVNMechanismDriver._create_security_group_precommit-2062900'] for security_group (7129d5bb-944a-42d6-ad3f-756b780fcaa5), precommit_create {{(pid=65794) _notify_loop /usr/local/lib/python3.10/dist-packages/neutron_lib/callbacks/manager.py:176}}
Apr 17 21:01:57 user neutron-server[65794]: DEBUG neutron.db.ovn_revision_numbers_db [None req-202857eb-8bad-4d05-a491-903a4f388f72 admin admin] create_initial_revision uuid=7129d5bb-944a-42d6-ad3f-756b780fcaa5, type=security_groups, rev=-1 {{(pid=65794) create_initial_revision /opt/stack/neutron/neutron/db/ovn_revision_numbers_db.py:108}}
Apr 17 21:01:57 user neutron-server[65794]: DEBUG neutron_lib.callbacks.manager [None req-202857eb-8bad-4d05-a491-903a4f388f72 admin admin] Publish callbacks ['neutron.plugins.ml2.drivers.ovn.mech_driver.mech_driver.OVNMechanismDriver._create_security_group-2007492', 'neutron.plugins.ml2.ovo_rpc._ObjectChangeHandler.handle_event-1649389'] for security_group (7129d5bb-944a-42d6-ad3f-756b780fcaa5), after_create {{(pid=65794) _notify_loop /usr/local/lib/python3.10/dist-packages/neutron_lib/callbacks/manager.py:176}}
Apr 17 21:01:57 user neutron-server[65794]: DEBUG ovsdbapp.backend.ovs_idl.transaction [None req-7988f655-9d1c-4122-849e-a5bf4eda6149 None None] Running txn n=1 command(idx=0): PgAddCommand(_result=None, name=pg_7129d5bb_944a_42d6_ad3f_756b780fcaa5, may_exist=False, columns={'acls': [], 'external_ids': {'neutron:security_group_id': '7129d5bb-944a-42d6-ad3f-756b780fcaa5'}}) {{(pid=65794) do_commit /usr/local/lib/python3.10/dist-packages/ovsdbapp/backend/ovs_idl/transaction.py:89}}
Apr 17 21:01:57 user neutron-server[65794]: DEBUG ovsdbapp.backend.ovs_idl.transaction [None req-7988f655-9d1c-4122-849e-a5bf4eda6149 None None] Running txn n=1 command(idx=1): PgAclAddCommand(_result=None, entity=pg_7129d5bb_944a_42d6_ad3f_756b780fcaa5, direction=to-lport, priority=1002, match=outport == @pg_7129d5bb_944a_42d6_ad3f_756b780fcaa5 && ip4 && ip4.src == $pg_7129d5bb_944a_42d6_ad3f_756b780fcaa5_ip4, action=allow-related, log=False, may_exist=True, severity=[], name=[], meter=None, external_ids={'neutron:security_group_rule_id': 'a3ee1ffc-55cd-4151-a069-5ce6b74642b0'}) {{(pid=65794) do_commit /usr/local/lib/python3.10/dist-packages/ovsdbapp/backend/ovs_idl/transaction.py:89}}
Apr 17 21:01:57 user neutron-server[65794]: DEBUG ovsdbapp.backend.ovs_idl.transaction [None req-7988f655-9d1c-4122-849e-a5bf4eda6149 None None] Running txn n=1 command(idx=2): PgAclAddCommand(_result=None, entity=pg_7129d5bb_944a_42d6_ad3f_756b780fcaa5, direction=from-lport, priority=1002, match=inport == @pg_7129d5bb_944a_42d6_ad3f_756b780fcaa5 && ip4, action=allow-related, log=False, may_exist=True, severity=[], name=[], meter=None, external_ids={'neutron:security_group_rule_id': 'ad6180cf-cb1c-4653-8b7b-d7e476234865'}) {{(pid=65794) do_commit /usr/local/lib/python3.10/dist-packages/ovsdbapp/backend/ovs_idl/transaction.py:89}}
Apr 17 21:01:57 user neutron-server[65794]: DEBUG ovsdbapp.backend.ovs_idl.transaction [None req-7988f655-9d1c-4122-849e-a5bf4eda6149 None None] Running txn n=1 command(idx=3): PgAclAddCommand(_result=None, entity=pg_7129d5bb_944a_42d6_ad3f_756b780fcaa5, direction=from-lport, priority=1002, match=inport == @pg_7129d5bb_944a_42d6_ad3f_756b780fcaa5 && ip6, action=allow-related, log=False, may_exist=True, severity=[], name=[], meter=None, external_ids={'neutron:security_group_rule_id': 'd4753c50-383d-4af3-bf9c-93f58ff38b81'}) {{(pid=65794) do_commit /usr/local/lib/python3.10/dist-packages/ovsdbapp/backend/ovs_idl/transaction.py:89}}
Apr 17 21:01:57 user neutron-server[65794]: DEBUG ovsdbapp.backend.ovs_idl.transaction [None req-7988f655-9d1c-4122-849e-a5bf4eda6149 None None] Running txn n=1 command(idx=4): PgAclAddCommand(_result=None, entity=pg_7129d5bb_944a_42d6_ad3f_756b780fcaa5, direction=to-lport, priority=1002, match=outport == @pg_7129d5bb_944a_42d6_ad3f_756b780fcaa5 && ip6 && ip6.src == $pg_7129d5bb_944a_42d6_ad3f_756b780fcaa5_ip6, action=allow-related, log=False, may_exist=True, severity=[], name=[], meter=None, external_ids={'neutron:security_group_rule_id': 'e657830e-c2c5-49ce-a1ea-11d9ecc42848'}) {{(pid=65794) do_commit /usr/local/lib/python3.10/dist-packages/ovsdbapp/backend/ovs_idl/transaction.py:89}}
Apr 17 21:01:57 user neutron-server[65792]: DEBUG neutron.wsgi [-] (65792) accepted ('10.0.0.210', 40488) {{(pid=65792) server /usr/local/lib/python3.10/dist-packages/eventlet/wsgi.py:1004}}
Apr 17 21:01:57 user neutron-server[65792]: DEBUG neutron.plugins.ml2.drivers.ovn.mech_driver.ovsdb.ovsdb_monitor [None req-6ad52e85-706a-4ff7-b8a0-6c4461fd38f1 None None] Hash Ring: Node fb5b3ea0-651e-43b7-9016-b085cf8cc8a3 (host: user) handling event "create" for row 308e0884-e7c6-4192-8185-8b2e2169548b (table: ACL) {{(pid=65792) notify /opt/stack/neutron/neutron/plugins/ml2/drivers/ovn/mech_driver/ovsdb/ovsdb_monitor.py:752}}
Apr 17 21:01:57 user neutron-server[65792]: DEBUG neutron.plugins.ml2.drivers.ovn.mech_driver.ovsdb.ovsdb_monitor [None req-6ad52e85-706a-4ff7-b8a0-6c4461fd38f1 None None] Hash Ring: Node fb5b3ea0-651e-43b7-9016-b085cf8cc8a3 (host: user) handling event "create" for row a0c9e322-944c-4072-b434-d0de6736ccad (table: ACL) {{(pid=65792) notify /opt/stack/neutron/neutron/plugins/ml2/drivers/ovn/mech_driver/ovsdb/ovsdb_monitor.py:752}}
Apr 17 21:01:57 user neutron-server[65792]: DEBUG neutron.plugins.ml2.drivers.ovn.mech_driver.ovsdb.ovsdb_monitor [None req-6ad52e85-706a-4ff7-b8a0-6c4461fd38f1 None None] Hash Ring: Node fb5b3ea0-651e-43b7-9016-b085cf8cc8a3 (host: user) handling event "create" for row 987a74bb-97ef-4be0-bb66-f556e2f74cc0 (table: Port_Group) {{(pid=65792) notify /opt/stack/neutron/neutron/plugins/ml2/drivers/ovn/mech_driver/ovsdb/ovsdb_monitor.py:752}}
Apr 17 21:01:57 user neutron-server[65793]: DEBUG neutron.plugins.ml2.drivers.ovn.mech_driver.ovsdb.ovsdb_monitor [None req-908df36d-1961-42f6-a8a9-36538764aa2b None None] Hash Ring: Node db9b7787-5db2-4052-8bb9-c60aa4e37389 (host: user) handling event "create" for row 11bdb67e-d7f5-479c-88bd-1e96dab84045 (table: ACL) {{(pid=65793) notify /opt/stack/neutron/neutron/plugins/ml2/drivers/ovn/mech_driver/ovsdb/ovsdb_monitor.py:752}}
Apr 17 21:01:57 user neutron-server[65793]: DEBUG neutron.plugins.ml2.drivers.ovn.mech_driver.ovsdb.ovsdb_monitor [None req-908df36d-1961-42f6-a8a9-36538764aa2b None None] Hash Ring: Node db9b7787-5db2-4052-8bb9-c60aa4e37389 (host: user) handling event "create" for row 71c95488-2284-452a-88ac-1ad07f6b490d (table: ACL) {{(pid=65793) notify /opt/stack/neutron/neutron/plugins/ml2/drivers/ovn/mech_driver/ovsdb/ovsdb_monitor.py:752}}
Apr 17 21:01:57 user neutron-server[65792]: DEBUG neutron.wsgi [-] (65792) accepted ('10.0.0.210', 40494) {{(pid=65792) server /usr/local/lib/python3.10/dist-packages/eventlet/wsgi.py:1004}}
Apr 17 21:01:57 user neutron-server[65794]: DEBUG neutron.api.v2.base [None req-5987bfaf-d4b7-40e3-bc3d-689dfd7b71c4 admin admin] Request body: {'network': {'name': 'tempest-TaggedAttachmentsTest-1310351555-network', 'tenant_id': 'c249d8a3eb434c4aa43db95725ff29fb'}} {{(pid=65794) prepare_request_body /opt/stack/neutron/neutron/api/v2/base.py:731}}
Apr 17 21:01:57 user neutron-server[65794]: INFO neutron.db.ovn_revision_numbers_db [None req-202857eb-8bad-4d05-a491-903a4f388f72 admin admin] Successfully bumped revision number for resource 7129d5bb-944a-42d6-ad3f-756b780fcaa5 (type: security_groups) to 1
Apr 17 21:01:57 user neutron-server[65793]: DEBUG neutron_lib.callbacks.manager [None req-f373a127-d03b-4e85-bfe1-a23115ccf1ea admin admin] Publish callbacks ['neutron.plugins.ml2.drivers.ovn.mech_driver.mech_driver.OVNMechanismDriver._create_security_group_precommit-2062900'] for security_group (ea170e5a-e1a2-42f5-8f43-6d5dd46e8265), precommit_create {{(pid=65793) _notify_loop /usr/local/lib/python3.10/dist-packages/neutron_lib/callbacks/manager.py:176}}
Apr 17 21:01:57 user neutron-server[65793]: DEBUG neutron.db.ovn_revision_numbers_db [None req-f373a127-d03b-4e85-bfe1-a23115ccf1ea admin admin] create_initial_revision uuid=ea170e5a-e1a2-42f5-8f43-6d5dd46e8265, type=security_groups, rev=-1 {{(pid=65793) create_initial_revision /opt/stack/neutron/neutron/db/ovn_revision_numbers_db.py:108}}
Apr 17 21:01:57 user neutron-server[65793]: DEBUG neutron_lib.callbacks.manager [None req-f373a127-d03b-4e85-bfe1-a23115ccf1ea admin admin] Publish callbacks ['neutron.plugins.ml2.drivers.ovn.mech_driver.mech_driver.OVNMechanismDriver._create_security_group-2007492', 'neutron.plugins.ml2.ovo_rpc._ObjectChangeHandler.handle_event-1649389'] for security_group (ea170e5a-e1a2-42f5-8f43-6d5dd46e8265), after_create {{(pid=65793) _notify_loop /usr/local/lib/python3.10/dist-packages/neutron_lib/callbacks/manager.py:176}}
Apr 17 21:01:57 user neutron-server[65793]: DEBUG ovsdbapp.backend.ovs_idl.transaction [None req-908df36d-1961-42f6-a8a9-36538764aa2b None None] Running txn n=1 command(idx=0): PgAddCommand(_result=None, name=pg_ea170e5a_e1a2_42f5_8f43_6d5dd46e8265, may_exist=False, columns={'acls': [], 'external_ids': {'neutron:security_group_id': 'ea170e5a-e1a2-42f5-8f43-6d5dd46e8265'}}) {{(pid=65793) do_commit /usr/local/lib/python3.10/dist-packages/ovsdbapp/backend/ovs_idl/transaction.py:89}}
Apr 17 21:01:57 user neutron-server[65793]: DEBUG ovsdbapp.backend.ovs_idl.transaction [None req-908df36d-1961-42f6-a8a9-36538764aa2b None None] Running txn n=1 command(idx=1): PgAclAddCommand(_result=None, entity=pg_ea170e5a_e1a2_42f5_8f43_6d5dd46e8265, direction=to-lport, priority=1002, match=outport == @pg_ea170e5a_e1a2_42f5_8f43_6d5dd46e8265 && ip6 && ip6.src == $pg_ea170e5a_e1a2_42f5_8f43_6d5dd46e8265_ip6, action=allow-related, log=False, may_exist=True, severity=[], name=[], meter=None, external_ids={'neutron:security_group_rule_id': '0d17a02f-88c6-48b4-b063-6264ab91d458'}) {{(pid=65793) do_commit /usr/local/lib/python3.10/dist-packages/ovsdbapp/backend/ovs_idl/transaction.py:89}}
Apr 17 21:01:57 user neutron-server[65793]: DEBUG ovsdbapp.backend.ovs_idl.transaction [None req-908df36d-1961-42f6-a8a9-36538764aa2b None None] Running txn n=1 command(idx=2): PgAclAddCommand(_result=None, entity=pg_ea170e5a_e1a2_42f5_8f43_6d5dd46e8265, direction=from-lport, priority=1002, match=inport == @pg_ea170e5a_e1a2_42f5_8f43_6d5dd46e8265 && ip4, action=allow-related, log=False, may_exist=True, severity=[], name=[], meter=None, external_ids={'neutron:security_group_rule_id': '3fc3b775-cba8-4650-b50c-5bb75349f1d5'}) {{(pid=65793) do_commit /usr/local/lib/python3.10/dist-packages/ovsdbapp/backend/ovs_idl/transaction.py:89}}
Apr 17 21:01:57 user neutron-server[65793]: DEBUG ovsdbapp.backend.ovs_idl.transaction [None req-908df36d-1961-42f6-a8a9-36538764aa2b None None] Running txn n=1 command(idx=3): PgAclAddCommand(_result=None, entity=pg_ea170e5a_e1a2_42f5_8f43_6d5dd46e8265, direction=from-lport, priority=1002, match=inport == @pg_ea170e5a_e1a2_42f5_8f43_6d5dd46e8265 && ip6, action=allow-related, log=False, may_exist=True, severity=[], name=[], meter=None, external_ids={'neutron:security_group_rule_id': '52c90345-e45d-4dc7-94b1-180c43b676bb'}) {{(pid=65793) do_commit /usr/local/lib/python3.10/dist-packages/ovsdbapp/backend/ovs_idl/transaction.py:89}}
Apr 17 21:01:57 user neutron-server[65793]: DEBUG ovsdbapp.backend.ovs_idl.transaction [None req-908df36d-1961-42f6-a8a9-36538764aa2b None None] Running txn n=1 command(idx=4): PgAclAddCommand(_result=None, entity=pg_ea170e5a_e1a2_42f5_8f43_6d5dd46e8265, direction=to-lport, priority=1002, match=outport == @pg_ea170e5a_e1a2_42f5_8f43_6d5dd46e8265 && ip4 && ip4.src == $pg_ea170e5a_e1a2_42f5_8f43_6d5dd46e8265_ip4, action=allow-related, log=False, may_exist=True, severity=[], name=[], meter=None, external_ids={'neutron:security_group_rule_id': 'a98c9f42-feb3-4783-8f90-871f0c4279e3'}) {{(pid=65793) do_commit /usr/local/lib/python3.10/dist-packages/ovsdbapp/backend/ovs_idl/transaction.py:89}}
Apr 17 21:01:57 user neutron-server[65794]: DEBUG neutron.api.rpc.handlers.resources_rpc [None req-202857eb-8bad-4d05-a491-903a4f388f72 admin admin] Pushing event updated for resources: {'SecurityGroup': ['ID=7129d5bb-944a-42d6-ad3f-756b780fcaa5,revision_number=1']} {{(pid=65794) push /opt/stack/neutron/neutron/api/rpc/handlers/resources_rpc.py:237}}
Apr 17 21:01:57 user neutron-server[65793]: DEBUG neutron.plugins.ml2.drivers.ovn.mech_driver.ovsdb.ovsdb_monitor [None req-908df36d-1961-42f6-a8a9-36538764aa2b None None] Hash Ring: Node db9b7787-5db2-4052-8bb9-c60aa4e37389 (host: user) handling event "create" for row 0dd6138a-dd4d-4e74-89fa-754ed46ba6a8 (table: ACL) {{(pid=65793) notify /opt/stack/neutron/neutron/plugins/ml2/drivers/ovn/mech_driver/ovsdb/ovsdb_monitor.py:752}}
Apr 17 21:01:57 user neutron-server[65793]: DEBUG neutron.plugins.ml2.drivers.ovn.mech_driver.ovsdb.ovsdb_monitor [None req-908df36d-1961-42f6-a8a9-36538764aa2b None None] Hash Ring: Node db9b7787-5db2-4052-8bb9-c60aa4e37389 (host: user) handling event "create" for row b4d33371-cd87-4e8f-8620-da0453a9d1f8 (table: Port_Group) {{(pid=65793) notify /opt/stack/neutron/neutron/plugins/ml2/drivers/ovn/mech_driver/ovsdb/ovsdb_monitor.py:752}}
Apr 17 21:01:57 user neutron-server[65792]: DEBUG neutron.api.v2.base [None req-2688ee9d-9db5-405c-9ec8-e35fe534e556 admin admin] Request body: {'network': {'name': 'tempest-ServerBootFromVolumeStableRescueTest-1398809972-network', 'tenant_id': '7fcf30d026ce4c39b3c6500a9d5d739f'}} {{(pid=65792) prepare_request_body /opt/stack/neutron/neutron/api/v2/base.py:731}}
Apr 17 21:01:57 user neutron-server[65792]: DEBUG neutron.plugins.ml2.drivers.ovn.mech_driver.ovsdb.ovsdb_monitor [None req-6ad52e85-706a-4ff7-b8a0-6c4461fd38f1 None None] Hash Ring: Node fb5b3ea0-651e-43b7-9016-b085cf8cc8a3 (host: user) handling event "create" for row 34bfe9ea-a197-4e59-a878-184a5e5e3739 (table: ACL) {{(pid=65792) notify /opt/stack/neutron/neutron/plugins/ml2/drivers/ovn/mech_driver/ovsdb/ovsdb_monitor.py:752}}
Apr 17 21:01:57 user neutron-server[65794]: DEBUG neutron.plugins.ml2.drivers.ovn.mech_driver.ovsdb.ovsdb_monitor [None req-7988f655-9d1c-4122-849e-a5bf4eda6149 None None] Hash Ring: Node f88becb2-d0e6-49bf-bbf8-782ad306408a (host: user) handling event "create" for row 22322219-df68-4259-ae24-289d4e9428bd (table: ACL) {{(pid=65794) notify /opt/stack/neutron/neutron/plugins/ml2/drivers/ovn/mech_driver/ovsdb/ovsdb_monitor.py:752}}
Apr 17 21:01:57 user neutron-server[65794]: DEBUG neutron.plugins.ml2.drivers.ovn.mech_driver.ovsdb.ovsdb_monitor [None req-7988f655-9d1c-4122-849e-a5bf4eda6149 None None] Hash Ring: Node f88becb2-d0e6-49bf-bbf8-782ad306408a (host: user) handling event "create" for row 96e9bc2d-bd77-448e-af0c-809bb9d24121 (table: ACL) {{(pid=65794) notify /opt/stack/neutron/neutron/plugins/ml2/drivers/ovn/mech_driver/ovsdb/ovsdb_monitor.py:752}}
Apr 17 21:01:57 user neutron-server[65794]: DEBUG neutron.pecan_wsgi.hooks.quota_enforcement [None req-5987bfaf-d4b7-40e3-bc3d-689dfd7b71c4 admin admin] Made reservation on behalf of c249d8a3eb434c4aa43db95725ff29fb for: {'network': 1} {{(pid=65794) before /opt/stack/neutron/neutron/pecan_wsgi/hooks/quota_enforcement.py:53}}
Apr 17 21:01:57 user neutron-server[65794]: DEBUG neutron_lib.callbacks.manager [None req-5987bfaf-d4b7-40e3-bc3d-689dfd7b71c4 admin admin] Publish callbacks ['neutron.plugins.ml2.plugin.SecurityGroupDbMixin._ensure_default_security_group_handler-1043257'] for network (None), before_create {{(pid=65794) _notify_loop /usr/local/lib/python3.10/dist-packages/neutron_lib/callbacks/manager.py:176}}
Apr 17 21:01:57 user neutron-server[65794]: DEBUG neutron_lib.callbacks.manager [None req-5987bfaf-d4b7-40e3-bc3d-689dfd7b71c4 admin admin] Publish callbacks [] for security_group (None), before_create {{(pid=65794) _notify_loop /usr/local/lib/python3.10/dist-packages/neutron_lib/callbacks/manager.py:176}}
Apr 17 21:01:57 user neutron-server[65792]: DEBUG neutron.pecan_wsgi.hooks.quota_enforcement [None req-2688ee9d-9db5-405c-9ec8-e35fe534e556 admin admin] Made reservation on behalf of 7fcf30d026ce4c39b3c6500a9d5d739f for: {'network': 1} {{(pid=65792) before /opt/stack/neutron/neutron/pecan_wsgi/hooks/quota_enforcement.py:53}}
Apr 17 21:01:57 user neutron-server[65792]: DEBUG neutron_lib.callbacks.manager [None req-2688ee9d-9db5-405c-9ec8-e35fe534e556 admin admin] Publish callbacks ['neutron.plugins.ml2.plugin.SecurityGroupDbMixin._ensure_default_security_group_handler-1043257'] for network (None), before_create {{(pid=65792) _notify_loop /usr/local/lib/python3.10/dist-packages/neutron_lib/callbacks/manager.py:176}}
Apr 17 21:01:57 user neutron-server[65793]: INFO neutron.db.ovn_revision_numbers_db [None req-f373a127-d03b-4e85-bfe1-a23115ccf1ea admin admin] Successfully bumped revision number for resource ea170e5a-e1a2-42f5-8f43-6d5dd46e8265 (type: security_groups) to 1
Apr 17 21:01:57 user neutron-server[65792]: DEBUG neutron_lib.callbacks.manager [None req-2688ee9d-9db5-405c-9ec8-e35fe534e556 admin admin] Publish callbacks [] for security_group (None), before_create {{(pid=65792) _notify_loop /usr/local/lib/python3.10/dist-packages/neutron_lib/callbacks/manager.py:176}}
Apr 17 21:01:57 user neutron-server[65794]: DEBUG neutron.plugins.ml2.drivers.helpers [None req-202857eb-8bad-4d05-a491-903a4f388f72 admin admin] geneve segment allocate from pool success with {'geneve_vni': 13811} {{(pid=65794) allocate_partially_specified_segment /opt/stack/neutron/neutron/plugins/ml2/drivers/helpers.py:153}}
Apr 17 21:01:57 user neutron-server[65794]: DEBUG neutron_lib.callbacks.manager [None req-202857eb-8bad-4d05-a491-903a4f388f72 admin admin] Publish callbacks ['neutron.services.segments.db._add_segment_host_mapping_for_segment-8768397151085', 'neutron.plugins.ml2.plugin.Ml2Plugin._handle_segment_change-885514'] for segment (4b160673-2c8a-4cf3-bfdc-406065c6ba46), precommit_create {{(pid=65794) _notify_loop /usr/local/lib/python3.10/dist-packages/neutron_lib/callbacks/manager.py:176}}
Apr 17 21:01:57 user neutron-server[65794]: INFO neutron.db.segments_db [None req-202857eb-8bad-4d05-a491-903a4f388f72 admin admin] Added segment 4b160673-2c8a-4cf3-bfdc-406065c6ba46 of type geneve for network 97765d69-eb6b-4ec4-83d1-7cc537eb2767
Apr 17 21:01:57 user neutron-server[65793]: DEBUG neutron.api.rpc.handlers.resources_rpc [None req-f373a127-d03b-4e85-bfe1-a23115ccf1ea admin admin] Pushing event updated for resources: {'SecurityGroup': ['ID=ea170e5a-e1a2-42f5-8f43-6d5dd46e8265,revision_number=1']} {{(pid=65793) push /opt/stack/neutron/neutron/api/rpc/handlers/resources_rpc.py:237}}
Apr 17 21:01:57 user neutron-server[65793]: DEBUG ovsdbapp.backend.ovs_idl.transaction [None req-908df36d-1961-42f6-a8a9-36538764aa2b None None] Running txn n=1 command(idx=0): CheckLivenessCommand(_result=None) {{(pid=65793) do_commit /usr/local/lib/python3.10/dist-packages/ovsdbapp/backend/ovs_idl/transaction.py:89}}
Apr 17 21:01:57 user neutron-server[65792]: DEBUG neutron.plugins.ml2.drivers.ovn.mech_driver.ovsdb.ovsdb_monitor [None req-6624ee0b-33cc-43cf-a21a-d6700b319e70 None None] ChassisAgentWriteEvent : Matched Chassis_Private, update, None None {{(pid=65792) matches /opt/stack/neutron/neutron/plugins/ml2/drivers/ovn/mech_driver/ovsdb/ovsdb_monitor.py:63}}
Apr 17 21:01:57 user neutron-server[65796]: DEBUG neutron.plugins.ml2.drivers.ovn.mech_driver.ovsdb.ovsdb_monitor [-] ChassisAgentWriteEvent : Matched Chassis_Private, update, None None {{(pid=65796) matches /opt/stack/neutron/neutron/plugins/ml2/drivers/ovn/mech_driver/ovsdb/ovsdb_monitor.py:63}}
Apr 17 21:01:57 user neutron-server[65793]: DEBUG neutron.plugins.ml2.drivers.ovn.mech_driver.ovsdb.ovsdb_monitor [None req-4c636a9d-3636-42d3-9805-44e82e01c1fa None None] ChassisAgentWriteEvent : Matched Chassis_Private, update, None None {{(pid=65793) matches /opt/stack/neutron/neutron/plugins/ml2/drivers/ovn/mech_driver/ovsdb/ovsdb_monitor.py:63}}
Apr 17 21:01:57 user neutron-server[65794]: DEBUG neutron.plugins.ml2.drivers.ovn.mech_driver.ovsdb.ovsdb_monitor [None req-7988f655-9d1c-4122-849e-a5bf4eda6149 None None] Hash Ring: Node f88becb2-d0e6-49bf-bbf8-782ad306408a (host: user) handling event "update" for row ff449c8b-5659-4b78-97cb-b5d268c3d8c4 (table: NB_Global) {{(pid=65794) notify /opt/stack/neutron/neutron/plugins/ml2/drivers/ovn/mech_driver/ovsdb/ovsdb_monitor.py:752}}
Apr 17 21:01:57 user neutron-server[65794]: DEBUG neutron.plugins.ml2.drivers.ovn.mech_driver.ovsdb.ovsdb_monitor [None req-5f25c20b-99ca-4a9f-8ded-3bc4cc8ea807 None None] ChassisAgentWriteEvent : Matched Chassis_Private, update, None None {{(pid=65794) matches /opt/stack/neutron/neutron/plugins/ml2/drivers/ovn/mech_driver/ovsdb/ovsdb_monitor.py:63}}
Apr 17 21:01:57 user neutron-server[65794]: DEBUG neutron.plugins.ml2.drivers.ovn.mech_driver.ovsdb.ovsdb_monitor [None req-7988f655-9d1c-4122-849e-a5bf4eda6149 None None] Hash Ring: Node f88becb2-d0e6-49bf-bbf8-782ad306408a (host: user) handling event "update" for row ff449c8b-5659-4b78-97cb-b5d268c3d8c4 (table: NB_Global) {{(pid=65794) notify /opt/stack/neutron/neutron/plugins/ml2/drivers/ovn/mech_driver/ovsdb/ovsdb_monitor.py:752}}
Apr 17 21:01:57 user neutron-server[65793]: DEBUG neutron.plugins.ml2.drivers.helpers [None req-f373a127-d03b-4e85-bfe1-a23115ccf1ea admin admin] geneve segment allocate from pool success with {'geneve_vni': 286} {{(pid=65793) allocate_partially_specified_segment /opt/stack/neutron/neutron/plugins/ml2/drivers/helpers.py:153}}
Apr 17 21:01:57 user neutron-server[65794]: DEBUG neutron.plugins.ml2.drivers.ovn.mech_driver.ovsdb.ovsdb_monitor [None req-7988f655-9d1c-4122-849e-a5bf4eda6149 None None] Hash Ring: Node f88becb2-d0e6-49bf-bbf8-782ad306408a (host: user) handling event "update" for row ff449c8b-5659-4b78-97cb-b5d268c3d8c4 (table: NB_Global) {{(pid=65794) notify /opt/stack/neutron/neutron/plugins/ml2/drivers/ovn/mech_driver/ovsdb/ovsdb_monitor.py:752}}
