May 01 22:29:53 user devstack@c-api.service[72293]: DEBUG cinder.api.openstack.wsgi [None req-47948e94-0cd8-4663-810e-c9f589ede1be tempest-VolumesTestJSON-288645084 tempest-VolumesTestJSON-288645084-project-member] Empty body provided in request {{(pid=72293) get_body /opt/stack/cinder/cinder/api/openstack/wsgi.py:715}}
May 01 22:29:53 user devstack@c-api.service[72293]: DEBUG cinder.api.openstack.wsgi [None req-47948e94-0cd8-4663-810e-c9f589ede1be tempest-VolumesTestJSON-288645084 tempest-VolumesTestJSON-288645084-project-member] Calling method 'show' {{(pid=72293) _process_stack /opt/stack/cinder/cinder/api/openstack/wsgi.py:868}}
May 01 22:29:53 user devstack@c-api.service[72291]: INFO cinder.api.openstack.wsgi [None req-38ef6a52-173b-4904-b915-7e96dc95cd7e tempest-VolumeTypesAccessTest-2122713697 tempest-VolumeTypesAccessTest-2122713697-project-member] GET http://10.0.0.210/volume/v3/8c49ee84e7f94f6bb8eba190eaceb904/volumes/74eb6ec3-8082-461b-abe4-044f9d8edea7
May 01 22:29:53 user devstack@c-api.service[72291]: DEBUG cinder.api.openstack.wsgi [None req-38ef6a52-173b-4904-b915-7e96dc95cd7e tempest-VolumeTypesAccessTest-2122713697 tempest-VolumeTypesAccessTest-2122713697-project-member] Empty body provided in request {{(pid=72291) get_body /opt/stack/cinder/cinder/api/openstack/wsgi.py:715}}
May 01 22:29:53 user devstack@c-api.service[72291]: DEBUG cinder.api.openstack.wsgi [None req-38ef6a52-173b-4904-b915-7e96dc95cd7e tempest-VolumeTypesAccessTest-2122713697 tempest-VolumeTypesAccessTest-2122713697-project-member] Calling method 'show' {{(pid=72291) _process_stack /opt/stack/cinder/cinder/api/openstack/wsgi.py:868}}
May 01 22:29:53 user devstack@c-api.service[72291]: /usr/local/lib/python3.10/dist-packages/oslo_context/context.py:100: DeprecationWarning: Policy enforcement is depending on the value of is_admin. This key is deprecated. Please update your policy file to use the standard policy values.
May 01 22:29:53 user devstack@c-api.service[72291]: warnings.warn('Policy enforcement is depending on the value of '
May 01 22:29:53 user devstack@c-api.service[72291]: INFO cinder.volume.api [None req-38ef6a52-173b-4904-b915-7e96dc95cd7e tempest-VolumeTypesAccessTest-2122713697 tempest-VolumeTypesAccessTest-2122713697-project-member] Volume info retrieved successfully.
May 01 22:29:53 user devstack@c-api.service[72293]: INFO cinder.api.openstack.wsgi [None req-47948e94-0cd8-4663-810e-c9f589ede1be tempest-VolumesTestJSON-288645084 tempest-VolumesTestJSON-288645084-project-member] http://10.0.0.210/volume/v3/ad4bd217a8f9423796d9bd60a0c121be/volumes/b715ae51-8765-4854-8f6b-2f004cc1e22b returned with HTTP 404
May 01 22:29:53 user devstack@c-api.service[72291]: INFO cinder.api.openstack.wsgi [None req-38ef6a52-173b-4904-b915-7e96dc95cd7e tempest-VolumeTypesAccessTest-2122713697 tempest-VolumeTypesAccessTest-2122713697-project-member] http://10.0.0.210/volume/v3/8c49ee84e7f94f6bb8eba190eaceb904/volumes/74eb6ec3-8082-461b-abe4-044f9d8edea7 returned with HTTP 200
May 01 22:29:53 user devstack@c-api.service[72291]: [pid: 72291|app: 0|req: 11/28] 10.0.0.210 () {62 vars in 1402 bytes} [Mon May 1 22:29:53 2023] GET /volume/v3/8c49ee84e7f94f6bb8eba190eaceb904/volumes/74eb6ec3-8082-461b-abe4-044f9d8edea7 => generated 926 bytes in 43 msecs (HTTP/1.1 200) 7 headers in 285 bytes (1 switches on core 0)
May 01 22:29:53 user devstack@c-api.service[72293]: [pid: 72293|app: 0|req: 12/29] 10.0.0.210 () {62 vars in 1402 bytes} [Mon May 1 22:29:53 2023] GET /volume/v3/ad4bd217a8f9423796d9bd60a0c121be/volumes/b715ae51-8765-4854-8f6b-2f004cc1e22b => generated 109 bytes in 65 msecs (HTTP/1.1 404) 7 headers in 292 bytes (1 switches on core 0)
May 01 22:29:53 user devstack@c-api.service[72292]: DEBUG cinder.api.middleware.request_id [None req-de47b0b8-f205-437f-afb1-2dc07e6d519e None None] RequestId filter calling following filter/app {{(pid=72292) _context_setter /opt/stack/cinder/cinder/api/middleware/request_id.py:62}}
May 01 22:29:53 user devstack@c-api.service[72292]: INFO cinder.api.openstack.wsgi [None req-de47b0b8-f205-437f-afb1-2dc07e6d519e tempest-GroupsV320Test-111763409 tempest-GroupsV320Test-111763409-project-member] GET http://10.0.0.210/volume/v3/3d132f134e8e4c64a3a044cd729b8a13/groups/0a0a9a92-e1b4-43dc-a1e1-1aa1efd94a03
May 01 22:29:53 user devstack@c-api.service[72291]: DEBUG cinder.api.middleware.request_id [None req-61172cba-1f0e-48b3-8854-40063483684b None None] RequestId filter calling following filter/app {{(pid=72291) _context_setter /opt/stack/cinder/cinder/api/middleware/request_id.py:62}}
May 01 22:29:53 user devstack@c-api.service[72292]: DEBUG cinder.api.openstack.wsgi [None req-de47b0b8-f205-437f-afb1-2dc07e6d519e tempest-GroupsV320Test-111763409 tempest-GroupsV320Test-111763409-project-member] Empty body provided in request {{(pid=72292) get_body /opt/stack/cinder/cinder/api/openstack/wsgi.py:715}}
May 01 22:29:53 user devstack@c-api.service[72292]: DEBUG cinder.api.openstack.wsgi [None req-de47b0b8-f205-437f-afb1-2dc07e6d519e tempest-GroupsV320Test-111763409 tempest-GroupsV320Test-111763409-project-member] Calling method 'version_select' {{(pid=72292) _process_stack /opt/stack/cinder/cinder/api/openstack/wsgi.py:868}}
May 01 22:29:53 user devstack@c-api.service[72292]: DEBUG cinder.api.v3.groups [None req-de47b0b8-f205-437f-afb1-2dc07e6d519e tempest-GroupsV320Test-111763409 tempest-GroupsV320Test-111763409-project-member] show called for member 0a0a9a92-e1b4-43dc-a1e1-1aa1efd94a03 {{(pid=72292) show /opt/stack/cinder/cinder/api/v3/groups.py:58}}
May 01 22:29:53 user devstack@c-api.service[72291]: INFO cinder.api.openstack.wsgi [None req-61172cba-1f0e-48b3-8854-40063483684b tempest-GroupSnapshotsTest-1069399333 tempest-GroupSnapshotsTest-1069399333-project-member] GET http://10.0.0.210/volume/v3/9ce4bd69fd2846fe837a813813342cbf/groups/d78118f2-d75b-4d10-acd3-cc17ada6d2b3
May 01 22:29:53 user devstack@c-api.service[72291]: DEBUG cinder.api.openstack.wsgi [None req-61172cba-1f0e-48b3-8854-40063483684b tempest-GroupSnapshotsTest-1069399333 tempest-GroupSnapshotsTest-1069399333-project-member] Empty body provided in request {{(pid=72291) get_body /opt/stack/cinder/cinder/api/openstack/wsgi.py:715}}
May 01 22:29:53 user devstack@c-api.service[72291]: DEBUG cinder.api.openstack.wsgi [None req-61172cba-1f0e-48b3-8854-40063483684b tempest-GroupSnapshotsTest-1069399333 tempest-GroupSnapshotsTest-1069399333-project-member] Calling method 'version_select' {{(pid=72291) _process_stack /opt/stack/cinder/cinder/api/openstack/wsgi.py:868}}
May 01 22:29:53 user devstack@c-api.service[72291]: DEBUG cinder.api.v3.groups [None req-61172cba-1f0e-48b3-8854-40063483684b tempest-GroupSnapshotsTest-1069399333 tempest-GroupSnapshotsTest-1069399333-project-member] show called for member d78118f2-d75b-4d10-acd3-cc17ada6d2b3 {{(pid=72291) show /opt/stack/cinder/cinder/api/v3/groups.py:58}}
May 01 22:29:53 user devstack@c-api.service[72292]: /usr/local/lib/python3.10/dist-packages/oslo_context/context.py:100: DeprecationWarning: Policy enforcement is depending on the value of is_admin. This key is deprecated. Please update your policy file to use the standard policy values.
May 01 22:29:53 user devstack@c-api.service[72292]: warnings.warn('Policy enforcement is depending on the value of '
May 01 22:29:53 user devstack@c-api.service[72291]: /usr/local/lib/python3.10/dist-packages/oslo_context/context.py:100: DeprecationWarning: Policy enforcement is depending on the value of is_admin. This key is deprecated. Please update your policy file to use the standard policy values.
May 01 22:29:53 user devstack@c-api.service[72291]: warnings.warn('Policy enforcement is depending on the value of '
May 01 22:29:53 user devstack@c-api.service[72292]: INFO cinder.api.openstack.wsgi [None req-de47b0b8-f205-437f-afb1-2dc07e6d519e tempest-GroupsV320Test-111763409 tempest-GroupsV320Test-111763409-project-member] http://10.0.0.210/volume/v3/3d132f134e8e4c64a3a044cd729b8a13/groups/0a0a9a92-e1b4-43dc-a1e1-1aa1efd94a03 returned with HTTP 200
May 01 22:29:53 user devstack@c-api.service[72292]: [pid: 72292|app: 0|req: 7/30] 10.0.0.210 () {64 vars in 1440 bytes} [Mon May 1 22:29:53 2023] GET /volume/v3/3d132f134e8e4c64a3a044cd729b8a13/groups/0a0a9a92-e1b4-43dc-a1e1-1aa1efd94a03 => generated 384 bytes in 30 msecs (HTTP/1.1 200) 7 headers in 286 bytes (1 switches on core 0)
May 01 22:29:53 user devstack@c-api.service[72293]: DEBUG cinder.api.middleware.request_id [None req-3a880dc8-d79a-41f8-b1c2-e1d0652878b6 None None] RequestId filter calling following filter/app {{(pid=72293) _context_setter /opt/stack/cinder/cinder/api/middleware/request_id.py:62}}
May 01 22:29:53 user devstack@c-api.service[72293]: INFO cinder.api.openstack.wsgi [None req-3a880dc8-d79a-41f8-b1c2-e1d0652878b6 tempest-GroupsV320Test-111763409 tempest-GroupsV320Test-111763409-project-member] GET http://10.0.0.210/volume/v3/3d132f134e8e4c64a3a044cd729b8a13/volumes/detail
May 01 22:29:53 user devstack@c-api.service[72293]: DEBUG cinder.api.openstack.wsgi [None req-3a880dc8-d79a-41f8-b1c2-e1d0652878b6 tempest-GroupsV320Test-111763409 tempest-GroupsV320Test-111763409-project-member] Empty body provided in request {{(pid=72293) get_body /opt/stack/cinder/cinder/api/openstack/wsgi.py:715}}
May 01 22:29:53 user devstack@c-api.service[72291]: INFO cinder.api.openstack.wsgi [None req-61172cba-1f0e-48b3-8854-40063483684b tempest-GroupSnapshotsTest-1069399333 tempest-GroupSnapshotsTest-1069399333-project-member] http://10.0.0.210/volume/v3/9ce4bd69fd2846fe837a813813342cbf/groups/d78118f2-d75b-4d10-acd3-cc17ada6d2b3 returned with HTTP 200
May 01 22:29:53 user devstack@c-api.service[72293]: DEBUG cinder.api.openstack.wsgi [None req-3a880dc8-d79a-41f8-b1c2-e1d0652878b6 tempest-GroupsV320Test-111763409 tempest-GroupsV320Test-111763409-project-member] Calling method 'detail' {{(pid=72293) _process_stack /opt/stack/cinder/cinder/api/openstack/wsgi.py:868}}
May 01 22:29:53 user devstack@c-api.service[72291]: [pid: 72291|app: 0|req: 12/31] 10.0.0.210 () {64 vars in 1440 bytes} [Mon May 1 22:29:53 2023] GET /volume/v3/9ce4bd69fd2846fe837a813813342cbf/groups/d78118f2-d75b-4d10-acd3-cc17ada6d2b3 => generated 388 bytes in 37 msecs (HTTP/1.1 200) 7 headers in 286 bytes (1 switches on core 0)
May 01 22:29:53 user devstack@c-api.service[72293]: DEBUG cinder.api.api_utils [None req-3a880dc8-d79a-41f8-b1c2-e1d0652878b6 tempest-GroupsV320Test-111763409 tempest-GroupsV320Test-111763409-project-member] Removing options '' from query. {{(pid=72293) remove_invalid_filter_options /opt/stack/cinder/cinder/api/api_utils.py:83}}
May 01 22:29:53 user devstack@c-api.service[72293]: DEBUG cinder.volume.api [None req-3a880dc8-d79a-41f8-b1c2-e1d0652878b6 tempest-GroupsV320Test-111763409 tempest-GroupsV320Test-111763409-project-member] Searching by: MultiDict([('no_migration_targets', True)]). {{(pid=72293) get_all /opt/stack/cinder/cinder/volume/api.py:663}}
May 01 22:29:53 user devstack@c-api.service[72292]: DEBUG cinder.api.middleware.request_id [None req-a8d8e1bf-39a8-4f9c-a13e-81df9ecf0510 None None] RequestId filter calling following filter/app {{(pid=72292) _context_setter /opt/stack/cinder/cinder/api/middleware/request_id.py:62}}
May 01 22:29:53 user devstack@c-api.service[72292]: INFO cinder.api.openstack.wsgi [None req-a8d8e1bf-39a8-4f9c-a13e-81df9ecf0510 tempest-GroupSnapshotsTest-1069399333 tempest-GroupSnapshotsTest-1069399333-project-member] GET http://10.0.0.210/volume/v3/9ce4bd69fd2846fe837a813813342cbf/volumes/detail
May 01 22:29:53 user devstack@c-api.service[72292]: DEBUG cinder.api.openstack.wsgi [None req-a8d8e1bf-39a8-4f9c-a13e-81df9ecf0510 tempest-GroupSnapshotsTest-1069399333 tempest-GroupSnapshotsTest-1069399333-project-member] Empty body provided in request {{(pid=72292) get_body /opt/stack/cinder/cinder/api/openstack/wsgi.py:715}}
May 01 22:29:53 user devstack@c-api.service[72292]: DEBUG cinder.api.openstack.wsgi [None req-a8d8e1bf-39a8-4f9c-a13e-81df9ecf0510 tempest-GroupSnapshotsTest-1069399333 tempest-GroupSnapshotsTest-1069399333-project-member] Calling method 'detail' {{(pid=72292) _process_stack /opt/stack/cinder/cinder/api/openstack/wsgi.py:868}}
May 01 22:29:53 user devstack@c-api.service[72292]: DEBUG cinder.api.api_utils [None req-a8d8e1bf-39a8-4f9c-a13e-81df9ecf0510 tempest-GroupSnapshotsTest-1069399333 tempest-GroupSnapshotsTest-1069399333-project-member] Removing options '' from query. {{(pid=72292) remove_invalid_filter_options /opt/stack/cinder/cinder/api/api_utils.py:83}}
May 01 22:29:53 user devstack@c-api.service[72292]: /usr/local/lib/python3.10/dist-packages/oslo_context/context.py:100: DeprecationWarning: Policy enforcement is depending on the value of is_admin. This key is deprecated. Please update your policy file to use the standard policy values.
May 01 22:29:53 user devstack@c-api.service[72292]: warnings.warn('Policy enforcement is depending on the value of '
May 01 22:29:53 user devstack@c-api.service[72292]: DEBUG cinder.volume.api [None req-a8d8e1bf-39a8-4f9c-a13e-81df9ecf0510 tempest-GroupSnapshotsTest-1069399333 tempest-GroupSnapshotsTest-1069399333-project-member] Searching by: MultiDict([('no_migration_targets', True)]). {{(pid=72292) get_all /opt/stack/cinder/cinder/volume/api.py:663}}
May 01 22:29:53 user devstack@c-api.service[72292]: INFO cinder.volume.api [None req-a8d8e1bf-39a8-4f9c-a13e-81df9ecf0510 tempest-GroupSnapshotsTest-1069399333 tempest-GroupSnapshotsTest-1069399333-project-member] Get all volumes completed successfully.
May 01 22:29:53 user devstack@c-api.service[72292]: INFO cinder.api.openstack.wsgi [None req-a8d8e1bf-39a8-4f9c-a13e-81df9ecf0510 tempest-GroupSnapshotsTest-1069399333 tempest-GroupSnapshotsTest-1069399333-project-member] http://10.0.0.210/volume/v3/9ce4bd69fd2846fe837a813813342cbf/volumes/detail returned with HTTP 200
May 01 22:29:53 user devstack@c-api.service[72292]: [pid: 72292|app: 0|req: 8/32] 10.0.0.210 () {64 vars in 1353 bytes} [Mon May 1 22:29:53 2023] GET /volume/v3/9ce4bd69fd2846fe837a813813342cbf/volumes/detail => generated 15 bytes in 60 msecs (HTTP/1.1 200) 7 headers in 285 bytes (1 switches on core 0)
May 01 22:29:53 user devstack@c-api.service[72291]: DEBUG cinder.api.middleware.request_id [None req-212ffe0a-cef0-44ec-a085-d7634a8be304 None None] RequestId filter calling following filter/app {{(pid=72291) _context_setter /opt/stack/cinder/cinder/api/middleware/request_id.py:62}}
May 01 22:29:53 user devstack@c-api.service[72291]: INFO cinder.api.openstack.wsgi [None req-212ffe0a-cef0-44ec-a085-d7634a8be304 tempest-GroupSnapshotsTest-1069399333 tempest-GroupSnapshotsTest-1069399333-project-member] POST http://10.0.0.210/volume/v3/9ce4bd69fd2846fe837a813813342cbf/groups/d78118f2-d75b-4d10-acd3-cc17ada6d2b3/action
May 01 22:29:53 user devstack@c-api.service[72291]: DEBUG cinder.api.openstack.wsgi [None req-212ffe0a-cef0-44ec-a085-d7634a8be304 tempest-GroupSnapshotsTest-1069399333 tempest-GroupSnapshotsTest-1069399333-project-member] Action body: b'{"delete": {"delete-volumes": true}}' {{(pid=72291) get_method /opt/stack/cinder/cinder/api/openstack/wsgi.py:983}}
May 01 22:29:53 user devstack@c-api.service[72291]: DEBUG cinder.api.openstack.wsgi [None req-212ffe0a-cef0-44ec-a085-d7634a8be304 tempest-GroupSnapshotsTest-1069399333 tempest-GroupSnapshotsTest-1069399333-project-member] Action: 'action', calling method: version_select, body: {"delete": {"delete-volumes": true}} {{(pid=72291) _process_stack /opt/stack/cinder/cinder/api/openstack/wsgi.py:866}}
May 01 22:29:53 user devstack@c-api.service[72291]: DEBUG cinder.api.v3.groups [None req-212ffe0a-cef0-44ec-a085-d7634a8be304 tempest-GroupSnapshotsTest-1069399333 tempest-GroupSnapshotsTest-1069399333-project-member] delete called for group d78118f2-d75b-4d10-acd3-cc17ada6d2b3 {{(pid=72291) _delete /opt/stack/cinder/cinder/api/v3/groups.py:117}}
May 01 22:29:53 user devstack@c-api.service[72291]: INFO cinder.api.v3.groups [None req-212ffe0a-cef0-44ec-a085-d7634a8be304 tempest-GroupSnapshotsTest-1069399333 tempest-GroupSnapshotsTest-1069399333-project-member] Delete group with id: d78118f2-d75b-4d10-acd3-cc17ada6d2b3
May 01 22:29:53 user devstack@c-api.service[72292]: DEBUG cinder.api.middleware.request_id [None req-f9846a3e-a91b-4373-bc2b-134dd7093600 None None] RequestId filter calling following filter/app {{(pid=72292) _context_setter /opt/stack/cinder/cinder/api/middleware/request_id.py:62}}
May 01 22:29:53 user devstack@c-api.service[72292]: INFO cinder.api.openstack.wsgi [None req-f9846a3e-a91b-4373-bc2b-134dd7093600 tempest-GroupSnapshotsV319Test-1900068557 tempest-GroupSnapshotsV319Test-1900068557-project-member] GET http://10.0.0.210/volume/v3/8950389129904eb2ac2a38533bd26de0/groups/cae06133-afd6-42d4-9cf7-83193e548f0a
May 01 22:29:53 user devstack@c-api.service[72292]: DEBUG cinder.api.openstack.wsgi [None req-f9846a3e-a91b-4373-bc2b-134dd7093600 tempest-GroupSnapshotsV319Test-1900068557 tempest-GroupSnapshotsV319Test-1900068557-project-member] Empty body provided in request {{(pid=72292) get_body /opt/stack/cinder/cinder/api/openstack/wsgi.py:715}}
May 01 22:29:53 user devstack@c-api.service[72292]: DEBUG cinder.api.openstack.wsgi [None req-f9846a3e-a91b-4373-bc2b-134dd7093600 tempest-GroupSnapshotsV319Test-1900068557 tempest-GroupSnapshotsV319Test-1900068557-project-member] Calling method 'version_select' {{(pid=72292) _process_stack /opt/stack/cinder/cinder/api/openstack/wsgi.py:868}}
May 01 22:29:53 user devstack@c-api.service[72292]: DEBUG cinder.api.v3.groups [None req-f9846a3e-a91b-4373-bc2b-134dd7093600 tempest-GroupSnapshotsV319Test-1900068557 tempest-GroupSnapshotsV319Test-1900068557-project-member] show called for member cae06133-afd6-42d4-9cf7-83193e548f0a {{(pid=72292) show /opt/stack/cinder/cinder/api/v3/groups.py:58}}
May 01 22:29:53 user devstack@c-api.service[72291]: /usr/local/lib/python3.10/dist-packages/oslo_context/context.py:100: DeprecationWarning: Policy enforcement is depending on the value of is_admin. This key is deprecated. Please update your policy file to use the standard policy values.
May 01 22:29:53 user devstack@c-api.service[72291]: warnings.warn('Policy enforcement is depending on the value of '
May 01 22:29:53 user devstack@c-api.service[72292]: /usr/local/lib/python3.10/dist-packages/oslo_context/context.py:100: DeprecationWarning: Policy enforcement is depending on the value of is_admin. This key is deprecated. Please update your policy file to use the standard policy values.
May 01 22:29:53 user devstack@c-api.service[72292]: warnings.warn('Policy enforcement is depending on the value of '
May 01 22:29:53 user devstack@c-api.service[72291]: DEBUG cinder.quota [None req-212ffe0a-cef0-44ec-a085-d7634a8be304 tempest-GroupSnapshotsTest-1069399333 tempest-GroupSnapshotsTest-1069399333-project-member] Created reservations ['e2536152-d927-4b38-a548-0b0a73113654'] {{(pid=72291) reserve /opt/stack/cinder/cinder/quota.py:755}}
May 01 22:29:53 user devstack@c-api.service[72292]: INFO cinder.api.openstack.wsgi [None req-f9846a3e-a91b-4373-bc2b-134dd7093600 tempest-GroupSnapshotsV319Test-1900068557 tempest-GroupSnapshotsV319Test-1900068557-project-member] http://10.0.0.210/volume/v3/8950389129904eb2ac2a38533bd26de0/groups/cae06133-afd6-42d4-9cf7-83193e548f0a returned with HTTP 200
May 01 22:29:53 user devstack@c-api.service[72292]: [pid: 72292|app: 0|req: 9/33] 10.0.0.210 () {64 vars in 1440 bytes} [Mon May 1 22:29:53 2023] GET /volume/v3/8950389129904eb2ac2a38533bd26de0/groups/cae06133-afd6-42d4-9cf7-83193e548f0a => generated 393 bytes in 39 msecs (HTTP/1.1 200) 7 headers in 286 bytes (1 switches on core 0)
May 01 22:29:53 user devstack@c-api.service[72291]: DEBUG cinder.group.api [None req-212ffe0a-cef0-44ec-a085-d7634a8be304 tempest-GroupSnapshotsTest-1069399333 tempest-GroupSnapshotsTest-1069399333-project-member] No host for group d78118f2-d75b-4d10-acd3-cc17ada6d2b3. Deleting from the database. {{(pid=72291) delete /opt/stack/cinder/cinder/group/api.py:524}}
May 01 22:29:53 user devstack@c-api.service[72292]: DEBUG cinder.api.middleware.request_id [None req-73f80bc7-ab14-4e3c-9be3-1737cb04efa6 None None] RequestId filter calling following filter/app {{(pid=72292) _context_setter /opt/stack/cinder/cinder/api/middleware/request_id.py:62}}
May 01 22:29:53 user devstack@c-api.service[72292]: INFO cinder.api.openstack.wsgi [None req-73f80bc7-ab14-4e3c-9be3-1737cb04efa6 tempest-GroupSnapshotsV319Test-1900068557 tempest-GroupSnapshotsV319Test-1900068557-project-member] GET http://10.0.0.210/volume/v3/8950389129904eb2ac2a38533bd26de0/volumes/detail
May 01 22:29:53 user devstack@c-api.service[72292]: DEBUG cinder.api.openstack.wsgi [None req-73f80bc7-ab14-4e3c-9be3-1737cb04efa6 tempest-GroupSnapshotsV319Test-1900068557 tempest-GroupSnapshotsV319Test-1900068557-project-member] Empty body provided in request {{(pid=72292) get_body /opt/stack/cinder/cinder/api/openstack/wsgi.py:715}}
May 01 22:29:53 user devstack@c-api.service[72292]: DEBUG cinder.api.openstack.wsgi [None req-73f80bc7-ab14-4e3c-9be3-1737cb04efa6 tempest-GroupSnapshotsV319Test-1900068557 tempest-GroupSnapshotsV319Test-1900068557-project-member] Calling method 'detail' {{(pid=72292) _process_stack /opt/stack/cinder/cinder/api/openstack/wsgi.py:868}}
May 01 22:29:53 user devstack@c-api.service[72292]: DEBUG cinder.api.api_utils [None req-73f80bc7-ab14-4e3c-9be3-1737cb04efa6 tempest-GroupSnapshotsV319Test-1900068557 tempest-GroupSnapshotsV319Test-1900068557-project-member] Removing options '' from query. {{(pid=72292) remove_invalid_filter_options /opt/stack/cinder/cinder/api/api_utils.py:83}}
May 01 22:29:53 user devstack@c-api.service[72292]: /usr/local/lib/python3.10/dist-packages/oslo_context/context.py:100: DeprecationWarning: Policy enforcement is depending on the value of is_admin. This key is deprecated. Please update your policy file to use the standard policy values.
May 01 22:29:53 user devstack@c-api.service[72292]: warnings.warn('Policy enforcement is depending on the value of '
May 01 22:29:53 user devstack@c-api.service[72292]: DEBUG cinder.volume.api [None req-73f80bc7-ab14-4e3c-9be3-1737cb04efa6 tempest-GroupSnapshotsV319Test-1900068557 tempest-GroupSnapshotsV319Test-1900068557-project-member] Searching by: MultiDict([('no_migration_targets', True)]). {{(pid=72292) get_all /opt/stack/cinder/cinder/volume/api.py:663}}
May 01 22:29:53 user devstack@c-api.service[72291]: INFO cinder.api.openstack.wsgi [None req-212ffe0a-cef0-44ec-a085-d7634a8be304 tempest-GroupSnapshotsTest-1069399333 tempest-GroupSnapshotsTest-1069399333-project-member] http://10.0.0.210/volume/v3/9ce4bd69fd2846fe837a813813342cbf/groups/d78118f2-d75b-4d10-acd3-cc17ada6d2b3/action returned with HTTP 202
May 01 22:29:53 user devstack@c-api.service[72291]: [pid: 72291|app: 0|req: 13/34] 10.0.0.210 () {66 vars in 1482 bytes} [Mon May 1 22:29:53 2023] POST /volume/v3/9ce4bd69fd2846fe837a813813342cbf/groups/d78118f2-d75b-4d10-acd3-cc17ada6d2b3/action => generated 0 bytes in 126 msecs (HTTP/1.1 202) 6 headers in 234 bytes (1 switches on core 0)
May 01 22:29:53 user devstack@c-api.service[72291]: DEBUG cinder.api.middleware.request_id [None req-29dc3aaa-f9c8-492e-8a15-42e7607000f9 None None] RequestId filter calling following filter/app {{(pid=72291) _context_setter /opt/stack/cinder/cinder/api/middleware/request_id.py:62}}
May 01 22:29:53 user devstack@c-api.service[72291]: INFO cinder.api.openstack.wsgi [None req-29dc3aaa-f9c8-492e-8a15-42e7607000f9 tempest-GroupSnapshotsTest-1069399333 tempest-GroupSnapshotsTest-1069399333-project-member] GET http://10.0.0.210/volume/v3/9ce4bd69fd2846fe837a813813342cbf/groups/d78118f2-d75b-4d10-acd3-cc17ada6d2b3
May 01 22:29:53 user devstack@c-api.service[72291]: DEBUG cinder.api.openstack.wsgi [None req-29dc3aaa-f9c8-492e-8a15-42e7607000f9 tempest-GroupSnapshotsTest-1069399333 tempest-GroupSnapshotsTest-1069399333-project-member] Empty body provided in request {{(pid=72291) get_body /opt/stack/cinder/cinder/api/openstack/wsgi.py:715}}
May 01 22:29:53 user devstack@c-api.service[72291]: DEBUG cinder.api.openstack.wsgi [None req-29dc3aaa-f9c8-492e-8a15-42e7607000f9 tempest-GroupSnapshotsTest-1069399333 tempest-GroupSnapshotsTest-1069399333-project-member] Calling method 'version_select' {{(pid=72291) _process_stack /opt/stack/cinder/cinder/api/openstack/wsgi.py:868}}
May 01 22:29:53 user devstack@c-api.service[72291]: DEBUG cinder.api.v3.groups [None req-29dc3aaa-f9c8-492e-8a15-42e7607000f9 tempest-GroupSnapshotsTest-1069399333 tempest-GroupSnapshotsTest-1069399333-project-member] show called for member d78118f2-d75b-4d10-acd3-cc17ada6d2b3 {{(pid=72291) show /opt/stack/cinder/cinder/api/v3/groups.py:58}}
May 01 22:29:53 user devstack@c-api.service[72291]: INFO cinder.api.openstack.wsgi [None req-29dc3aaa-f9c8-492e-8a15-42e7607000f9 tempest-GroupSnapshotsTest-1069399333 tempest-GroupSnapshotsTest-1069399333-project-member] http://10.0.0.210/volume/v3/9ce4bd69fd2846fe837a813813342cbf/groups/d78118f2-d75b-4d10-acd3-cc17ada6d2b3 returned with HTTP 404
May 01 22:29:53 user devstack@c-api.service[72291]: [pid: 72291|app: 0|req: 14/35] 10.0.0.210 () {64 vars in 1440 bytes} [Mon May 1 22:29:53 2023] GET /volume/v3/9ce4bd69fd2846fe837a813813342cbf/groups/d78118f2-d75b-4d10-acd3-cc17ada6d2b3 => generated 108 bytes in 14 msecs (HTTP/1.1 404) 7 headers in 293 bytes (2 switches on core 0)
May 01 22:29:53 user devstack@c-api.service[72291]: DEBUG cinder.api.middleware.request_id [None req-ebfb2f67-a385-4ad8-8f08-1b3b10291b2a None None] RequestId filter calling following filter/app {{(pid=72291) _context_setter /opt/stack/cinder/cinder/api/middleware/request_id.py:62}}
May 01 22:29:53 user devstack@c-api.service[72291]: INFO cinder.api.openstack.wsgi [None req-ebfb2f67-a385-4ad8-8f08-1b3b10291b2a tempest-GroupSnapshotsTest-890502635 tempest-GroupSnapshotsTest-890502635-project-admin] DELETE http://10.0.0.210/volume/v3/d04dbe474d154d4bb57813f0ad2ba970/group_types/ad0c74de-f759-4608-b5aa-252d5a81f31d
May 01 22:29:53 user devstack@c-api.service[72291]: DEBUG cinder.api.openstack.wsgi [None req-ebfb2f67-a385-4ad8-8f08-1b3b10291b2a tempest-GroupSnapshotsTest-890502635 tempest-GroupSnapshotsTest-890502635-project-admin] Empty body provided in request {{(pid=72291) get_body /opt/stack/cinder/cinder/api/openstack/wsgi.py:715}}
May 01 22:29:53 user devstack@c-api.service[72291]: DEBUG cinder.api.openstack.wsgi [None req-ebfb2f67-a385-4ad8-8f08-1b3b10291b2a tempest-GroupSnapshotsTest-890502635 tempest-GroupSnapshotsTest-890502635-project-admin] Calling method 'version_select' {{(pid=72291) _process_stack /opt/stack/cinder/cinder/api/openstack/wsgi.py:868}}
May 01 22:29:53 user devstack@c-api.service[72291]: INFO cinder.api.openstack.wsgi [None req-ebfb2f67-a385-4ad8-8f08-1b3b10291b2a tempest-GroupSnapshotsTest-890502635 tempest-GroupSnapshotsTest-890502635-project-admin] http://10.0.0.210/volume/v3/d04dbe474d154d4bb57813f0ad2ba970/group_types/ad0c74de-f759-4608-b5aa-252d5a81f31d returned with HTTP 202
May 01 22:29:53 user devstack@c-api.service[72291]: [pid: 72291|app: 0|req: 15/36] 10.0.0.210 () {64 vars in 1458 bytes} [Mon May 1 22:29:53 2023] DELETE /volume/v3/d04dbe474d154d4bb57813f0ad2ba970/group_types/ad0c74de-f759-4608-b5aa-252d5a81f31d => generated 0 bytes in 28 msecs (HTTP/1.1 202) 6 headers in 234 bytes (2 switches on core 0)
May 01 22:29:53 user devstack@c-api.service[72292]: INFO cinder.volume.api [None req-73f80bc7-ab14-4e3c-9be3-1737cb04efa6 tempest-GroupSnapshotsV319Test-1900068557 tempest-GroupSnapshotsV319Test-1900068557-project-member] Get all volumes completed successfully.
May 01 22:29:53 user devstack@c-api.service[72291]: DEBUG cinder.api.middleware.request_id [None req-85e451bb-42f1-474c-80f9-76b8842f9894 None None] RequestId filter calling following filter/app {{(pid=72291) _context_setter /opt/stack/cinder/cinder/api/middleware/request_id.py:62}}
May 01 22:29:53 user devstack@c-api.service[72292]: INFO cinder.api.openstack.wsgi [None req-73f80bc7-ab14-4e3c-9be3-1737cb04efa6 tempest-GroupSnapshotsV319Test-1900068557 tempest-GroupSnapshotsV319Test-1900068557-project-member] http://10.0.0.210/volume/v3/8950389129904eb2ac2a38533bd26de0/volumes/detail returned with HTTP 200
May 01 22:29:53 user devstack@c-api.service[72291]: INFO cinder.api.openstack.wsgi [None req-85e451bb-42f1-474c-80f9-76b8842f9894 tempest-GroupSnapshotsTest-890502635 tempest-GroupSnapshotsTest-890502635-project-admin] DELETE http://10.0.0.210/volume/v3/d04dbe474d154d4bb57813f0ad2ba970/types/caa23cf3-97b1-467a-8289-46cb6e312a99
May 01 22:29:53 user devstack@c-api.service[72292]: [pid: 72292|app: 0|req: 10/37] 10.0.0.210 () {64 vars in 1353 bytes} [Mon May 1 22:29:53 2023] GET /volume/v3/8950389129904eb2ac2a38533bd26de0/volumes/detail => generated 15 bytes in 72 msecs (HTTP/1.1 200) 7 headers in 285 bytes (1 switches on core 0)
May 01 22:29:53 user devstack@c-api.service[72291]: DEBUG cinder.api.openstack.wsgi [None req-85e451bb-42f1-474c-80f9-76b8842f9894 tempest-GroupSnapshotsTest-890502635 tempest-GroupSnapshotsTest-890502635-project-admin] Empty body provided in request {{(pid=72291) get_body /opt/stack/cinder/cinder/api/openstack/wsgi.py:715}}
May 01 22:29:53 user devstack@c-api.service[72291]: DEBUG cinder.api.openstack.wsgi [None req-85e451bb-42f1-474c-80f9-76b8842f9894 tempest-GroupSnapshotsTest-890502635 tempest-GroupSnapshotsTest-890502635-project-admin] Calling method '_delete' {{(pid=72291) _process_stack /opt/stack/cinder/cinder/api/openstack/wsgi.py:868}}
May 01 22:29:53 user devstack@c-api.service[72292]: DEBUG cinder.api.middleware.request_id [None req-bd359ea3-fe86-443f-a779-50e1e255a6b6 None None] RequestId filter calling following filter/app {{(pid=72292) _context_setter /opt/stack/cinder/cinder/api/middleware/request_id.py:62}}
May 01 22:29:53 user devstack@c-api.service[72292]: INFO cinder.api.openstack.wsgi [None req-bd359ea3-fe86-443f-a779-50e1e255a6b6 tempest-GroupSnapshotsV319Test-1900068557 tempest-GroupSnapshotsV319Test-1900068557-project-member] POST http://10.0.0.210/volume/v3/8950389129904eb2ac2a38533bd26de0/groups/cae06133-afd6-42d4-9cf7-83193e548f0a/action
May 01 22:29:53 user devstack@c-api.service[72292]: DEBUG cinder.api.openstack.wsgi [None req-bd359ea3-fe86-443f-a779-50e1e255a6b6 tempest-GroupSnapshotsV319Test-1900068557 tempest-GroupSnapshotsV319Test-1900068557-project-member] Action body: b'{"delete": {"delete-volumes": true}}' {{(pid=72292) get_method /opt/stack/cinder/cinder/api/openstack/wsgi.py:983}}
May 01 22:29:53 user devstack@c-api.service[72292]: DEBUG cinder.api.openstack.wsgi [None req-bd359ea3-fe86-443f-a779-50e1e255a6b6 tempest-GroupSnapshotsV319Test-1900068557 tempest-GroupSnapshotsV319Test-1900068557-project-member] Action: 'action', calling method: version_select, body: {"delete": {"delete-volumes": true}} {{(pid=72292) _process_stack /opt/stack/cinder/cinder/api/openstack/wsgi.py:866}}
May 01 22:29:53 user devstack@c-api.service[72292]: DEBUG cinder.api.v3.groups [None req-bd359ea3-fe86-443f-a779-50e1e255a6b6 tempest-GroupSnapshotsV319Test-1900068557 tempest-GroupSnapshotsV319Test-1900068557-project-member] delete called for group cae06133-afd6-42d4-9cf7-83193e548f0a {{(pid=72292) _delete /opt/stack/cinder/cinder/api/v3/groups.py:117}}
May 01 22:29:53 user devstack@c-api.service[72292]: INFO cinder.api.v3.groups [None req-bd359ea3-fe86-443f-a779-50e1e255a6b6 tempest-GroupSnapshotsV319Test-1900068557 tempest-GroupSnapshotsV319Test-1900068557-project-member] Delete group with id: cae06133-afd6-42d4-9cf7-83193e548f0a
May 01 22:29:53 user devstack@c-api.service[72292]: DEBUG dbcounter [-] [72292] Writing DB stats cinder:SELECT=78,cinder:INSERT=10,cinder:UPDATE=12 {{(pid=72292) stat_writer /usr/local/lib/python3.10/dist-packages/dbcounter.py:117}}
May 01 22:29:53 user devstack@c-api.service[72292]: /usr/local/lib/python3.10/dist-packages/oslo_context/context.py:100: DeprecationWarning: Policy enforcement is depending on the value of is_admin. This key is deprecated. Please update your policy file to use the standard policy values.
May 01 22:29:53 user devstack@c-api.service[72292]: warnings.warn('Policy enforcement is depending on the value of '
May 01 22:29:53 user devstack@c-api.service[72292]: DEBUG cinder.quota [None req-bd359ea3-fe86-443f-a779-50e1e255a6b6 tempest-GroupSnapshotsV319Test-1900068557 tempest-GroupSnapshotsV319Test-1900068557-project-member] Created reservations ['bdb0f16a-4c1a-411c-b891-fd9c9cbee854'] {{(pid=72292) reserve /opt/stack/cinder/cinder/quota.py:755}}
May 01 22:29:53 user devstack@c-api.service[72291]: INFO cinder.api.openstack.wsgi [None req-85e451bb-42f1-474c-80f9-76b8842f9894 tempest-GroupSnapshotsTest-890502635 tempest-GroupSnapshotsTest-890502635-project-admin] http://10.0.0.210/volume/v3/d04dbe474d154d4bb57813f0ad2ba970/types/caa23cf3-97b1-467a-8289-46cb6e312a99 returned with HTTP 202
May 01 22:29:53 user devstack@c-api.service[72291]: [pid: 72291|app: 0|req: 16/38] 10.0.0.210 () {62 vars in 1399 bytes} [Mon May 1 22:29:53 2023] DELETE /volume/v3/d04dbe474d154d4bb57813f0ad2ba970/types/caa23cf3-97b1-467a-8289-46cb6e312a99 => generated 0 bytes in 63 msecs (HTTP/1.1 202) 6 headers in 233 bytes (2 switches on core 0)
May 01 22:29:53 user devstack@c-api.service[72291]: DEBUG cinder.api.middleware.request_id [None req-96f298cb-a41d-44d7-bfa9-d7c5c54c65a8 None None] RequestId filter calling following filter/app {{(pid=72291) _context_setter /opt/stack/cinder/cinder/api/middleware/request_id.py:62}}
May 01 22:29:53 user devstack@c-api.service[72291]: INFO cinder.api.openstack.wsgi [None req-96f298cb-a41d-44d7-bfa9-d7c5c54c65a8 tempest-GroupSnapshotsTest-890502635 tempest-GroupSnapshotsTest-890502635-project-admin] GET http://10.0.0.210/volume/v3/d04dbe474d154d4bb57813f0ad2ba970/types/caa23cf3-97b1-467a-8289-46cb6e312a99
May 01 22:29:53 user devstack@c-api.service[72291]: DEBUG cinder.api.openstack.wsgi [None req-96f298cb-a41d-44d7-bfa9-d7c5c54c65a8 tempest-GroupSnapshotsTest-890502635 tempest-GroupSnapshotsTest-890502635-project-admin] Empty body provided in request {{(pid=72291) get_body /opt/stack/cinder/cinder/api/openstack/wsgi.py:715}}
May 01 22:29:53 user devstack@c-api.service[72291]: DEBUG cinder.api.openstack.wsgi [None req-96f298cb-a41d-44d7-bfa9-d7c5c54c65a8 tempest-GroupSnapshotsTest-890502635 tempest-GroupSnapshotsTest-890502635-project-admin] Calling method 'show' {{(pid=72291) _process_stack /opt/stack/cinder/cinder/api/openstack/wsgi.py:868}}
May 01 22:29:53 user devstack@c-api.service[72292]: DEBUG cinder.group.api [None req-bd359ea3-fe86-443f-a779-50e1e255a6b6 tempest-GroupSnapshotsV319Test-1900068557 tempest-GroupSnapshotsV319Test-1900068557-project-member] No host for group cae06133-afd6-42d4-9cf7-83193e548f0a. Deleting from the database. {{(pid=72292) delete /opt/stack/cinder/cinder/group/api.py:524}}
May 01 22:29:53 user devstack@c-api.service[72291]: INFO cinder.api.openstack.wsgi [None req-96f298cb-a41d-44d7-bfa9-d7c5c54c65a8 tempest-GroupSnapshotsTest-890502635 tempest-GroupSnapshotsTest-890502635-project-admin] http://10.0.0.210/volume/v3/d04dbe474d154d4bb57813f0ad2ba970/types/caa23cf3-97b1-467a-8289-46cb6e312a99 returned with HTTP 404
May 01 22:29:53 user devstack@c-api.service[72291]: [pid: 72291|app: 0|req: 17/39] 10.0.0.210 () {62 vars in 1396 bytes} [Mon May 1 22:29:53 2023] GET /volume/v3/d04dbe474d154d4bb57813f0ad2ba970/types/caa23cf3-97b1-467a-8289-46cb6e312a99 => generated 114 bytes in 12 msecs (HTTP/1.1 404) 7 headers in 292 bytes (2 switches on core 0)
May 01 22:29:53 user devstack@c-api.service[72292]: INFO cinder.api.openstack.wsgi [None req-bd359ea3-fe86-443f-a779-50e1e255a6b6 tempest-GroupSnapshotsV319Test-1900068557 tempest-GroupSnapshotsV319Test-1900068557-project-member] http://10.0.0.210/volume/v3/8950389129904eb2ac2a38533bd26de0/groups/cae06133-afd6-42d4-9cf7-83193e548f0a/action returned with HTTP 202
May 01 22:29:53 user devstack@c-api.service[72292]: [pid: 72292|app: 0|req: 11/40] 10.0.0.210 () {66 vars in 1482 bytes} [Mon May 1 22:29:53 2023] POST /volume/v3/8950389129904eb2ac2a38533bd26de0/groups/cae06133-afd6-42d4-9cf7-83193e548f0a/action => generated 0 bytes in 64 msecs (HTTP/1.1 202) 6 headers in 234 bytes (1 switches on core 0)
May 01 22:29:53 user devstack@c-api.service[72291]: DEBUG cinder.api.middleware.request_id [None req-d836b86a-9b67-4444-8caa-de1215a1239e None None] RequestId filter calling following filter/app {{(pid=72291) _context_setter /opt/stack/cinder/cinder/api/middleware/request_id.py:62}}
May 01 22:29:53 user devstack@c-api.service[72292]: DEBUG cinder.api.middleware.request_id [None req-83048e48-3fbd-41d4-bd2b-db75f483cb7b None None] RequestId filter calling following filter/app {{(pid=72292) _context_setter /opt/stack/cinder/cinder/api/middleware/request_id.py:62}}
May 01 22:29:53 user devstack@c-api.service[72291]: INFO cinder.api.openstack.wsgi [None req-d836b86a-9b67-4444-8caa-de1215a1239e tempest-GroupSnapshotsTest-890502635 tempest-GroupSnapshotsTest-890502635-project-admin] POST http://10.0.0.210/volume/v3/d04dbe474d154d4bb57813f0ad2ba970/types
May 01 22:29:53 user devstack@c-api.service[72291]: DEBUG cinder.api.openstack.wsgi [None req-d836b86a-9b67-4444-8caa-de1215a1239e tempest-GroupSnapshotsTest-890502635 tempest-GroupSnapshotsTest-890502635-project-admin] Action: 'create', calling method: _create, body: {"volume_type": {"name": "tempest-GroupSnapshotsTest-volume-type-954347658"}} {{(pid=72291) _process_stack /opt/stack/cinder/cinder/api/openstack/wsgi.py:866}}
May 01 22:29:53 user devstack@c-api.service[72292]: INFO cinder.api.openstack.wsgi [None req-83048e48-3fbd-41d4-bd2b-db75f483cb7b tempest-GroupSnapshotsV319Test-1900068557 tempest-GroupSnapshotsV319Test-1900068557-project-member] GET http://10.0.0.210/volume/v3/8950389129904eb2ac2a38533bd26de0/groups/cae06133-afd6-42d4-9cf7-83193e548f0a
May 01 22:29:53 user devstack@c-api.service[72292]: DEBUG cinder.api.openstack.wsgi [None req-83048e48-3fbd-41d4-bd2b-db75f483cb7b tempest-GroupSnapshotsV319Test-1900068557 tempest-GroupSnapshotsV319Test-1900068557-project-member] Empty body provided in request {{(pid=72292) get_body /opt/stack/cinder/cinder/api/openstack/wsgi.py:715}}
May 01 22:29:53 user devstack@c-api.service[72292]: DEBUG cinder.api.openstack.wsgi [None req-83048e48-3fbd-41d4-bd2b-db75f483cb7b tempest-GroupSnapshotsV319Test-1900068557 tempest-GroupSnapshotsV319Test-1900068557-project-member] Calling method 'version_select' {{(pid=72292) _process_stack /opt/stack/cinder/cinder/api/openstack/wsgi.py:868}}
May 01 22:29:53 user devstack@c-api.service[72292]: DEBUG cinder.api.v3.groups [None req-83048e48-3fbd-41d4-bd2b-db75f483cb7b tempest-GroupSnapshotsV319Test-1900068557 tempest-GroupSnapshotsV319Test-1900068557-project-member] show called for member cae06133-afd6-42d4-9cf7-83193e548f0a {{(pid=72292) show /opt/stack/cinder/cinder/api/v3/groups.py:58}}
May 01 22:29:53 user devstack@c-api.service[72292]: INFO cinder.api.openstack.wsgi [None req-83048e48-3fbd-41d4-bd2b-db75f483cb7b tempest-GroupSnapshotsV319Test-1900068557 tempest-GroupSnapshotsV319Test-1900068557-project-member] http://10.0.0.210/volume/v3/8950389129904eb2ac2a38533bd26de0/groups/cae06133-afd6-42d4-9cf7-83193e548f0a returned with HTTP 404
May 01 22:29:53 user devstack@c-api.service[72292]: [pid: 72292|app: 0|req: 12/41] 10.0.0.210 () {64 vars in 1440 bytes} [Mon May 1 22:29:53 2023] GET /volume/v3/8950389129904eb2ac2a38533bd26de0/groups/cae06133-afd6-42d4-9cf7-83193e548f0a => generated 108 bytes in 13 msecs (HTTP/1.1 404) 7 headers in 293 bytes (2 switches on core 0)
May 01 22:29:53 user devstack@c-api.service[72292]: DEBUG cinder.api.middleware.request_id [None req-da4b0b24-77a0-4d1e-9743-4c93bb209924 None None] RequestId filter calling following filter/app {{(pid=72292) _context_setter /opt/stack/cinder/cinder/api/middleware/request_id.py:62}}
May 01 22:29:53 user devstack@c-api.service[72292]: INFO cinder.api.openstack.wsgi [None req-da4b0b24-77a0-4d1e-9743-4c93bb209924 tempest-GroupSnapshotsV319Test-538996290 tempest-GroupSnapshotsV319Test-538996290-project-admin] DELETE http://10.0.0.210/volume/v3/dfdfadccc038497eacecd9243b47d745/group_types/4e3d1850-ef2e-4094-b247-c510446dafed
May 01 22:29:53 user devstack@c-api.service[72292]: DEBUG cinder.api.openstack.wsgi [None req-da4b0b24-77a0-4d1e-9743-4c93bb209924 tempest-GroupSnapshotsV319Test-538996290 tempest-GroupSnapshotsV319Test-538996290-project-admin] Empty body provided in request {{(pid=72292) get_body /opt/stack/cinder/cinder/api/openstack/wsgi.py:715}}
May 01 22:29:53 user devstack@c-api.service[72292]: DEBUG cinder.api.openstack.wsgi [None req-da4b0b24-77a0-4d1e-9743-4c93bb209924 tempest-GroupSnapshotsV319Test-538996290 tempest-GroupSnapshotsV319Test-538996290-project-admin] Calling method 'version_select' {{(pid=72292) _process_stack /opt/stack/cinder/cinder/api/openstack/wsgi.py:868}}
May 01 22:29:53 user devstack@c-api.service[72291]: INFO cinder.api.openstack.wsgi [None req-d836b86a-9b67-4444-8caa-de1215a1239e tempest-GroupSnapshotsTest-890502635 tempest-GroupSnapshotsTest-890502635-project-admin] http://10.0.0.210/volume/v3/d04dbe474d154d4bb57813f0ad2ba970/types returned with HTTP 200
May 01 22:29:53 user devstack@c-api.service[72291]: [pid: 72291|app: 0|req: 18/42] 10.0.0.210 () {64 vars in 1306 bytes} [Mon May 1 22:29:53 2023] POST /volume/v3/d04dbe474d154d4bb57813f0ad2ba970/types => generated 223 bytes in 29 msecs (HTTP/1.1 200) 7 headers in 285 bytes (1 switches on core 0)
May 01 22:29:53 user devstack@c-api.service[72291]: DEBUG cinder.api.middleware.request_id [None req-d0153a07-8084-44e9-af1c-d348a3340764 None None] RequestId filter calling following filter/app {{(pid=72291) _context_setter /opt/stack/cinder/cinder/api/middleware/request_id.py:62}}
May 01 22:29:53 user devstack@c-api.service[72291]: INFO cinder.api.openstack.wsgi [None req-d0153a07-8084-44e9-af1c-d348a3340764 tempest-GroupSnapshotsTest-890502635 tempest-GroupSnapshotsTest-890502635-project-admin] POST http://10.0.0.210/volume/v3/d04dbe474d154d4bb57813f0ad2ba970/group_types
May 01 22:29:53 user devstack@c-api.service[72291]: DEBUG cinder.api.openstack.wsgi [None req-d0153a07-8084-44e9-af1c-d348a3340764 tempest-GroupSnapshotsTest-890502635 tempest-GroupSnapshotsTest-890502635-project-admin] Action: 'create', calling method: version_select, body: {"group_type": {"name": "tempest-GroupSnapshotsTest-group-type-322178680"}} {{(pid=72291) _process_stack /opt/stack/cinder/cinder/api/openstack/wsgi.py:866}}
May 01 22:29:53 user devstack@c-api.service[72293]: INFO cinder.volume.api [None req-3a880dc8-d79a-41f8-b1c2-e1d0652878b6 tempest-GroupsV320Test-111763409 tempest-GroupsV320Test-111763409-project-member] Get all volumes completed successfully.
May 01 22:29:53 user devstack@c-api.service[72292]: INFO cinder.api.openstack.wsgi [None req-da4b0b24-77a0-4d1e-9743-4c93bb209924 tempest-GroupSnapshotsV319Test-538996290 tempest-GroupSnapshotsV319Test-538996290-project-admin] http://10.0.0.210/volume/v3/dfdfadccc038497eacecd9243b47d745/group_types/4e3d1850-ef2e-4094-b247-c510446dafed returned with HTTP 202
May 01 22:29:53 user devstack@c-api.service[72292]: [pid: 72292|app: 0|req: 13/43] 10.0.0.210 () {64 vars in 1458 bytes} [Mon May 1 22:29:53 2023] DELETE /volume/v3/dfdfadccc038497eacecd9243b47d745/group_types/4e3d1850-ef2e-4094-b247-c510446dafed => generated 0 bytes in 34 msecs (HTTP/1.1 202) 6 headers in 234 bytes (2 switches on core 0)
May 01 22:29:53 user devstack@c-api.service[72292]: DEBUG cinder.api.middleware.request_id [None req-b542ec40-9224-46f8-9e5b-e269f8d75d3a None None] RequestId filter calling following filter/app {{(pid=72292) _context_setter /opt/stack/cinder/cinder/api/middleware/request_id.py:62}}
May 01 22:29:53 user devstack@c-api.service[72293]: INFO cinder.api.openstack.wsgi [None req-3a880dc8-d79a-41f8-b1c2-e1d0652878b6 tempest-GroupsV320Test-111763409 tempest-GroupsV320Test-111763409-project-member] http://10.0.0.210/volume/v3/3d132f134e8e4c64a3a044cd729b8a13/volumes/detail returned with HTTP 200
May 01 22:29:53 user devstack@c-api.service[72293]: [pid: 72293|app: 0|req: 13/44] 10.0.0.210 () {64 vars in 1353 bytes} [Mon May 1 22:29:53 2023] GET /volume/v3/3d132f134e8e4c64a3a044cd729b8a13/volumes/detail => generated 15 bytes in 416 msecs (HTTP/1.1 200) 7 headers in 285 bytes (1 switches on core 0)
May 01 22:29:53 user devstack@c-api.service[72292]: INFO cinder.api.openstack.wsgi [None req-b542ec40-9224-46f8-9e5b-e269f8d75d3a tempest-GroupSnapshotsV319Test-538996290 tempest-GroupSnapshotsV319Test-538996290-project-admin] DELETE http://10.0.0.210/volume/v3/dfdfadccc038497eacecd9243b47d745/types/ab6211d6-d84a-442c-9d1c-fc90b5dff2ef
May 01 22:29:53 user devstack@c-api.service[72292]: DEBUG cinder.api.openstack.wsgi [None req-b542ec40-9224-46f8-9e5b-e269f8d75d3a tempest-GroupSnapshotsV319Test-538996290 tempest-GroupSnapshotsV319Test-538996290-project-admin] Empty body provided in request {{(pid=72292) get_body /opt/stack/cinder/cinder/api/openstack/wsgi.py:715}}
May 01 22:29:53 user devstack@c-api.service[72292]: DEBUG cinder.api.openstack.wsgi [None req-b542ec40-9224-46f8-9e5b-e269f8d75d3a tempest-GroupSnapshotsV319Test-538996290 tempest-GroupSnapshotsV319Test-538996290-project-admin] Calling method '_delete' {{(pid=72292) _process_stack /opt/stack/cinder/cinder/api/openstack/wsgi.py:868}}
May 01 22:29:53 user devstack@c-api.service[72291]: INFO cinder.api.openstack.wsgi [None req-d0153a07-8084-44e9-af1c-d348a3340764 tempest-GroupSnapshotsTest-890502635 tempest-GroupSnapshotsTest-890502635-project-admin] http://10.0.0.210/volume/v3/d04dbe474d154d4bb57813f0ad2ba970/group_types returned with HTTP 202
May 01 22:29:53 user devstack@c-api.service[72291]: [pid: 72291|app: 0|req: 19/45] 10.0.0.210 () {66 vars in 1365 bytes} [Mon May 1 22:29:53 2023] POST /volume/v3/d04dbe474d154d4bb57813f0ad2ba970/group_types => generated 180 bytes in 33 msecs (HTTP/1.1 202) 7 headers in 292 bytes (1 switches on core 0)
May 01 22:29:53 user devstack@c-api.service[72293]: DEBUG cinder.api.middleware.request_id [None req-0efb506a-3028-4378-bcce-dfb28be22790 None None] RequestId filter calling following filter/app {{(pid=72293) _context_setter /opt/stack/cinder/cinder/api/middleware/request_id.py:62}}
May 01 22:29:53 user devstack@c-api.service[72291]: DEBUG cinder.api.middleware.request_id [None req-a1665c55-6b15-4e63-8357-44c545284cec None None] RequestId filter calling following filter/app {{(pid=72291) _context_setter /opt/stack/cinder/cinder/api/middleware/request_id.py:62}}
May 01 22:29:53 user devstack@c-api.service[72293]: INFO cinder.api.openstack.wsgi [None req-0efb506a-3028-4378-bcce-dfb28be22790 tempest-GroupsV320Test-111763409 tempest-GroupsV320Test-111763409-project-member] POST http://10.0.0.210/volume/v3/3d132f134e8e4c64a3a044cd729b8a13/groups/0a0a9a92-e1b4-43dc-a1e1-1aa1efd94a03/action
May 01 22:29:53 user devstack@c-api.service[72293]: DEBUG cinder.api.openstack.wsgi [None req-0efb506a-3028-4378-bcce-dfb28be22790 tempest-GroupsV320Test-111763409 tempest-GroupsV320Test-111763409-project-member] Action body: b'{"delete": {"delete-volumes": true}}' {{(pid=72293) get_method /opt/stack/cinder/cinder/api/openstack/wsgi.py:983}}
May 01 22:29:53 user devstack@c-api.service[72293]: DEBUG cinder.api.openstack.wsgi [None req-0efb506a-3028-4378-bcce-dfb28be22790 tempest-GroupsV320Test-111763409 tempest-GroupsV320Test-111763409-project-member] Action: 'action', calling method: version_select, body: {"delete": {"delete-volumes": true}} {{(pid=72293) _process_stack /opt/stack/cinder/cinder/api/openstack/wsgi.py:866}}
May 01 22:29:53 user devstack@c-api.service[72293]: DEBUG cinder.api.v3.groups [None req-0efb506a-3028-4378-bcce-dfb28be22790 tempest-GroupsV320Test-111763409 tempest-GroupsV320Test-111763409-project-member] delete called for group 0a0a9a92-e1b4-43dc-a1e1-1aa1efd94a03 {{(pid=72293) _delete /opt/stack/cinder/cinder/api/v3/groups.py:117}}
May 01 22:29:53 user devstack@c-api.service[72293]: INFO cinder.api.v3.groups [None req-0efb506a-3028-4378-bcce-dfb28be22790 tempest-GroupsV320Test-111763409 tempest-GroupsV320Test-111763409-project-member] Delete group with id: 0a0a9a92-e1b4-43dc-a1e1-1aa1efd94a03
May 01 22:29:53 user devstack@c-api.service[72291]: INFO cinder.api.openstack.wsgi [None req-a1665c55-6b15-4e63-8357-44c545284cec tempest-GroupSnapshotsTest-1069399333 tempest-GroupSnapshotsTest-1069399333-project-member] POST http://10.0.0.210/volume/v3/9ce4bd69fd2846fe837a813813342cbf/groups
May 01 22:29:53 user devstack@c-api.service[72291]: DEBUG cinder.api.openstack.wsgi [None req-a1665c55-6b15-4e63-8357-44c545284cec tempest-GroupSnapshotsTest-1069399333 tempest-GroupSnapshotsTest-1069399333-project-member] Action: 'create', calling method: version_select, body: {"group": {"group_type": "a0be0eb9-e78d-43f2-997d-3061982ae308", "volume_types": ["0c096088-191d-43a0-a07a-7ea81fd9251c"], "name": "tempest-GroupSnapshotsTest-Group-1099374723"}} {{(pid=72291) _process_stack /opt/stack/cinder/cinder/api/openstack/wsgi.py:866}}
May 01 22:29:53 user devstack@c-api.service[72291]: DEBUG cinder.api.v3.groups [None req-a1665c55-6b15-4e63-8357-44c545284cec tempest-GroupSnapshotsTest-1069399333 tempest-GroupSnapshotsTest-1069399333-project-member] Creating new group {'group': {'group_type': 'a0be0eb9-e78d-43f2-997d-3061982ae308', 'volume_types': ['0c096088-191d-43a0-a07a-7ea81fd9251c'], 'name': 'tempest-GroupSnapshotsTest-Group-1099374723'}} {{(pid=72291) create /opt/stack/cinder/cinder/api/v3/groups.py:190}}
May 01 22:29:53 user devstack@c-api.service[72293]: /usr/local/lib/python3.10/dist-packages/oslo_context/context.py:100: DeprecationWarning: Policy enforcement is depending on the value of is_admin. This key is deprecated. Please update your policy file to use the standard policy values.
May 01 22:29:53 user devstack@c-api.service[72293]: warnings.warn('Policy enforcement is depending on the value of '
