May 01 22:20:31 user devstack@keystone.service[42774]: DEBUG keystone.common.rbac_enforcer.enforcer [None req-2b2220b7-ce49-4de8-8339-5963a091a5fe admin admin] RBAC: Authorizing `identity:create_grant(project_id=0854b391741b4389a3d335b1236672b0, group_id=b8d2acba357f42158fb74146693ebfd1, role_id=93b72637ea3a455f9b6369944f8562b3)` {{(pid=42774) enforce_call /opt/stack/keystone/keystone/common/rbac_enforcer/enforcer.py:449}}
May 01 22:20:31 user devstack@keystone.service[42775]: DEBUG keystone.common.rbac_enforcer.enforcer [None req-839e64f7-1153-4753-9069-5bb81e3a986b admin admin] RBAC: Authorizing `identity:list_roles()` {{(pid=42775) enforce_call /opt/stack/keystone/keystone/common/rbac_enforcer/enforcer.py:449}}
May 01 22:20:31 user devstack@keystone.service[42774]: WARNING py.warnings [None req-2b2220b7-ce49-4de8-8339-5963a091a5fe admin admin] /usr/local/lib/python3.10/dist-packages/oslo_policy/policy.py:1129: UserWarning: Policy "identity:create_grant": "(role:admin and system_scope:all) or ((role:admin and domain_id:%(target.user.domain_id)s and domain_id:%(target.project.domain_id)s) or (role:admin and domain_id:%(target.user.domain_id)s and domain_id:%(target.domain.id)s) or (role:admin and domain_id:%(target.group.domain_id)s and domain_id:%(target.project.domain_id)s) or (role:admin and domain_id:%(target.group.domain_id)s and domain_id:%(target.domain.id)s)) and (domain_id:%(target.role.domain_id)s or None:%(target.role.domain_id)s)" failed scope check. The token used to make the request was project scoped but the policy requires ['system', 'domain'] scope. This behavior may change in the future where using the intended scope is required
May 01 22:20:31 user devstack@keystone.service[42774]: warnings.warn(msg)
May 01 22:20:31 user devstack@keystone.service[42774]:
May 01 22:20:31 user devstack@keystone.service[42775]: WARNING py.warnings [None req-839e64f7-1153-4753-9069-5bb81e3a986b admin admin] /usr/local/lib/python3.10/dist-packages/oslo_policy/policy.py:1129: UserWarning: Policy "identity:list_roles": "role:reader and system_scope:all" failed scope check. The token used to make the request was project scoped but the policy requires ['system'] scope. This behavior may change in the future where using the intended scope is required
May 01 22:20:31 user devstack@keystone.service[42775]: warnings.warn(msg)
May 01 22:20:31 user devstack@keystone.service[42775]:
May 01 22:20:31 user devstack@keystone.service[42774]: DEBUG keystone.common.rbac_enforcer.enforcer [None req-2b2220b7-ce49-4de8-8339-5963a091a5fe admin admin] RBAC: Authorization granted {{(pid=42774) enforce_call /opt/stack/keystone/keystone/common/rbac_enforcer/enforcer.py:457}}
May 01 22:20:31 user devstack@keystone.service[42775]: DEBUG keystone.common.rbac_enforcer.enforcer [None req-839e64f7-1153-4753-9069-5bb81e3a986b admin admin] RBAC: Authorization granted {{(pid=42775) enforce_call /opt/stack/keystone/keystone/common/rbac_enforcer/enforcer.py:457}}
May 01 22:20:31 user devstack@keystone.service[42775]: [pid: 42775|app: 0|req: 94/268] 10.0.0.210 () {56 vars in 1127 bytes} [Mon May 1 22:20:31 2023] GET /identity/v3/roles?name=anotherrole => generated 332 bytes in 29 msecs (HTTP/1.1 200) 5 headers in 177 bytes (1 switches on core 0)
May 01 22:20:31 user devstack@keystone.service[42774]: [pid: 42774|app: 0|req: 90/269] 10.0.0.210 () {58 vars in 1458 bytes} [Mon May 1 22:20:31 2023] PUT /identity/v3/projects/0854b391741b4389a3d335b1236672b0/groups/b8d2acba357f42158fb74146693ebfd1/roles/93b72637ea3a455f9b6369944f8562b3 => generated 0 bytes in 31 msecs (HTTP/1.1 204) 3 headers in 132 bytes (0 switches on core 0)
May 01 22:20:31 user devstack@keystone.service[42775]: DEBUG keystone.server.flask.request_processing.middleware.auth_context [None req-839e64f7-1153-4753-9069-5bb81e3a986b admin admin] Authenticating user token {{(pid=42775) process_request /usr/local/lib/python3.10/dist-packages/keystonemiddleware/auth_token/__init__.py:406}}
May 01 22:20:31 user devstack@keystone.service[42773]: [pid: 42773|app: 0|req: 86/270] 10.0.0.210 () {58 vars in 1017 bytes} [Mon May 1 22:20:31 2023] POST /identity/v3/auth/tokens => generated 798 bytes in 79 msecs (HTTP/1.1 201) 6 headers in 363 bytes (2 switches on core 0)
May 01 22:20:31 user devstack@keystone.service[42775]: DEBUG keystone.server.flask.request_processing.middleware.auth_context [None req-839e64f7-1153-4753-9069-5bb81e3a986b admin admin] Validating token access rules against request {{(pid=42775) validate_allowed_request /usr/local/lib/python3.10/dist-packages/keystonemiddleware/auth_token/__init__.py:544}}
May 01 22:20:31 user devstack@keystone.service[42775]: DEBUG keystone.server.flask.request_processing.middleware.auth_context [None req-b3f6a219-5c5c-4aec-8b92-593ac34a1b18 admin admin] RBAC: auth_context: {'token': , 'domain_id': None, 'trust_id': None, 'trustor_id': None, 'trustee_id': None, 'domain_name': None, 'group_ids': [], 'user_id': '910bae5e60e34c9391c5c85f93aad7d8', 'user_domain_id': 'default', 'system_scope': None, 'project_id': 'e646cf5184ed4ca9a085fe4d30dafddd', 'project_domain_id': 'default', 'roles': ['member', 'reader', 'admin'], 'is_admin_project': True, 'service_user_id': None, 'service_user_domain_id': None, 'service_project_id': None, 'service_project_domain_id': None, 'service_roles': []} {{(pid=42775) fill_context /opt/stack/keystone/keystone/server/flask/request_processing/middleware/auth_context.py:478}}
May 01 22:20:31 user devstack@keystone.service[42775]: DEBUG keystone.server.flask.request_processing.req_logging [None req-b3f6a219-5c5c-4aec-8b92-593ac34a1b18 admin admin] REQUEST_METHOD: `GET` {{(pid=42775) log_request_info /opt/stack/keystone/keystone/server/flask/request_processing/req_logging.py:27}}
May 01 22:20:31 user devstack@keystone.service[42775]: DEBUG keystone.server.flask.request_processing.req_logging [None req-b3f6a219-5c5c-4aec-8b92-593ac34a1b18 admin admin] SCRIPT_NAME: `/identity` {{(pid=42775) log_request_info /opt/stack/keystone/keystone/server/flask/request_processing/req_logging.py:28}}
May 01 22:20:31 user devstack@keystone.service[42775]: DEBUG keystone.server.flask.request_processing.req_logging [None req-b3f6a219-5c5c-4aec-8b92-593ac34a1b18 admin admin] PATH_INFO: `/v3/groups/b8d2acba357f42158fb74146693ebfd1` {{(pid=42775) log_request_info /opt/stack/keystone/keystone/server/flask/request_processing/req_logging.py:29}}
May 01 22:20:31 user devstack@keystone.service[42775]: DEBUG keystone.common.rbac_enforcer.enforcer [None req-b3f6a219-5c5c-4aec-8b92-593ac34a1b18 admin admin] RBAC: Authorizing `identity:get_group(group_id=b8d2acba357f42158fb74146693ebfd1)` {{(pid=42775) enforce_call /opt/stack/keystone/keystone/common/rbac_enforcer/enforcer.py:449}}
May 01 22:20:31 user devstack@keystone.service[42775]: WARNING py.warnings [None req-b3f6a219-5c5c-4aec-8b92-593ac34a1b18 admin admin] /usr/local/lib/python3.10/dist-packages/oslo_policy/policy.py:1129: UserWarning: Policy "identity:get_group": "(role:reader and system_scope:all) or (role:reader and domain_id:%(target.group.domain_id)s)" failed scope check. The token used to make the request was project scoped but the policy requires ['system', 'domain'] scope. This behavior may change in the future where using the intended scope is required
May 01 22:20:31 user devstack@keystone.service[42775]: warnings.warn(msg)
May 01 22:20:31 user devstack@keystone.service[42775]:
May 01 22:20:31 user devstack@keystone.service[42775]: DEBUG keystone.common.rbac_enforcer.enforcer [None req-b3f6a219-5c5c-4aec-8b92-593ac34a1b18 admin admin] RBAC: Authorization granted {{(pid=42775) enforce_call /opt/stack/keystone/keystone/common/rbac_enforcer/enforcer.py:457}}
May 01 22:20:31 user devstack@keystone.service[42775]: [pid: 42775|app: 0|req: 95/271] 10.0.0.210 () {56 vars in 1196 bytes} [Mon May 1 22:20:31 2023] GET /identity/v3/groups/b8d2acba357f42158fb74146693ebfd1 => generated 225 bytes in 70 msecs (HTTP/1.1 200) 5 headers in 177 bytes (1 switches on core 0)
May 01 22:20:31 user devstack@keystone.service[42774]: DEBUG keystone.server.flask.request_processing.middleware.auth_context [None req-2b2220b7-ce49-4de8-8339-5963a091a5fe admin admin] Authenticating user token {{(pid=42774) process_request /usr/local/lib/python3.10/dist-packages/keystonemiddleware/auth_token/__init__.py:406}}
May 01 22:20:31 user devstack@keystone.service[42774]: DEBUG keystone.server.flask.request_processing.middleware.auth_context [None req-2b2220b7-ce49-4de8-8339-5963a091a5fe admin admin] Validating token access rules against request {{(pid=42774) validate_allowed_request /usr/local/lib/python3.10/dist-packages/keystonemiddleware/auth_token/__init__.py:544}}
May 01 22:20:31 user devstack@keystone.service[42774]: DEBUG keystone.server.flask.request_processing.middleware.auth_context [None req-0472ec91-43c2-451e-b38e-959c8e98bbea admin admin] RBAC: auth_context: {'token': , 'domain_id': None, 'trust_id': None, 'trustor_id': None, 'trustee_id': None, 'domain_name': None, 'group_ids': [], 'user_id': '910bae5e60e34c9391c5c85f93aad7d8', 'user_domain_id': 'default', 'system_scope': None, 'project_id': 'e646cf5184ed4ca9a085fe4d30dafddd', 'project_domain_id': 'default', 'roles': ['member', 'reader', 'admin'], 'is_admin_project': True, 'service_user_id': None, 'service_user_domain_id': None, 'service_project_id': None, 'service_project_domain_id': None, 'service_roles': []} {{(pid=42774) fill_context /opt/stack/keystone/keystone/server/flask/request_processing/middleware/auth_context.py:478}}
May 01 22:20:31 user devstack@keystone.service[42774]: DEBUG keystone.server.flask.request_processing.req_logging [None req-0472ec91-43c2-451e-b38e-959c8e98bbea admin admin] REQUEST_METHOD: `GET` {{(pid=42774) log_request_info /opt/stack/keystone/keystone/server/flask/request_processing/req_logging.py:27}}
May 01 22:20:31 user devstack@keystone.service[42774]: DEBUG keystone.server.flask.request_processing.req_logging [None req-0472ec91-43c2-451e-b38e-959c8e98bbea admin admin] SCRIPT_NAME: `/identity` {{(pid=42774) log_request_info /opt/stack/keystone/keystone/server/flask/request_processing/req_logging.py:28}}
May 01 22:20:31 user devstack@keystone.service[42774]: DEBUG keystone.server.flask.request_processing.req_logging [None req-0472ec91-43c2-451e-b38e-959c8e98bbea admin admin] PATH_INFO: `/v3/projects/0854b391741b4389a3d335b1236672b0` {{(pid=42774) log_request_info /opt/stack/keystone/keystone/server/flask/request_processing/req_logging.py:29}}
May 01 22:20:31 user devstack@keystone.service[42774]: DEBUG keystone.common.rbac_enforcer.enforcer [None req-0472ec91-43c2-451e-b38e-959c8e98bbea admin admin] RBAC: Authorizing `identity:get_project(project_id=0854b391741b4389a3d335b1236672b0)` {{(pid=42774) enforce_call /opt/stack/keystone/keystone/common/rbac_enforcer/enforcer.py:449}}
May 01 22:20:31 user devstack@keystone.service[42774]: DEBUG keystone.common.rbac_enforcer.enforcer [None req-0472ec91-43c2-451e-b38e-959c8e98bbea admin admin] RBAC: Authorization granted {{(pid=42774) enforce_call /opt/stack/keystone/keystone/common/rbac_enforcer/enforcer.py:457}}
May 01 22:20:31 user devstack@keystone.service[42774]: [pid: 42774|app: 0|req: 91/272] 10.0.0.210 () {56 vars in 1202 bytes} [Mon May 1 22:20:31 2023] GET /identity/v3/projects/0854b391741b4389a3d335b1236672b0 => generated 297 bytes in 23 msecs (HTTP/1.1 200) 5 headers in 177 bytes (1 switches on core 0)
May 01 22:20:31 user devstack@keystone.service[42773]: DEBUG keystone.server.flask.request_processing.middleware.auth_context [None req-3a70886e-9891-42e5-ae68-36fa8d100917 None None] Authenticating user token {{(pid=42773) process_request /usr/local/lib/python3.10/dist-packages/keystonemiddleware/auth_token/__init__.py:406}}
May 01 22:20:31 user devstack@keystone.service[42773]: DEBUG keystone.server.flask.request_processing.middleware.auth_context [None req-3a70886e-9891-42e5-ae68-36fa8d100917 None None] Validating token access rules against request {{(pid=42773) validate_allowed_request /usr/local/lib/python3.10/dist-packages/keystonemiddleware/auth_token/__init__.py:544}}
May 01 22:20:31 user devstack@keystone.service[42773]: DEBUG keystone.server.flask.request_processing.middleware.auth_context [None req-cd6938b6-a605-4872-acc4-b415e498d2b3 admin admin] RBAC: auth_context: {'token': , 'domain_id': None, 'trust_id': None, 'trustor_id': None, 'trustee_id': None, 'domain_name': None, 'group_ids': [], 'user_id': '910bae5e60e34c9391c5c85f93aad7d8', 'user_domain_id': 'default', 'system_scope': None, 'project_id': 'e646cf5184ed4ca9a085fe4d30dafddd', 'project_domain_id': 'default', 'roles': ['member', 'reader', 'admin'], 'is_admin_project': True, 'service_user_id': None, 'service_user_domain_id': None, 'service_project_id': None, 'service_project_domain_id': None, 'service_roles': []} {{(pid=42773) fill_context /opt/stack/keystone/keystone/server/flask/request_processing/middleware/auth_context.py:478}}
May 01 22:20:31 user devstack@keystone.service[42773]: DEBUG keystone.server.flask.request_processing.req_logging [None req-cd6938b6-a605-4872-acc4-b415e498d2b3 admin admin] REQUEST_METHOD: `PUT` {{(pid=42773) log_request_info /opt/stack/keystone/keystone/server/flask/request_processing/req_logging.py:27}}
May 01 22:20:31 user devstack@keystone.service[42773]: DEBUG keystone.server.flask.request_processing.req_logging [None req-cd6938b6-a605-4872-acc4-b415e498d2b3 admin admin] SCRIPT_NAME: `/identity` {{(pid=42773) log_request_info /opt/stack/keystone/keystone/server/flask/request_processing/req_logging.py:28}}
May 01 22:20:31 user devstack@keystone.service[42773]: DEBUG keystone.server.flask.request_processing.req_logging [None req-cd6938b6-a605-4872-acc4-b415e498d2b3 admin admin] PATH_INFO: `/v3/projects/0854b391741b4389a3d335b1236672b0/groups/b8d2acba357f42158fb74146693ebfd1/roles/3875c55caf1140a5bb6e96891fad3018` {{(pid=42773) log_request_info /opt/stack/keystone/keystone/server/flask/request_processing/req_logging.py:29}}
May 01 22:20:31 user devstack@keystone.service[42773]: DEBUG keystone.common.rbac_enforcer.enforcer [None req-cd6938b6-a605-4872-acc4-b415e498d2b3 admin admin] RBAC: Authorizing `identity:create_grant(project_id=0854b391741b4389a3d335b1236672b0, group_id=b8d2acba357f42158fb74146693ebfd1, role_id=3875c55caf1140a5bb6e96891fad3018)` {{(pid=42773) enforce_call /opt/stack/keystone/keystone/common/rbac_enforcer/enforcer.py:449}}
May 01 22:20:31 user devstack@keystone.service[42773]: WARNING py.warnings [None req-cd6938b6-a605-4872-acc4-b415e498d2b3 admin admin] /usr/local/lib/python3.10/dist-packages/oslo_policy/policy.py:1129: UserWarning: Policy "identity:create_grant": "(role:admin and system_scope:all) or ((role:admin and domain_id:%(target.user.domain_id)s and domain_id:%(target.project.domain_id)s) or (role:admin and domain_id:%(target.user.domain_id)s and domain_id:%(target.domain.id)s) or (role:admin and domain_id:%(target.group.domain_id)s and domain_id:%(target.project.domain_id)s) or (role:admin and domain_id:%(target.group.domain_id)s and domain_id:%(target.domain.id)s)) and (domain_id:%(target.role.domain_id)s or None:%(target.role.domain_id)s)" failed scope check. The token used to make the request was project scoped but the policy requires ['system', 'domain'] scope. This behavior may change in the future where using the intended scope is required
May 01 22:20:31 user devstack@keystone.service[42773]: warnings.warn(msg)
May 01 22:20:31 user devstack@keystone.service[42773]:
May 01 22:20:31 user devstack@keystone.service[42773]: DEBUG keystone.common.rbac_enforcer.enforcer [None req-cd6938b6-a605-4872-acc4-b415e498d2b3 admin admin] RBAC: Authorization granted {{(pid=42773) enforce_call /opt/stack/keystone/keystone/common/rbac_enforcer/enforcer.py:457}}
May 01 22:20:31 user devstack@keystone.service[42773]: [pid: 42773|app: 0|req: 87/273] 10.0.0.210 () {58 vars in 1458 bytes} [Mon May 1 22:20:31 2023] PUT /identity/v3/projects/0854b391741b4389a3d335b1236672b0/groups/b8d2acba357f42158fb74146693ebfd1/roles/3875c55caf1140a5bb6e96891fad3018 => generated 0 bytes in 33 msecs (HTTP/1.1 204) 3 headers in 132 bytes (0 switches on core 0)
May 01 22:20:31 user devstack@keystone.service[42775]: DEBUG keystone.server.flask.request_processing.middleware.auth_context [None req-b3f6a219-5c5c-4aec-8b92-593ac34a1b18 admin admin] Authenticating user token {{(pid=42775) process_request /usr/local/lib/python3.10/dist-packages/keystonemiddleware/auth_token/__init__.py:406}}
May 01 22:20:31 user devstack@keystone.service[42775]: DEBUG keystone.server.flask.request_processing.middleware.auth_context [None req-b3f6a219-5c5c-4aec-8b92-593ac34a1b18 admin admin] Validating token access rules against request {{(pid=42775) validate_allowed_request /usr/local/lib/python3.10/dist-packages/keystonemiddleware/auth_token/__init__.py:544}}
May 01 22:20:31 user devstack@keystone.service[42774]: DEBUG keystone.server.flask.request_processing.req_logging [None req-78d06477-a120-4e60-b0ed-cb3b68525d11 None None] REQUEST_METHOD: `GET` {{(pid=42774) log_request_info /opt/stack/keystone/keystone/server/flask/request_processing/req_logging.py:27}}
May 01 22:20:31 user devstack@keystone.service[42774]: DEBUG keystone.server.flask.request_processing.req_logging [None req-78d06477-a120-4e60-b0ed-cb3b68525d11 None None] SCRIPT_NAME: `/identity` {{(pid=42774) log_request_info /opt/stack/keystone/keystone/server/flask/request_processing/req_logging.py:28}}
May 01 22:20:31 user devstack@keystone.service[42774]: DEBUG keystone.server.flask.request_processing.req_logging [None req-78d06477-a120-4e60-b0ed-cb3b68525d11 None None] PATH_INFO: `/` {{(pid=42774) log_request_info /opt/stack/keystone/keystone/server/flask/request_processing/req_logging.py:29}}
May 01 22:20:31 user devstack@keystone.service[42774]: [pid: 42774|app: 0|req: 92/274] 10.0.0.210 () {54 vars in 920 bytes} [Mon May 1 22:20:31 2023] GET /identity => generated 269 bytes in 3 msecs (HTTP/1.1 300) 6 headers in 233 bytes (1 switches on core 0)
May 01 22:20:31 user devstack@keystone.service[42775]: DEBUG keystone.server.flask.request_processing.middleware.auth_context [None req-cb0a684e-89fb-491d-98dc-2223db3c9ae0 admin admin] RBAC: auth_context: {'token': , 'domain_id': None, 'trust_id': None, 'trustor_id': None, 'trustee_id': None, 'domain_name': None, 'group_ids': [], 'user_id': '910bae5e60e34c9391c5c85f93aad7d8', 'user_domain_id': 'default', 'system_scope': None, 'project_id': 'e646cf5184ed4ca9a085fe4d30dafddd', 'project_domain_id': 'default', 'roles': ['member', 'reader', 'admin'], 'is_admin_project': True, 'service_user_id': None, 'service_user_domain_id': None, 'service_project_id': None, 'service_project_domain_id': None, 'service_roles': []} {{(pid=42775) fill_context /opt/stack/keystone/keystone/server/flask/request_processing/middleware/auth_context.py:478}}
May 01 22:20:31 user devstack@keystone.service[42775]: DEBUG keystone.server.flask.request_processing.req_logging [None req-cb0a684e-89fb-491d-98dc-2223db3c9ae0 admin admin] REQUEST_METHOD: `GET` {{(pid=42775) log_request_info /opt/stack/keystone/keystone/server/flask/request_processing/req_logging.py:27}}
May 01 22:20:31 user devstack@keystone.service[42775]: DEBUG keystone.server.flask.request_processing.req_logging [None req-cb0a684e-89fb-491d-98dc-2223db3c9ae0 admin admin] SCRIPT_NAME: `/identity` {{(pid=42775) log_request_info /opt/stack/keystone/keystone/server/flask/request_processing/req_logging.py:28}}
May 01 22:20:31 user devstack@keystone.service[42775]: DEBUG keystone.server.flask.request_processing.req_logging [None req-cb0a684e-89fb-491d-98dc-2223db3c9ae0 admin admin] PATH_INFO: `/v3/roles/member` {{(pid=42775) log_request_info /opt/stack/keystone/keystone/server/flask/request_processing/req_logging.py:29}}
May 01 22:20:31 user devstack@keystone.service[42773]: DEBUG keystone.server.flask.request_processing.req_logging [None req-f408a5ff-459f-416c-b2e9-ef5750147ab4 None None] REQUEST_METHOD: `POST` {{(pid=42773) log_request_info /opt/stack/keystone/keystone/server/flask/request_processing/req_logging.py:27}}
May 01 22:20:31 user devstack@keystone.service[42773]: DEBUG keystone.server.flask.request_processing.req_logging [None req-f408a5ff-459f-416c-b2e9-ef5750147ab4 None None] SCRIPT_NAME: `/identity` {{(pid=42773) log_request_info /opt/stack/keystone/keystone/server/flask/request_processing/req_logging.py:28}}
May 01 22:20:31 user devstack@keystone.service[42773]: DEBUG keystone.server.flask.request_processing.req_logging [None req-f408a5ff-459f-416c-b2e9-ef5750147ab4 None None] PATH_INFO: `/v3/auth/tokens` {{(pid=42773) log_request_info /opt/stack/keystone/keystone/server/flask/request_processing/req_logging.py:29}}
May 01 22:20:31 user devstack@keystone.service[42775]: DEBUG keystone.common.rbac_enforcer.enforcer [None req-cb0a684e-89fb-491d-98dc-2223db3c9ae0 admin admin] Extracting inferred target data resulted in "NOT FOUND (404)". {{(pid=42775) enforce_call /opt/stack/keystone/keystone/common/rbac_enforcer/enforcer.py:409}}
May 01 22:20:31 user devstack@keystone.service[42775]: ERROR keystone.server.flask.application [None req-cb0a684e-89fb-491d-98dc-2223db3c9ae0 admin admin] Could not find role: member.: keystone.exception.RoleNotFound: Could not find role: member.
May 01 22:20:31 user devstack@keystone.service[42775]: ERROR keystone.server.flask.application
Traceback (most recent call last):
May 01 22:20:31 user devstack@keystone.service[42775]: ERROR keystone.server.flask.application
File "/usr/local/lib/python3.10/dist-packages/flask/app.py", line 1823, in full_dispatch_request
May 01 22:20:31 user devstack@keystone.service[42775]: ERROR keystone.server.flask.application rv = self.dispatch_request()
May 01 22:20:31 user devstack@keystone.service[42775]: ERROR keystone.server.flask.application
File "/usr/local/lib/python3.10/dist-packages/flask/app.py", line 1799, in dispatch_request
May 01 22:20:31 user devstack@keystone.service[42775]: ERROR keystone.server.flask.application return self.ensure_sync(self.view_functions[rule.endpoint])(**view_args)
May 01 22:20:31 user devstack@keystone.service[42775]: ERROR keystone.server.flask.application
File "/usr/local/lib/python3.10/dist-packages/flask_restful/__init__.py", line 467, in wrapper
May 01 22:20:31 user devstack@keystone.service[42775]: ERROR keystone.server.flask.application resp = resource(*args, **kwargs)
May 01 22:20:31 user devstack@keystone.service[42775]: ERROR keystone.server.flask.application
File "/usr/local/lib/python3.10/dist-packages/flask/views.py", line 107, in view
May 01 22:20:31 user devstack@keystone.service[42775]: ERROR keystone.server.flask.application return current_app.ensure_sync(self.dispatch_request)(**kwargs)
May 01 22:20:31 user devstack@keystone.service[42775]: ERROR keystone.server.flask.application
File "/usr/local/lib/python3.10/dist-packages/flask_restful/__init__.py", line 582, in dispatch_request
May 01 22:20:31 user devstack@keystone.service[42775]: ERROR keystone.server.flask.application resp = meth(*args, **kwargs)
May 01 22:20:31 user devstack@keystone.service[42775]: ERROR keystone.server.flask.application
File "/opt/stack/keystone/keystone/api/roles.py", line 50, in get
May 01 22:20:31 user devstack@keystone.service[42775]: ERROR keystone.server.flask.application return self._get_role(role_id)
May 01 22:20:31 user devstack@keystone.service[42775]: ERROR keystone.server.flask.application
File "/opt/stack/keystone/keystone/api/roles.py", line 70, in _get_role
May 01 22:20:31 user devstack@keystone.service[42775]: ERROR keystone.server.flask.application ENFORCER.enforce_call(action='identity:get_role')
May 01 22:20:31 user devstack@keystone.service[42775]: ERROR keystone.server.flask.application
File "/opt/stack/keystone/keystone/common/rbac_enforcer/enforcer.py", line 402, in enforce_call
May 01 22:20:31 user devstack@keystone.service[42775]: ERROR keystone.server.flask.application policy_dict.update(cls._extract_member_target_data(
May 01 22:20:31 user devstack@keystone.service[42775]: ERROR keystone.server.flask.application
File "/opt/stack/keystone/keystone/common/rbac_enforcer/enforcer.py", line 234, in _extract_member_target_data
May 01 22:20:31 user devstack@keystone.service[42775]: ERROR keystone.server.flask.application member_name: func(flask.request.view_args[key])
May 01 22:20:31 user devstack@keystone.service[42775]: ERROR keystone.server.flask.application
File "/opt/stack/keystone/keystone/common/manager.py", line 115, in wrapped
May 01 22:20:31 user devstack@keystone.service[42775]: ERROR keystone.server.flask.application __ret_val = __f(*args, **kwargs)
May 01 22:20:31 user devstack@keystone.service[42775]: ERROR keystone.server.flask.application
File "/usr/local/lib/python3.10/dist-packages/decorator.py", line 232, in fun
May 01 22:20:31 user devstack@keystone.service[42775]: ERROR keystone.server.flask.application return caller(func, *(extras + args), **kw)
May 01 22:20:31 user devstack@keystone.service[42775]: ERROR keystone.server.flask.application
File "/usr/local/lib/python3.10/dist-packages/dogpile/cache/region.py", line 1577, in get_or_create_for_user_func
May 01 22:20:31 user devstack@keystone.service[42775]: ERROR keystone.server.flask.application return self.get_or_create(
May 01 22:20:31 user devstack@keystone.service[42775]: ERROR keystone.server.flask.application
File "/usr/local/lib/python3.10/dist-packages/dogpile/cache/region.py", line 1042, in get_or_create
May 01 22:20:31 user devstack@keystone.service[42775]: ERROR keystone.server.flask.application with Lock(
May 01 22:20:31 user devstack@keystone.service[42775]: ERROR keystone.server.flask.application
File "/usr/local/lib/python3.10/dist-packages/dogpile/lock.py", line 185, in __enter__
May 01 22:20:31 user devstack@keystone.service[42775]: ERROR keystone.server.flask.application return self._enter()
May 01 22:20:31 user devstack@keystone.service[42775]: ERROR keystone.server.flask.application
File "/usr/local/lib/python3.10/dist-packages/dogpile/lock.py", line 94, in _enter
May 01 22:20:31 user devstack@keystone.service[42775]: ERROR keystone.server.flask.application generated = self._enter_create(value, createdtime)
May 01 22:20:31 user devstack@keystone.service[42775]: ERROR keystone.server.flask.application
File "/usr/local/lib/python3.10/dist-packages/dogpile/lock.py", line 178, in _enter_create
May 01 22:20:31 user devstack@keystone.service[42775]: ERROR keystone.server.flask.application return self.creator()
May 01 22:20:31 user devstack@keystone.service[42775]: ERROR keystone.server.flask.application
File "/usr/local/lib/python3.10/dist-packages/dogpile/cache/region.py", line 995, in gen_value
May 01 22:20:31 user devstack@keystone.service[42775]: ERROR keystone.server.flask.application created_value = creator(
May 01 22:20:31 user devstack@keystone.service[42775]: ERROR keystone.server.flask.application
File "/opt/stack/keystone/keystone/assignment/core.py", line 1276, in get_role
May 01 22:20:31 user devstack@keystone.service[42775]: ERROR keystone.server.flask.application return self.driver.get_role(role_id)
May 01 22:20:31 user devstack@keystone.service[42775]: ERROR keystone.server.flask.application
File "/opt/stack/keystone/keystone/assignment/role_backends/sql.py", line 70, in get_role
May 01 22:20:31 user devstack@keystone.service[42775]: ERROR keystone.server.flask.application return self._get_role(session, role_id).to_dict()
May 01 22:20:31 user devstack@keystone.service[42775]: ERROR keystone.server.flask.application
File "/opt/stack/keystone/keystone/assignment/role_backends/sql.py", line 65, in _get_role
May 01 22:20:31 user devstack@keystone.service[42775]: ERROR keystone.server.flask.application raise exception.RoleNotFound(role_id=role_id)
May 01 22:20:31 user devstack@keystone.service[42775]: ERROR keystone.server.flask.application keystone.exception.RoleNotFound: Could not find role: member.
May 01 22:20:31 user devstack@keystone.service[42775]: ERROR keystone.server.flask.application
May 01 22:20:31 user devstack@keystone.service[42773]: WARNING keystone.common.password_hashing [None req-f408a5ff-459f-416c-b2e9-ef5750147ab4 None None] Truncating password to algorithm specific maximum length 54 characters.
May 01 22:20:31 user devstack@keystone.service[42775]: [pid: 42775|app: 0|req: 96/275] 10.0.0.210 () {56 vars in 1115 bytes} [Mon May 1 22:20:31 2023] GET /identity/v3/roles/member => generated 84 bytes in 80 msecs (HTTP/1.1 404) 5 headers in 183 bytes (1 switches on core 0)
May 01 22:20:31 user devstack@keystone.service[42773]: DEBUG keystone.auth.core [None req-f408a5ff-459f-416c-b2e9-ef5750147ab4 None None] MFA Rules not processed for user `910bae5e60e34c9391c5c85f93aad7d8`. Rule list: `[]` (Enabled: `True`). {{(pid=42773) check_auth_methods_against_rules /opt/stack/keystone/keystone/auth/core.py:438}}
May 01 22:20:31 user devstack@keystone.service[42773]: DEBUG keystone.common.fernet_utils [None req-f408a5ff-459f-416c-b2e9-ef5750147ab4 None None] Loaded 2 Fernet keys from /etc/keystone/fernet-keys/, but `[fernet_tokens] max_active_keys = 3`; perhaps there have not been enough key rotations to reach `max_active_keys` yet? {{(pid=42773) load_keys /opt/stack/keystone/keystone/common/fernet_utils.py:286}}
May 01 22:20:31 user devstack@keystone.service[42774]: DEBUG keystone.server.flask.request_processing.middleware.auth_context [None req-78d06477-a120-4e60-b0ed-cb3b68525d11 None None] Authenticating user token {{(pid=42774) process_request /usr/local/lib/python3.10/dist-packages/keystonemiddleware/auth_token/__init__.py:406}}
May 01 22:20:31 user devstack@keystone.service[42773]: [pid: 42773|app: 0|req: 88/276] 10.0.0.210 () {58 vars in 1017 bytes} [Mon May 1 22:20:31 2023] POST /identity/v3/auth/tokens => generated 913 bytes in 29 msecs (HTTP/1.1 201) 6 headers in 384 bytes (1 switches on core 0)
May 01 22:20:31 user devstack@keystone.service[42774]: DEBUG keystone.server.flask.request_processing.middleware.auth_context [None req-78d06477-a120-4e60-b0ed-cb3b68525d11 None None] Validating token access rules against request {{(pid=42774) validate_allowed_request /usr/local/lib/python3.10/dist-packages/keystonemiddleware/auth_token/__init__.py:544}}
May 01 22:20:31 user devstack@keystone.service[42774]: DEBUG keystone.server.flask.request_processing.middleware.auth_context [None req-aa4e3b4f-8918-4523-95bd-1f226a4e6968 admin admin] RBAC: auth_context: {'token': , 'domain_id': None, 'trust_id': None, 'trustor_id': None, 'trustee_id': None, 'domain_name': None, 'group_ids': [], 'user_id': '910bae5e60e34c9391c5c85f93aad7d8', 'user_domain_id': 'default', 'system_scope': None, 'project_id': 'e646cf5184ed4ca9a085fe4d30dafddd', 'project_domain_id': 'default', 'roles': ['member', 'reader', 'admin'], 'is_admin_project': True, 'service_user_id': None, 'service_user_domain_id': None, 'service_project_id': None, 'service_project_domain_id': None, 'service_roles': []} {{(pid=42774) fill_context /opt/stack/keystone/keystone/server/flask/request_processing/middleware/auth_context.py:478}}
May 01 22:20:31 user devstack@keystone.service[42774]: DEBUG keystone.server.flask.request_processing.req_logging [None req-aa4e3b4f-8918-4523-95bd-1f226a4e6968 admin admin] REQUEST_METHOD: `GET` {{(pid=42774) log_request_info /opt/stack/keystone/keystone/server/flask/request_processing/req_logging.py:27}}
May 01 22:20:31 user devstack@keystone.service[42774]: DEBUG keystone.server.flask.request_processing.req_logging [None req-aa4e3b4f-8918-4523-95bd-1f226a4e6968 admin admin] SCRIPT_NAME: `/identity` {{(pid=42774) log_request_info /opt/stack/keystone/keystone/server/flask/request_processing/req_logging.py:28}}
May 01 22:20:31 user devstack@keystone.service[42774]: DEBUG keystone.server.flask.request_processing.req_logging [None req-aa4e3b4f-8918-4523-95bd-1f226a4e6968 admin admin] PATH_INFO: `/v3/roles` {{(pid=42774) log_request_info /opt/stack/keystone/keystone/server/flask/request_processing/req_logging.py:29}}
May 01 22:20:31 user devstack@keystone.service[42774]: DEBUG keystone.common.rbac_enforcer.enforcer [None req-aa4e3b4f-8918-4523-95bd-1f226a4e6968 admin admin] RBAC: Adding query filter params (name=member) {{(pid=42774) _extract_filter_values /opt/stack/keystone/keystone/common/rbac_enforcer/enforcer.py:167}}
May 01 22:20:31 user devstack@keystone.service[42774]: DEBUG keystone.common.rbac_enforcer.enforcer [None req-aa4e3b4f-8918-4523-95bd-1f226a4e6968 admin admin] RBAC: Authorizing `identity:list_roles()` {{(pid=42774) enforce_call /opt/stack/keystone/keystone/common/rbac_enforcer/enforcer.py:449}}
May 01 22:20:31 user devstack@keystone.service[42774]: WARNING py.warnings [None req-aa4e3b4f-8918-4523-95bd-1f226a4e6968 admin admin] /usr/local/lib/python3.10/dist-packages/oslo_policy/policy.py:1129: UserWarning: Policy "identity:list_roles": "role:reader and system_scope:all" failed scope check. The token used to make the request was project scoped but the policy requires ['system'] scope. This behavior may change in the future where using the intended scope is required
May 01 22:20:31 user devstack@keystone.service[42774]: warnings.warn(msg)
May 01 22:20:31 user devstack@keystone.service[42774]:
May 01 22:20:31 user devstack@keystone.service[42775]: DEBUG keystone.server.flask.request_processing.middleware.auth_context [None req-cb0a684e-89fb-491d-98dc-2223db3c9ae0 admin admin] Authenticating user token {{(pid=42775) process_request /usr/local/lib/python3.10/dist-packages/keystonemiddleware/auth_token/__init__.py:406}}
May 01 22:20:31 user devstack@keystone.service[42774]: DEBUG keystone.common.rbac_enforcer.enforcer [None req-aa4e3b4f-8918-4523-95bd-1f226a4e6968 admin admin] RBAC: Authorization granted {{(pid=42774) enforce_call /opt/stack/keystone/keystone/common/rbac_enforcer/enforcer.py:457}}
May 01 22:20:31 user devstack@keystone.service[42775]: DEBUG dbcounter [-] [42775] Writing DB stats keystone:SELECT=100 {{(pid=42775) stat_writer /usr/local/lib/python3.10/dist-packages/dbcounter.py:117}}
May 01 22:20:31 user devstack@keystone.service[42773]: DEBUG keystone.server.flask.request_processing.req_logging [None req-196efa69-8448-4619-9068-25c50916c392 None None] REQUEST_METHOD: `GET` {{(pid=42773) log_request_info /opt/stack/keystone/keystone/server/flask/request_processing/req_logging.py:27}}
May 01 22:20:31 user devstack@keystone.service[42773]: DEBUG keystone.server.flask.request_processing.req_logging [None req-196efa69-8448-4619-9068-25c50916c392 None None] SCRIPT_NAME: `/identity` {{(pid=42773) log_request_info /opt/stack/keystone/keystone/server/flask/request_processing/req_logging.py:28}}
May 01 22:20:31 user devstack@keystone.service[42773]: DEBUG keystone.server.flask.request_processing.req_logging [None req-196efa69-8448-4619-9068-25c50916c392 None None] PATH_INFO: `/` {{(pid=42773) log_request_info /opt/stack/keystone/keystone/server/flask/request_processing/req_logging.py:29}}
May 01 22:20:31 user devstack@keystone.service[42773]: [pid: 42773|app: 0|req: 89/277] 10.0.0.210 () {54 vars in 920 bytes} [Mon May 1 22:20:31 2023] GET /identity => generated 269 bytes in 3 msecs (HTTP/1.1 300) 6 headers in 233 bytes (1 switches on core 0)
May 01 22:20:31 user devstack@keystone.service[42773]: DEBUG keystone.server.flask.request_processing.req_logging [None req-2f7604bc-1c7a-4931-960d-a50d48684124 None None] REQUEST_METHOD: `POST` {{(pid=42773) log_request_info /opt/stack/keystone/keystone/server/flask/request_processing/req_logging.py:27}}
May 01 22:20:31 user devstack@keystone.service[42773]: DEBUG keystone.server.flask.request_processing.req_logging [None req-2f7604bc-1c7a-4931-960d-a50d48684124 None None] SCRIPT_NAME: `/identity` {{(pid=42773) log_request_info /opt/stack/keystone/keystone/server/flask/request_processing/req_logging.py:28}}
May 01 22:20:31 user devstack@keystone.service[42773]: DEBUG keystone.server.flask.request_processing.req_logging [None req-2f7604bc-1c7a-4931-960d-a50d48684124 None None] PATH_INFO: `/v3/auth/tokens` {{(pid=42773) log_request_info /opt/stack/keystone/keystone/server/flask/request_processing/req_logging.py:29}}
May 01 22:20:31 user devstack@keystone.service[42774]: [pid: 42774|app: 0|req: 93/278] 10.0.0.210 () {56 vars in 1117 bytes} [Mon May 1 22:20:31 2023] GET /identity/v3/roles?name=member => generated 339 bytes in 32 msecs (HTTP/1.1 200) 5 headers in 177 bytes (1 switches on core 0)
May 01 22:20:31 user devstack@keystone.service[42774]: DEBUG keystone.server.flask.request_processing.middleware.auth_context [None req-aa4e3b4f-8918-4523-95bd-1f226a4e6968 admin admin] Authenticating user token {{(pid=42774) process_request /usr/local/lib/python3.10/dist-packages/keystonemiddleware/auth_token/__init__.py:406}}
May 01 22:20:31 user devstack@keystone.service[42773]: WARNING keystone.common.password_hashing [None req-2f7604bc-1c7a-4931-960d-a50d48684124 None None] Truncating password to algorithm specific maximum length 54 characters.
May 01 22:20:31 user devstack@keystone.service[42774]: DEBUG keystone.server.flask.request_processing.middleware.auth_context [None req-aa4e3b4f-8918-4523-95bd-1f226a4e6968 admin admin] Validating token access rules against request {{(pid=42774) validate_allowed_request /usr/local/lib/python3.10/dist-packages/keystonemiddleware/auth_token/__init__.py:544}}
May 01 22:20:31 user devstack@keystone.service[42773]: DEBUG keystone.auth.core [None req-2f7604bc-1c7a-4931-960d-a50d48684124 None None] MFA Rules not processed for user `910bae5e60e34c9391c5c85f93aad7d8`. Rule list: `[]` (Enabled: `True`). {{(pid=42773) check_auth_methods_against_rules /opt/stack/keystone/keystone/auth/core.py:438}}
May 01 22:20:31 user devstack@keystone.service[42773]: DEBUG keystone.common.fernet_utils [None req-2f7604bc-1c7a-4931-960d-a50d48684124 None None] Loaded 2 Fernet keys from /etc/keystone/fernet-keys/, but `[fernet_tokens] max_active_keys = 3`; perhaps there have not been enough key rotations to reach `max_active_keys` yet? {{(pid=42773) load_keys /opt/stack/keystone/keystone/common/fernet_utils.py:286}}
May 01 22:20:31 user devstack@keystone.service[42774]: DEBUG keystone.server.flask.request_processing.middleware.auth_context [None req-d596f63b-370b-40d7-af83-9233cc04efbf admin admin] RBAC: auth_context: {'token': , 'domain_id': None, 'trust_id': None, 'trustor_id': None, 'trustee_id': None, 'domain_name': None, 'group_ids': [], 'user_id': '910bae5e60e34c9391c5c85f93aad7d8', 'user_domain_id': 'default', 'system_scope': None, 'project_id': 'e646cf5184ed4ca9a085fe4d30dafddd', 'project_domain_id': 'default', 'roles': ['member', 'reader', 'admin'], 'is_admin_project': True, 'service_user_id': None, 'service_user_domain_id': None, 'service_project_id': None, 'service_project_domain_id': None, 'service_roles': []} {{(pid=42774) fill_context /opt/stack/keystone/keystone/server/flask/request_processing/middleware/auth_context.py:478}}
May 01 22:20:31 user devstack@keystone.service[42774]: DEBUG keystone.server.flask.request_processing.req_logging [None req-d596f63b-370b-40d7-af83-9233cc04efbf admin admin] REQUEST_METHOD: `GET` {{(pid=42774) log_request_info /opt/stack/keystone/keystone/server/flask/request_processing/req_logging.py:27}}
May 01 22:20:31 user devstack@keystone.service[42774]: DEBUG keystone.server.flask.request_processing.req_logging [None req-d596f63b-370b-40d7-af83-9233cc04efbf admin admin] SCRIPT_NAME: `/identity` {{(pid=42774) log_request_info /opt/stack/keystone/keystone/server/flask/request_processing/req_logging.py:28}}
May 01 22:20:31 user devstack@keystone.service[42774]: DEBUG keystone.server.flask.request_processing.req_logging [None req-d596f63b-370b-40d7-af83-9233cc04efbf admin admin] PATH_INFO: `/v3/groups/b8d2acba357f42158fb74146693ebfd1` {{(pid=42774) log_request_info /opt/stack/keystone/keystone/server/flask/request_processing/req_logging.py:29}}
May 01 22:20:31 user devstack@keystone.service[42774]: DEBUG keystone.common.rbac_enforcer.enforcer [None req-d596f63b-370b-40d7-af83-9233cc04efbf admin admin] RBAC: Authorizing `identity:get_group(group_id=b8d2acba357f42158fb74146693ebfd1)` {{(pid=42774) enforce_call /opt/stack/keystone/keystone/common/rbac_enforcer/enforcer.py:449}}
May 01 22:20:31 user devstack@keystone.service[42774]: DEBUG keystone.common.rbac_enforcer.enforcer [None req-d596f63b-370b-40d7-af83-9233cc04efbf admin admin] RBAC: Authorization granted {{(pid=42774) enforce_call /opt/stack/keystone/keystone/common/rbac_enforcer/enforcer.py:457}}
May 01 22:20:31 user devstack@keystone.service[42774]: [pid: 42774|app: 0|req: 94/279] 10.0.0.210 () {56 vars in 1196 bytes} [Mon May 1 22:20:31 2023] GET /identity/v3/groups/b8d2acba357f42158fb74146693ebfd1 => generated 225 bytes in 19 msecs (HTTP/1.1 200) 5 headers in 177 bytes (2 switches on core 0)
May 01 22:20:31 user devstack@keystone.service[42773]: [pid: 42773|app: 0|req: 90/280] 10.0.0.210 () {58 vars in 1017 bytes} [Mon May 1 22:20:31 2023] POST /identity/v3/auth/tokens => generated 913 bytes in 26 msecs (HTTP/1.1 201) 6 headers in 384 bytes (1 switches on core 0)
May 01 22:20:31 user devstack@keystone.service[42774]: DEBUG keystone.server.flask.request_processing.middleware.auth_context [None req-d596f63b-370b-40d7-af83-9233cc04efbf admin admin] Authenticating user token {{(pid=42774) process_request /usr/local/lib/python3.10/dist-packages/keystonemiddleware/auth_token/__init__.py:406}}
May 01 22:20:31 user devstack@keystone.service[42774]: DEBUG keystone.server.flask.request_processing.middleware.auth_context [None req-d596f63b-370b-40d7-af83-9233cc04efbf admin admin] Validating token access rules against request {{(pid=42774) validate_allowed_request /usr/local/lib/python3.10/dist-packages/keystonemiddleware/auth_token/__init__.py:544}}
May 01 22:20:31 user devstack@keystone.service[42774]: DEBUG keystone.server.flask.request_processing.middleware.auth_context [None req-da99f8dd-4166-4ed1-bc7a-daa1daa93851 admin admin] RBAC: auth_context: {'token': , 'domain_id': None, 'trust_id': None, 'trustor_id': None, 'trustee_id': None, 'domain_name': None, 'group_ids': [], 'user_id': '910bae5e60e34c9391c5c85f93aad7d8', 'user_domain_id': 'default', 'system_scope': None, 'project_id': 'e646cf5184ed4ca9a085fe4d30dafddd', 'project_domain_id': 'default', 'roles': ['member', 'reader', 'admin'], 'is_admin_project': True, 'service_user_id': None, 'service_user_domain_id': None, 'service_project_id': None, 'service_project_domain_id': None, 'service_roles': []} {{(pid=42774) fill_context /opt/stack/keystone/keystone/server/flask/request_processing/middleware/auth_context.py:478}}
May 01 22:20:31 user devstack@keystone.service[42774]: DEBUG keystone.server.flask.request_processing.req_logging [None req-da99f8dd-4166-4ed1-bc7a-daa1daa93851 admin admin] REQUEST_METHOD: `GET` {{(pid=42774) log_request_info /opt/stack/keystone/keystone/server/flask/request_processing/req_logging.py:27}}
May 01 22:20:31 user devstack@keystone.service[42774]: DEBUG keystone.server.flask.request_processing.req_logging [None req-da99f8dd-4166-4ed1-bc7a-daa1daa93851 admin admin] SCRIPT_NAME: `/identity` {{(pid=42774) log_request_info /opt/stack/keystone/keystone/server/flask/request_processing/req_logging.py:28}}
May 01 22:20:31 user devstack@keystone.service[42774]: DEBUG keystone.server.flask.request_processing.req_logging [None req-da99f8dd-4166-4ed1-bc7a-daa1daa93851 admin admin] PATH_INFO: `/v3/projects/5969e6992cea490aaa80bc783b52cff3` {{(pid=42774) log_request_info /opt/stack/keystone/keystone/server/flask/request_processing/req_logging.py:29}}
May 01 22:20:31 user devstack@keystone.service[42774]: DEBUG keystone.common.rbac_enforcer.enforcer [None req-da99f8dd-4166-4ed1-bc7a-daa1daa93851 admin admin] RBAC: Authorizing `identity:get_project(project_id=5969e6992cea490aaa80bc783b52cff3)` {{(pid=42774) enforce_call /opt/stack/keystone/keystone/common/rbac_enforcer/enforcer.py:449}}
May 01 22:20:31 user devstack@keystone.service[42774]: DEBUG keystone.common.rbac_enforcer.enforcer [None req-da99f8dd-4166-4ed1-bc7a-daa1daa93851 admin admin] RBAC: Authorization granted {{(pid=42774) enforce_call /opt/stack/keystone/keystone/common/rbac_enforcer/enforcer.py:457}}
May 01 22:20:31 user devstack@keystone.service[42774]: [pid: 42774|app: 0|req: 95/281] 10.0.0.210 () {56 vars in 1202 bytes} [Mon May 1 22:20:31 2023] GET /identity/v3/projects/5969e6992cea490aaa80bc783b52cff3 => generated 301 bytes in 19 msecs (HTTP/1.1 200) 5 headers in 177 bytes (1 switches on core 0)
May 01 22:20:31 user devstack@keystone.service[42773]: DEBUG keystone.server.flask.request_processing.middleware.auth_context [None req-2f7604bc-1c7a-4931-960d-a50d48684124 None None] Authenticating user token {{(pid=42773) process_request /usr/local/lib/python3.10/dist-packages/keystonemiddleware/auth_token/__init__.py:406}}
May 01 22:20:31 user devstack@keystone.service[42773]: DEBUG keystone.server.flask.request_processing.middleware.auth_context [None req-2f7604bc-1c7a-4931-960d-a50d48684124 None None] Validating token access rules against request {{(pid=42773) validate_allowed_request /usr/local/lib/python3.10/dist-packages/keystonemiddleware/auth_token/__init__.py:544}}
May 01 22:20:31 user devstack@keystone.service[42773]: DEBUG keystone.server.flask.request_processing.middleware.auth_context [None req-bc52e34c-b6a0-41b9-a771-a021f7049def admin admin] RBAC: auth_context: {'token': , 'domain_id': None, 'trust_id': None, 'trustor_id': None, 'trustee_id': None, 'domain_name': None, 'group_ids': [], 'user_id': '910bae5e60e34c9391c5c85f93aad7d8', 'user_domain_id': 'default', 'system_scope': None, 'project_id': 'e646cf5184ed4ca9a085fe4d30dafddd', 'project_domain_id': 'default', 'roles': ['member', 'reader', 'admin'], 'is_admin_project': True, 'service_user_id': None, 'service_user_domain_id': None, 'service_project_id': None, 'service_project_domain_id': None, 'service_roles': []} {{(pid=42773) fill_context /opt/stack/keystone/keystone/server/flask/request_processing/middleware/auth_context.py:478}}
May 01 22:20:31 user devstack@keystone.service[42773]: DEBUG keystone.server.flask.request_processing.req_logging [None req-bc52e34c-b6a0-41b9-a771-a021f7049def admin admin] REQUEST_METHOD: `PUT` {{(pid=42773) log_request_info /opt/stack/keystone/keystone/server/flask/request_processing/req_logging.py:27}}
May 01 22:20:31 user devstack@keystone.service[42773]: DEBUG keystone.server.flask.request_processing.req_logging [None req-bc52e34c-b6a0-41b9-a771-a021f7049def admin admin] SCRIPT_NAME: `/identity` {{(pid=42773) log_request_info /opt/stack/keystone/keystone/server/flask/request_processing/req_logging.py:28}}
May 01 22:20:31 user devstack@keystone.service[42773]: DEBUG keystone.server.flask.request_processing.req_logging [None req-bc52e34c-b6a0-41b9-a771-a021f7049def admin admin] PATH_INFO: `/v3/projects/5969e6992cea490aaa80bc783b52cff3/groups/b8d2acba357f42158fb74146693ebfd1/roles/93b72637ea3a455f9b6369944f8562b3` {{(pid=42773) log_request_info /opt/stack/keystone/keystone/server/flask/request_processing/req_logging.py:29}}
May 01 22:20:31 user devstack@keystone.service[42773]: DEBUG keystone.common.rbac_enforcer.enforcer [None req-bc52e34c-b6a0-41b9-a771-a021f7049def admin admin] RBAC: Authorizing `identity:create_grant(project_id=5969e6992cea490aaa80bc783b52cff3, group_id=b8d2acba357f42158fb74146693ebfd1, role_id=93b72637ea3a455f9b6369944f8562b3)` {{(pid=42773) enforce_call /opt/stack/keystone/keystone/common/rbac_enforcer/enforcer.py:449}}
May 01 22:20:31 user devstack@keystone.service[42773]: DEBUG keystone.common.rbac_enforcer.enforcer [None req-bc52e34c-b6a0-41b9-a771-a021f7049def admin admin] RBAC: Authorization granted {{(pid=42773) enforce_call /opt/stack/keystone/keystone/common/rbac_enforcer/enforcer.py:457}}
May 01 22:20:31 user devstack@keystone.service[42773]: [pid: 42773|app: 0|req: 91/282] 10.0.0.210 () {58 vars in 1458 bytes} [Mon May 1 22:20:31 2023] PUT /identity/v3/projects/5969e6992cea490aaa80bc783b52cff3/groups/b8d2acba357f42158fb74146693ebfd1/roles/93b72637ea3a455f9b6369944f8562b3 => generated 0 bytes in 29 msecs (HTTP/1.1 204) 3 headers in 132 bytes (0 switches on core 0)
May 01 22:20:31 user devstack@keystone.service[42775]: DEBUG keystone.server.flask.request_processing.middleware.auth_context [None req-cb0a684e-89fb-491d-98dc-2223db3c9ae0 admin admin] Validating token access rules against request {{(pid=42775) validate_allowed_request /usr/local/lib/python3.10/dist-packages/keystonemiddleware/auth_token/__init__.py:544}}
May 01 22:20:31 user devstack@keystone.service[42775]: DEBUG keystone.server.flask.request_processing.middleware.auth_context [None req-e84a62f5-53ad-4d70-8254-1a115b0f2016 None admin] RBAC: auth_context: {'token': , 'domain_id': None, 'trust_id': None, 'trustor_id': None, 'trustee_id': None, 'domain_name': None, 'group_ids': [], 'user_id': '910bae5e60e34c9391c5c85f93aad7d8', 'user_domain_id': 'default', 'system_scope': 'all', 'project_id': None, 'project_domain_id': None, 'roles': ['admin', 'member', 'reader'], 'is_admin_project': True, 'service_user_id': None, 'service_user_domain_id': None, 'service_project_id': None, 'service_project_domain_id': None, 'service_roles': []} {{(pid=42775) fill_context /opt/stack/keystone/keystone/server/flask/request_processing/middleware/auth_context.py:478}}
May 01 22:20:31 user devstack@keystone.service[42775]: DEBUG keystone.server.flask.request_processing.req_logging [None req-e84a62f5-53ad-4d70-8254-1a115b0f2016 None admin] REQUEST_METHOD: `GET` {{(pid=42775) log_request_info /opt/stack/keystone/keystone/server/flask/request_processing/req_logging.py:27}}
