Oct 25 21:05:28 user devstack@keystone.service[45529]: DEBUG keystone.server.flask.request_processing.req_logging [None req-4a8dde6d-d5d5-4632-8e13-6c2f17a71e8a admin admin] PATH_INFO: `/v3/projects/25276390d75c4e2cbadbb11ab234e71a/groups/d0ec4fcb36d44a1cb2a0ab2331702a79/roles/ffcca02900f34cdc89c6f90a68b2eb24` {{(pid=45529) log_request_info /opt/stack/keystone/keystone/server/flask/request_processing/req_logging.py:29}}
Oct 25 21:05:28 user devstack@keystone.service[45529]: DEBUG keystone.common.rbac_enforcer.enforcer [None req-4a8dde6d-d5d5-4632-8e13-6c2f17a71e8a admin admin] RBAC: Authorizing `identity:create_grant(project_id=25276390d75c4e2cbadbb11ab234e71a, group_id=d0ec4fcb36d44a1cb2a0ab2331702a79, role_id=ffcca02900f34cdc89c6f90a68b2eb24)` {{(pid=45529) enforce_call /opt/stack/keystone/keystone/common/rbac_enforcer/enforcer.py:449}}
Oct 25 21:05:28 user devstack@keystone.service[45530]: DEBUG keystone.server.flask.request_processing.middleware.auth_context [None req-8345f056-259e-4de9-82b3-2169e0147822 admin admin] RBAC: auth_context: {'token': , 'domain_id': None, 'trust_id': None, 'trustor_id': None, 'trustee_id': None, 'domain_name': None, 'group_ids': [], 'user_id': 'd63f3df5b82e40e1be32a8c048900bbe', 'user_domain_id': 'default', 'system_scope': None, 'project_id': '1714f2820764423b9f4461ac8cbd9965', 'project_domain_id': 'default', 'roles': ['manager', 'reader', 'admin', 'member'], 'is_admin_project': True, 'service_user_id': None, 'service_user_domain_id': None, 'service_project_id': None, 'service_project_domain_id': None, 'service_roles': []} {{(pid=45530) fill_context /opt/stack/keystone/keystone/server/flask/request_processing/middleware/auth_context.py:480}}
Oct 25 21:05:28 user devstack@keystone.service[45530]: DEBUG keystone.server.flask.request_processing.req_logging [None req-8345f056-259e-4de9-82b3-2169e0147822 admin admin] REQUEST_METHOD: `GET` {{(pid=45530) log_request_info /opt/stack/keystone/keystone/server/flask/request_processing/req_logging.py:27}}
Oct 25 21:05:28 user devstack@keystone.service[45529]: DEBUG keystone.common.rbac_enforcer.enforcer [None req-4a8dde6d-d5d5-4632-8e13-6c2f17a71e8a admin admin] RBAC: Authorization granted {{(pid=45529) enforce_call /opt/stack/keystone/keystone/common/rbac_enforcer/enforcer.py:457}}
Oct 25 21:05:28 user devstack@keystone.service[45530]: DEBUG keystone.server.flask.request_processing.req_logging [None req-8345f056-259e-4de9-82b3-2169e0147822 admin admin] SCRIPT_NAME: `/identity` {{(pid=45530) log_request_info /opt/stack/keystone/keystone/server/flask/request_processing/req_logging.py:28}}
Oct 25 21:05:28 user devstack@keystone.service[45530]: DEBUG keystone.server.flask.request_processing.req_logging [None req-8345f056-259e-4de9-82b3-2169e0147822 admin admin] PATH_INFO: `/v3/roles` {{(pid=45530) log_request_info /opt/stack/keystone/keystone/server/flask/request_processing/req_logging.py:29}}
Oct 25 21:05:28 user devstack@keystone.service[45530]: DEBUG keystone.common.rbac_enforcer.enforcer [None req-8345f056-259e-4de9-82b3-2169e0147822 admin admin] RBAC: Adding query filter params (name=anotherrole) {{(pid=45530) _extract_filter_values /opt/stack/keystone/keystone/common/rbac_enforcer/enforcer.py:167}}
Oct 25 21:05:28 user devstack@keystone.service[45530]: DEBUG keystone.common.rbac_enforcer.enforcer [None req-8345f056-259e-4de9-82b3-2169e0147822 admin admin] RBAC: Authorizing `identity:list_roles()` {{(pid=45530) enforce_call /opt/stack/keystone/keystone/common/rbac_enforcer/enforcer.py:449}}
Oct 25 21:05:28 user devstack@keystone.service[45530]: DEBUG keystone.common.rbac_enforcer.enforcer [None req-8345f056-259e-4de9-82b3-2169e0147822 admin admin] RBAC: Authorization granted {{(pid=45530) enforce_call /opt/stack/keystone/keystone/common/rbac_enforcer/enforcer.py:457}}
Oct 25 21:05:28 user devstack@keystone.service[45529]: [pid: 45529|app: 0|req: 103/286] 10.0.0.210 () {58 vars in 1458 bytes} [Wed Oct 25 21:05:28 2023] PUT /identity/v3/projects/25276390d75c4e2cbadbb11ab234e71a/groups/d0ec4fcb36d44a1cb2a0ab2331702a79/roles/ffcca02900f34cdc89c6f90a68b2eb24 => generated 0 bytes in 39 msecs (HTTP/1.1 204) 3 headers in 132 bytes (1 switches on core 0)
Oct 25 21:05:28 user devstack@keystone.service[45530]: [pid: 45530|app: 0|req: 93/287] 10.0.0.210 () {56 vars in 1127 bytes} [Wed Oct 25 21:05:28 2023] GET /identity/v3/roles?name=anotherrole => generated 332 bytes in 42 msecs (HTTP/1.1 200) 5 headers in 177 bytes (2 switches on core 0)
Oct 25 21:05:28 user devstack@keystone.service[45528]: DEBUG keystone.server.flask.request_processing.middleware.auth_context [None req-8f0179c0-e215-4b32-9ea2-e2df82993edc None admin] Validating token access rules against request {{(pid=45528) validate_allowed_request /opt/stack/data/venv/lib/python3.10/site-packages/keystonemiddleware/auth_token/__init__.py:544}}
Oct 25 21:05:28 user devstack@keystone.service[45529]: DEBUG keystone.server.flask.request_processing.middleware.auth_context [None req-4a8dde6d-d5d5-4632-8e13-6c2f17a71e8a admin admin] Authenticating user token {{(pid=45529) process_request /opt/stack/data/venv/lib/python3.10/site-packages/keystonemiddleware/auth_token/__init__.py:406}}
Oct 25 21:05:28 user devstack@keystone.service[45528]: DEBUG keystone.server.flask.request_processing.middleware.auth_context [None req-6ab925af-5316-4919-bcfe-181bbcfe57cd None admin] RBAC: auth_context: {'token': , 'domain_id': None, 'trust_id': None, 'trustor_id': None, 'trustee_id': None, 'domain_name': None, 'group_ids': [], 'user_id': 'd63f3df5b82e40e1be32a8c048900bbe', 'user_domain_id': 'default', 'system_scope': 'all', 'project_id': None, 'project_domain_id': None, 'roles': ['admin', 'manager', 'member', 'reader'], 'is_admin_project': True, 'service_user_id': None, 'service_user_domain_id': None, 'service_project_id': None, 'service_project_domain_id': None, 'service_roles': []} {{(pid=45528) fill_context /opt/stack/keystone/keystone/server/flask/request_processing/middleware/auth_context.py:480}}
Oct 25 21:05:28 user devstack@keystone.service[45528]: DEBUG keystone.server.flask.request_processing.req_logging [None req-6ab925af-5316-4919-bcfe-181bbcfe57cd None admin] REQUEST_METHOD: `GET` {{(pid=45528) log_request_info /opt/stack/keystone/keystone/server/flask/request_processing/req_logging.py:27}}
Oct 25 21:05:28 user devstack@keystone.service[45528]: DEBUG keystone.server.flask.request_processing.req_logging [None req-6ab925af-5316-4919-bcfe-181bbcfe57cd None admin] SCRIPT_NAME: `/identity` {{(pid=45528) log_request_info /opt/stack/keystone/keystone/server/flask/request_processing/req_logging.py:28}}
Oct 25 21:05:28 user devstack@keystone.service[45528]: DEBUG keystone.server.flask.request_processing.req_logging [None req-6ab925af-5316-4919-bcfe-181bbcfe57cd None admin] PATH_INFO: `/v3/roles` {{(pid=45528) log_request_info /opt/stack/keystone/keystone/server/flask/request_processing/req_logging.py:29}}
Oct 25 21:05:28 user devstack@keystone.service[45528]: DEBUG keystone.common.rbac_enforcer.enforcer [None req-6ab925af-5316-4919-bcfe-181bbcfe57cd None admin] RBAC: Adding query filter params (name=reader) {{(pid=45528) _extract_filter_values /opt/stack/keystone/keystone/common/rbac_enforcer/enforcer.py:167}}
Oct 25 21:05:28 user devstack@keystone.service[45528]: DEBUG keystone.common.rbac_enforcer.enforcer [None req-6ab925af-5316-4919-bcfe-181bbcfe57cd None admin] RBAC: Authorizing `identity:list_roles()` {{(pid=45528) enforce_call /opt/stack/keystone/keystone/common/rbac_enforcer/enforcer.py:449}}
Oct 25 21:05:28 user devstack@keystone.service[45528]: DEBUG keystone.common.rbac_enforcer.enforcer [None req-6ab925af-5316-4919-bcfe-181bbcfe57cd None admin] RBAC: Authorization granted {{(pid=45528) enforce_call /opt/stack/keystone/keystone/common/rbac_enforcer/enforcer.py:457}}
Oct 25 21:05:28 user devstack@keystone.service[45528]: [pid: 45528|app: 0|req: 92/288] 10.0.0.210 () {56 vars in 1096 bytes} [Wed Oct 25 21:05:28 2023] GET /identity/v3/roles?name=reader => generated 339 bytes in 167 msecs (HTTP/1.1 200) 5 headers in 177 bytes (1 switches on core 0)
Oct 25 21:05:28 user devstack@keystone.service[45530]: DEBUG keystone.server.flask.request_processing.middleware.auth_context [None req-8345f056-259e-4de9-82b3-2169e0147822 admin admin] Authenticating user token {{(pid=45530) process_request /opt/stack/data/venv/lib/python3.10/site-packages/keystonemiddleware/auth_token/__init__.py:406}}
Oct 25 21:05:28 user devstack@keystone.service[45529]: DEBUG keystone.server.flask.request_processing.middleware.auth_context [None req-4a8dde6d-d5d5-4632-8e13-6c2f17a71e8a admin admin] Validating token access rules against request {{(pid=45529) validate_allowed_request /opt/stack/data/venv/lib/python3.10/site-packages/keystonemiddleware/auth_token/__init__.py:544}}
Oct 25 21:05:28 user devstack@keystone.service[45529]: DEBUG keystone.server.flask.request_processing.middleware.auth_context [None req-24c90e52-287d-4f79-8011-8a2ddb6514ac admin admin] RBAC: auth_context: {'token': , 'domain_id': None, 'trust_id': None, 'trustor_id': None, 'trustee_id': None, 'domain_name': None, 'group_ids': [], 'user_id': 'd63f3df5b82e40e1be32a8c048900bbe', 'user_domain_id': 'default', 'system_scope': None, 'project_id': '1714f2820764423b9f4461ac8cbd9965', 'project_domain_id': 'default', 'roles': ['manager', 'reader', 'admin', 'member'], 'is_admin_project': True, 'service_user_id': None, 'service_user_domain_id': None, 'service_project_id': None, 'service_project_domain_id': None, 'service_roles': []} {{(pid=45529) fill_context /opt/stack/keystone/keystone/server/flask/request_processing/middleware/auth_context.py:480}}
Oct 25 21:05:28 user devstack@keystone.service[45529]: DEBUG keystone.server.flask.request_processing.req_logging [None req-24c90e52-287d-4f79-8011-8a2ddb6514ac admin admin] REQUEST_METHOD: `GET` {{(pid=45529) log_request_info /opt/stack/keystone/keystone/server/flask/request_processing/req_logging.py:27}}
Oct 25 21:05:28 user devstack@keystone.service[45529]: DEBUG keystone.server.flask.request_processing.req_logging [None req-24c90e52-287d-4f79-8011-8a2ddb6514ac admin admin] SCRIPT_NAME: `/identity` {{(pid=45529) log_request_info /opt/stack/keystone/keystone/server/flask/request_processing/req_logging.py:28}}
Oct 25 21:05:28 user devstack@keystone.service[45529]: DEBUG keystone.server.flask.request_processing.req_logging [None req-24c90e52-287d-4f79-8011-8a2ddb6514ac admin admin] PATH_INFO: `/v3/groups/d0ec4fcb36d44a1cb2a0ab2331702a79` {{(pid=45529) log_request_info /opt/stack/keystone/keystone/server/flask/request_processing/req_logging.py:29}}
Oct 25 21:05:28 user devstack@keystone.service[45529]: DEBUG keystone.common.rbac_enforcer.enforcer [None req-24c90e52-287d-4f79-8011-8a2ddb6514ac admin admin] RBAC: Authorizing `identity:get_group(group_id=d0ec4fcb36d44a1cb2a0ab2331702a79)` {{(pid=45529) enforce_call /opt/stack/keystone/keystone/common/rbac_enforcer/enforcer.py:449}}
Oct 25 21:05:28 user devstack@keystone.service[45529]: DEBUG keystone.common.rbac_enforcer.enforcer [None req-24c90e52-287d-4f79-8011-8a2ddb6514ac admin admin] RBAC: Authorization granted {{(pid=45529) enforce_call /opt/stack/keystone/keystone/common/rbac_enforcer/enforcer.py:457}}
Oct 25 21:05:28 user devstack@keystone.service[45529]: [pid: 45529|app: 0|req: 104/289] 10.0.0.210 () {56 vars in 1196 bytes} [Wed Oct 25 21:05:28 2023] GET /identity/v3/groups/d0ec4fcb36d44a1cb2a0ab2331702a79 => generated 225 bytes in 78 msecs (HTTP/1.1 200) 5 headers in 177 bytes (1 switches on core 0)
Oct 25 21:05:28 user devstack@keystone.service[45528]: DEBUG keystone.server.flask.request_processing.middleware.auth_context [None req-6ab925af-5316-4919-bcfe-181bbcfe57cd None admin] Authenticating user token {{(pid=45528) process_request /opt/stack/data/venv/lib/python3.10/site-packages/keystonemiddleware/auth_token/__init__.py:406}}
Oct 25 21:05:28 user devstack@keystone.service[45528]: DEBUG keystone.server.flask.request_processing.middleware.auth_context [None req-6ab925af-5316-4919-bcfe-181bbcfe57cd None admin] Validating token access rules against request {{(pid=45528) validate_allowed_request /opt/stack/data/venv/lib/python3.10/site-packages/keystonemiddleware/auth_token/__init__.py:544}}
Oct 25 21:05:28 user devstack@keystone.service[45528]: DEBUG keystone.server.flask.request_processing.middleware.auth_context [None req-d8a37a42-6f1d-4c54-b7f2-7d35336dce43 admin admin] RBAC: auth_context: {'token': , 'domain_id': None, 'trust_id': None, 'trustor_id': None, 'trustee_id': None, 'domain_name': None, 'group_ids': [], 'user_id': 'd63f3df5b82e40e1be32a8c048900bbe', 'user_domain_id': 'default', 'system_scope': None, 'project_id': '1714f2820764423b9f4461ac8cbd9965', 'project_domain_id': 'default', 'roles': ['manager', 'reader', 'admin', 'member'], 'is_admin_project': True, 'service_user_id': None, 'service_user_domain_id': None, 'service_project_id': None, 'service_project_domain_id': None, 'service_roles': []} {{(pid=45528) fill_context /opt/stack/keystone/keystone/server/flask/request_processing/middleware/auth_context.py:480}}
Oct 25 21:05:28 user devstack@keystone.service[45528]: DEBUG keystone.server.flask.request_processing.req_logging [None req-d8a37a42-6f1d-4c54-b7f2-7d35336dce43 admin admin] REQUEST_METHOD: `GET` {{(pid=45528) log_request_info /opt/stack/keystone/keystone/server/flask/request_processing/req_logging.py:27}}
Oct 25 21:05:28 user devstack@keystone.service[45528]: DEBUG keystone.server.flask.request_processing.req_logging [None req-d8a37a42-6f1d-4c54-b7f2-7d35336dce43 admin admin] SCRIPT_NAME: `/identity` {{(pid=45528) log_request_info /opt/stack/keystone/keystone/server/flask/request_processing/req_logging.py:28}}
Oct 25 21:05:28 user devstack@keystone.service[45528]: DEBUG keystone.server.flask.request_processing.req_logging [None req-d8a37a42-6f1d-4c54-b7f2-7d35336dce43 admin admin] PATH_INFO: `/v3/projects/25276390d75c4e2cbadbb11ab234e71a` {{(pid=45528) log_request_info /opt/stack/keystone/keystone/server/flask/request_processing/req_logging.py:29}}
Oct 25 21:05:28 user devstack@keystone.service[45528]: DEBUG keystone.common.rbac_enforcer.enforcer [None req-d8a37a42-6f1d-4c54-b7f2-7d35336dce43 admin admin] RBAC: Authorizing `identity:get_project(project_id=25276390d75c4e2cbadbb11ab234e71a)` {{(pid=45528) enforce_call /opt/stack/keystone/keystone/common/rbac_enforcer/enforcer.py:449}}
Oct 25 21:05:28 user devstack@keystone.service[45528]: DEBUG keystone.common.rbac_enforcer.enforcer [None req-d8a37a42-6f1d-4c54-b7f2-7d35336dce43 admin admin] RBAC: Authorization granted {{(pid=45528) enforce_call /opt/stack/keystone/keystone/common/rbac_enforcer/enforcer.py:457}}
Oct 25 21:05:28 user devstack@keystone.service[45528]: [pid: 45528|app: 0|req: 93/290] 10.0.0.210 () {56 vars in 1202 bytes} [Wed Oct 25 21:05:28 2023] GET /identity/v3/projects/25276390d75c4e2cbadbb11ab234e71a => generated 301 bytes in 22 msecs (HTTP/1.1 200) 5 headers in 177 bytes (1 switches on core 0)
Oct 25 21:05:28 user devstack@keystone.service[45529]: DEBUG keystone.server.flask.request_processing.middleware.auth_context [None req-24c90e52-287d-4f79-8011-8a2ddb6514ac admin admin] Authenticating user token {{(pid=45529) process_request /opt/stack/data/venv/lib/python3.10/site-packages/keystonemiddleware/auth_token/__init__.py:406}}
Oct 25 21:05:28 user devstack@keystone.service[45528]: DEBUG keystone.server.flask.request_processing.middleware.auth_context [None req-d8a37a42-6f1d-4c54-b7f2-7d35336dce43 admin admin] Authenticating user token {{(pid=45528) process_request /opt/stack/data/venv/lib/python3.10/site-packages/keystonemiddleware/auth_token/__init__.py:406}}
Oct 25 21:05:28 user devstack@keystone.service[45529]: DEBUG keystone.server.flask.request_processing.middleware.auth_context [None req-24c90e52-287d-4f79-8011-8a2ddb6514ac admin admin] Validating token access rules against request {{(pid=45529) validate_allowed_request /opt/stack/data/venv/lib/python3.10/site-packages/keystonemiddleware/auth_token/__init__.py:544}}
Oct 25 21:05:28 user devstack@keystone.service[45528]: DEBUG keystone.server.flask.request_processing.middleware.auth_context [None req-d8a37a42-6f1d-4c54-b7f2-7d35336dce43 admin admin] Validating token access rules against request {{(pid=45528) validate_allowed_request /opt/stack/data/venv/lib/python3.10/site-packages/keystonemiddleware/auth_token/__init__.py:544}}
Oct 25 21:05:28 user devstack@keystone.service[45529]: DEBUG keystone.server.flask.request_processing.middleware.auth_context [None req-98f2e3f9-7594-4141-8742-086d08587b4d admin admin] RBAC: auth_context: {'token': , 'domain_id': None, 'trust_id': None, 'trustor_id': None, 'trustee_id': None, 'domain_name': None, 'group_ids': [], 'user_id': 'd63f3df5b82e40e1be32a8c048900bbe', 'user_domain_id': 'default', 'system_scope': None, 'project_id': '1714f2820764423b9f4461ac8cbd9965', 'project_domain_id': 'default', 'roles': ['manager', 'reader', 'admin', 'member'], 'is_admin_project': True, 'service_user_id': None, 'service_user_domain_id': None, 'service_project_id': None, 'service_project_domain_id': None, 'service_roles': []} {{(pid=45529) fill_context /opt/stack/keystone/keystone/server/flask/request_processing/middleware/auth_context.py:480}}
Oct 25 21:05:28 user devstack@keystone.service[45529]: DEBUG keystone.server.flask.request_processing.req_logging [None req-98f2e3f9-7594-4141-8742-086d08587b4d admin admin] REQUEST_METHOD: `PUT` {{(pid=45529) log_request_info /opt/stack/keystone/keystone/server/flask/request_processing/req_logging.py:27}}
Oct 25 21:05:28 user devstack@keystone.service[45529]: DEBUG keystone.server.flask.request_processing.req_logging [None req-98f2e3f9-7594-4141-8742-086d08587b4d admin admin] SCRIPT_NAME: `/identity` {{(pid=45529) log_request_info /opt/stack/keystone/keystone/server/flask/request_processing/req_logging.py:28}}
Oct 25 21:05:28 user devstack@keystone.service[45529]: DEBUG keystone.server.flask.request_processing.req_logging [None req-98f2e3f9-7594-4141-8742-086d08587b4d admin admin] PATH_INFO: `/v3/projects/25276390d75c4e2cbadbb11ab234e71a/groups/d0ec4fcb36d44a1cb2a0ab2331702a79/roles/8f0d2cbe9a5e4c37ab0de23effae61b8` {{(pid=45529) log_request_info /opt/stack/keystone/keystone/server/flask/request_processing/req_logging.py:29}}
Oct 25 21:05:28 user devstack@keystone.service[45528]: DEBUG keystone.server.flask.request_processing.middleware.auth_context [None req-7b2fe24f-9d51-4255-9b16-7df1e3f9f1e5 admin admin] RBAC: auth_context: {'token': , 'domain_id': None, 'trust_id': None, 'trustor_id': None, 'trustee_id': None, 'domain_name': None, 'group_ids': [], 'user_id': 'd63f3df5b82e40e1be32a8c048900bbe', 'user_domain_id': 'default', 'system_scope': None, 'project_id': '1714f2820764423b9f4461ac8cbd9965', 'project_domain_id': 'default', 'roles': ['manager', 'reader', 'admin', 'member'], 'is_admin_project': True, 'service_user_id': None, 'service_user_domain_id': None, 'service_project_id': None, 'service_project_domain_id': None, 'service_roles': []} {{(pid=45528) fill_context /opt/stack/keystone/keystone/server/flask/request_processing/middleware/auth_context.py:480}}
Oct 25 21:05:28 user devstack@keystone.service[45529]: DEBUG keystone.common.rbac_enforcer.enforcer [None req-98f2e3f9-7594-4141-8742-086d08587b4d admin admin] RBAC: Authorizing `identity:create_grant(project_id=25276390d75c4e2cbadbb11ab234e71a, group_id=d0ec4fcb36d44a1cb2a0ab2331702a79, role_id=8f0d2cbe9a5e4c37ab0de23effae61b8)` {{(pid=45529) enforce_call /opt/stack/keystone/keystone/common/rbac_enforcer/enforcer.py:449}}
Oct 25 21:05:28 user devstack@keystone.service[45528]: DEBUG keystone.server.flask.request_processing.req_logging [None req-7b2fe24f-9d51-4255-9b16-7df1e3f9f1e5 admin admin] REQUEST_METHOD: `GET` {{(pid=45528) log_request_info /opt/stack/keystone/keystone/server/flask/request_processing/req_logging.py:27}}
Oct 25 21:05:28 user devstack@keystone.service[45528]: DEBUG keystone.server.flask.request_processing.req_logging [None req-7b2fe24f-9d51-4255-9b16-7df1e3f9f1e5 admin admin] SCRIPT_NAME: `/identity` {{(pid=45528) log_request_info /opt/stack/keystone/keystone/server/flask/request_processing/req_logging.py:28}}
Oct 25 21:05:28 user devstack@keystone.service[45528]: DEBUG keystone.server.flask.request_processing.req_logging [None req-7b2fe24f-9d51-4255-9b16-7df1e3f9f1e5 admin admin] PATH_INFO: `/v3/roles/admin` {{(pid=45528) log_request_info /opt/stack/keystone/keystone/server/flask/request_processing/req_logging.py:29}}
Oct 25 21:05:28 user devstack@keystone.service[45529]: DEBUG keystone.common.rbac_enforcer.enforcer [None req-98f2e3f9-7594-4141-8742-086d08587b4d admin admin] RBAC: Authorization granted {{(pid=45529) enforce_call /opt/stack/keystone/keystone/common/rbac_enforcer/enforcer.py:457}}
Oct 25 21:05:28 user devstack@keystone.service[45528]: DEBUG keystone.common.rbac_enforcer.enforcer [None req-7b2fe24f-9d51-4255-9b16-7df1e3f9f1e5 admin admin] Extracting inferred target data resulted in "NOT FOUND (404)". {{(pid=45528) enforce_call /opt/stack/keystone/keystone/common/rbac_enforcer/enforcer.py:409}}
Oct 25 21:05:28 user devstack@keystone.service[45528]: ERROR keystone.server.flask.application [None req-7b2fe24f-9d51-4255-9b16-7df1e3f9f1e5 admin admin] Could not find role: admin.: keystone.exception.RoleNotFound: Could not find role: admin.
Oct 25 21:05:28 user devstack@keystone.service[45528]: ERROR keystone.server.flask.application
Traceback (most recent call last):
Oct 25 21:05:28 user devstack@keystone.service[45528]: ERROR keystone.server.flask.application
File "/opt/stack/data/venv/lib/python3.10/site-packages/flask/app.py", line 1823, in full_dispatch_request
Oct 25 21:05:28 user devstack@keystone.service[45528]: ERROR keystone.server.flask.application rv = self.dispatch_request()
Oct 25 21:05:28 user devstack@keystone.service[45528]: ERROR keystone.server.flask.application
File "/opt/stack/data/venv/lib/python3.10/site-packages/flask/app.py", line 1799, in dispatch_request
Oct 25 21:05:28 user devstack@keystone.service[45528]: ERROR keystone.server.flask.application return self.ensure_sync(self.view_functions[rule.endpoint])(**view_args)
Oct 25 21:05:28 user devstack@keystone.service[45528]: ERROR keystone.server.flask.application
File "/opt/stack/data/venv/lib/python3.10/site-packages/flask_restful/__init__.py", line 489, in wrapper
Oct 25 21:05:28 user devstack@keystone.service[45528]: ERROR keystone.server.flask.application resp = resource(*args, **kwargs)
Oct 25 21:05:28 user devstack@keystone.service[45528]: ERROR keystone.server.flask.application
File "/opt/stack/data/venv/lib/python3.10/site-packages/flask/views.py", line 107, in view
Oct 25 21:05:28 user devstack@keystone.service[45528]: ERROR keystone.server.flask.application return current_app.ensure_sync(self.dispatch_request)(**kwargs)
Oct 25 21:05:28 user devstack@keystone.service[45528]: ERROR keystone.server.flask.application
File "/opt/stack/data/venv/lib/python3.10/site-packages/flask_restful/__init__.py", line 604, in dispatch_request
Oct 25 21:05:28 user devstack@keystone.service[45528]: ERROR keystone.server.flask.application resp = meth(*args, **kwargs)
Oct 25 21:05:28 user devstack@keystone.service[45528]: ERROR keystone.server.flask.application
File "/opt/stack/keystone/keystone/api/roles.py", line 50, in get
Oct 25 21:05:28 user devstack@keystone.service[45528]: ERROR keystone.server.flask.application return self._get_role(role_id)
Oct 25 21:05:28 user devstack@keystone.service[45528]: ERROR keystone.server.flask.application
File "/opt/stack/keystone/keystone/api/roles.py", line 70, in _get_role
Oct 25 21:05:28 user devstack@keystone.service[45528]: ERROR keystone.server.flask.application ENFORCER.enforce_call(action='identity:get_role')
Oct 25 21:05:28 user devstack@keystone.service[45528]: ERROR keystone.server.flask.application
File "/opt/stack/keystone/keystone/common/rbac_enforcer/enforcer.py", line 402, in enforce_call
Oct 25 21:05:28 user devstack@keystone.service[45528]: ERROR keystone.server.flask.application policy_dict.update(cls._extract_member_target_data(
Oct 25 21:05:28 user devstack@keystone.service[45528]: ERROR keystone.server.flask.application
File "/opt/stack/keystone/keystone/common/rbac_enforcer/enforcer.py", line 234, in _extract_member_target_data
Oct 25 21:05:28 user devstack@keystone.service[45528]: ERROR keystone.server.flask.application member_name: func(flask.request.view_args[key])
Oct 25 21:05:28 user devstack@keystone.service[45528]: ERROR keystone.server.flask.application
File "/opt/stack/keystone/keystone/common/manager.py", line 115, in wrapped
Oct 25 21:05:28 user devstack@keystone.service[45528]: ERROR keystone.server.flask.application __ret_val = __f(*args, **kwargs)
Oct 25 21:05:28 user devstack@keystone.service[45528]: ERROR keystone.server.flask.application
File "/opt/stack/data/venv/lib/python3.10/site-packages/decorator.py", line 232, in fun
Oct 25 21:05:28 user devstack@keystone.service[45528]: ERROR keystone.server.flask.application return caller(func, *(extras + args), **kw)
Oct 25 21:05:28 user devstack@keystone.service[45528]: ERROR keystone.server.flask.application
File "/opt/stack/data/venv/lib/python3.10/site-packages/dogpile/cache/region.py", line 1594, in get_or_create_for_user_func
Oct 25 21:05:28 user devstack@keystone.service[45528]: ERROR keystone.server.flask.application return self.get_or_create(
Oct 25 21:05:28 user devstack@keystone.service[45528]: ERROR keystone.server.flask.application
File "/opt/stack/data/venv/lib/python3.10/site-packages/dogpile/cache/region.py", line 1054, in get_or_create
Oct 25 21:05:28 user devstack@keystone.service[45528]: ERROR keystone.server.flask.application with Lock(
Oct 25 21:05:28 user devstack@keystone.service[45528]: ERROR keystone.server.flask.application
File "/opt/stack/data/venv/lib/python3.10/site-packages/dogpile/lock.py", line 185, in __enter__
Oct 25 21:05:28 user devstack@keystone.service[45528]: ERROR keystone.server.flask.application return self._enter()
Oct 25 21:05:28 user devstack@keystone.service[45528]: ERROR keystone.server.flask.application
File "/opt/stack/data/venv/lib/python3.10/site-packages/dogpile/lock.py", line 94, in _enter
Oct 25 21:05:28 user devstack@keystone.service[45528]: ERROR keystone.server.flask.application generated = self._enter_create(value, createdtime)
Oct 25 21:05:28 user devstack@keystone.service[45528]: ERROR keystone.server.flask.application
File "/opt/stack/data/venv/lib/python3.10/site-packages/dogpile/lock.py", line 178, in _enter_create
Oct 25 21:05:28 user devstack@keystone.service[45528]: ERROR keystone.server.flask.application return self.creator()
Oct 25 21:05:28 user devstack@keystone.service[45528]: ERROR keystone.server.flask.application
File "/opt/stack/data/venv/lib/python3.10/site-packages/dogpile/cache/region.py", line 1007, in gen_value
Oct 25 21:05:28 user devstack@keystone.service[45528]: ERROR keystone.server.flask.application created_value = creator(
Oct 25 21:05:28 user devstack@keystone.service[45528]: ERROR keystone.server.flask.application
File "/opt/stack/keystone/keystone/assignment/core.py", line 1276, in get_role
Oct 25 21:05:28 user devstack@keystone.service[45528]: ERROR keystone.server.flask.application return self.driver.get_role(role_id)
Oct 25 21:05:28 user devstack@keystone.service[45528]: ERROR keystone.server.flask.application
File "/opt/stack/keystone/keystone/assignment/role_backends/sql.py", line 70, in get_role
Oct 25 21:05:28 user devstack@keystone.service[45528]: ERROR keystone.server.flask.application return self._get_role(session, role_id).to_dict()
Oct 25 21:05:28 user devstack@keystone.service[45528]: ERROR keystone.server.flask.application
File "/opt/stack/keystone/keystone/assignment/role_backends/sql.py", line 65, in _get_role
Oct 25 21:05:28 user devstack@keystone.service[45528]: ERROR keystone.server.flask.application raise exception.RoleNotFound(role_id=role_id)
Oct 25 21:05:28 user devstack@keystone.service[45528]: ERROR keystone.server.flask.application keystone.exception.RoleNotFound: Could not find role: admin.
Oct 25 21:05:28 user devstack@keystone.service[45528]: ERROR keystone.server.flask.application
Oct 25 21:05:28 user devstack@keystone.service[45528]: [pid: 45528|app: 0|req: 94/291] 10.0.0.210 () {56 vars in 1112 bytes} [Wed Oct 25 21:05:28 2023] GET /identity/v3/roles/admin => generated 83 bytes in 32 msecs (HTTP/1.1 404) 5 headers in 183 bytes (2 switches on core 0)
Oct 25 21:05:28 user devstack@keystone.service[45529]: [pid: 45529|app: 0|req: 105/292] 10.0.0.210 () {58 vars in 1458 bytes} [Wed Oct 25 21:05:28 2023] PUT /identity/v3/projects/25276390d75c4e2cbadbb11ab234e71a/groups/d0ec4fcb36d44a1cb2a0ab2331702a79/roles/8f0d2cbe9a5e4c37ab0de23effae61b8 => generated 0 bytes in 35 msecs (HTTP/1.1 204) 3 headers in 132 bytes (0 switches on core 0)
Oct 25 21:05:28 user devstack@keystone.service[45528]: DEBUG keystone.server.flask.request_processing.middleware.auth_context [None req-7b2fe24f-9d51-4255-9b16-7df1e3f9f1e5 admin admin] Authenticating user token {{(pid=45528) process_request /opt/stack/data/venv/lib/python3.10/site-packages/keystonemiddleware/auth_token/__init__.py:406}}
Oct 25 21:05:28 user devstack@keystone.service[45528]: DEBUG keystone.server.flask.request_processing.middleware.auth_context [None req-7b2fe24f-9d51-4255-9b16-7df1e3f9f1e5 admin admin] Validating token access rules against request {{(pid=45528) validate_allowed_request /opt/stack/data/venv/lib/python3.10/site-packages/keystonemiddleware/auth_token/__init__.py:544}}
Oct 25 21:05:28 user devstack@keystone.service[45530]: DEBUG keystone.server.flask.request_processing.middleware.auth_context [None req-8345f056-259e-4de9-82b3-2169e0147822 admin admin] Validating token access rules against request {{(pid=45530) validate_allowed_request /opt/stack/data/venv/lib/python3.10/site-packages/keystonemiddleware/auth_token/__init__.py:544}}
Oct 25 21:05:28 user devstack@keystone.service[45530]: DEBUG keystone.server.flask.request_processing.middleware.auth_context [None req-a8e600c8-f87d-4254-94b5-a8aee45a9854 None admin] RBAC: auth_context: {'token': , 'domain_id': None, 'trust_id': None, 'trustor_id': None, 'trustee_id': None, 'domain_name': None, 'group_ids': [], 'user_id': 'd63f3df5b82e40e1be32a8c048900bbe', 'user_domain_id': 'default', 'system_scope': 'all', 'project_id': None, 'project_domain_id': None, 'roles': ['admin', 'manager', 'member', 'reader'], 'is_admin_project': True, 'service_user_id': None, 'service_user_domain_id': None, 'service_project_id': None, 'service_project_domain_id': None, 'service_roles': []} {{(pid=45530) fill_context /opt/stack/keystone/keystone/server/flask/request_processing/middleware/auth_context.py:480}}
Oct 25 21:05:28 user devstack@keystone.service[45530]: DEBUG keystone.server.flask.request_processing.req_logging [None req-a8e600c8-f87d-4254-94b5-a8aee45a9854 None admin] REQUEST_METHOD: `GET` {{(pid=45530) log_request_info /opt/stack/keystone/keystone/server/flask/request_processing/req_logging.py:27}}
Oct 25 21:05:28 user devstack@keystone.service[45530]: DEBUG keystone.server.flask.request_processing.req_logging [None req-a8e600c8-f87d-4254-94b5-a8aee45a9854 None admin] SCRIPT_NAME: `/identity` {{(pid=45530) log_request_info /opt/stack/keystone/keystone/server/flask/request_processing/req_logging.py:28}}
Oct 25 21:05:28 user devstack@keystone.service[45530]: DEBUG keystone.server.flask.request_processing.req_logging [None req-a8e600c8-f87d-4254-94b5-a8aee45a9854 None admin] PATH_INFO: `/v3/users/323b1c2abe0f4e73808e5caa51ac09d4` {{(pid=45530) log_request_info /opt/stack/keystone/keystone/server/flask/request_processing/req_logging.py:29}}
Oct 25 21:05:28 user devstack@keystone.service[45530]: DEBUG keystone.common.rbac_enforcer.enforcer [None req-a8e600c8-f87d-4254-94b5-a8aee45a9854 None admin] RBAC: Authorizing `identity:get_user(user_id=323b1c2abe0f4e73808e5caa51ac09d4)` {{(pid=45530) enforce_call /opt/stack/keystone/keystone/common/rbac_enforcer/enforcer.py:449}}
Oct 25 21:05:28 user devstack@keystone.service[45530]: DEBUG keystone.common.rbac_enforcer.enforcer [None req-a8e600c8-f87d-4254-94b5-a8aee45a9854 None admin] RBAC: Authorization granted {{(pid=45530) enforce_call /opt/stack/keystone/keystone/common/rbac_enforcer/enforcer.py:457}}
Oct 25 21:05:28 user devstack@keystone.service[45530]: [pid: 45530|app: 0|req: 94/293] 10.0.0.210 () {56 vars in 1172 bytes} [Wed Oct 25 21:05:28 2023] GET /identity/v3/users/323b1c2abe0f4e73808e5caa51ac09d4 => generated 292 bytes in 161 msecs (HTTP/1.1 200) 5 headers in 177 bytes (1 switches on core 0)
Oct 25 21:05:28 user devstack@keystone.service[45529]: DEBUG keystone.server.flask.request_processing.middleware.auth_context [None req-98f2e3f9-7594-4141-8742-086d08587b4d admin admin] Authenticating user token {{(pid=45529) process_request /opt/stack/data/venv/lib/python3.10/site-packages/keystonemiddleware/auth_token/__init__.py:406}}
Oct 25 21:05:28 user devstack@keystone.service[45528]: DEBUG keystone.server.flask.request_processing.middleware.auth_context [None req-7282983b-cbb5-4522-9154-87671b2ffd3a admin admin] RBAC: auth_context: {'token': , 'domain_id': None, 'trust_id': None, 'trustor_id': None, 'trustee_id': None, 'domain_name': None, 'group_ids': [], 'user_id': 'd63f3df5b82e40e1be32a8c048900bbe', 'user_domain_id': 'default', 'system_scope': None, 'project_id': '1714f2820764423b9f4461ac8cbd9965', 'project_domain_id': 'default', 'roles': ['manager', 'reader', 'admin', 'member'], 'is_admin_project': True, 'service_user_id': None, 'service_user_domain_id': None, 'service_project_id': None, 'service_project_domain_id': None, 'service_roles': []} {{(pid=45528) fill_context /opt/stack/keystone/keystone/server/flask/request_processing/middleware/auth_context.py:480}}
Oct 25 21:05:28 user devstack@keystone.service[45528]: DEBUG keystone.server.flask.request_processing.req_logging [None req-7282983b-cbb5-4522-9154-87671b2ffd3a admin admin] REQUEST_METHOD: `GET` {{(pid=45528) log_request_info /opt/stack/keystone/keystone/server/flask/request_processing/req_logging.py:27}}
Oct 25 21:05:28 user devstack@keystone.service[45528]: DEBUG keystone.server.flask.request_processing.req_logging [None req-7282983b-cbb5-4522-9154-87671b2ffd3a admin admin] SCRIPT_NAME: `/identity` {{(pid=45528) log_request_info /opt/stack/keystone/keystone/server/flask/request_processing/req_logging.py:28}}
Oct 25 21:05:28 user devstack@keystone.service[45528]: DEBUG keystone.server.flask.request_processing.req_logging [None req-7282983b-cbb5-4522-9154-87671b2ffd3a admin admin] PATH_INFO: `/v3/roles` {{(pid=45528) log_request_info /opt/stack/keystone/keystone/server/flask/request_processing/req_logging.py:29}}
Oct 25 21:05:28 user devstack@keystone.service[45528]: DEBUG keystone.common.rbac_enforcer.enforcer [None req-7282983b-cbb5-4522-9154-87671b2ffd3a admin admin] RBAC: Adding query filter params (name=admin) {{(pid=45528) _extract_filter_values /opt/stack/keystone/keystone/common/rbac_enforcer/enforcer.py:167}}
Oct 25 21:05:28 user devstack@keystone.service[45528]: DEBUG keystone.common.rbac_enforcer.enforcer [None req-7282983b-cbb5-4522-9154-87671b2ffd3a admin admin] RBAC: Authorizing `identity:list_roles()` {{(pid=45528) enforce_call /opt/stack/keystone/keystone/common/rbac_enforcer/enforcer.py:449}}
Oct 25 21:05:28 user devstack@keystone.service[45528]: WARNING py.warnings [None req-7282983b-cbb5-4522-9154-87671b2ffd3a admin admin] /opt/stack/data/venv/lib/python3.10/site-packages/oslo_policy/policy.py:1130: UserWarning: Policy "identity:list_roles": "role:reader and system_scope:all" failed scope check. The token used to make the request was project scoped but the policy requires ['system'] scope. This behavior may change in the future where using the intended scope is required
Oct 25 21:05:28 user devstack@keystone.service[45528]: warnings.warn(msg)
Oct 25 21:05:28 user devstack@keystone.service[45528]:
Oct 25 21:05:28 user devstack@keystone.service[45528]: DEBUG keystone.common.rbac_enforcer.enforcer [None req-7282983b-cbb5-4522-9154-87671b2ffd3a admin admin] RBAC: Authorization granted {{(pid=45528) enforce_call /opt/stack/keystone/keystone/common/rbac_enforcer/enforcer.py:457}}
Oct 25 21:05:28 user devstack@keystone.service[45528]: [pid: 45528|app: 0|req: 95/294] 10.0.0.210 () {56 vars in 1115 bytes} [Wed Oct 25 21:05:28 2023] GET /identity/v3/roles?name=admin => generated 337 bytes in 88 msecs (HTTP/1.1 200) 5 headers in 177 bytes (1 switches on core 0)
Oct 25 21:05:28 user devstack@keystone.service[45530]: DEBUG keystone.server.flask.request_processing.middleware.auth_context [None req-a8e600c8-f87d-4254-94b5-a8aee45a9854 None admin] Authenticating user token {{(pid=45530) process_request /opt/stack/data/venv/lib/python3.10/site-packages/keystonemiddleware/auth_token/__init__.py:406}}
Oct 25 21:05:28 user devstack@keystone.service[45530]: DEBUG keystone.server.flask.request_processing.middleware.auth_context [None req-a8e600c8-f87d-4254-94b5-a8aee45a9854 None admin] Validating token access rules against request {{(pid=45530) validate_allowed_request /opt/stack/data/venv/lib/python3.10/site-packages/keystonemiddleware/auth_token/__init__.py:544}}
Oct 25 21:05:28 user devstack@keystone.service[45530]: DEBUG keystone.server.flask.request_processing.middleware.auth_context [None req-4c4c0323-30df-4a8e-bbb6-411903e77ac4 admin admin] RBAC: auth_context: {'token': , 'domain_id': None, 'trust_id': None, 'trustor_id': None, 'trustee_id': None, 'domain_name': None, 'group_ids': [], 'user_id': 'd63f3df5b82e40e1be32a8c048900bbe', 'user_domain_id': 'default', 'system_scope': None, 'project_id': '1714f2820764423b9f4461ac8cbd9965', 'project_domain_id': 'default', 'roles': ['manager', 'reader', 'admin', 'member'], 'is_admin_project': True, 'service_user_id': None, 'service_user_domain_id': None, 'service_project_id': None, 'service_project_domain_id': None, 'service_roles': []} {{(pid=45530) fill_context /opt/stack/keystone/keystone/server/flask/request_processing/middleware/auth_context.py:480}}
Oct 25 21:05:28 user devstack@keystone.service[45530]: DEBUG keystone.server.flask.request_processing.req_logging [None req-4c4c0323-30df-4a8e-bbb6-411903e77ac4 admin admin] REQUEST_METHOD: `GET` {{(pid=45530) log_request_info /opt/stack/keystone/keystone/server/flask/request_processing/req_logging.py:27}}
Oct 25 21:05:28 user devstack@keystone.service[45530]: DEBUG keystone.server.flask.request_processing.req_logging [None req-4c4c0323-30df-4a8e-bbb6-411903e77ac4 admin admin] SCRIPT_NAME: `/identity` {{(pid=45530) log_request_info /opt/stack/keystone/keystone/server/flask/request_processing/req_logging.py:28}}
Oct 25 21:05:28 user devstack@keystone.service[45530]: DEBUG keystone.server.flask.request_processing.req_logging [None req-4c4c0323-30df-4a8e-bbb6-411903e77ac4 admin admin] PATH_INFO: `/v3/groups/e52b5ef617e840c0ae847de8d66cece9` {{(pid=45530) log_request_info /opt/stack/keystone/keystone/server/flask/request_processing/req_logging.py:29}}
Oct 25 21:05:28 user devstack@keystone.service[45530]: DEBUG keystone.common.rbac_enforcer.enforcer [None req-4c4c0323-30df-4a8e-bbb6-411903e77ac4 admin admin] RBAC: Authorizing `identity:get_group(group_id=e52b5ef617e840c0ae847de8d66cece9)` {{(pid=45530) enforce_call /opt/stack/keystone/keystone/common/rbac_enforcer/enforcer.py:449}}
Oct 25 21:05:28 user devstack@keystone.service[45530]: WARNING py.warnings [None req-4c4c0323-30df-4a8e-bbb6-411903e77ac4 admin admin] /opt/stack/data/venv/lib/python3.10/site-packages/oslo_policy/policy.py:1130: UserWarning: Policy "identity:get_group": "(role:reader and system_scope:all) or (role:reader and domain_id:%(target.group.domain_id)s)" failed scope check. The token used to make the request was project scoped but the policy requires ['system', 'domain'] scope. This behavior may change in the future where using the intended scope is required
Oct 25 21:05:28 user devstack@keystone.service[45530]: warnings.warn(msg)
Oct 25 21:05:28 user devstack@keystone.service[45530]:
Oct 25 21:05:28 user devstack@keystone.service[45530]: DEBUG keystone.common.rbac_enforcer.enforcer [None req-4c4c0323-30df-4a8e-bbb6-411903e77ac4 admin admin] RBAC: Authorization granted {{(pid=45530) enforce_call /opt/stack/keystone/keystone/common/rbac_enforcer/enforcer.py:457}}
Oct 25 21:05:28 user devstack@keystone.service[45530]: [pid: 45530|app: 0|req: 95/295] 10.0.0.210 () {56 vars in 1196 bytes} [Wed Oct 25 21:05:28 2023] GET /identity/v3/groups/e52b5ef617e840c0ae847de8d66cece9 => generated 228 bytes in 48 msecs (HTTP/1.1 200) 5 headers in 177 bytes (1 switches on core 0)
Oct 25 21:05:28 user devstack@keystone.service[45528]: DEBUG keystone.server.flask.request_processing.middleware.auth_context [None req-7282983b-cbb5-4522-9154-87671b2ffd3a admin admin] Authenticating user token {{(pid=45528) process_request /opt/stack/data/venv/lib/python3.10/site-packages/keystonemiddleware/auth_token/__init__.py:406}}
Oct 25 21:05:28 user devstack@keystone.service[45528]: DEBUG keystone.server.flask.request_processing.middleware.auth_context [None req-7282983b-cbb5-4522-9154-87671b2ffd3a admin admin] Validating token access rules against request {{(pid=45528) validate_allowed_request /opt/stack/data/venv/lib/python3.10/site-packages/keystonemiddleware/auth_token/__init__.py:544}}
Oct 25 21:05:28 user devstack@keystone.service[45528]: DEBUG keystone.server.flask.request_processing.middleware.auth_context [None req-3c1b4875-f6d2-4884-b181-bc6dba51dfba admin admin] RBAC: auth_context: {'token': , 'domain_id': None, 'trust_id': None, 'trustor_id': None, 'trustee_id': None, 'domain_name': None, 'group_ids': [], 'user_id': 'd63f3df5b82e40e1be32a8c048900bbe', 'user_domain_id': 'default', 'system_scope': None, 'project_id': '1714f2820764423b9f4461ac8cbd9965', 'project_domain_id': 'default', 'roles': ['manager', 'reader', 'admin', 'member'], 'is_admin_project': True, 'service_user_id': None, 'service_user_domain_id': None, 'service_project_id': None, 'service_project_domain_id': None, 'service_roles': []} {{(pid=45528) fill_context /opt/stack/keystone/keystone/server/flask/request_processing/middleware/auth_context.py:480}}
Oct 25 21:05:28 user devstack@keystone.service[45528]: DEBUG keystone.server.flask.request_processing.req_logging [None req-3c1b4875-f6d2-4884-b181-bc6dba51dfba admin admin] REQUEST_METHOD: `GET` {{(pid=45528) log_request_info /opt/stack/keystone/keystone/server/flask/request_processing/req_logging.py:27}}
Oct 25 21:05:28 user devstack@keystone.service[45528]: DEBUG keystone.server.flask.request_processing.req_logging [None req-3c1b4875-f6d2-4884-b181-bc6dba51dfba admin admin] SCRIPT_NAME: `/identity` {{(pid=45528) log_request_info /opt/stack/keystone/keystone/server/flask/request_processing/req_logging.py:28}}
Oct 25 21:05:28 user devstack@keystone.service[45528]: DEBUG keystone.server.flask.request_processing.req_logging [None req-3c1b4875-f6d2-4884-b181-bc6dba51dfba admin admin] PATH_INFO: `/v3/projects/1714f2820764423b9f4461ac8cbd9965` {{(pid=45528) log_request_info /opt/stack/keystone/keystone/server/flask/request_processing/req_logging.py:29}}
Oct 25 21:05:28 user devstack@keystone.service[45528]: DEBUG keystone.common.rbac_enforcer.enforcer [None req-3c1b4875-f6d2-4884-b181-bc6dba51dfba admin admin] RBAC: Authorizing `identity:get_project(project_id=1714f2820764423b9f4461ac8cbd9965)` {{(pid=45528) enforce_call /opt/stack/keystone/keystone/common/rbac_enforcer/enforcer.py:449}}
Oct 25 21:05:28 user devstack@keystone.service[45528]: DEBUG keystone.common.rbac_enforcer.enforcer [None req-3c1b4875-f6d2-4884-b181-bc6dba51dfba admin admin] RBAC: Authorization granted {{(pid=45528) enforce_call /opt/stack/keystone/keystone/common/rbac_enforcer/enforcer.py:457}}
Oct 25 21:05:28 user devstack@keystone.service[45528]: [pid: 45528|app: 0|req: 96/296] 10.0.0.210 () {56 vars in 1202 bytes} [Wed Oct 25 21:05:28 2023] GET /identity/v3/projects/1714f2820764423b9f4461ac8cbd9965 => generated 343 bytes in 21 msecs (HTTP/1.1 200) 5 headers in 177 bytes (1 switches on core 0)
Oct 25 21:05:29 user devstack@keystone.service[45530]: DEBUG keystone.server.flask.request_processing.middleware.auth_context [None req-4c4c0323-30df-4a8e-bbb6-411903e77ac4 admin admin] Authenticating user token {{(pid=45530) process_request /opt/stack/data/venv/lib/python3.10/site-packages/keystonemiddleware/auth_token/__init__.py:406}}
Oct 25 21:05:29 user devstack@keystone.service[45530]: DEBUG keystone.server.flask.request_processing.middleware.auth_context [None req-4c4c0323-30df-4a8e-bbb6-411903e77ac4 admin admin] Validating token access rules against request {{(pid=45530) validate_allowed_request /opt/stack/data/venv/lib/python3.10/site-packages/keystonemiddleware/auth_token/__init__.py:544}}
Oct 25 21:05:29 user devstack@keystone.service[45530]: DEBUG keystone.server.flask.request_processing.middleware.auth_context [None req-f8508032-0e42-46e0-99b5-5acfd5aaf0e7 admin admin] RBAC: auth_context: {'token': , 'domain_id': None, 'trust_id': None, 'trustor_id': None, 'trustee_id': None, 'domain_name': None, 'group_ids': [], 'user_id': 'd63f3df5b82e40e1be32a8c048900bbe', 'user_domain_id': 'default', 'system_scope': None, 'project_id': '1714f2820764423b9f4461ac8cbd9965', 'project_domain_id': 'default', 'roles': ['manager', 'reader', 'admin', 'member'], 'is_admin_project': True, 'service_user_id': None, 'service_user_domain_id': None, 'service_project_id': None, 'service_project_domain_id': None, 'service_roles': []} {{(pid=45530) fill_context /opt/stack/keystone/keystone/server/flask/request_processing/middleware/auth_context.py:480}}
Oct 25 21:05:29 user devstack@keystone.service[45530]: DEBUG keystone.server.flask.request_processing.req_logging [None req-f8508032-0e42-46e0-99b5-5acfd5aaf0e7 admin admin] REQUEST_METHOD: `PUT` {{(pid=45530) log_request_info /opt/stack/keystone/keystone/server/flask/request_processing/req_logging.py:27}}
Oct 25 21:05:29 user devstack@keystone.service[45530]: DEBUG keystone.server.flask.request_processing.req_logging [None req-f8508032-0e42-46e0-99b5-5acfd5aaf0e7 admin admin] SCRIPT_NAME: `/identity` {{(pid=45530) log_request_info /opt/stack/keystone/keystone/server/flask/request_processing/req_logging.py:28}}
Oct 25 21:05:29 user devstack@keystone.service[45530]: DEBUG keystone.server.flask.request_processing.req_logging [None req-f8508032-0e42-46e0-99b5-5acfd5aaf0e7 admin admin] PATH_INFO: `/v3/projects/1714f2820764423b9f4461ac8cbd9965/groups/e52b5ef617e840c0ae847de8d66cece9/roles/d03b7f63e8fb47ee9e6e4531d85ff5f5` {{(pid=45530) log_request_info /opt/stack/keystone/keystone/server/flask/request_processing/req_logging.py:29}}
Oct 25 21:05:29 user devstack@keystone.service[45530]: DEBUG keystone.common.rbac_enforcer.enforcer [None req-f8508032-0e42-46e0-99b5-5acfd5aaf0e7 admin admin] RBAC: Authorizing `identity:create_grant(project_id=1714f2820764423b9f4461ac8cbd9965, group_id=e52b5ef617e840c0ae847de8d66cece9, role_id=d03b7f63e8fb47ee9e6e4531d85ff5f5)` {{(pid=45530) enforce_call /opt/stack/keystone/keystone/common/rbac_enforcer/enforcer.py:449}}
Oct 25 21:05:29 user devstack@keystone.service[45530]: WARNING py.warnings [None req-f8508032-0e42-46e0-99b5-5acfd5aaf0e7 admin admin] /opt/stack/data/venv/lib/python3.10/site-packages/oslo_policy/policy.py:1130: UserWarning: Policy "identity:create_grant": "(role:admin and system_scope:all) or ((role:admin and domain_id:%(target.user.domain_id)s and domain_id:%(target.project.domain_id)s) or (role:admin and domain_id:%(target.user.domain_id)s and domain_id:%(target.domain.id)s) or (role:admin and domain_id:%(target.group.domain_id)s and domain_id:%(target.project.domain_id)s) or (role:admin and domain_id:%(target.group.domain_id)s and domain_id:%(target.domain.id)s)) and (domain_id:%(target.role.domain_id)s or None:%(target.role.domain_id)s)" failed scope check. The token used to make the request was project scoped but the policy requires ['system', 'domain'] scope. This behavior may change in the future where using the intended scope is required
Oct 25 21:05:29 user devstack@keystone.service[45530]: warnings.warn(msg)
Oct 25 21:05:29 user devstack@keystone.service[45530]:
Oct 25 21:05:29 user devstack@keystone.service[45530]: DEBUG keystone.common.rbac_enforcer.enforcer [None req-f8508032-0e42-46e0-99b5-5acfd5aaf0e7 admin admin] RBAC: Authorization granted {{(pid=45530) enforce_call /opt/stack/keystone/keystone/common/rbac_enforcer/enforcer.py:457}}
Oct 25 21:05:29 user devstack@keystone.service[45530]: [pid: 45530|app: 0|req: 96/297] 10.0.0.210 () {58 vars in 1458 bytes} [Wed Oct 25 21:05:28 2023] PUT /identity/v3/projects/1714f2820764423b9f4461ac8cbd9965/groups/e52b5ef617e840c0ae847de8d66cece9/roles/d03b7f63e8fb47ee9e6e4531d85ff5f5 => generated 0 bytes in 34 msecs (HTTP/1.1 204) 3 headers in 132 bytes (0 switches on core 0)
Oct 25 21:05:29 user devstack@keystone.service[45529]: DEBUG keystone.server.flask.request_processing.middleware.auth_context [None req-98f2e3f9-7594-4141-8742-086d08587b4d admin admin] Validating token access rules against request {{(pid=45529) validate_allowed_request /opt/stack/data/venv/lib/python3.10/site-packages/keystonemiddleware/auth_token/__init__.py:544}}
