Oct 25 21:05:08 user devstack@keystone.service[45530]: DEBUG keystone.server.flask.request_processing.req_logging [None req-25dbeb8e-ac50-4510-89d8-334d88233458 None admin] SCRIPT_NAME: `/identity` {{(pid=45530) log_request_info /opt/stack/keystone/keystone/server/flask/request_processing/req_logging.py:28}}
Oct 25 21:05:08 user devstack@keystone.service[45530]: DEBUG keystone.server.flask.request_processing.req_logging [None req-25dbeb8e-ac50-4510-89d8-334d88233458 None admin] PATH_INFO: `/v3/users/d12b6c7aea644628831b20b57d3d4fd5` {{(pid=45530) log_request_info /opt/stack/keystone/keystone/server/flask/request_processing/req_logging.py:29}}
Oct 25 21:05:08 user devstack@keystone.service[45530]: DEBUG keystone.common.rbac_enforcer.enforcer [None req-25dbeb8e-ac50-4510-89d8-334d88233458 None admin] RBAC: Authorizing `identity:get_user(user_id=d12b6c7aea644628831b20b57d3d4fd5)` {{(pid=45530) enforce_call /opt/stack/keystone/keystone/common/rbac_enforcer/enforcer.py:449}}
Oct 25 21:05:08 user devstack@keystone.service[45530]: DEBUG keystone.common.rbac_enforcer.enforcer [None req-25dbeb8e-ac50-4510-89d8-334d88233458 None admin] RBAC: Authorization granted {{(pid=45530) enforce_call /opt/stack/keystone/keystone/common/rbac_enforcer/enforcer.py:457}}
Oct 25 21:05:08 user devstack@keystone.service[45530]: [pid: 45530|app: 0|req: 36/113] 10.0.0.210 () {56 vars in 1172 bytes} [Wed Oct 25 21:05:08 2023] GET /identity/v3/users/d12b6c7aea644628831b20b57d3d4fd5 => generated 274 bytes in 130 msecs (HTTP/1.1 200) 5 headers in 177 bytes (1 switches on core 0)
Oct 25 21:05:08 user devstack@keystone.service[45530]: DEBUG keystone.server.flask.request_processing.middleware.auth_context [None req-25dbeb8e-ac50-4510-89d8-334d88233458 None admin] Authenticating user token {{(pid=45530) process_request /opt/stack/data/venv/lib/python3.10/site-packages/keystonemiddleware/auth_token/__init__.py:406}}
Oct 25 21:05:08 user devstack@keystone.service[45529]: DEBUG keystone.server.flask.request_processing.middleware.auth_context [None req-eb609e05-3d1b-4c23-b7e8-baecac802da8 None admin] RBAC: auth_context: {'token': , 'domain_id': None, 'trust_id': None, 'trustor_id': None, 'trustee_id': None, 'domain_name': None, 'group_ids': [], 'user_id': 'd63f3df5b82e40e1be32a8c048900bbe', 'user_domain_id': 'default', 'system_scope': 'all', 'project_id': None, 'project_domain_id': None, 'roles': ['admin', 'manager', 'member', 'reader'], 'is_admin_project': True, 'service_user_id': None, 'service_user_domain_id': None, 'service_project_id': None, 'service_project_domain_id': None, 'service_roles': []} {{(pid=45529) fill_context /opt/stack/keystone/keystone/server/flask/request_processing/middleware/auth_context.py:480}}
Oct 25 21:05:08 user devstack@keystone.service[45529]: DEBUG keystone.server.flask.request_processing.req_logging [None req-eb609e05-3d1b-4c23-b7e8-baecac802da8 None admin] REQUEST_METHOD: `POST` {{(pid=45529) log_request_info /opt/stack/keystone/keystone/server/flask/request_processing/req_logging.py:27}}
Oct 25 21:05:08 user devstack@keystone.service[45529]: DEBUG keystone.server.flask.request_processing.req_logging [None req-eb609e05-3d1b-4c23-b7e8-baecac802da8 None admin] SCRIPT_NAME: `/identity` {{(pid=45529) log_request_info /opt/stack/keystone/keystone/server/flask/request_processing/req_logging.py:28}}
Oct 25 21:05:08 user devstack@keystone.service[45529]: DEBUG keystone.server.flask.request_processing.req_logging [None req-eb609e05-3d1b-4c23-b7e8-baecac802da8 None admin] PATH_INFO: `/v3/projects` {{(pid=45529) log_request_info /opt/stack/keystone/keystone/server/flask/request_processing/req_logging.py:29}}
Oct 25 21:05:08 user devstack@keystone.service[45529]: DEBUG keystone.common.rbac_enforcer.enforcer [None req-eb609e05-3d1b-4c23-b7e8-baecac802da8 None admin] RBAC: Authorizing `identity:create_project()` {{(pid=45529) enforce_call /opt/stack/keystone/keystone/common/rbac_enforcer/enforcer.py:449}}
Oct 25 21:05:08 user devstack@keystone.service[45529]: DEBUG keystone.common.rbac_enforcer.enforcer [None req-eb609e05-3d1b-4c23-b7e8-baecac802da8 None admin] RBAC: Authorization granted {{(pid=45529) enforce_call /opt/stack/keystone/keystone/common/rbac_enforcer/enforcer.py:457}}
Oct 25 21:05:08 user devstack@keystone.service[45529]: [pid: 45529|app: 0|req: 42/114] 10.0.0.210 () {60 vars in 1136 bytes} [Wed Oct 25 21:05:08 2023] POST /identity/v3/projects => generated 301 bytes in 156 msecs (HTTP/1.1 201) 5 headers in 182 bytes (1 switches on core 0)
Oct 25 21:05:08 user devstack@keystone.service[45529]: DEBUG keystone.server.flask.request_processing.middleware.auth_context [None req-eb609e05-3d1b-4c23-b7e8-baecac802da8 None admin] Authenticating user token {{(pid=45529) process_request /opt/stack/data/venv/lib/python3.10/site-packages/keystonemiddleware/auth_token/__init__.py:406}}
Oct 25 21:05:08 user devstack@keystone.service[45530]: DEBUG keystone.server.flask.request_processing.middleware.auth_context [None req-25dbeb8e-ac50-4510-89d8-334d88233458 None admin] Validating token access rules against request {{(pid=45530) validate_allowed_request /opt/stack/data/venv/lib/python3.10/site-packages/keystonemiddleware/auth_token/__init__.py:544}}
Oct 25 21:05:08 user devstack@keystone.service[45530]: DEBUG keystone.server.flask.request_processing.middleware.auth_context [None req-eb02545e-ea31-4914-9c4a-babcbe841a40 None admin] RBAC: auth_context: {'token': , 'domain_id': None, 'trust_id': None, 'trustor_id': None, 'trustee_id': None, 'domain_name': None, 'group_ids': [], 'user_id': 'd63f3df5b82e40e1be32a8c048900bbe', 'user_domain_id': 'default', 'system_scope': 'all', 'project_id': None, 'project_domain_id': None, 'roles': ['admin', 'manager', 'member', 'reader'], 'is_admin_project': True, 'service_user_id': None, 'service_user_domain_id': None, 'service_project_id': None, 'service_project_domain_id': None, 'service_roles': []} {{(pid=45530) fill_context /opt/stack/keystone/keystone/server/flask/request_processing/middleware/auth_context.py:480}}
Oct 25 21:05:08 user devstack@keystone.service[45530]: DEBUG keystone.server.flask.request_processing.req_logging [None req-eb02545e-ea31-4914-9c4a-babcbe841a40 None admin] REQUEST_METHOD: `GET` {{(pid=45530) log_request_info /opt/stack/keystone/keystone/server/flask/request_processing/req_logging.py:27}}
Oct 25 21:05:08 user devstack@keystone.service[45530]: DEBUG keystone.server.flask.request_processing.req_logging [None req-eb02545e-ea31-4914-9c4a-babcbe841a40 None admin] SCRIPT_NAME: `/identity` {{(pid=45530) log_request_info /opt/stack/keystone/keystone/server/flask/request_processing/req_logging.py:28}}
Oct 25 21:05:08 user devstack@keystone.service[45530]: DEBUG keystone.server.flask.request_processing.req_logging [None req-eb02545e-ea31-4914-9c4a-babcbe841a40 None admin] PATH_INFO: `/v3/auth/tokens` {{(pid=45530) log_request_info /opt/stack/keystone/keystone/server/flask/request_processing/req_logging.py:29}}
Oct 25 21:05:08 user devstack@keystone.service[45529]: DEBUG keystone.server.flask.request_processing.middleware.auth_context [None req-eb609e05-3d1b-4c23-b7e8-baecac802da8 None admin] Validating token access rules against request {{(pid=45529) validate_allowed_request /opt/stack/data/venv/lib/python3.10/site-packages/keystonemiddleware/auth_token/__init__.py:544}}
Oct 25 21:05:08 user devstack@keystone.service[45528]: DEBUG keystone.server.flask.request_processing.middleware.auth_context [None req-4e83aa39-7699-433c-b6d0-43c3b8a13692 None admin] Validating token access rules against request {{(pid=45528) validate_allowed_request /opt/stack/data/venv/lib/python3.10/site-packages/keystonemiddleware/auth_token/__init__.py:544}}
Oct 25 21:05:08 user devstack@keystone.service[45529]: DEBUG keystone.server.flask.request_processing.middleware.auth_context [None req-cf878122-04b6-4ec2-90cf-9c15d0875941 None admin] RBAC: auth_context: {'token': , 'domain_id': None, 'trust_id': None, 'trustor_id': None, 'trustee_id': None, 'domain_name': None, 'group_ids': [], 'user_id': 'd63f3df5b82e40e1be32a8c048900bbe', 'user_domain_id': 'default', 'system_scope': 'all', 'project_id': None, 'project_domain_id': None, 'roles': ['admin', 'manager', 'member', 'reader'], 'is_admin_project': True, 'service_user_id': None, 'service_user_domain_id': None, 'service_project_id': None, 'service_project_domain_id': None, 'service_roles': []} {{(pid=45529) fill_context /opt/stack/keystone/keystone/server/flask/request_processing/middleware/auth_context.py:480}}
Oct 25 21:05:08 user devstack@keystone.service[45529]: DEBUG keystone.server.flask.request_processing.req_logging [None req-cf878122-04b6-4ec2-90cf-9c15d0875941 None admin] REQUEST_METHOD: `GET` {{(pid=45529) log_request_info /opt/stack/keystone/keystone/server/flask/request_processing/req_logging.py:27}}
Oct 25 21:05:08 user devstack@keystone.service[45529]: DEBUG keystone.server.flask.request_processing.req_logging [None req-cf878122-04b6-4ec2-90cf-9c15d0875941 None admin] SCRIPT_NAME: `/identity` {{(pid=45529) log_request_info /opt/stack/keystone/keystone/server/flask/request_processing/req_logging.py:28}}
Oct 25 21:05:08 user devstack@keystone.service[45529]: DEBUG keystone.server.flask.request_processing.req_logging [None req-cf878122-04b6-4ec2-90cf-9c15d0875941 None admin] PATH_INFO: `/v3/projects/03191470a8ef42b5af4ce418c8abe90d` {{(pid=45529) log_request_info /opt/stack/keystone/keystone/server/flask/request_processing/req_logging.py:29}}
Oct 25 21:05:08 user devstack@keystone.service[45529]: DEBUG keystone.common.rbac_enforcer.enforcer [None req-cf878122-04b6-4ec2-90cf-9c15d0875941 None admin] RBAC: Authorizing `identity:get_project(project_id=03191470a8ef42b5af4ce418c8abe90d)` {{(pid=45529) enforce_call /opt/stack/keystone/keystone/common/rbac_enforcer/enforcer.py:449}}
Oct 25 21:05:08 user devstack@keystone.service[45529]: DEBUG keystone.common.rbac_enforcer.enforcer [None req-cf878122-04b6-4ec2-90cf-9c15d0875941 None admin] RBAC: Authorization granted {{(pid=45529) enforce_call /opt/stack/keystone/keystone/common/rbac_enforcer/enforcer.py:457}}
Oct 25 21:05:08 user devstack@keystone.service[45529]: [pid: 45529|app: 0|req: 43/115] 10.0.0.210 () {56 vars in 1181 bytes} [Wed Oct 25 21:05:08 2023] GET /identity/v3/projects/03191470a8ef42b5af4ce418c8abe90d => generated 297 bytes in 133 msecs (HTTP/1.1 200) 5 headers in 177 bytes (1 switches on core 0)
Oct 25 21:05:08 user devstack@keystone.service[45529]: DEBUG keystone.server.flask.request_processing.middleware.auth_context [None req-cf878122-04b6-4ec2-90cf-9c15d0875941 None admin] Authenticating user token {{(pid=45529) process_request /opt/stack/data/venv/lib/python3.10/site-packages/keystonemiddleware/auth_token/__init__.py:406}}
Oct 25 21:05:08 user devstack@keystone.service[45528]: DEBUG keystone.server.flask.request_processing.middleware.auth_context [None req-47b9b033-f725-42d2-9fe6-46c7d7578336 None admin] RBAC: auth_context: {'token': , 'domain_id': None, 'trust_id': None, 'trustor_id': None, 'trustee_id': None, 'domain_name': None, 'group_ids': [], 'user_id': 'd63f3df5b82e40e1be32a8c048900bbe', 'user_domain_id': 'default', 'system_scope': 'all', 'project_id': None, 'project_domain_id': None, 'roles': ['admin', 'manager', 'member', 'reader'], 'is_admin_project': True, 'service_user_id': None, 'service_user_domain_id': None, 'service_project_id': None, 'service_project_domain_id': None, 'service_roles': []} {{(pid=45528) fill_context /opt/stack/keystone/keystone/server/flask/request_processing/middleware/auth_context.py:480}}
Oct 25 21:05:08 user devstack@keystone.service[45528]: DEBUG keystone.server.flask.request_processing.req_logging [None req-47b9b033-f725-42d2-9fe6-46c7d7578336 None admin] REQUEST_METHOD: `GET` {{(pid=45528) log_request_info /opt/stack/keystone/keystone/server/flask/request_processing/req_logging.py:27}}
Oct 25 21:05:08 user devstack@keystone.service[45528]: DEBUG keystone.server.flask.request_processing.req_logging [None req-47b9b033-f725-42d2-9fe6-46c7d7578336 None admin] SCRIPT_NAME: `/identity` {{(pid=45528) log_request_info /opt/stack/keystone/keystone/server/flask/request_processing/req_logging.py:28}}
Oct 25 21:05:08 user devstack@keystone.service[45528]: DEBUG keystone.server.flask.request_processing.req_logging [None req-47b9b033-f725-42d2-9fe6-46c7d7578336 None admin] PATH_INFO: `/v3/roles/member` {{(pid=45528) log_request_info /opt/stack/keystone/keystone/server/flask/request_processing/req_logging.py:29}}
Oct 25 21:05:08 user devstack@keystone.service[45530]: DEBUG keystone.common.rbac_enforcer.enforcer [None req-eb02545e-ea31-4914-9c4a-babcbe841a40 None admin] RBAC: Authorizing `identity:validate_token()` {{(pid=45530) enforce_call /opt/stack/keystone/keystone/common/rbac_enforcer/enforcer.py:449}}
Oct 25 21:05:08 user devstack@keystone.service[45530]: DEBUG keystone.common.rbac_enforcer.enforcer [None req-eb02545e-ea31-4914-9c4a-babcbe841a40 None admin] RBAC: Authorization granted {{(pid=45530) enforce_call /opt/stack/keystone/keystone/common/rbac_enforcer/enforcer.py:457}}
Oct 25 21:05:08 user devstack@keystone.service[45528]: DEBUG keystone.common.rbac_enforcer.enforcer [None req-47b9b033-f725-42d2-9fe6-46c7d7578336 None admin] Extracting inferred target data resulted in "NOT FOUND (404)". {{(pid=45528) enforce_call /opt/stack/keystone/keystone/common/rbac_enforcer/enforcer.py:409}}
Oct 25 21:05:08 user devstack@keystone.service[45528]: ERROR keystone.server.flask.application [None req-47b9b033-f725-42d2-9fe6-46c7d7578336 None admin] Could not find role: member.: keystone.exception.RoleNotFound: Could not find role: member.
Oct 25 21:05:08 user devstack@keystone.service[45528]: ERROR keystone.server.flask.application
Traceback (most recent call last):
Oct 25 21:05:08 user devstack@keystone.service[45528]: ERROR keystone.server.flask.application
File "/opt/stack/data/venv/lib/python3.10/site-packages/flask/app.py", line 1823, in full_dispatch_request
Oct 25 21:05:08 user devstack@keystone.service[45528]: ERROR keystone.server.flask.application rv = self.dispatch_request()
Oct 25 21:05:08 user devstack@keystone.service[45528]: ERROR keystone.server.flask.application
File "/opt/stack/data/venv/lib/python3.10/site-packages/flask/app.py", line 1799, in dispatch_request
Oct 25 21:05:08 user devstack@keystone.service[45528]: ERROR keystone.server.flask.application return self.ensure_sync(self.view_functions[rule.endpoint])(**view_args)
Oct 25 21:05:08 user devstack@keystone.service[45528]: ERROR keystone.server.flask.application
File "/opt/stack/data/venv/lib/python3.10/site-packages/flask_restful/__init__.py", line 489, in wrapper
Oct 25 21:05:08 user devstack@keystone.service[45528]: ERROR keystone.server.flask.application resp = resource(*args, **kwargs)
Oct 25 21:05:08 user devstack@keystone.service[45528]: ERROR keystone.server.flask.application
File "/opt/stack/data/venv/lib/python3.10/site-packages/flask/views.py", line 107, in view
Oct 25 21:05:08 user devstack@keystone.service[45528]: ERROR keystone.server.flask.application return current_app.ensure_sync(self.dispatch_request)(**kwargs)
Oct 25 21:05:08 user devstack@keystone.service[45528]: ERROR keystone.server.flask.application
File "/opt/stack/data/venv/lib/python3.10/site-packages/flask_restful/__init__.py", line 604, in dispatch_request
Oct 25 21:05:08 user devstack@keystone.service[45528]: ERROR keystone.server.flask.application resp = meth(*args, **kwargs)
Oct 25 21:05:08 user devstack@keystone.service[45528]: ERROR keystone.server.flask.application
File "/opt/stack/keystone/keystone/api/roles.py", line 50, in get
Oct 25 21:05:08 user devstack@keystone.service[45528]: ERROR keystone.server.flask.application return self._get_role(role_id)
Oct 25 21:05:08 user devstack@keystone.service[45528]: ERROR keystone.server.flask.application
File "/opt/stack/keystone/keystone/api/roles.py", line 70, in _get_role
Oct 25 21:05:08 user devstack@keystone.service[45528]: ERROR keystone.server.flask.application ENFORCER.enforce_call(action='identity:get_role')
Oct 25 21:05:08 user devstack@keystone.service[45528]: ERROR keystone.server.flask.application
File "/opt/stack/keystone/keystone/common/rbac_enforcer/enforcer.py", line 402, in enforce_call
Oct 25 21:05:08 user devstack@keystone.service[45528]: ERROR keystone.server.flask.application policy_dict.update(cls._extract_member_target_data(
Oct 25 21:05:08 user devstack@keystone.service[45528]: ERROR keystone.server.flask.application
File "/opt/stack/keystone/keystone/common/rbac_enforcer/enforcer.py", line 234, in _extract_member_target_data
Oct 25 21:05:08 user devstack@keystone.service[45528]: ERROR keystone.server.flask.application member_name: func(flask.request.view_args[key])
Oct 25 21:05:08 user devstack@keystone.service[45528]: ERROR keystone.server.flask.application
File "/opt/stack/keystone/keystone/common/manager.py", line 115, in wrapped
Oct 25 21:05:08 user devstack@keystone.service[45528]: ERROR keystone.server.flask.application __ret_val = __f(*args, **kwargs)
Oct 25 21:05:08 user devstack@keystone.service[45528]: ERROR keystone.server.flask.application
File "/opt/stack/data/venv/lib/python3.10/site-packages/decorator.py", line 232, in fun
Oct 25 21:05:08 user devstack@keystone.service[45528]: ERROR keystone.server.flask.application return caller(func, *(extras + args), **kw)
Oct 25 21:05:08 user devstack@keystone.service[45528]: ERROR keystone.server.flask.application
File "/opt/stack/data/venv/lib/python3.10/site-packages/dogpile/cache/region.py", line 1594, in get_or_create_for_user_func
Oct 25 21:05:08 user devstack@keystone.service[45528]: ERROR keystone.server.flask.application return self.get_or_create(
Oct 25 21:05:08 user devstack@keystone.service[45528]: ERROR keystone.server.flask.application
File "/opt/stack/data/venv/lib/python3.10/site-packages/dogpile/cache/region.py", line 1054, in get_or_create
Oct 25 21:05:08 user devstack@keystone.service[45528]: ERROR keystone.server.flask.application with Lock(
Oct 25 21:05:08 user devstack@keystone.service[45528]: ERROR keystone.server.flask.application
File "/opt/stack/data/venv/lib/python3.10/site-packages/dogpile/lock.py", line 185, in __enter__
Oct 25 21:05:08 user devstack@keystone.service[45528]: ERROR keystone.server.flask.application return self._enter()
Oct 25 21:05:08 user devstack@keystone.service[45528]: ERROR keystone.server.flask.application
File "/opt/stack/data/venv/lib/python3.10/site-packages/dogpile/lock.py", line 94, in _enter
Oct 25 21:05:08 user devstack@keystone.service[45528]: ERROR keystone.server.flask.application generated = self._enter_create(value, createdtime)
Oct 25 21:05:08 user devstack@keystone.service[45528]: ERROR keystone.server.flask.application
File "/opt/stack/data/venv/lib/python3.10/site-packages/dogpile/lock.py", line 178, in _enter_create
Oct 25 21:05:08 user devstack@keystone.service[45528]: ERROR keystone.server.flask.application return self.creator()
Oct 25 21:05:08 user devstack@keystone.service[45528]: ERROR keystone.server.flask.application
File "/opt/stack/data/venv/lib/python3.10/site-packages/dogpile/cache/region.py", line 1007, in gen_value
Oct 25 21:05:08 user devstack@keystone.service[45528]: ERROR keystone.server.flask.application created_value = creator(
Oct 25 21:05:08 user devstack@keystone.service[45528]: ERROR keystone.server.flask.application
File "/opt/stack/keystone/keystone/assignment/core.py", line 1276, in get_role
Oct 25 21:05:08 user devstack@keystone.service[45528]: ERROR keystone.server.flask.application return self.driver.get_role(role_id)
Oct 25 21:05:08 user devstack@keystone.service[45528]: ERROR keystone.server.flask.application
File "/opt/stack/keystone/keystone/assignment/role_backends/sql.py", line 70, in get_role
Oct 25 21:05:08 user devstack@keystone.service[45528]: ERROR keystone.server.flask.application return self._get_role(session, role_id).to_dict()
Oct 25 21:05:08 user devstack@keystone.service[45528]: ERROR keystone.server.flask.application
File "/opt/stack/keystone/keystone/assignment/role_backends/sql.py", line 65, in _get_role
Oct 25 21:05:08 user devstack@keystone.service[45528]: ERROR keystone.server.flask.application raise exception.RoleNotFound(role_id=role_id)
Oct 25 21:05:08 user devstack@keystone.service[45528]: ERROR keystone.server.flask.application keystone.exception.RoleNotFound: Could not find role: member.
Oct 25 21:05:08 user devstack@keystone.service[45528]: ERROR keystone.server.flask.application
Oct 25 21:05:08 user devstack@keystone.service[45528]: [pid: 45528|app: 0|req: 37/116] 10.0.0.210 () {56 vars in 1094 bytes} [Wed Oct 25 21:05:08 2023] GET /identity/v3/roles/member => generated 84 bytes in 394 msecs (HTTP/1.1 404) 5 headers in 183 bytes (1 switches on core 0)
Oct 25 21:05:08 user devstack@keystone.service[45528]: DEBUG keystone.server.flask.request_processing.middleware.auth_context [None req-47b9b033-f725-42d2-9fe6-46c7d7578336 None admin] Authenticating user token {{(pid=45528) process_request /opt/stack/data/venv/lib/python3.10/site-packages/keystonemiddleware/auth_token/__init__.py:406}}
Oct 25 21:05:08 user devstack@keystone.service[45529]: DEBUG keystone.server.flask.request_processing.middleware.auth_context [None req-cf878122-04b6-4ec2-90cf-9c15d0875941 None admin] Validating token access rules against request {{(pid=45529) validate_allowed_request /opt/stack/data/venv/lib/python3.10/site-packages/keystonemiddleware/auth_token/__init__.py:544}}
Oct 25 21:05:08 user devstack@keystone.service[45530]: [pid: 45530|app: 0|req: 37/117] 10.0.0.210 () {58 vars in 1277 bytes} [Wed Oct 25 21:05:08 2023] GET /identity/v3/auth/tokens => generated 861 bytes in 306 msecs (HTTP/1.1 200) 6 headers in 358 bytes (1 switches on core 0)
Oct 25 21:05:08 user devstack@keystone.service[45530]: DEBUG keystone.server.flask.request_processing.middleware.auth_context [None req-eb02545e-ea31-4914-9c4a-babcbe841a40 None admin] Authenticating user token {{(pid=45530) process_request /opt/stack/data/venv/lib/python3.10/site-packages/keystonemiddleware/auth_token/__init__.py:406}}
Oct 25 21:05:08 user devstack@keystone.service[45528]: DEBUG keystone.server.flask.request_processing.middleware.auth_context [None req-47b9b033-f725-42d2-9fe6-46c7d7578336 None admin] Validating token access rules against request {{(pid=45528) validate_allowed_request /opt/stack/data/venv/lib/python3.10/site-packages/keystonemiddleware/auth_token/__init__.py:544}}
Oct 25 21:05:08 user devstack@keystone.service[45529]: DEBUG keystone.server.flask.request_processing.middleware.auth_context [None req-3b9adae5-742c-4837-a0a9-744b181a6e93 None admin] RBAC: auth_context: {'token': , 'domain_id': None, 'trust_id': None, 'trustor_id': None, 'trustee_id': None, 'domain_name': None, 'group_ids': [], 'user_id': 'd63f3df5b82e40e1be32a8c048900bbe', 'user_domain_id': 'default', 'system_scope': 'all', 'project_id': None, 'project_domain_id': None, 'roles': ['admin', 'manager', 'member', 'reader'], 'is_admin_project': True, 'service_user_id': None, 'service_user_domain_id': None, 'service_project_id': None, 'service_project_domain_id': None, 'service_roles': []} {{(pid=45529) fill_context /opt/stack/keystone/keystone/server/flask/request_processing/middleware/auth_context.py:480}}
Oct 25 21:05:08 user devstack@keystone.service[45529]: DEBUG keystone.server.flask.request_processing.req_logging [None req-3b9adae5-742c-4837-a0a9-744b181a6e93 None admin] REQUEST_METHOD: `GET` {{(pid=45529) log_request_info /opt/stack/keystone/keystone/server/flask/request_processing/req_logging.py:27}}
Oct 25 21:05:08 user devstack@keystone.service[45529]: DEBUG keystone.server.flask.request_processing.req_logging [None req-3b9adae5-742c-4837-a0a9-744b181a6e93 None admin] SCRIPT_NAME: `/identity` {{(pid=45529) log_request_info /opt/stack/keystone/keystone/server/flask/request_processing/req_logging.py:28}}
Oct 25 21:05:08 user devstack@keystone.service[45529]: DEBUG keystone.server.flask.request_processing.req_logging [None req-3b9adae5-742c-4837-a0a9-744b181a6e93 None admin] PATH_INFO: `/v3/users/433198f3668d46688fab3584ed8ca130` {{(pid=45529) log_request_info /opt/stack/keystone/keystone/server/flask/request_processing/req_logging.py:29}}
Oct 25 21:05:08 user devstack@keystone.service[45529]: DEBUG keystone.common.rbac_enforcer.enforcer [None req-3b9adae5-742c-4837-a0a9-744b181a6e93 None admin] RBAC: Authorizing `identity:get_user(user_id=433198f3668d46688fab3584ed8ca130)` {{(pid=45529) enforce_call /opt/stack/keystone/keystone/common/rbac_enforcer/enforcer.py:449}}
Oct 25 21:05:08 user devstack@keystone.service[45529]: DEBUG keystone.common.rbac_enforcer.enforcer [None req-3b9adae5-742c-4837-a0a9-744b181a6e93 None admin] RBAC: Authorization granted {{(pid=45529) enforce_call /opt/stack/keystone/keystone/common/rbac_enforcer/enforcer.py:457}}
Oct 25 21:05:08 user devstack@keystone.service[45529]: [pid: 45529|app: 0|req: 44/118] 10.0.0.210 () {56 vars in 1172 bytes} [Wed Oct 25 21:05:08 2023] GET /identity/v3/users/433198f3668d46688fab3584ed8ca130 => generated 288 bytes in 160 msecs (HTTP/1.1 200) 5 headers in 177 bytes (1 switches on core 0)
Oct 25 21:05:08 user devstack@keystone.service[45529]: DEBUG keystone.server.flask.request_processing.middleware.auth_context [None req-3b9adae5-742c-4837-a0a9-744b181a6e93 None admin] Authenticating user token {{(pid=45529) process_request /opt/stack/data/venv/lib/python3.10/site-packages/keystonemiddleware/auth_token/__init__.py:406}}
Oct 25 21:05:08 user devstack@keystone.service[45528]: DEBUG keystone.server.flask.request_processing.middleware.auth_context [None req-a7b45d14-0e5d-4288-ba91-aee2d5f6776b None admin] RBAC: auth_context: {'token': , 'domain_id': None, 'trust_id': None, 'trustor_id': None, 'trustee_id': None, 'domain_name': None, 'group_ids': [], 'user_id': 'd63f3df5b82e40e1be32a8c048900bbe', 'user_domain_id': 'default', 'system_scope': 'all', 'project_id': None, 'project_domain_id': None, 'roles': ['admin', 'manager', 'member', 'reader'], 'is_admin_project': True, 'service_user_id': None, 'service_user_domain_id': None, 'service_project_id': None, 'service_project_domain_id': None, 'service_roles': []} {{(pid=45528) fill_context /opt/stack/keystone/keystone/server/flask/request_processing/middleware/auth_context.py:480}}
Oct 25 21:05:08 user devstack@keystone.service[45528]: DEBUG keystone.server.flask.request_processing.req_logging [None req-a7b45d14-0e5d-4288-ba91-aee2d5f6776b None admin] REQUEST_METHOD: `GET` {{(pid=45528) log_request_info /opt/stack/keystone/keystone/server/flask/request_processing/req_logging.py:27}}
Oct 25 21:05:08 user devstack@keystone.service[45528]: DEBUG keystone.server.flask.request_processing.req_logging [None req-a7b45d14-0e5d-4288-ba91-aee2d5f6776b None admin] SCRIPT_NAME: `/identity` {{(pid=45528) log_request_info /opt/stack/keystone/keystone/server/flask/request_processing/req_logging.py:28}}
Oct 25 21:05:08 user devstack@keystone.service[45528]: DEBUG keystone.server.flask.request_processing.req_logging [None req-a7b45d14-0e5d-4288-ba91-aee2d5f6776b None admin] PATH_INFO: `/v3/auth/tokens` {{(pid=45528) log_request_info /opt/stack/keystone/keystone/server/flask/request_processing/req_logging.py:29}}
Oct 25 21:05:08 user devstack@keystone.service[45530]: DEBUG keystone.server.flask.request_processing.middleware.auth_context [None req-eb02545e-ea31-4914-9c4a-babcbe841a40 None admin] Validating token access rules against request {{(pid=45530) validate_allowed_request /opt/stack/data/venv/lib/python3.10/site-packages/keystonemiddleware/auth_token/__init__.py:544}}
Oct 25 21:05:08 user devstack@keystone.service[45528]: DEBUG keystone.common.rbac_enforcer.enforcer [None req-a7b45d14-0e5d-4288-ba91-aee2d5f6776b None admin] RBAC: Authorizing `identity:validate_token()` {{(pid=45528) enforce_call /opt/stack/keystone/keystone/common/rbac_enforcer/enforcer.py:449}}
Oct 25 21:05:08 user devstack@keystone.service[45528]: DEBUG keystone.common.rbac_enforcer.enforcer [None req-a7b45d14-0e5d-4288-ba91-aee2d5f6776b None admin] RBAC: Authorization granted {{(pid=45528) enforce_call /opt/stack/keystone/keystone/common/rbac_enforcer/enforcer.py:457}}
Oct 25 21:05:08 user devstack@keystone.service[45530]: DEBUG keystone.server.flask.request_processing.middleware.auth_context [None req-24678afe-ecc8-4e5b-8054-0ca80e60b390 None admin] RBAC: auth_context: {'token': , 'domain_id': None, 'trust_id': None, 'trustor_id': None, 'trustee_id': None, 'domain_name': None, 'group_ids': [], 'user_id': 'd63f3df5b82e40e1be32a8c048900bbe', 'user_domain_id': 'default', 'system_scope': 'all', 'project_id': None, 'project_domain_id': None, 'roles': ['admin', 'manager', 'member', 'reader'], 'is_admin_project': True, 'service_user_id': None, 'service_user_domain_id': None, 'service_project_id': None, 'service_project_domain_id': None, 'service_roles': []} {{(pid=45530) fill_context /opt/stack/keystone/keystone/server/flask/request_processing/middleware/auth_context.py:480}}
Oct 25 21:05:08 user devstack@keystone.service[45530]: DEBUG keystone.server.flask.request_processing.req_logging [None req-24678afe-ecc8-4e5b-8054-0ca80e60b390 None admin] REQUEST_METHOD: `GET` {{(pid=45530) log_request_info /opt/stack/keystone/keystone/server/flask/request_processing/req_logging.py:27}}
Oct 25 21:05:08 user devstack@keystone.service[45530]: DEBUG keystone.server.flask.request_processing.req_logging [None req-24678afe-ecc8-4e5b-8054-0ca80e60b390 None admin] SCRIPT_NAME: `/identity` {{(pid=45530) log_request_info /opt/stack/keystone/keystone/server/flask/request_processing/req_logging.py:28}}
Oct 25 21:05:08 user devstack@keystone.service[45530]: DEBUG keystone.server.flask.request_processing.req_logging [None req-24678afe-ecc8-4e5b-8054-0ca80e60b390 None admin] PATH_INFO: `/v3/role_assignments` {{(pid=45530) log_request_info /opt/stack/keystone/keystone/server/flask/request_processing/req_logging.py:29}}
Oct 25 21:05:08 user devstack@keystone.service[45530]: DEBUG keystone.common.rbac_enforcer.enforcer [None req-24678afe-ecc8-4e5b-8054-0ca80e60b390 None admin] RBAC: Adding query filter params (role.id=ffcca02900f34cdc89c6f90a68b2eb24, scope.project.id=03191470a8ef42b5af4ce418c8abe90d, user.id=d12b6c7aea644628831b20b57d3d4fd5) {{(pid=45530) _extract_filter_values /opt/stack/keystone/keystone/common/rbac_enforcer/enforcer.py:167}}
Oct 25 21:05:08 user devstack@keystone.service[45530]: DEBUG keystone.common.rbac_enforcer.enforcer [None req-24678afe-ecc8-4e5b-8054-0ca80e60b390 None admin] RBAC: Authorizing `identity:list_role_assignments()` {{(pid=45530) enforce_call /opt/stack/keystone/keystone/common/rbac_enforcer/enforcer.py:449}}
Oct 25 21:05:08 user devstack@keystone.service[45530]: DEBUG keystone.common.rbac_enforcer.enforcer [None req-24678afe-ecc8-4e5b-8054-0ca80e60b390 None admin] RBAC: Authorization granted {{(pid=45530) enforce_call /opt/stack/keystone/keystone/common/rbac_enforcer/enforcer.py:457}}
Oct 25 21:05:08 user devstack@keystone.service[45530]: [pid: 45530|app: 0|req: 38/119] 10.0.0.210 () {56 vars in 1369 bytes} [Wed Oct 25 21:05:08 2023] GET /identity/v3/role_assignments?user.id=d12b6c7aea644628831b20b57d3d4fd5&scope.project.id=03191470a8ef42b5af4ce418c8abe90d&role.id=ffcca02900f34cdc89c6f90a68b2eb24 => generated 606 bytes in 137 msecs (HTTP/1.1 200) 5 headers in 177 bytes (1 switches on core 0)
Oct 25 21:05:08 user devstack@keystone.service[45530]: DEBUG keystone.server.flask.request_processing.middleware.auth_context [None req-24678afe-ecc8-4e5b-8054-0ca80e60b390 None admin] Authenticating user token {{(pid=45530) process_request /opt/stack/data/venv/lib/python3.10/site-packages/keystonemiddleware/auth_token/__init__.py:406}}
Oct 25 21:05:08 user devstack@keystone.service[45529]: DEBUG keystone.server.flask.request_processing.middleware.auth_context [None req-3b9adae5-742c-4837-a0a9-744b181a6e93 None admin] Validating token access rules against request {{(pid=45529) validate_allowed_request /opt/stack/data/venv/lib/python3.10/site-packages/keystonemiddleware/auth_token/__init__.py:544}}
Oct 25 21:05:08 user devstack@keystone.service[45529]: DEBUG keystone.server.flask.request_processing.middleware.auth_context [None req-2bd49945-5469-4546-b9c7-e37aba45931f None admin] RBAC: auth_context: {'token': , 'domain_id': None, 'trust_id': None, 'trustor_id': None, 'trustee_id': None, 'domain_name': None, 'group_ids': [], 'user_id': 'd63f3df5b82e40e1be32a8c048900bbe', 'user_domain_id': 'default', 'system_scope': 'all', 'project_id': None, 'project_domain_id': None, 'roles': ['admin', 'manager', 'member', 'reader'], 'is_admin_project': True, 'service_user_id': None, 'service_user_domain_id': None, 'service_project_id': None, 'service_project_domain_id': None, 'service_roles': []} {{(pid=45529) fill_context /opt/stack/keystone/keystone/server/flask/request_processing/middleware/auth_context.py:480}}
Oct 25 21:05:08 user devstack@keystone.service[45529]: DEBUG keystone.server.flask.request_processing.req_logging [None req-2bd49945-5469-4546-b9c7-e37aba45931f None admin] REQUEST_METHOD: `GET` {{(pid=45529) log_request_info /opt/stack/keystone/keystone/server/flask/request_processing/req_logging.py:27}}
Oct 25 21:05:08 user devstack@keystone.service[45529]: DEBUG keystone.server.flask.request_processing.req_logging [None req-2bd49945-5469-4546-b9c7-e37aba45931f None admin] SCRIPT_NAME: `/identity` {{(pid=45529) log_request_info /opt/stack/keystone/keystone/server/flask/request_processing/req_logging.py:28}}
Oct 25 21:05:08 user devstack@keystone.service[45529]: DEBUG keystone.server.flask.request_processing.req_logging [None req-2bd49945-5469-4546-b9c7-e37aba45931f None admin] PATH_INFO: `/v3/roles` {{(pid=45529) log_request_info /opt/stack/keystone/keystone/server/flask/request_processing/req_logging.py:29}}
Oct 25 21:05:08 user devstack@keystone.service[45529]: DEBUG keystone.common.rbac_enforcer.enforcer [None req-2bd49945-5469-4546-b9c7-e37aba45931f None admin] RBAC: Adding query filter params (name=member) {{(pid=45529) _extract_filter_values /opt/stack/keystone/keystone/common/rbac_enforcer/enforcer.py:167}}
Oct 25 21:05:08 user devstack@keystone.service[45529]: DEBUG keystone.common.rbac_enforcer.enforcer [None req-2bd49945-5469-4546-b9c7-e37aba45931f None admin] RBAC: Authorizing `identity:list_roles()` {{(pid=45529) enforce_call /opt/stack/keystone/keystone/common/rbac_enforcer/enforcer.py:449}}
Oct 25 21:05:08 user devstack@keystone.service[45529]: DEBUG keystone.common.rbac_enforcer.enforcer [None req-2bd49945-5469-4546-b9c7-e37aba45931f None admin] RBAC: Authorization granted {{(pid=45529) enforce_call /opt/stack/keystone/keystone/common/rbac_enforcer/enforcer.py:457}}
Oct 25 21:05:08 user devstack@keystone.service[45529]: [pid: 45529|app: 0|req: 45/120] 10.0.0.210 () {56 vars in 1096 bytes} [Wed Oct 25 21:05:08 2023] GET /identity/v3/roles?name=member => generated 339 bytes in 162 msecs (HTTP/1.1 200) 5 headers in 177 bytes (1 switches on core 0)
Oct 25 21:05:08 user devstack@keystone.service[45529]: DEBUG keystone.server.flask.request_processing.middleware.auth_context [None req-2bd49945-5469-4546-b9c7-e37aba45931f None admin] Authenticating user token {{(pid=45529) process_request /opt/stack/data/venv/lib/python3.10/site-packages/keystonemiddleware/auth_token/__init__.py:406}}
Oct 25 21:05:08 user devstack@keystone.service[45528]: [pid: 45528|app: 0|req: 38/121] 10.0.0.210 () {58 vars in 1277 bytes} [Wed Oct 25 21:05:08 2023] GET /identity/v3/auth/tokens => generated 861 bytes in 326 msecs (HTTP/1.1 200) 6 headers in 358 bytes (1 switches on core 0)
Oct 25 21:05:08 user devstack@keystone.service[45530]: DEBUG keystone.server.flask.request_processing.middleware.auth_context [None req-24678afe-ecc8-4e5b-8054-0ca80e60b390 None admin] Validating token access rules against request {{(pid=45530) validate_allowed_request /opt/stack/data/venv/lib/python3.10/site-packages/keystonemiddleware/auth_token/__init__.py:544}}
Oct 25 21:05:08 user devstack@keystone.service[45528]: DEBUG keystone.server.flask.request_processing.middleware.auth_context [None req-a7b45d14-0e5d-4288-ba91-aee2d5f6776b None admin] Authenticating user token {{(pid=45528) process_request /opt/stack/data/venv/lib/python3.10/site-packages/keystonemiddleware/auth_token/__init__.py:406}}
Oct 25 21:05:08 user devstack@keystone.service[45530]: DEBUG keystone.server.flask.request_processing.middleware.auth_context [None req-98440f71-a9aa-4c90-9a80-b044a2a91794 None admin] RBAC: auth_context: {'token': , 'domain_id': None, 'trust_id': None, 'trustor_id': None, 'trustee_id': None, 'domain_name': None, 'group_ids': [], 'user_id': 'd63f3df5b82e40e1be32a8c048900bbe', 'user_domain_id': 'default', 'system_scope': 'all', 'project_id': None, 'project_domain_id': None, 'roles': ['admin', 'manager', 'member', 'reader'], 'is_admin_project': True, 'service_user_id': None, 'service_user_domain_id': None, 'service_project_id': None, 'service_project_domain_id': None, 'service_roles': []} {{(pid=45530) fill_context /opt/stack/keystone/keystone/server/flask/request_processing/middleware/auth_context.py:480}}
Oct 25 21:05:08 user devstack@keystone.service[45530]: DEBUG keystone.server.flask.request_processing.req_logging [None req-98440f71-a9aa-4c90-9a80-b044a2a91794 None admin] REQUEST_METHOD: `GET` {{(pid=45530) log_request_info /opt/stack/keystone/keystone/server/flask/request_processing/req_logging.py:27}}
Oct 25 21:05:08 user devstack@keystone.service[45530]: DEBUG keystone.server.flask.request_processing.req_logging [None req-98440f71-a9aa-4c90-9a80-b044a2a91794 None admin] SCRIPT_NAME: `/identity` {{(pid=45530) log_request_info /opt/stack/keystone/keystone/server/flask/request_processing/req_logging.py:28}}
Oct 25 21:05:08 user devstack@keystone.service[45530]: DEBUG keystone.server.flask.request_processing.req_logging [None req-98440f71-a9aa-4c90-9a80-b044a2a91794 None admin] PATH_INFO: `/v3/projects/03191470a8ef42b5af4ce418c8abe90d` {{(pid=45530) log_request_info /opt/stack/keystone/keystone/server/flask/request_processing/req_logging.py:29}}
Oct 25 21:05:08 user devstack@keystone.service[45530]: DEBUG keystone.common.rbac_enforcer.enforcer [None req-98440f71-a9aa-4c90-9a80-b044a2a91794 None admin] RBAC: Authorizing `identity:get_project(project_id=03191470a8ef42b5af4ce418c8abe90d)` {{(pid=45530) enforce_call /opt/stack/keystone/keystone/common/rbac_enforcer/enforcer.py:449}}
Oct 25 21:05:08 user devstack@keystone.service[45530]: DEBUG keystone.common.rbac_enforcer.enforcer [None req-98440f71-a9aa-4c90-9a80-b044a2a91794 None admin] RBAC: Authorization granted {{(pid=45530) enforce_call /opt/stack/keystone/keystone/common/rbac_enforcer/enforcer.py:457}}
Oct 25 21:05:08 user devstack@keystone.service[45530]: [pid: 45530|app: 0|req: 39/122] 10.0.0.210 () {56 vars in 1181 bytes} [Wed Oct 25 21:05:08 2023] GET /identity/v3/projects/03191470a8ef42b5af4ce418c8abe90d => generated 297 bytes in 145 msecs (HTTP/1.1 200) 5 headers in 177 bytes (1 switches on core 0)
Oct 25 21:05:08 user devstack@keystone.service[45530]: DEBUG keystone.server.flask.request_processing.middleware.auth_context [None req-98440f71-a9aa-4c90-9a80-b044a2a91794 None admin] Authenticating user token {{(pid=45530) process_request /opt/stack/data/venv/lib/python3.10/site-packages/keystonemiddleware/auth_token/__init__.py:406}}
Oct 25 21:05:08 user devstack@keystone.service[45529]: DEBUG keystone.server.flask.request_processing.middleware.auth_context [None req-2bd49945-5469-4546-b9c7-e37aba45931f None admin] Validating token access rules against request {{(pid=45529) validate_allowed_request /opt/stack/data/venv/lib/python3.10/site-packages/keystonemiddleware/auth_token/__init__.py:544}}
Oct 25 21:05:09 user devstack@keystone.service[45528]: DEBUG keystone.server.flask.request_processing.middleware.auth_context [None req-a7b45d14-0e5d-4288-ba91-aee2d5f6776b None admin] Validating token access rules against request {{(pid=45528) validate_allowed_request /opt/stack/data/venv/lib/python3.10/site-packages/keystonemiddleware/auth_token/__init__.py:544}}
Oct 25 21:05:09 user devstack@keystone.service[45529]: DEBUG keystone.server.flask.request_processing.middleware.auth_context [None req-e1651d96-cf6f-4d22-8171-453b110320a0 None admin] RBAC: auth_context: {'token': , 'domain_id': None, 'trust_id': None, 'trustor_id': None, 'trustee_id': None, 'domain_name': None, 'group_ids': [], 'user_id': 'd63f3df5b82e40e1be32a8c048900bbe', 'user_domain_id': 'default', 'system_scope': 'all', 'project_id': None, 'project_domain_id': None, 'roles': ['admin', 'manager', 'member', 'reader'], 'is_admin_project': True, 'service_user_id': None, 'service_user_domain_id': None, 'service_project_id': None, 'service_project_domain_id': None, 'service_roles': []} {{(pid=45529) fill_context /opt/stack/keystone/keystone/server/flask/request_processing/middleware/auth_context.py:480}}
Oct 25 21:05:09 user devstack@keystone.service[45529]: DEBUG keystone.server.flask.request_processing.req_logging [None req-e1651d96-cf6f-4d22-8171-453b110320a0 None admin] REQUEST_METHOD: `GET` {{(pid=45529) log_request_info /opt/stack/keystone/keystone/server/flask/request_processing/req_logging.py:27}}
Oct 25 21:05:09 user devstack@keystone.service[45529]: DEBUG keystone.server.flask.request_processing.req_logging [None req-e1651d96-cf6f-4d22-8171-453b110320a0 None admin] SCRIPT_NAME: `/identity` {{(pid=45529) log_request_info /opt/stack/keystone/keystone/server/flask/request_processing/req_logging.py:28}}
Oct 25 21:05:09 user devstack@keystone.service[45529]: DEBUG keystone.server.flask.request_processing.req_logging [None req-e1651d96-cf6f-4d22-8171-453b110320a0 None admin] PATH_INFO: `/v3/projects/03191470a8ef42b5af4ce418c8abe90d` {{(pid=45529) log_request_info /opt/stack/keystone/keystone/server/flask/request_processing/req_logging.py:29}}
Oct 25 21:05:09 user devstack@keystone.service[45529]: DEBUG keystone.common.rbac_enforcer.enforcer [None req-e1651d96-cf6f-4d22-8171-453b110320a0 None admin] RBAC: Authorizing `identity:get_project(project_id=03191470a8ef42b5af4ce418c8abe90d)` {{(pid=45529) enforce_call /opt/stack/keystone/keystone/common/rbac_enforcer/enforcer.py:449}}
Oct 25 21:05:09 user devstack@keystone.service[45529]: DEBUG keystone.common.rbac_enforcer.enforcer [None req-e1651d96-cf6f-4d22-8171-453b110320a0 None admin] RBAC: Authorization granted {{(pid=45529) enforce_call /opt/stack/keystone/keystone/common/rbac_enforcer/enforcer.py:457}}
Oct 25 21:05:09 user devstack@keystone.service[45529]: [pid: 45529|app: 0|req: 46/123] 10.0.0.210 () {56 vars in 1181 bytes} [Wed Oct 25 21:05:08 2023] GET /identity/v3/projects/03191470a8ef42b5af4ce418c8abe90d => generated 297 bytes in 137 msecs (HTTP/1.1 200) 5 headers in 177 bytes (1 switches on core 0)
Oct 25 21:05:09 user devstack@keystone.service[45529]: DEBUG keystone.server.flask.request_processing.middleware.auth_context [None req-e1651d96-cf6f-4d22-8171-453b110320a0 None admin] Authenticating user token {{(pid=45529) process_request /opt/stack/data/venv/lib/python3.10/site-packages/keystonemiddleware/auth_token/__init__.py:406}}
Oct 25 21:05:09 user devstack@keystone.service[45528]: DEBUG keystone.server.flask.request_processing.middleware.auth_context [None req-7e8ee633-be1d-46fb-9eed-b439e790c988 None admin] RBAC: auth_context: {'token': , 'domain_id': None, 'trust_id': None, 'trustor_id': None, 'trustee_id': None, 'domain_name': None, 'group_ids': [], 'user_id': 'd63f3df5b82e40e1be32a8c048900bbe', 'user_domain_id': 'default', 'system_scope': 'all', 'project_id': None, 'project_domain_id': None, 'roles': ['admin', 'manager', 'member', 'reader'], 'is_admin_project': True, 'service_user_id': None, 'service_user_domain_id': None, 'service_project_id': None, 'service_project_domain_id': None, 'service_roles': []} {{(pid=45528) fill_context /opt/stack/keystone/keystone/server/flask/request_processing/middleware/auth_context.py:480}}
Oct 25 21:05:09 user devstack@keystone.service[45528]: DEBUG keystone.server.flask.request_processing.req_logging [None req-7e8ee633-be1d-46fb-9eed-b439e790c988 None admin] REQUEST_METHOD: `GET` {{(pid=45528) log_request_info /opt/stack/keystone/keystone/server/flask/request_processing/req_logging.py:27}}
Oct 25 21:05:09 user devstack@keystone.service[45528]: DEBUG keystone.server.flask.request_processing.req_logging [None req-7e8ee633-be1d-46fb-9eed-b439e790c988 None admin] SCRIPT_NAME: `/identity` {{(pid=45528) log_request_info /opt/stack/keystone/keystone/server/flask/request_processing/req_logging.py:28}}
Oct 25 21:05:09 user devstack@keystone.service[45528]: DEBUG keystone.server.flask.request_processing.req_logging [None req-7e8ee633-be1d-46fb-9eed-b439e790c988 None admin] PATH_INFO: `/v3/users/d12b6c7aea644628831b20b57d3d4fd5` {{(pid=45528) log_request_info /opt/stack/keystone/keystone/server/flask/request_processing/req_logging.py:29}}
Oct 25 21:05:09 user devstack@keystone.service[45528]: DEBUG keystone.common.rbac_enforcer.enforcer [None req-7e8ee633-be1d-46fb-9eed-b439e790c988 None admin] RBAC: Authorizing `identity:get_user(user_id=d12b6c7aea644628831b20b57d3d4fd5)` {{(pid=45528) enforce_call /opt/stack/keystone/keystone/common/rbac_enforcer/enforcer.py:449}}
Oct 25 21:05:09 user devstack@keystone.service[45528]: DEBUG keystone.common.rbac_enforcer.enforcer [None req-7e8ee633-be1d-46fb-9eed-b439e790c988 None admin] RBAC: Authorization granted {{(pid=45528) enforce_call /opt/stack/keystone/keystone/common/rbac_enforcer/enforcer.py:457}}
Oct 25 21:05:09 user devstack@keystone.service[45528]: [pid: 45528|app: 0|req: 39/124] 10.0.0.210 () {56 vars in 1172 bytes} [Wed Oct 25 21:05:08 2023] GET /identity/v3/users/d12b6c7aea644628831b20b57d3d4fd5 => generated 274 bytes in 143 msecs (HTTP/1.1 200) 5 headers in 177 bytes (1 switches on core 0)
Oct 25 21:05:09 user devstack@keystone.service[45528]: DEBUG keystone.server.flask.request_processing.middleware.auth_context [None req-7e8ee633-be1d-46fb-9eed-b439e790c988 None admin] Authenticating user token {{(pid=45528) process_request /opt/stack/data/venv/lib/python3.10/site-packages/keystonemiddleware/auth_token/__init__.py:406}}
Oct 25 21:05:09 user devstack@keystone.service[45530]: DEBUG keystone.server.flask.request_processing.middleware.auth_context [None req-98440f71-a9aa-4c90-9a80-b044a2a91794 None admin] Validating token access rules against request {{(pid=45530) validate_allowed_request /opt/stack/data/venv/lib/python3.10/site-packages/keystonemiddleware/auth_token/__init__.py:544}}
Oct 25 21:05:09 user devstack@keystone.service[45530]: DEBUG keystone.server.flask.request_processing.middleware.auth_context [None req-b57e94b0-2804-4df1-b806-8290a69b31e2 None admin] RBAC: auth_context: {'token': , 'domain_id': None, 'trust_id': None, 'trustor_id': None, 'trustee_id': None, 'domain_name': None, 'group_ids': [], 'user_id': 'd63f3df5b82e40e1be32a8c048900bbe', 'user_domain_id': 'default', 'system_scope': 'all', 'project_id': None, 'project_domain_id': None, 'roles': ['admin', 'manager', 'member', 'reader'], 'is_admin_project': True, 'service_user_id': None, 'service_user_domain_id': None, 'service_project_id': None, 'service_project_domain_id': None, 'service_roles': []} {{(pid=45530) fill_context /opt/stack/keystone/keystone/server/flask/request_processing/middleware/auth_context.py:480}}
Oct 25 21:05:09 user devstack@keystone.service[45530]: DEBUG keystone.server.flask.request_processing.req_logging [None req-b57e94b0-2804-4df1-b806-8290a69b31e2 None admin] REQUEST_METHOD: `GET` {{(pid=45530) log_request_info /opt/stack/keystone/keystone/server/flask/request_processing/req_logging.py:27}}
Oct 25 21:05:09 user devstack@keystone.service[45530]: DEBUG keystone.server.flask.request_processing.req_logging [None req-b57e94b0-2804-4df1-b806-8290a69b31e2 None admin] SCRIPT_NAME: `/identity` {{(pid=45530) log_request_info /opt/stack/keystone/keystone/server/flask/request_processing/req_logging.py:28}}
Oct 25 21:05:09 user devstack@keystone.service[45530]: DEBUG keystone.server.flask.request_processing.req_logging [None req-b57e94b0-2804-4df1-b806-8290a69b31e2 None admin] PATH_INFO: `/v3/projects/03191470a8ef42b5af4ce418c8abe90d` {{(pid=45530) log_request_info /opt/stack/keystone/keystone/server/flask/request_processing/req_logging.py:29}}
Oct 25 21:05:09 user devstack@keystone.service[45530]: DEBUG keystone.common.rbac_enforcer.enforcer [None req-b57e94b0-2804-4df1-b806-8290a69b31e2 None admin] RBAC: Authorizing `identity:get_project(project_id=03191470a8ef42b5af4ce418c8abe90d)` {{(pid=45530) enforce_call /opt/stack/keystone/keystone/common/rbac_enforcer/enforcer.py:449}}
Oct 25 21:05:09 user devstack@keystone.service[45530]: DEBUG keystone.common.rbac_enforcer.enforcer [None req-b57e94b0-2804-4df1-b806-8290a69b31e2 None admin] RBAC: Authorization granted {{(pid=45530) enforce_call /opt/stack/keystone/keystone/common/rbac_enforcer/enforcer.py:457}}
Oct 25 21:05:09 user devstack@keystone.service[45530]: [pid: 45530|app: 0|req: 40/125] 10.0.0.210 () {56 vars in 1181 bytes} [Wed Oct 25 21:05:08 2023] GET /identity/v3/projects/03191470a8ef42b5af4ce418c8abe90d => generated 297 bytes in 150 msecs (HTTP/1.1 200) 5 headers in 177 bytes (1 switches on core 0)
Oct 25 21:05:09 user devstack@keystone.service[45530]: DEBUG keystone.server.flask.request_processing.middleware.auth_context [None req-b57e94b0-2804-4df1-b806-8290a69b31e2 None admin] Authenticating user token {{(pid=45530) process_request /opt/stack/data/venv/lib/python3.10/site-packages/keystonemiddleware/auth_token/__init__.py:406}}
