Oct 25 19:29:14 user devstack@keystone.service[45653]: DEBUG keystone.common.rbac_enforcer.enforcer [None req-2c79ec9e-6d05-44f2-90f2-ffa720818371 None admin] RBAC: Authorization granted {{(pid=45653) enforce_call /opt/stack/keystone/keystone/common/rbac_enforcer/enforcer.py:457}}
Oct 25 19:29:14 user devstack@keystone.service[45652]: DEBUG keystone.common.rbac_enforcer.enforcer [None req-c1c44ede-eb9f-4aaf-bb97-230e49601d20 None admin] RBAC: Authorization granted {{(pid=45652) enforce_call /opt/stack/keystone/keystone/common/rbac_enforcer/enforcer.py:457}}
Oct 25 19:29:14 user devstack@keystone.service[45652]: [pid: 45652|app: 0|req: 44/124] 10.0.0.210 () {56 vars in 1369 bytes} [Wed Oct 25 19:29:13 2023] GET /identity/v3/role_assignments?user.id=a0c67c2df34e450b9025ac768093e64f&scope.project.id=3ea5982fd9a8472bb07ccc646e2683e6&role.id=9ec85276c8b84d87bf3cd1bbe75fe835 => generated 606 bytes in 150 msecs (HTTP/1.1 200) 5 headers in 177 bytes (1 switches on core 0)
Oct 25 19:29:14 user devstack@keystone.service[45652]: DEBUG keystone.server.flask.request_processing.middleware.auth_context [None req-c1c44ede-eb9f-4aaf-bb97-230e49601d20 None admin] Authenticating user token {{(pid=45652) process_request /opt/stack/data/venv/lib/python3.10/site-packages/keystonemiddleware/auth_token/__init__.py:406}}
Oct 25 19:29:14 user devstack@keystone.service[45653]: [pid: 45653|app: 0|req: 39/125] 10.0.0.210 () {58 vars in 1434 bytes} [Wed Oct 25 19:29:13 2023] PUT /identity/v3/projects/3ea5982fd9a8472bb07ccc646e2683e6/users/e78d71dc5351440385fe255c2cffc9c1/roles/2eaca882ecec4c0b9ae1b7bf778a1e6e => generated 0 bytes in 156 msecs (HTTP/1.1 204) 3 headers in 132 bytes (0 switches on core 0)
Oct 25 19:29:14 user devstack@keystone.service[45653]: DEBUG keystone.server.flask.request_processing.middleware.auth_context [None req-2c79ec9e-6d05-44f2-90f2-ffa720818371 None admin] Authenticating user token {{(pid=45653) process_request /opt/stack/data/venv/lib/python3.10/site-packages/keystonemiddleware/auth_token/__init__.py:406}}
Oct 25 19:29:14 user devstack@keystone.service[45654]: DEBUG keystone.common.rbac_enforcer.enforcer [None req-8a95370d-fa71-4229-9a67-149cddec83df None admin] RBAC: Authorizing `identity:validate_token()` {{(pid=45654) enforce_call /opt/stack/keystone/keystone/common/rbac_enforcer/enforcer.py:449}}
Oct 25 19:29:14 user devstack@keystone.service[45654]: DEBUG keystone.common.rbac_enforcer.enforcer [None req-8a95370d-fa71-4229-9a67-149cddec83df None admin] RBAC: Authorization granted {{(pid=45654) enforce_call /opt/stack/keystone/keystone/common/rbac_enforcer/enforcer.py:457}}
Oct 25 19:29:14 user devstack@keystone.service[45652]: DEBUG keystone.server.flask.request_processing.middleware.auth_context [None req-c1c44ede-eb9f-4aaf-bb97-230e49601d20 None admin] Validating token access rules against request {{(pid=45652) validate_allowed_request /opt/stack/data/venv/lib/python3.10/site-packages/keystonemiddleware/auth_token/__init__.py:544}}
Oct 25 19:29:14 user devstack@keystone.service[45653]: DEBUG keystone.server.flask.request_processing.middleware.auth_context [None req-2c79ec9e-6d05-44f2-90f2-ffa720818371 None admin] Validating token access rules against request {{(pid=45653) validate_allowed_request /opt/stack/data/venv/lib/python3.10/site-packages/keystonemiddleware/auth_token/__init__.py:544}}
Oct 25 19:29:14 user devstack@keystone.service[45652]: DEBUG keystone.server.flask.request_processing.middleware.auth_context [None req-6aed8e2b-0be7-40db-bd93-271cbe8f84c1 None admin] RBAC: auth_context: {'token': , 'domain_id': None, 'trust_id': None, 'trustor_id': None, 'trustee_id': None, 'domain_name': None, 'group_ids': [], 'user_id': '03c5ba7a7d9840dab06f63ca68f74699', 'user_domain_id': 'default', 'system_scope': 'all', 'project_id': None, 'project_domain_id': None, 'roles': ['admin', 'manager', 'member', 'reader'], 'is_admin_project': True, 'service_user_id': None, 'service_user_domain_id': None, 'service_project_id': None, 'service_project_domain_id': None, 'service_roles': []} {{(pid=45652) fill_context /opt/stack/keystone/keystone/server/flask/request_processing/middleware/auth_context.py:480}}
Oct 25 19:29:14 user devstack@keystone.service[45652]: DEBUG keystone.server.flask.request_processing.req_logging [None req-6aed8e2b-0be7-40db-bd93-271cbe8f84c1 None admin] REQUEST_METHOD: `GET` {{(pid=45652) log_request_info /opt/stack/keystone/keystone/server/flask/request_processing/req_logging.py:27}}
Oct 25 19:29:14 user devstack@keystone.service[45652]: DEBUG keystone.server.flask.request_processing.req_logging [None req-6aed8e2b-0be7-40db-bd93-271cbe8f84c1 None admin] SCRIPT_NAME: `/identity` {{(pid=45652) log_request_info /opt/stack/keystone/keystone/server/flask/request_processing/req_logging.py:28}}
Oct 25 19:29:14 user devstack@keystone.service[45652]: DEBUG keystone.server.flask.request_processing.req_logging [None req-6aed8e2b-0be7-40db-bd93-271cbe8f84c1 None admin] PATH_INFO: `/v3/role_assignments` {{(pid=45652) log_request_info /opt/stack/keystone/keystone/server/flask/request_processing/req_logging.py:29}}
Oct 25 19:29:14 user devstack@keystone.service[45652]: DEBUG keystone.common.rbac_enforcer.enforcer [None req-6aed8e2b-0be7-40db-bd93-271cbe8f84c1 None admin] RBAC: Adding query filter params (role.id=9b34fe2be28b452dbb86a5944d39d4ad, scope.project.id=3ea5982fd9a8472bb07ccc646e2683e6, user.id=a0c67c2df34e450b9025ac768093e64f) {{(pid=45652) _extract_filter_values /opt/stack/keystone/keystone/common/rbac_enforcer/enforcer.py:167}}
Oct 25 19:29:14 user devstack@keystone.service[45652]: DEBUG keystone.common.rbac_enforcer.enforcer [None req-6aed8e2b-0be7-40db-bd93-271cbe8f84c1 None admin] RBAC: Authorizing `identity:list_role_assignments()` {{(pid=45652) enforce_call /opt/stack/keystone/keystone/common/rbac_enforcer/enforcer.py:449}}
Oct 25 19:29:14 user devstack@keystone.service[45652]: DEBUG keystone.common.rbac_enforcer.enforcer [None req-6aed8e2b-0be7-40db-bd93-271cbe8f84c1 None admin] RBAC: Authorization granted {{(pid=45652) enforce_call /opt/stack/keystone/keystone/common/rbac_enforcer/enforcer.py:457}}
Oct 25 19:29:14 user devstack@keystone.service[45652]: [pid: 45652|app: 0|req: 45/126] 10.0.0.210 () {56 vars in 1369 bytes} [Wed Oct 25 19:29:14 2023] GET /identity/v3/role_assignments?user.id=a0c67c2df34e450b9025ac768093e64f&scope.project.id=3ea5982fd9a8472bb07ccc646e2683e6&role.id=9b34fe2be28b452dbb86a5944d39d4ad => generated 606 bytes in 137 msecs (HTTP/1.1 200) 5 headers in 177 bytes (1 switches on core 0)
Oct 25 19:29:14 user devstack@keystone.service[45653]: DEBUG keystone.server.flask.request_processing.middleware.auth_context [None req-aca6ac47-f656-4b5c-a5c5-1c938697003b None admin] RBAC: auth_context: {'token': , 'domain_id': None, 'trust_id': None, 'trustor_id': None, 'trustee_id': None, 'domain_name': None, 'group_ids': [], 'user_id': '03c5ba7a7d9840dab06f63ca68f74699', 'user_domain_id': 'default', 'system_scope': 'all', 'project_id': None, 'project_domain_id': None, 'roles': ['admin', 'manager', 'member', 'reader'], 'is_admin_project': True, 'service_user_id': None, 'service_user_domain_id': None, 'service_project_id': None, 'service_project_domain_id': None, 'service_roles': []} {{(pid=45653) fill_context /opt/stack/keystone/keystone/server/flask/request_processing/middleware/auth_context.py:480}}
Oct 25 19:29:14 user devstack@keystone.service[45653]: DEBUG keystone.server.flask.request_processing.req_logging [None req-aca6ac47-f656-4b5c-a5c5-1c938697003b None admin] REQUEST_METHOD: `GET` {{(pid=45653) log_request_info /opt/stack/keystone/keystone/server/flask/request_processing/req_logging.py:27}}
Oct 25 19:29:14 user devstack@keystone.service[45653]: DEBUG keystone.server.flask.request_processing.req_logging [None req-aca6ac47-f656-4b5c-a5c5-1c938697003b None admin] SCRIPT_NAME: `/identity` {{(pid=45653) log_request_info /opt/stack/keystone/keystone/server/flask/request_processing/req_logging.py:28}}
Oct 25 19:29:14 user devstack@keystone.service[45653]: DEBUG keystone.server.flask.request_processing.req_logging [None req-aca6ac47-f656-4b5c-a5c5-1c938697003b None admin] PATH_INFO: `/v3/projects/3ea5982fd9a8472bb07ccc646e2683e6` {{(pid=45653) log_request_info /opt/stack/keystone/keystone/server/flask/request_processing/req_logging.py:29}}
Oct 25 19:29:14 user devstack@keystone.service[45653]: DEBUG keystone.common.rbac_enforcer.enforcer [None req-aca6ac47-f656-4b5c-a5c5-1c938697003b None admin] RBAC: Authorizing `identity:get_project(project_id=3ea5982fd9a8472bb07ccc646e2683e6)` {{(pid=45653) enforce_call /opt/stack/keystone/keystone/common/rbac_enforcer/enforcer.py:449}}
Oct 25 19:29:14 user devstack@keystone.service[45653]: DEBUG keystone.common.rbac_enforcer.enforcer [None req-aca6ac47-f656-4b5c-a5c5-1c938697003b None admin] RBAC: Authorization granted {{(pid=45653) enforce_call /opt/stack/keystone/keystone/common/rbac_enforcer/enforcer.py:457}}
Oct 25 19:29:14 user devstack@keystone.service[45653]: [pid: 45653|app: 0|req: 40/127] 10.0.0.210 () {56 vars in 1181 bytes} [Wed Oct 25 19:29:14 2023] GET /identity/v3/projects/3ea5982fd9a8472bb07ccc646e2683e6 => generated 297 bytes in 140 msecs (HTTP/1.1 200) 5 headers in 177 bytes (1 switches on core 0)
Oct 25 19:29:14 user devstack@keystone.service[45652]: DEBUG keystone.server.flask.request_processing.middleware.auth_context [None req-6aed8e2b-0be7-40db-bd93-271cbe8f84c1 None admin] Authenticating user token {{(pid=45652) process_request /opt/stack/data/venv/lib/python3.10/site-packages/keystonemiddleware/auth_token/__init__.py:406}}
Oct 25 19:29:14 user devstack@keystone.service[45654]: [pid: 45654|app: 0|req: 43/128] 10.0.0.210 () {58 vars in 1277 bytes} [Wed Oct 25 19:29:13 2023] GET /identity/v3/auth/tokens => generated 861 bytes in 346 msecs (HTTP/1.1 200) 6 headers in 358 bytes (1 switches on core 0)
Oct 25 19:29:14 user devstack@keystone.service[45653]: DEBUG keystone.server.flask.request_processing.middleware.auth_context [None req-aca6ac47-f656-4b5c-a5c5-1c938697003b None admin] Authenticating user token {{(pid=45653) process_request /opt/stack/data/venv/lib/python3.10/site-packages/keystonemiddleware/auth_token/__init__.py:406}}
Oct 25 19:29:14 user devstack@keystone.service[45652]: DEBUG keystone.server.flask.request_processing.middleware.auth_context [None req-6aed8e2b-0be7-40db-bd93-271cbe8f84c1 None admin] Validating token access rules against request {{(pid=45652) validate_allowed_request /opt/stack/data/venv/lib/python3.10/site-packages/keystonemiddleware/auth_token/__init__.py:544}}
Oct 25 19:29:14 user devstack@keystone.service[45653]: DEBUG keystone.server.flask.request_processing.middleware.auth_context [None req-aca6ac47-f656-4b5c-a5c5-1c938697003b None admin] Validating token access rules against request {{(pid=45653) validate_allowed_request /opt/stack/data/venv/lib/python3.10/site-packages/keystonemiddleware/auth_token/__init__.py:544}}
Oct 25 19:29:14 user devstack@keystone.service[45652]: DEBUG keystone.server.flask.request_processing.middleware.auth_context [None req-179db776-913d-4a07-80ac-3522287275fc None admin] RBAC: auth_context: {'token': , 'domain_id': None, 'trust_id': None, 'trustor_id': None, 'trustee_id': None, 'domain_name': None, 'group_ids': [], 'user_id': '03c5ba7a7d9840dab06f63ca68f74699', 'user_domain_id': 'default', 'system_scope': 'all', 'project_id': None, 'project_domain_id': None, 'roles': ['admin', 'manager', 'member', 'reader'], 'is_admin_project': True, 'service_user_id': None, 'service_user_domain_id': None, 'service_project_id': None, 'service_project_domain_id': None, 'service_roles': []} {{(pid=45652) fill_context /opt/stack/keystone/keystone/server/flask/request_processing/middleware/auth_context.py:480}}
Oct 25 19:29:14 user devstack@keystone.service[45652]: DEBUG keystone.server.flask.request_processing.req_logging [None req-179db776-913d-4a07-80ac-3522287275fc None admin] REQUEST_METHOD: `GET` {{(pid=45652) log_request_info /opt/stack/keystone/keystone/server/flask/request_processing/req_logging.py:27}}
Oct 25 19:29:14 user devstack@keystone.service[45652]: DEBUG keystone.server.flask.request_processing.req_logging [None req-179db776-913d-4a07-80ac-3522287275fc None admin] SCRIPT_NAME: `/identity` {{(pid=45652) log_request_info /opt/stack/keystone/keystone/server/flask/request_processing/req_logging.py:28}}
Oct 25 19:29:14 user devstack@keystone.service[45652]: DEBUG keystone.server.flask.request_processing.req_logging [None req-179db776-913d-4a07-80ac-3522287275fc None admin] PATH_INFO: `/v3/role_assignments` {{(pid=45652) log_request_info /opt/stack/keystone/keystone/server/flask/request_processing/req_logging.py:29}}
Oct 25 19:29:14 user devstack@keystone.service[45652]: DEBUG keystone.common.rbac_enforcer.enforcer [None req-179db776-913d-4a07-80ac-3522287275fc None admin] RBAC: Adding query filter params (role.id=854e43f246564d9da56d4d69838a98e6, scope.project.id=3ea5982fd9a8472bb07ccc646e2683e6, user.id=03c5ba7a7d9840dab06f63ca68f74699) {{(pid=45652) _extract_filter_values /opt/stack/keystone/keystone/common/rbac_enforcer/enforcer.py:167}}
Oct 25 19:29:14 user devstack@keystone.service[45652]: DEBUG keystone.common.rbac_enforcer.enforcer [None req-179db776-913d-4a07-80ac-3522287275fc None admin] RBAC: Authorizing `identity:list_role_assignments()` {{(pid=45652) enforce_call /opt/stack/keystone/keystone/common/rbac_enforcer/enforcer.py:449}}
Oct 25 19:29:14 user devstack@keystone.service[45653]: DEBUG keystone.server.flask.request_processing.middleware.auth_context [None req-9718ef40-32b0-4832-9b9c-1e100a38f40a None admin] RBAC: auth_context: {'token': , 'domain_id': None, 'trust_id': None, 'trustor_id': None, 'trustee_id': None, 'domain_name': None, 'group_ids': [], 'user_id': '03c5ba7a7d9840dab06f63ca68f74699', 'user_domain_id': 'default', 'system_scope': 'all', 'project_id': None, 'project_domain_id': None, 'roles': ['admin', 'manager', 'member', 'reader'], 'is_admin_project': True, 'service_user_id': None, 'service_user_domain_id': None, 'service_project_id': None, 'service_project_domain_id': None, 'service_roles': []} {{(pid=45653) fill_context /opt/stack/keystone/keystone/server/flask/request_processing/middleware/auth_context.py:480}}
Oct 25 19:29:14 user devstack@keystone.service[45652]: DEBUG keystone.common.rbac_enforcer.enforcer [None req-179db776-913d-4a07-80ac-3522287275fc None admin] RBAC: Authorization granted {{(pid=45652) enforce_call /opt/stack/keystone/keystone/common/rbac_enforcer/enforcer.py:457}}
Oct 25 19:29:14 user devstack@keystone.service[45653]: DEBUG keystone.server.flask.request_processing.req_logging [None req-9718ef40-32b0-4832-9b9c-1e100a38f40a None admin] REQUEST_METHOD: `GET` {{(pid=45653) log_request_info /opt/stack/keystone/keystone/server/flask/request_processing/req_logging.py:27}}
Oct 25 19:29:14 user devstack@keystone.service[45653]: DEBUG keystone.server.flask.request_processing.req_logging [None req-9718ef40-32b0-4832-9b9c-1e100a38f40a None admin] SCRIPT_NAME: `/identity` {{(pid=45653) log_request_info /opt/stack/keystone/keystone/server/flask/request_processing/req_logging.py:28}}
Oct 25 19:29:14 user devstack@keystone.service[45653]: DEBUG keystone.server.flask.request_processing.req_logging [None req-9718ef40-32b0-4832-9b9c-1e100a38f40a None admin] PATH_INFO: `/v3/projects/862215c262b049b8a4a74f7bb7cb1d14` {{(pid=45653) log_request_info /opt/stack/keystone/keystone/server/flask/request_processing/req_logging.py:29}}
Oct 25 19:29:14 user devstack@keystone.service[45653]: DEBUG keystone.common.rbac_enforcer.enforcer [None req-9718ef40-32b0-4832-9b9c-1e100a38f40a None admin] RBAC: Authorizing `identity:get_project(project_id=862215c262b049b8a4a74f7bb7cb1d14)` {{(pid=45653) enforce_call /opt/stack/keystone/keystone/common/rbac_enforcer/enforcer.py:449}}
Oct 25 19:29:14 user devstack@keystone.service[45653]: DEBUG keystone.common.rbac_enforcer.enforcer [None req-9718ef40-32b0-4832-9b9c-1e100a38f40a None admin] RBAC: Authorization granted {{(pid=45653) enforce_call /opt/stack/keystone/keystone/common/rbac_enforcer/enforcer.py:457}}
Oct 25 19:29:14 user devstack@keystone.service[45653]: [pid: 45653|app: 0|req: 41/129] 10.0.0.210 () {56 vars in 1181 bytes} [Wed Oct 25 19:29:14 2023] GET /identity/v3/projects/862215c262b049b8a4a74f7bb7cb1d14 => generated 311 bytes in 165 msecs (HTTP/1.1 200) 5 headers in 177 bytes (1 switches on core 0)
Oct 25 19:29:14 user devstack@keystone.service[45652]: [pid: 45652|app: 0|req: 46/130] 10.0.0.210 () {56 vars in 1369 bytes} [Wed Oct 25 19:29:14 2023] GET /identity/v3/role_assignments?user.id=03c5ba7a7d9840dab06f63ca68f74699&scope.project.id=3ea5982fd9a8472bb07ccc646e2683e6&role.id=854e43f246564d9da56d4d69838a98e6 => generated 606 bytes in 202 msecs (HTTP/1.1 200) 5 headers in 177 bytes (1 switches on core 0)
Oct 25 19:29:14 user devstack@keystone.service[45654]: DEBUG keystone.server.flask.request_processing.middleware.auth_context [None req-8a95370d-fa71-4229-9a67-149cddec83df None admin] Authenticating user token {{(pid=45654) process_request /opt/stack/data/venv/lib/python3.10/site-packages/keystonemiddleware/auth_token/__init__.py:406}}
Oct 25 19:29:14 user devstack@keystone.service[45654]: DEBUG keystone.server.flask.request_processing.middleware.auth_context [None req-8a95370d-fa71-4229-9a67-149cddec83df None admin] Validating token access rules against request {{(pid=45654) validate_allowed_request /opt/stack/data/venv/lib/python3.10/site-packages/keystonemiddleware/auth_token/__init__.py:544}}
Oct 25 19:29:14 user devstack@keystone.service[45654]: DEBUG keystone.server.flask.request_processing.middleware.auth_context [None req-0b084370-f0e7-4d0d-9c70-ea39b8d2baa4 None admin] RBAC: auth_context: {'token': , 'domain_id': None, 'trust_id': None, 'trustor_id': None, 'trustee_id': None, 'domain_name': None, 'group_ids': [], 'user_id': '03c5ba7a7d9840dab06f63ca68f74699', 'user_domain_id': 'default', 'system_scope': 'all', 'project_id': None, 'project_domain_id': None, 'roles': ['admin', 'manager', 'member', 'reader'], 'is_admin_project': True, 'service_user_id': None, 'service_user_domain_id': None, 'service_project_id': None, 'service_project_domain_id': None, 'service_roles': []} {{(pid=45654) fill_context /opt/stack/keystone/keystone/server/flask/request_processing/middleware/auth_context.py:480}}
Oct 25 19:29:14 user devstack@keystone.service[45654]: DEBUG keystone.server.flask.request_processing.req_logging [None req-0b084370-f0e7-4d0d-9c70-ea39b8d2baa4 None admin] REQUEST_METHOD: `GET` {{(pid=45654) log_request_info /opt/stack/keystone/keystone/server/flask/request_processing/req_logging.py:27}}
Oct 25 19:29:14 user devstack@keystone.service[45654]: DEBUG keystone.server.flask.request_processing.req_logging [None req-0b084370-f0e7-4d0d-9c70-ea39b8d2baa4 None admin] SCRIPT_NAME: `/identity` {{(pid=45654) log_request_info /opt/stack/keystone/keystone/server/flask/request_processing/req_logging.py:28}}
Oct 25 19:29:14 user devstack@keystone.service[45654]: DEBUG keystone.server.flask.request_processing.req_logging [None req-0b084370-f0e7-4d0d-9c70-ea39b8d2baa4 None admin] PATH_INFO: `/v3/role_assignments` {{(pid=45654) log_request_info /opt/stack/keystone/keystone/server/flask/request_processing/req_logging.py:29}}
Oct 25 19:29:14 user devstack@keystone.service[45654]: DEBUG keystone.common.rbac_enforcer.enforcer [None req-0b084370-f0e7-4d0d-9c70-ea39b8d2baa4 None admin] RBAC: Adding query filter params (role.id=9b34fe2be28b452dbb86a5944d39d4ad, scope.project.id=862215c262b049b8a4a74f7bb7cb1d14, user.id=a0c67c2df34e450b9025ac768093e64f) {{(pid=45654) _extract_filter_values /opt/stack/keystone/keystone/common/rbac_enforcer/enforcer.py:167}}
Oct 25 19:29:14 user devstack@keystone.service[45654]: DEBUG keystone.common.rbac_enforcer.enforcer [None req-0b084370-f0e7-4d0d-9c70-ea39b8d2baa4 None admin] RBAC: Authorizing `identity:list_role_assignments()` {{(pid=45654) enforce_call /opt/stack/keystone/keystone/common/rbac_enforcer/enforcer.py:449}}
Oct 25 19:29:14 user devstack@keystone.service[45654]: DEBUG keystone.common.rbac_enforcer.enforcer [None req-0b084370-f0e7-4d0d-9c70-ea39b8d2baa4 None admin] RBAC: Authorization granted {{(pid=45654) enforce_call /opt/stack/keystone/keystone/common/rbac_enforcer/enforcer.py:457}}
Oct 25 19:29:14 user devstack@keystone.service[45654]: [pid: 45654|app: 0|req: 44/131] 10.0.0.210 () {56 vars in 1369 bytes} [Wed Oct 25 19:29:14 2023] GET /identity/v3/role_assignments?user.id=a0c67c2df34e450b9025ac768093e64f&scope.project.id=862215c262b049b8a4a74f7bb7cb1d14&role.id=9b34fe2be28b452dbb86a5944d39d4ad => generated 606 bytes in 145 msecs (HTTP/1.1 200) 5 headers in 177 bytes (1 switches on core 0)
Oct 25 19:29:14 user devstack@keystone.service[45653]: DEBUG keystone.server.flask.request_processing.req_logging [None req-273f33e7-0168-49b1-a240-30c1f5563e2e None None] REQUEST_METHOD: `GET` {{(pid=45653) log_request_info /opt/stack/keystone/keystone/server/flask/request_processing/req_logging.py:27}}
Oct 25 19:29:14 user devstack@keystone.service[45653]: DEBUG keystone.server.flask.request_processing.req_logging [None req-273f33e7-0168-49b1-a240-30c1f5563e2e None None] SCRIPT_NAME: `/identity` {{(pid=45653) log_request_info /opt/stack/keystone/keystone/server/flask/request_processing/req_logging.py:28}}
Oct 25 19:29:14 user devstack@keystone.service[45653]: DEBUG keystone.server.flask.request_processing.req_logging [None req-273f33e7-0168-49b1-a240-30c1f5563e2e None None] PATH_INFO: `/` {{(pid=45653) log_request_info /opt/stack/keystone/keystone/server/flask/request_processing/req_logging.py:29}}
Oct 25 19:29:14 user devstack@keystone.service[45653]: [pid: 45653|app: 0|req: 42/132] 10.0.0.210 () {54 vars in 921 bytes} [Wed Oct 25 19:29:14 2023] GET /identity => generated 269 bytes in 3 msecs (HTTP/1.1 300) 6 headers in 233 bytes (1 switches on core 0)
Oct 25 19:29:14 user devstack@keystone.service[45652]: DEBUG keystone.server.flask.request_processing.req_logging [None req-aa76a1f2-80a6-4764-b09e-854d9374d1c4 None None] REQUEST_METHOD: `POST` {{(pid=45652) log_request_info /opt/stack/keystone/keystone/server/flask/request_processing/req_logging.py:27}}
Oct 25 19:29:14 user devstack@keystone.service[45652]: DEBUG keystone.server.flask.request_processing.req_logging [None req-aa76a1f2-80a6-4764-b09e-854d9374d1c4 None None] SCRIPT_NAME: `/identity` {{(pid=45652) log_request_info /opt/stack/keystone/keystone/server/flask/request_processing/req_logging.py:28}}
Oct 25 19:29:14 user devstack@keystone.service[45652]: DEBUG keystone.server.flask.request_processing.req_logging [None req-aa76a1f2-80a6-4764-b09e-854d9374d1c4 None None] PATH_INFO: `/v3/auth/tokens` {{(pid=45652) log_request_info /opt/stack/keystone/keystone/server/flask/request_processing/req_logging.py:29}}
Oct 25 19:29:14 user devstack@keystone.service[45652]: WARNING keystone.common.password_hashing [None req-aa76a1f2-80a6-4764-b09e-854d9374d1c4 None None] Truncating password to algorithm specific maximum length 72 characters.
Oct 25 19:29:14 user devstack@keystone.service[45652]: DEBUG keystone.auth.core [None req-aa76a1f2-80a6-4764-b09e-854d9374d1c4 None None] MFA Rules not processed for user `03c5ba7a7d9840dab06f63ca68f74699`. Rule list: `[]` (Enabled: `True`). {{(pid=45652) check_auth_methods_against_rules /opt/stack/keystone/keystone/auth/core.py:438}}
Oct 25 19:29:14 user devstack@keystone.service[45652]: DEBUG keystone.common.fernet_utils [None req-aa76a1f2-80a6-4764-b09e-854d9374d1c4 None None] Loaded 2 Fernet keys from /etc/keystone/fernet-keys/, but `[fernet_tokens] max_active_keys = 3`; perhaps there have not been enough key rotations to reach `max_active_keys` yet? {{(pid=45652) load_keys /opt/stack/keystone/keystone/common/fernet_utils.py:286}}
Oct 25 19:29:14 user devstack@keystone.service[45652]: [pid: 45652|app: 0|req: 47/133] 10.0.0.210 () {58 vars in 1018 bytes} [Wed Oct 25 19:29:14 2023] POST /identity/v3/auth/tokens => generated 861 bytes in 142 msecs (HTTP/1.1 201) 6 headers in 363 bytes (1 switches on core 0)
Oct 25 19:29:15 user devstack@keystone.service[45654]: DEBUG keystone.server.flask.request_processing.middleware.auth_context [None req-0b084370-f0e7-4d0d-9c70-ea39b8d2baa4 None admin] Authenticating user token {{(pid=45654) process_request /opt/stack/data/venv/lib/python3.10/site-packages/keystonemiddleware/auth_token/__init__.py:406}}
Oct 25 19:29:15 user devstack@keystone.service[45654]: DEBUG keystone.server.flask.request_processing.middleware.auth_context [None req-0b084370-f0e7-4d0d-9c70-ea39b8d2baa4 None admin] Validating token access rules against request {{(pid=45654) validate_allowed_request /opt/stack/data/venv/lib/python3.10/site-packages/keystonemiddleware/auth_token/__init__.py:544}}
Oct 25 19:29:15 user devstack@keystone.service[45654]: DEBUG keystone.server.flask.request_processing.middleware.auth_context [None req-6a5fbbc6-c590-4dd1-85a8-b81df18d9e6b None admin] RBAC: auth_context: {'token': , 'domain_id': None, 'trust_id': None, 'trustor_id': None, 'trustee_id': None, 'domain_name': None, 'group_ids': [], 'user_id': '03c5ba7a7d9840dab06f63ca68f74699', 'user_domain_id': 'default', 'system_scope': 'all', 'project_id': None, 'project_domain_id': None, 'roles': ['admin', 'manager', 'member', 'reader'], 'is_admin_project': True, 'service_user_id': None, 'service_user_domain_id': None, 'service_project_id': None, 'service_project_domain_id': None, 'service_roles': []} {{(pid=45654) fill_context /opt/stack/keystone/keystone/server/flask/request_processing/middleware/auth_context.py:480}}
Oct 25 19:29:15 user devstack@keystone.service[45654]: DEBUG keystone.server.flask.request_processing.req_logging [None req-6a5fbbc6-c590-4dd1-85a8-b81df18d9e6b None admin] REQUEST_METHOD: `GET` {{(pid=45654) log_request_info /opt/stack/keystone/keystone/server/flask/request_processing/req_logging.py:27}}
Oct 25 19:29:15 user devstack@keystone.service[45654]: DEBUG keystone.server.flask.request_processing.req_logging [None req-6a5fbbc6-c590-4dd1-85a8-b81df18d9e6b None admin] SCRIPT_NAME: `/identity` {{(pid=45654) log_request_info /opt/stack/keystone/keystone/server/flask/request_processing/req_logging.py:28}}
Oct 25 19:29:15 user devstack@keystone.service[45654]: DEBUG keystone.server.flask.request_processing.req_logging [None req-6a5fbbc6-c590-4dd1-85a8-b81df18d9e6b None admin] PATH_INFO: `/v3/domains/default` {{(pid=45654) log_request_info /opt/stack/keystone/keystone/server/flask/request_processing/req_logging.py:29}}
Oct 25 19:29:15 user devstack@keystone.service[45654]: DEBUG keystone.common.rbac_enforcer.enforcer [None req-6a5fbbc6-c590-4dd1-85a8-b81df18d9e6b None admin] RBAC: Authorizing `identity:get_domain(domain_id=default)` {{(pid=45654) enforce_call /opt/stack/keystone/keystone/common/rbac_enforcer/enforcer.py:449}}
Oct 25 19:29:15 user devstack@keystone.service[45654]: DEBUG keystone.common.rbac_enforcer.enforcer [None req-6a5fbbc6-c590-4dd1-85a8-b81df18d9e6b None admin] RBAC: Authorization granted {{(pid=45654) enforce_call /opt/stack/keystone/keystone/common/rbac_enforcer/enforcer.py:457}}
Oct 25 19:29:15 user devstack@keystone.service[45654]: [pid: 45654|app: 0|req: 45/134] 10.0.0.210 () {56 vars in 1103 bytes} [Wed Oct 25 19:29:15 2023] GET /identity/v3/domains/default => generated 198 bytes in 137 msecs (HTTP/1.1 200) 5 headers in 177 bytes (1 switches on core 0)
Oct 25 19:29:15 user devstack@keystone.service[45653]: DEBUG keystone.server.flask.request_processing.middleware.auth_context [None req-273f33e7-0168-49b1-a240-30c1f5563e2e None None] Authenticating user token {{(pid=45653) process_request /opt/stack/data/venv/lib/python3.10/site-packages/keystonemiddleware/auth_token/__init__.py:406}}
Oct 25 19:29:15 user devstack@keystone.service[45653]: DEBUG keystone.server.flask.request_processing.middleware.auth_context [None req-273f33e7-0168-49b1-a240-30c1f5563e2e None None] Validating token access rules against request {{(pid=45653) validate_allowed_request /opt/stack/data/venv/lib/python3.10/site-packages/keystonemiddleware/auth_token/__init__.py:544}}
Oct 25 19:29:15 user devstack@keystone.service[45653]: DEBUG keystone.server.flask.request_processing.middleware.auth_context [None req-60deed65-f8b7-4a23-9ec4-f58da1e60ed8 None admin] RBAC: auth_context: {'token': , 'domain_id': None, 'trust_id': None, 'trustor_id': None, 'trustee_id': None, 'domain_name': None, 'group_ids': [], 'user_id': '03c5ba7a7d9840dab06f63ca68f74699', 'user_domain_id': 'default', 'system_scope': 'all', 'project_id': None, 'project_domain_id': None, 'roles': ['admin', 'manager', 'member', 'reader'], 'is_admin_project': True, 'service_user_id': None, 'service_user_domain_id': None, 'service_project_id': None, 'service_project_domain_id': None, 'service_roles': []} {{(pid=45653) fill_context /opt/stack/keystone/keystone/server/flask/request_processing/middleware/auth_context.py:480}}
Oct 25 19:29:15 user devstack@keystone.service[45653]: DEBUG keystone.server.flask.request_processing.req_logging [None req-60deed65-f8b7-4a23-9ec4-f58da1e60ed8 None admin] REQUEST_METHOD: `POST` {{(pid=45653) log_request_info /opt/stack/keystone/keystone/server/flask/request_processing/req_logging.py:27}}
Oct 25 19:29:15 user devstack@keystone.service[45653]: DEBUG keystone.server.flask.request_processing.req_logging [None req-60deed65-f8b7-4a23-9ec4-f58da1e60ed8 None admin] SCRIPT_NAME: `/identity` {{(pid=45653) log_request_info /opt/stack/keystone/keystone/server/flask/request_processing/req_logging.py:28}}
Oct 25 19:29:15 user devstack@keystone.service[45653]: DEBUG keystone.server.flask.request_processing.req_logging [None req-60deed65-f8b7-4a23-9ec4-f58da1e60ed8 None admin] PATH_INFO: `/v3/users` {{(pid=45653) log_request_info /opt/stack/keystone/keystone/server/flask/request_processing/req_logging.py:29}}
Oct 25 19:29:15 user devstack@keystone.service[45653]: DEBUG keystone.common.rbac_enforcer.enforcer [None req-60deed65-f8b7-4a23-9ec4-f58da1e60ed8 None admin] RBAC: Authorizing `identity:create_user()` {{(pid=45653) enforce_call /opt/stack/keystone/keystone/common/rbac_enforcer/enforcer.py:449}}
Oct 25 19:29:15 user devstack@keystone.service[45653]: DEBUG keystone.common.rbac_enforcer.enforcer [None req-60deed65-f8b7-4a23-9ec4-f58da1e60ed8 None admin] RBAC: Authorization granted {{(pid=45653) enforce_call /opt/stack/keystone/keystone/common/rbac_enforcer/enforcer.py:457}}
Oct 25 19:29:15 user devstack@keystone.service[45653]: WARNING keystone.common.password_hashing [None req-60deed65-f8b7-4a23-9ec4-f58da1e60ed8 None admin] Truncating password to algorithm specific maximum length 72 characters.
Oct 25 19:29:15 user devstack@keystone.service[45653]: [pid: 45653|app: 0|req: 43/135] 10.0.0.210 () {60 vars in 1127 bytes} [Wed Oct 25 19:29:15 2023] POST /identity/v3/users => generated 282 bytes in 168 msecs (HTTP/1.1 201) 5 headers in 182 bytes (1 switches on core 0)
Oct 25 19:29:15 user devstack@keystone.service[45652]: DEBUG keystone.server.flask.request_processing.req_logging [None req-b00c345f-c8e9-4038-862c-9e6b7c6b2307 None None] REQUEST_METHOD: `GET` {{(pid=45652) log_request_info /opt/stack/keystone/keystone/server/flask/request_processing/req_logging.py:27}}
Oct 25 19:29:15 user devstack@keystone.service[45652]: DEBUG keystone.server.flask.request_processing.req_logging [None req-b00c345f-c8e9-4038-862c-9e6b7c6b2307 None None] SCRIPT_NAME: `/identity` {{(pid=45652) log_request_info /opt/stack/keystone/keystone/server/flask/request_processing/req_logging.py:28}}
Oct 25 19:29:15 user devstack@keystone.service[45652]: DEBUG keystone.server.flask.request_processing.req_logging [None req-b00c345f-c8e9-4038-862c-9e6b7c6b2307 None None] PATH_INFO: `/` {{(pid=45652) log_request_info /opt/stack/keystone/keystone/server/flask/request_processing/req_logging.py:29}}
Oct 25 19:29:15 user devstack@keystone.service[45652]: [pid: 45652|app: 0|req: 48/136] 10.0.0.210 () {54 vars in 921 bytes} [Wed Oct 25 19:29:15 2023] GET /identity => generated 269 bytes in 3 msecs (HTTP/1.1 300) 6 headers in 233 bytes (1 switches on core 0)
Oct 25 19:29:15 user devstack@keystone.service[45654]: DEBUG keystone.server.flask.request_processing.req_logging [None req-3937e28d-5a74-4661-90ac-0a7dbc8d2667 None None] REQUEST_METHOD: `POST` {{(pid=45654) log_request_info /opt/stack/keystone/keystone/server/flask/request_processing/req_logging.py:27}}
Oct 25 19:29:15 user devstack@keystone.service[45654]: DEBUG keystone.server.flask.request_processing.req_logging [None req-3937e28d-5a74-4661-90ac-0a7dbc8d2667 None None] SCRIPT_NAME: `/identity` {{(pid=45654) log_request_info /opt/stack/keystone/keystone/server/flask/request_processing/req_logging.py:28}}
Oct 25 19:29:15 user devstack@keystone.service[45654]: DEBUG keystone.server.flask.request_processing.req_logging [None req-3937e28d-5a74-4661-90ac-0a7dbc8d2667 None None] PATH_INFO: `/v3/auth/tokens` {{(pid=45654) log_request_info /opt/stack/keystone/keystone/server/flask/request_processing/req_logging.py:29}}
Oct 25 19:29:15 user devstack@keystone.service[45654]: WARNING keystone.common.password_hashing [None req-3937e28d-5a74-4661-90ac-0a7dbc8d2667 None None] Truncating password to algorithm specific maximum length 72 characters.
Oct 25 19:29:15 user devstack@keystone.service[45654]: DEBUG keystone.auth.core [None req-3937e28d-5a74-4661-90ac-0a7dbc8d2667 None None] MFA Rules not processed for user `03c5ba7a7d9840dab06f63ca68f74699`. Rule list: `[]` (Enabled: `True`). {{(pid=45654) check_auth_methods_against_rules /opt/stack/keystone/keystone/auth/core.py:438}}
Oct 25 19:29:15 user devstack@keystone.service[45654]: DEBUG keystone.common.fernet_utils [None req-3937e28d-5a74-4661-90ac-0a7dbc8d2667 None None] Loaded 2 Fernet keys from /etc/keystone/fernet-keys/, but `[fernet_tokens] max_active_keys = 3`; perhaps there have not been enough key rotations to reach `max_active_keys` yet? {{(pid=45654) load_keys /opt/stack/keystone/keystone/common/fernet_utils.py:286}}
Oct 25 19:29:15 user devstack@keystone.service[45654]: [pid: 45654|app: 0|req: 46/137] 10.0.0.210 () {58 vars in 1018 bytes} [Wed Oct 25 19:29:15 2023] POST /identity/v3/auth/tokens => generated 861 bytes in 88 msecs (HTTP/1.1 201) 6 headers in 363 bytes (1 switches on core 0)
Oct 25 19:29:16 user devstack@keystone.service[45653]: DEBUG keystone.server.flask.request_processing.middleware.auth_context [None req-60deed65-f8b7-4a23-9ec4-f58da1e60ed8 None admin] Authenticating user token {{(pid=45653) process_request /opt/stack/data/venv/lib/python3.10/site-packages/keystonemiddleware/auth_token/__init__.py:406}}
Oct 25 19:29:16 user devstack@keystone.service[45653]: DEBUG keystone.server.flask.request_processing.middleware.auth_context [None req-60deed65-f8b7-4a23-9ec4-f58da1e60ed8 None admin] Validating token access rules against request {{(pid=45653) validate_allowed_request /opt/stack/data/venv/lib/python3.10/site-packages/keystonemiddleware/auth_token/__init__.py:544}}
Oct 25 19:29:16 user devstack@keystone.service[45653]: DEBUG keystone.server.flask.request_processing.middleware.auth_context [None req-8549ead5-68e5-4b83-900f-a10a04d94edd None admin] RBAC: auth_context: {'token': , 'domain_id': None, 'trust_id': None, 'trustor_id': None, 'trustee_id': None, 'domain_name': None, 'group_ids': [], 'user_id': '03c5ba7a7d9840dab06f63ca68f74699', 'user_domain_id': 'default', 'system_scope': 'all', 'project_id': None, 'project_domain_id': None, 'roles': ['admin', 'manager', 'member', 'reader'], 'is_admin_project': True, 'service_user_id': None, 'service_user_domain_id': None, 'service_project_id': None, 'service_project_domain_id': None, 'service_roles': []} {{(pid=45653) fill_context /opt/stack/keystone/keystone/server/flask/request_processing/middleware/auth_context.py:480}}
Oct 25 19:29:16 user devstack@keystone.service[45653]: DEBUG keystone.server.flask.request_processing.req_logging [None req-8549ead5-68e5-4b83-900f-a10a04d94edd None admin] REQUEST_METHOD: `GET` {{(pid=45653) log_request_info /opt/stack/keystone/keystone/server/flask/request_processing/req_logging.py:27}}
Oct 25 19:29:16 user devstack@keystone.service[45653]: DEBUG keystone.server.flask.request_processing.req_logging [None req-8549ead5-68e5-4b83-900f-a10a04d94edd None admin] SCRIPT_NAME: `/identity` {{(pid=45653) log_request_info /opt/stack/keystone/keystone/server/flask/request_processing/req_logging.py:28}}
Oct 25 19:29:16 user devstack@keystone.service[45653]: DEBUG keystone.server.flask.request_processing.req_logging [None req-8549ead5-68e5-4b83-900f-a10a04d94edd None admin] PATH_INFO: `/v3/roles/reader` {{(pid=45653) log_request_info /opt/stack/keystone/keystone/server/flask/request_processing/req_logging.py:29}}
Oct 25 19:29:16 user devstack@keystone.service[45653]: DEBUG keystone.common.rbac_enforcer.enforcer [None req-8549ead5-68e5-4b83-900f-a10a04d94edd None admin] Extracting inferred target data resulted in "NOT FOUND (404)". {{(pid=45653) enforce_call /opt/stack/keystone/keystone/common/rbac_enforcer/enforcer.py:409}}
Oct 25 19:29:16 user devstack@keystone.service[45653]: ERROR keystone.server.flask.application [None req-8549ead5-68e5-4b83-900f-a10a04d94edd None admin] Could not find role: reader.: keystone.exception.RoleNotFound: Could not find role: reader.
Oct 25 19:29:16 user devstack@keystone.service[45653]: ERROR keystone.server.flask.application
Traceback (most recent call last):
Oct 25 19:29:16 user devstack@keystone.service[45653]: ERROR keystone.server.flask.application
File "/opt/stack/data/venv/lib/python3.10/site-packages/flask/app.py", line 1823, in full_dispatch_request
Oct 25 19:29:16 user devstack@keystone.service[45653]: ERROR keystone.server.flask.application rv = self.dispatch_request()
Oct 25 19:29:16 user devstack@keystone.service[45653]: ERROR keystone.server.flask.application
File "/opt/stack/data/venv/lib/python3.10/site-packages/flask/app.py", line 1799, in dispatch_request
Oct 25 19:29:16 user devstack@keystone.service[45653]: ERROR keystone.server.flask.application return self.ensure_sync(self.view_functions[rule.endpoint])(**view_args)
Oct 25 19:29:16 user devstack@keystone.service[45653]: ERROR keystone.server.flask.application
File "/opt/stack/data/venv/lib/python3.10/site-packages/flask_restful/__init__.py", line 489, in wrapper
Oct 25 19:29:16 user devstack@keystone.service[45653]: ERROR keystone.server.flask.application resp = resource(*args, **kwargs)
Oct 25 19:29:16 user devstack@keystone.service[45653]: ERROR keystone.server.flask.application
File "/opt/stack/data/venv/lib/python3.10/site-packages/flask/views.py", line 107, in view
Oct 25 19:29:16 user devstack@keystone.service[45653]: ERROR keystone.server.flask.application return current_app.ensure_sync(self.dispatch_request)(**kwargs)
Oct 25 19:29:16 user devstack@keystone.service[45653]: ERROR keystone.server.flask.application
File "/opt/stack/data/venv/lib/python3.10/site-packages/flask_restful/__init__.py", line 604, in dispatch_request
Oct 25 19:29:16 user devstack@keystone.service[45653]: ERROR keystone.server.flask.application resp = meth(*args, **kwargs)
Oct 25 19:29:16 user devstack@keystone.service[45653]: ERROR keystone.server.flask.application
File "/opt/stack/keystone/keystone/api/roles.py", line 50, in get
Oct 25 19:29:16 user devstack@keystone.service[45653]: ERROR keystone.server.flask.application return self._get_role(role_id)
Oct 25 19:29:16 user devstack@keystone.service[45653]: ERROR keystone.server.flask.application
File "/opt/stack/keystone/keystone/api/roles.py", line 70, in _get_role
Oct 25 19:29:16 user devstack@keystone.service[45653]: ERROR keystone.server.flask.application ENFORCER.enforce_call(action='identity:get_role')
Oct 25 19:29:16 user devstack@keystone.service[45653]: ERROR keystone.server.flask.application
File "/opt/stack/keystone/keystone/common/rbac_enforcer/enforcer.py", line 402, in enforce_call
Oct 25 19:29:16 user devstack@keystone.service[45653]: ERROR keystone.server.flask.application policy_dict.update(cls._extract_member_target_data(
Oct 25 19:29:16 user devstack@keystone.service[45653]: ERROR keystone.server.flask.application
File "/opt/stack/keystone/keystone/common/rbac_enforcer/enforcer.py", line 234, in _extract_member_target_data
Oct 25 19:29:16 user devstack@keystone.service[45653]: ERROR keystone.server.flask.application member_name: func(flask.request.view_args[key])
Oct 25 19:29:16 user devstack@keystone.service[45653]: ERROR keystone.server.flask.application
File "/opt/stack/keystone/keystone/common/manager.py", line 115, in wrapped
Oct 25 19:29:16 user devstack@keystone.service[45653]: ERROR keystone.server.flask.application __ret_val = __f(*args, **kwargs)
Oct 25 19:29:16 user devstack@keystone.service[45653]: ERROR keystone.server.flask.application
File "/opt/stack/data/venv/lib/python3.10/site-packages/decorator.py", line 232, in fun
Oct 25 19:29:16 user devstack@keystone.service[45653]: ERROR keystone.server.flask.application return caller(func, *(extras + args), **kw)
Oct 25 19:29:16 user devstack@keystone.service[45653]: ERROR keystone.server.flask.application
File "/opt/stack/data/venv/lib/python3.10/site-packages/dogpile/cache/region.py", line 1594, in get_or_create_for_user_func
Oct 25 19:29:16 user devstack@keystone.service[45653]: ERROR keystone.server.flask.application return self.get_or_create(
Oct 25 19:29:16 user devstack@keystone.service[45653]: ERROR keystone.server.flask.application
File "/opt/stack/data/venv/lib/python3.10/site-packages/dogpile/cache/region.py", line 1054, in get_or_create
Oct 25 19:29:16 user devstack@keystone.service[45653]: ERROR keystone.server.flask.application with Lock(
Oct 25 19:29:16 user devstack@keystone.service[45653]: ERROR keystone.server.flask.application
File "/opt/stack/data/venv/lib/python3.10/site-packages/dogpile/lock.py", line 185, in __enter__
Oct 25 19:29:16 user devstack@keystone.service[45653]: ERROR keystone.server.flask.application return self._enter()
Oct 25 19:29:16 user devstack@keystone.service[45653]: ERROR keystone.server.flask.application
File "/opt/stack/data/venv/lib/python3.10/site-packages/dogpile/lock.py", line 94, in _enter
Oct 25 19:29:16 user devstack@keystone.service[45653]: ERROR keystone.server.flask.application generated = self._enter_create(value, createdtime)
Oct 25 19:29:16 user devstack@keystone.service[45653]: ERROR keystone.server.flask.application
File "/opt/stack/data/venv/lib/python3.10/site-packages/dogpile/lock.py", line 178, in _enter_create
Oct 25 19:29:16 user devstack@keystone.service[45653]: ERROR keystone.server.flask.application return self.creator()
Oct 25 19:29:16 user devstack@keystone.service[45653]: ERROR keystone.server.flask.application
File "/opt/stack/data/venv/lib/python3.10/site-packages/dogpile/cache/region.py", line 1007, in gen_value
Oct 25 19:29:16 user devstack@keystone.service[45653]: ERROR keystone.server.flask.application created_value = creator(
Oct 25 19:29:16 user devstack@keystone.service[45653]: ERROR keystone.server.flask.application
File "/opt/stack/keystone/keystone/assignment/core.py", line 1276, in get_role
Oct 25 19:29:16 user devstack@keystone.service[45653]: ERROR keystone.server.flask.application return self.driver.get_role(role_id)
Oct 25 19:29:16 user devstack@keystone.service[45653]: ERROR keystone.server.flask.application
File "/opt/stack/keystone/keystone/assignment/role_backends/sql.py", line 70, in get_role
Oct 25 19:29:16 user devstack@keystone.service[45653]: ERROR keystone.server.flask.application return self._get_role(session, role_id).to_dict()
Oct 25 19:29:16 user devstack@keystone.service[45653]: ERROR keystone.server.flask.application
File "/opt/stack/keystone/keystone/assignment/role_backends/sql.py", line 65, in _get_role
Oct 25 19:29:16 user devstack@keystone.service[45653]: ERROR keystone.server.flask.application raise exception.RoleNotFound(role_id=role_id)
Oct 25 19:29:16 user devstack@keystone.service[45653]: ERROR keystone.server.flask.application keystone.exception.RoleNotFound: Could not find role: reader.
Oct 25 19:29:16 user devstack@keystone.service[45653]: ERROR keystone.server.flask.application
Oct 25 19:29:16 user devstack@keystone.service[45653]: [pid: 45653|app: 0|req: 44/138] 10.0.0.210 () {56 vars in 1094 bytes} [Wed Oct 25 19:29:16 2023] GET /identity/v3/roles/reader => generated 84 bytes in 151 msecs (HTTP/1.1 404) 5 headers in 183 bytes (1 switches on core 0)
Oct 25 19:29:16 user devstack@keystone.service[45652]: DEBUG keystone.server.flask.request_processing.middleware.auth_context [None req-b00c345f-c8e9-4038-862c-9e6b7c6b2307 None None] Authenticating user token {{(pid=45652) process_request /opt/stack/data/venv/lib/python3.10/site-packages/keystonemiddleware/auth_token/__init__.py:406}}
Oct 25 19:29:16 user devstack@keystone.service[45652]: DEBUG keystone.server.flask.request_processing.middleware.auth_context [None req-b00c345f-c8e9-4038-862c-9e6b7c6b2307 None None] Validating token access rules against request {{(pid=45652) validate_allowed_request /opt/stack/data/venv/lib/python3.10/site-packages/keystonemiddleware/auth_token/__init__.py:544}}
Oct 25 19:29:16 user devstack@keystone.service[45652]: DEBUG keystone.server.flask.request_processing.middleware.auth_context [None req-22bd5003-6361-4564-908b-87ef43617601 None admin] RBAC: auth_context: {'token': , 'domain_id': None, 'trust_id': None, 'trustor_id': None, 'trustee_id': None, 'domain_name': None, 'group_ids': [], 'user_id': '03c5ba7a7d9840dab06f63ca68f74699', 'user_domain_id': 'default', 'system_scope': 'all', 'project_id': None, 'project_domain_id': None, 'roles': ['admin', 'manager', 'member', 'reader'], 'is_admin_project': True, 'service_user_id': None, 'service_user_domain_id': None, 'service_project_id': None, 'service_project_domain_id': None, 'service_roles': []} {{(pid=45652) fill_context /opt/stack/keystone/keystone/server/flask/request_processing/middleware/auth_context.py:480}}
Oct 25 19:29:16 user devstack@keystone.service[45652]: DEBUG keystone.server.flask.request_processing.req_logging [None req-22bd5003-6361-4564-908b-87ef43617601 None admin] REQUEST_METHOD: `GET` {{(pid=45652) log_request_info /opt/stack/keystone/keystone/server/flask/request_processing/req_logging.py:27}}
Oct 25 19:29:16 user devstack@keystone.service[45652]: DEBUG keystone.server.flask.request_processing.req_logging [None req-22bd5003-6361-4564-908b-87ef43617601 None admin] SCRIPT_NAME: `/identity` {{(pid=45652) log_request_info /opt/stack/keystone/keystone/server/flask/request_processing/req_logging.py:28}}
Oct 25 19:29:16 user devstack@keystone.service[45652]: DEBUG keystone.server.flask.request_processing.req_logging [None req-22bd5003-6361-4564-908b-87ef43617601 None admin] PATH_INFO: `/v3/roles` {{(pid=45652) log_request_info /opt/stack/keystone/keystone/server/flask/request_processing/req_logging.py:29}}
Oct 25 19:29:16 user devstack@keystone.service[45652]: DEBUG keystone.common.rbac_enforcer.enforcer [None req-22bd5003-6361-4564-908b-87ef43617601 None admin] RBAC: Adding query filter params (name=reader) {{(pid=45652) _extract_filter_values /opt/stack/keystone/keystone/common/rbac_enforcer/enforcer.py:167}}
Oct 25 19:29:16 user devstack@keystone.service[45652]: DEBUG keystone.common.rbac_enforcer.enforcer [None req-22bd5003-6361-4564-908b-87ef43617601 None admin] RBAC: Authorizing `identity:list_roles()` {{(pid=45652) enforce_call /opt/stack/keystone/keystone/common/rbac_enforcer/enforcer.py:449}}
Oct 25 19:29:16 user devstack@keystone.service[45652]: DEBUG keystone.common.rbac_enforcer.enforcer [None req-22bd5003-6361-4564-908b-87ef43617601 None admin] RBAC: Authorization granted {{(pid=45652) enforce_call /opt/stack/keystone/keystone/common/rbac_enforcer/enforcer.py:457}}
Oct 25 19:29:16 user devstack@keystone.service[45652]: [pid: 45652|app: 0|req: 49/139] 10.0.0.210 () {56 vars in 1096 bytes} [Wed Oct 25 19:29:16 2023] GET /identity/v3/roles?name=reader => generated 339 bytes in 142 msecs (HTTP/1.1 200) 5 headers in 177 bytes (1 switches on core 0)
Oct 25 19:29:16 user devstack@keystone.service[45654]: DEBUG keystone.server.flask.request_processing.middleware.auth_context [None req-3937e28d-5a74-4661-90ac-0a7dbc8d2667 None None] Authenticating user token {{(pid=45654) process_request /opt/stack/data/venv/lib/python3.10/site-packages/keystonemiddleware/auth_token/__init__.py:406}}
Oct 25 19:29:16 user devstack@keystone.service[45654]: DEBUG keystone.server.flask.request_processing.middleware.auth_context [None req-3937e28d-5a74-4661-90ac-0a7dbc8d2667 None None] Validating token access rules against request {{(pid=45654) validate_allowed_request /opt/stack/data/venv/lib/python3.10/site-packages/keystonemiddleware/auth_token/__init__.py:544}}
Oct 25 19:29:16 user devstack@keystone.service[45654]: DEBUG keystone.server.flask.request_processing.middleware.auth_context [None req-06d2dfe2-1d29-43a4-99ad-0db2db439b43 None admin] RBAC: auth_context: {'token': , 'domain_id': None, 'trust_id': None, 'trustor_id': None, 'trustee_id': None, 'domain_name': None, 'group_ids': [], 'user_id': '03c5ba7a7d9840dab06f63ca68f74699', 'user_domain_id': 'default', 'system_scope': 'all', 'project_id': None, 'project_domain_id': None, 'roles': ['admin', 'manager', 'member', 'reader'], 'is_admin_project': True, 'service_user_id': None, 'service_user_domain_id': None, 'service_project_id': None, 'service_project_domain_id': None, 'service_roles': []} {{(pid=45654) fill_context /opt/stack/keystone/keystone/server/flask/request_processing/middleware/auth_context.py:480}}
Oct 25 19:29:16 user devstack@keystone.service[45654]: DEBUG keystone.server.flask.request_processing.req_logging [None req-06d2dfe2-1d29-43a4-99ad-0db2db439b43 None admin] REQUEST_METHOD: `GET` {{(pid=45654) log_request_info /opt/stack/keystone/keystone/server/flask/request_processing/req_logging.py:27}}
