Apr 20 15:02:12 user devstack@n-api.service[61508]: DEBUG nova.api.openstack.wsgi_app [-] oslo_policy.enforce_scope = False {{(pid=61508) log_opt_values /usr/local/lib/python3.10/dist-packages/oslo_config/cfg.py:2609}}
Apr 20 15:02:12 user devstack@n-api.service[61508]: DEBUG nova.api.openstack.wsgi_app [-] oslo_policy.policy_default_rule = default {{(pid=61508) log_opt_values /usr/local/lib/python3.10/dist-packages/oslo_config/cfg.py:2609}}
Apr 20 15:02:12 user devstack@n-api.service[61508]: DEBUG nova.api.openstack.wsgi_app [-] oslo_policy.policy_dirs = ['policy.d'] {{(pid=61508) log_opt_values /usr/local/lib/python3.10/dist-packages/oslo_config/cfg.py:2609}}
Apr 20 15:02:12 user devstack@n-api.service[61508]: DEBUG nova.api.openstack.wsgi_app [-] oslo_policy.policy_file = policy.yaml {{(pid=61508) log_opt_values /usr/local/lib/python3.10/dist-packages/oslo_config/cfg.py:2609}}
Apr 20 15:02:12 user devstack@n-api.service[61508]: DEBUG nova.api.openstack.wsgi_app [-] oslo_policy.remote_content_type = application/x-www-form-urlencoded {{(pid=61508) log_opt_values /usr/local/lib/python3.10/dist-packages/oslo_config/cfg.py:2609}}
Apr 20 15:02:12 user devstack@n-api.service[61508]: DEBUG nova.api.openstack.wsgi_app [-] oslo_policy.remote_ssl_ca_crt_file = None {{(pid=61508) log_opt_values /usr/local/lib/python3.10/dist-packages/oslo_config/cfg.py:2609}}
Apr 20 15:02:12 user devstack@n-api.service[61508]: DEBUG nova.api.openstack.wsgi_app [-] oslo_policy.remote_ssl_client_crt_file = None {{(pid=61508) log_opt_values /usr/local/lib/python3.10/dist-packages/oslo_config/cfg.py:2609}}
Apr 20 15:02:12 user devstack@n-api.service[61508]: DEBUG nova.api.openstack.wsgi_app [-] oslo_policy.remote_ssl_client_key_file = None {{(pid=61508) log_opt_values /usr/local/lib/python3.10/dist-packages/oslo_config/cfg.py:2609}}
Apr 20 15:02:12 user devstack@n-api.service[61508]: DEBUG nova.api.openstack.wsgi_app [-] oslo_policy.remote_ssl_verify_server_crt = False {{(pid=61508) log_opt_values /usr/local/lib/python3.10/dist-packages/oslo_config/cfg.py:2609}}
Apr 20 15:02:12 user devstack@n-api.service[61508]: DEBUG nova.api.openstack.wsgi_app [-] oslo_limit.auth_section = None {{(pid=61508) log_opt_values /usr/local/lib/python3.10/dist-packages/oslo_config/cfg.py:2609}}
Apr 20 15:02:12 user devstack@n-api.service[61508]: DEBUG nova.api.openstack.wsgi_app [-] oslo_limit.auth_type = None {{(pid=61508) log_opt_values /usr/local/lib/python3.10/dist-packages/oslo_config/cfg.py:2609}}
Apr 20 15:02:12 user devstack@n-api.service[61508]: DEBUG nova.api.openstack.wsgi_app [-] oslo_limit.cafile = None {{(pid=61508) log_opt_values /usr/local/lib/python3.10/dist-packages/oslo_config/cfg.py:2609}}
Apr 20 15:02:12 user devstack@n-api.service[61508]: DEBUG nova.api.openstack.wsgi_app [-] oslo_limit.certfile = None {{(pid=61508) log_opt_values /usr/local/lib/python3.10/dist-packages/oslo_config/cfg.py:2609}}
Apr 20 15:02:12 user devstack@n-api.service[61508]: DEBUG nova.api.openstack.wsgi_app [-] oslo_limit.collect_timing = False {{(pid=61508) log_opt_values /usr/local/lib/python3.10/dist-packages/oslo_config/cfg.py:2609}}
Apr 20 15:02:12 user devstack@n-api.service[61508]: DEBUG nova.api.openstack.wsgi_app [-] oslo_limit.connect_retries = None {{(pid=61508) log_opt_values /usr/local/lib/python3.10/dist-packages/oslo_config/cfg.py:2609}}
Apr 20 15:02:12 user devstack@n-api.service[61508]: DEBUG nova.api.openstack.wsgi_app [-] oslo_limit.connect_retry_delay = None {{(pid=61508) log_opt_values /usr/local/lib/python3.10/dist-packages/oslo_config/cfg.py:2609}}
Apr 20 15:02:12 user devstack@n-api.service[61508]: DEBUG nova.api.openstack.wsgi_app [-] oslo_limit.endpoint_id = None {{(pid=61508) log_opt_values /usr/local/lib/python3.10/dist-packages/oslo_config/cfg.py:2609}}
Apr 20 15:02:12 user devstack@n-api.service[61508]: DEBUG nova.api.openstack.wsgi_app [-] oslo_limit.endpoint_override = None {{(pid=61508) log_opt_values /usr/local/lib/python3.10/dist-packages/oslo_config/cfg.py:2609}}
Apr 20 15:02:12 user devstack@n-api.service[61508]: DEBUG nova.api.openstack.wsgi_app [-] oslo_limit.insecure = False {{(pid=61508) log_opt_values /usr/local/lib/python3.10/dist-packages/oslo_config/cfg.py:2609}}
Apr 20 15:02:12 user devstack@n-api.service[61508]: DEBUG nova.api.openstack.wsgi_app [-] oslo_limit.keyfile = None {{(pid=61508) log_opt_values /usr/local/lib/python3.10/dist-packages/oslo_config/cfg.py:2609}}
Apr 20 15:02:12 user devstack@n-api.service[61508]: DEBUG nova.api.openstack.wsgi_app [-] oslo_limit.max_version = None {{(pid=61508) log_opt_values /usr/local/lib/python3.10/dist-packages/oslo_config/cfg.py:2609}}
Apr 20 15:02:12 user devstack@n-api.service[61508]: DEBUG nova.api.openstack.wsgi_app [-] oslo_limit.min_version = None {{(pid=61508) log_opt_values /usr/local/lib/python3.10/dist-packages/oslo_config/cfg.py:2609}}
Apr 20 15:02:12 user devstack@n-api.service[61508]: DEBUG nova.api.openstack.wsgi_app [-] oslo_limit.region_name = None {{(pid=61508) log_opt_values /usr/local/lib/python3.10/dist-packages/oslo_config/cfg.py:2609}}
Apr 20 15:02:12 user devstack@n-api.service[61508]: DEBUG nova.api.openstack.wsgi_app [-] oslo_limit.service_name = None {{(pid=61508) log_opt_values /usr/local/lib/python3.10/dist-packages/oslo_config/cfg.py:2609}}
Apr 20 15:02:12 user devstack@n-api.service[61508]: DEBUG nova.api.openstack.wsgi_app [-] oslo_limit.service_type = None {{(pid=61508) log_opt_values /usr/local/lib/python3.10/dist-packages/oslo_config/cfg.py:2609}}
Apr 20 15:02:12 user devstack@n-api.service[61508]: DEBUG nova.api.openstack.wsgi_app [-] oslo_limit.split_loggers = False {{(pid=61508) log_opt_values /usr/local/lib/python3.10/dist-packages/oslo_config/cfg.py:2609}}
Apr 20 15:02:12 user devstack@n-api.service[61508]: DEBUG nova.api.openstack.wsgi_app [-] oslo_limit.status_code_retries = None {{(pid=61508) log_opt_values /usr/local/lib/python3.10/dist-packages/oslo_config/cfg.py:2609}}
Apr 20 15:02:12 user devstack@n-api.service[61508]: DEBUG nova.api.openstack.wsgi_app [-] oslo_limit.status_code_retry_delay = None {{(pid=61508) log_opt_values /usr/local/lib/python3.10/dist-packages/oslo_config/cfg.py:2609}}
Apr 20 15:02:12 user devstack@n-api.service[61508]: DEBUG nova.api.openstack.wsgi_app [-] oslo_limit.timeout = None {{(pid=61508) log_opt_values /usr/local/lib/python3.10/dist-packages/oslo_config/cfg.py:2609}}
Apr 20 15:02:12 user devstack@n-api.service[61508]: DEBUG nova.api.openstack.wsgi_app [-] oslo_limit.valid_interfaces = None {{(pid=61508) log_opt_values /usr/local/lib/python3.10/dist-packages/oslo_config/cfg.py:2609}}
Apr 20 15:02:12 user devstack@n-api.service[61508]: DEBUG nova.api.openstack.wsgi_app [-] oslo_limit.version = None {{(pid=61508) log_opt_values /usr/local/lib/python3.10/dist-packages/oslo_config/cfg.py:2609}}
Apr 20 15:02:12 user devstack@n-api.service[61508]: DEBUG nova.api.openstack.wsgi_app [-] oslo_middleware.http_basic_auth_user_file = /etc/htpasswd {{(pid=61508) log_opt_values /usr/local/lib/python3.10/dist-packages/oslo_config/cfg.py:2609}}
Apr 20 15:02:12 user devstack@n-api.service[61508]: DEBUG nova.api.openstack.wsgi_app [-] profiler.connection_string = messaging:// {{(pid=61508) log_opt_values /usr/local/lib/python3.10/dist-packages/oslo_config/cfg.py:2609}}
Apr 20 15:02:12 user devstack@n-api.service[61508]: DEBUG nova.api.openstack.wsgi_app [-] profiler.enabled = False {{(pid=61508) log_opt_values /usr/local/lib/python3.10/dist-packages/oslo_config/cfg.py:2609}}
Apr 20 15:02:12 user devstack@n-api.service[61508]: DEBUG nova.api.openstack.wsgi_app [-] profiler.es_doc_type = notification {{(pid=61508) log_opt_values /usr/local/lib/python3.10/dist-packages/oslo_config/cfg.py:2609}}
Apr 20 15:02:12 user devstack@n-api.service[61508]: DEBUG nova.api.openstack.wsgi_app [-] profiler.es_scroll_size = 10000 {{(pid=61508) log_opt_values /usr/local/lib/python3.10/dist-packages/oslo_config/cfg.py:2609}}
Apr 20 15:02:12 user devstack@n-api.service[61508]: DEBUG nova.api.openstack.wsgi_app [-] profiler.es_scroll_time = 2m {{(pid=61508) log_opt_values /usr/local/lib/python3.10/dist-packages/oslo_config/cfg.py:2609}}
Apr 20 15:02:12 user devstack@n-api.service[61508]: DEBUG nova.api.openstack.wsgi_app [-] profiler.filter_error_trace = False {{(pid=61508) log_opt_values /usr/local/lib/python3.10/dist-packages/oslo_config/cfg.py:2609}}
Apr 20 15:02:12 user devstack@n-api.service[61508]: DEBUG nova.api.openstack.wsgi_app [-] profiler.hmac_keys = SECRET_KEY {{(pid=61508) log_opt_values /usr/local/lib/python3.10/dist-packages/oslo_config/cfg.py:2609}}
Apr 20 15:02:12 user devstack@n-api.service[61508]: DEBUG nova.api.openstack.wsgi_app [-] profiler.sentinel_service_name = mymaster {{(pid=61508) log_opt_values /usr/local/lib/python3.10/dist-packages/oslo_config/cfg.py:2609}}
Apr 20 15:02:12 user devstack@n-api.service[61508]: DEBUG nova.api.openstack.wsgi_app [-] profiler.socket_timeout = 0.1 {{(pid=61508) log_opt_values /usr/local/lib/python3.10/dist-packages/oslo_config/cfg.py:2609}}
Apr 20 15:02:12 user devstack@n-api.service[61508]: DEBUG nova.api.openstack.wsgi_app [-] profiler.trace_sqlalchemy = False {{(pid=61508) log_opt_values /usr/local/lib/python3.10/dist-packages/oslo_config/cfg.py:2609}}
Apr 20 15:02:12 user devstack@n-api.service[61508]: DEBUG nova.api.openstack.wsgi_app [-] oslo_messaging_rabbit.amqp_auto_delete = False {{(pid=61508) log_opt_values /usr/local/lib/python3.10/dist-packages/oslo_config/cfg.py:2609}}
Apr 20 15:02:12 user devstack@n-api.service[61508]: DEBUG nova.api.openstack.wsgi_app [-] oslo_messaging_rabbit.amqp_durable_queues = False {{(pid=61508) log_opt_values /usr/local/lib/python3.10/dist-packages/oslo_config/cfg.py:2609}}
Apr 20 15:02:12 user devstack@n-api.service[61508]: DEBUG nova.api.openstack.wsgi_app [-] oslo_messaging_rabbit.conn_pool_min_size = 2 {{(pid=61508) log_opt_values /usr/local/lib/python3.10/dist-packages/oslo_config/cfg.py:2609}}
Apr 20 15:02:12 user devstack@n-api.service[61508]: DEBUG nova.api.openstack.wsgi_app [-] oslo_messaging_rabbit.conn_pool_ttl = 1200 {{(pid=61508) log_opt_values /usr/local/lib/python3.10/dist-packages/oslo_config/cfg.py:2609}}
Apr 20 15:02:12 user devstack@n-api.service[61508]: DEBUG nova.api.openstack.wsgi_app [-] oslo_messaging_rabbit.direct_mandatory_flag = True {{(pid=61508) log_opt_values /usr/local/lib/python3.10/dist-packages/oslo_config/cfg.py:2609}}
Apr 20 15:02:12 user devstack@n-api.service[61508]: DEBUG nova.api.openstack.wsgi_app [-] oslo_messaging_rabbit.enable_cancel_on_failover = False {{(pid=61508) log_opt_values /usr/local/lib/python3.10/dist-packages/oslo_config/cfg.py:2609}}
Apr 20 15:02:12 user devstack@n-api.service[61508]: DEBUG nova.api.openstack.wsgi_app [-] oslo_messaging_rabbit.heartbeat_in_pthread = False {{(pid=61508) log_opt_values /usr/local/lib/python3.10/dist-packages/oslo_config/cfg.py:2609}}
Apr 20 15:02:12 user devstack@n-api.service[61508]: DEBUG nova.api.openstack.wsgi_app [-] oslo_messaging_rabbit.heartbeat_rate = 2 {{(pid=61508) log_opt_values /usr/local/lib/python3.10/dist-packages/oslo_config/cfg.py:2609}}
Apr 20 15:02:12 user devstack@n-api.service[61508]: DEBUG nova.api.openstack.wsgi_app [-] oslo_messaging_rabbit.heartbeat_timeout_threshold = 60 {{(pid=61508) log_opt_values /usr/local/lib/python3.10/dist-packages/oslo_config/cfg.py:2609}}
Apr 20 15:02:12 user devstack@n-api.service[61508]: DEBUG nova.api.openstack.wsgi_app [-] oslo_messaging_rabbit.kombu_compression = None {{(pid=61508) log_opt_values /usr/local/lib/python3.10/dist-packages/oslo_config/cfg.py:2609}}
Apr 20 15:02:12 user devstack@n-api.service[61508]: DEBUG nova.api.openstack.wsgi_app [-] oslo_messaging_rabbit.kombu_failover_strategy = round-robin {{(pid=61508) log_opt_values /usr/local/lib/python3.10/dist-packages/oslo_config/cfg.py:2609}}
Apr 20 15:02:12 user devstack@n-api.service[61508]: DEBUG nova.api.openstack.wsgi_app [-] oslo_messaging_rabbit.kombu_missing_consumer_retry_timeout = 60 {{(pid=61508) log_opt_values /usr/local/lib/python3.10/dist-packages/oslo_config/cfg.py:2609}}
Apr 20 15:02:12 user devstack@n-api.service[61508]: DEBUG nova.api.openstack.wsgi_app [-] oslo_messaging_rabbit.kombu_reconnect_delay = 1.0 {{(pid=61508) log_opt_values /usr/local/lib/python3.10/dist-packages/oslo_config/cfg.py:2609}}
Apr 20 15:02:12 user devstack@n-api.service[61508]: DEBUG nova.api.openstack.wsgi_app [-] oslo_messaging_rabbit.rabbit_ha_queues = False {{(pid=61508) log_opt_values /usr/local/lib/python3.10/dist-packages/oslo_config/cfg.py:2609}}
Apr 20 15:02:12 user devstack@n-api.service[61508]: DEBUG nova.api.openstack.wsgi_app [-] oslo_messaging_rabbit.rabbit_interval_max = 30 {{(pid=61508) log_opt_values /usr/local/lib/python3.10/dist-packages/oslo_config/cfg.py:2609}}
Apr 20 15:02:12 user devstack@n-api.service[61508]: DEBUG nova.api.openstack.wsgi_app [-] oslo_messaging_rabbit.rabbit_login_method = AMQPLAIN {{(pid=61508) log_opt_values /usr/local/lib/python3.10/dist-packages/oslo_config/cfg.py:2609}}
Apr 20 15:02:12 user devstack@n-api.service[61508]: DEBUG nova.api.openstack.wsgi_app [-] oslo_messaging_rabbit.rabbit_qos_prefetch_count = 0 {{(pid=61508) log_opt_values /usr/local/lib/python3.10/dist-packages/oslo_config/cfg.py:2609}}
Apr 20 15:02:12 user devstack@n-api.service[61508]: DEBUG nova.api.openstack.wsgi_app [-] oslo_messaging_rabbit.rabbit_quorum_delivery_limit = 0 {{(pid=61508) log_opt_values /usr/local/lib/python3.10/dist-packages/oslo_config/cfg.py:2609}}
Apr 20 15:02:12 user devstack@n-api.service[61508]: DEBUG nova.api.openstack.wsgi_app [-] oslo_messaging_rabbit.rabbit_quorum_queue = False {{(pid=61508) log_opt_values /usr/local/lib/python3.10/dist-packages/oslo_config/cfg.py:2609}}
Apr 20 15:02:12 user devstack@n-api.service[61508]: DEBUG nova.api.openstack.wsgi_app [-] oslo_messaging_rabbit.rabbit_quroum_max_memory_bytes = 0 {{(pid=61508) log_opt_values /usr/local/lib/python3.10/dist-packages/oslo_config/cfg.py:2609}}
Apr 20 15:02:12 user devstack@n-api.service[61508]: DEBUG nova.api.openstack.wsgi_app [-] oslo_messaging_rabbit.rabbit_quroum_max_memory_length = 0 {{(pid=61508) log_opt_values /usr/local/lib/python3.10/dist-packages/oslo_config/cfg.py:2609}}
Apr 20 15:02:12 user devstack@n-api.service[61508]: DEBUG nova.api.openstack.wsgi_app [-] oslo_messaging_rabbit.rabbit_retry_backoff = 2 {{(pid=61508) log_opt_values /usr/local/lib/python3.10/dist-packages/oslo_config/cfg.py:2609}}
Apr 20 15:02:12 user devstack@n-api.service[61508]: DEBUG nova.api.openstack.wsgi_app [-] oslo_messaging_rabbit.rabbit_retry_interval = 1 {{(pid=61508) log_opt_values /usr/local/lib/python3.10/dist-packages/oslo_config/cfg.py:2609}}
Apr 20 15:02:12 user devstack@n-api.service[61508]: DEBUG nova.api.openstack.wsgi_app [-] oslo_messaging_rabbit.rabbit_transient_queues_ttl = 1800 {{(pid=61508) log_opt_values /usr/local/lib/python3.10/dist-packages/oslo_config/cfg.py:2609}}
Apr 20 15:02:12 user devstack@n-api.service[61508]: DEBUG nova.api.openstack.wsgi_app [-] oslo_messaging_rabbit.rpc_conn_pool_size = 30 {{(pid=61508) log_opt_values /usr/local/lib/python3.10/dist-packages/oslo_config/cfg.py:2609}}
Apr 20 15:02:12 user devstack@n-api.service[61508]: DEBUG nova.api.openstack.wsgi_app [-] oslo_messaging_rabbit.ssl = False {{(pid=61508) log_opt_values /usr/local/lib/python3.10/dist-packages/oslo_config/cfg.py:2609}}
Apr 20 15:02:12 user devstack@n-api.service[61508]: DEBUG nova.api.openstack.wsgi_app [-] oslo_messaging_rabbit.ssl_ca_file = {{(pid=61508) log_opt_values /usr/local/lib/python3.10/dist-packages/oslo_config/cfg.py:2609}}
Apr 20 15:02:12 user devstack@n-api.service[61508]: DEBUG nova.api.openstack.wsgi_app [-] oslo_messaging_rabbit.ssl_cert_file = {{(pid=61508) log_opt_values /usr/local/lib/python3.10/dist-packages/oslo_config/cfg.py:2609}}
Apr 20 15:02:12 user devstack@n-api.service[61508]: DEBUG nova.api.openstack.wsgi_app [-] oslo_messaging_rabbit.ssl_enforce_fips_mode = False {{(pid=61508) log_opt_values /usr/local/lib/python3.10/dist-packages/oslo_config/cfg.py:2609}}
Apr 20 15:02:12 user devstack@n-api.service[61508]: DEBUG nova.api.openstack.wsgi_app [-] oslo_messaging_rabbit.ssl_key_file = {{(pid=61508) log_opt_values /usr/local/lib/python3.10/dist-packages/oslo_config/cfg.py:2609}}
Apr 20 15:02:12 user devstack@n-api.service[61508]: DEBUG nova.api.openstack.wsgi_app [-] oslo_messaging_rabbit.ssl_version = {{(pid=61508) log_opt_values /usr/local/lib/python3.10/dist-packages/oslo_config/cfg.py:2609}}
Apr 20 15:02:12 user devstack@n-api.service[61508]: DEBUG nova.api.openstack.wsgi_app [-] oslo_messaging_notifications.driver = ['messagingv2'] {{(pid=61508) log_opt_values /usr/local/lib/python3.10/dist-packages/oslo_config/cfg.py:2609}}
Apr 20 15:02:12 user devstack@n-api.service[61508]: DEBUG nova.api.openstack.wsgi_app [-] oslo_messaging_notifications.retry = -1 {{(pid=61508) log_opt_values /usr/local/lib/python3.10/dist-packages/oslo_config/cfg.py:2609}}
Apr 20 15:02:12 user devstack@n-api.service[61508]: DEBUG nova.api.openstack.wsgi_app [-] oslo_messaging_notifications.topics = ['notifications'] {{(pid=61508) log_opt_values /usr/local/lib/python3.10/dist-packages/oslo_config/cfg.py:2609}}
Apr 20 15:02:12 user devstack@n-api.service[61508]: DEBUG nova.api.openstack.wsgi_app [-] oslo_messaging_notifications.transport_url = **** {{(pid=61508) log_opt_values /usr/local/lib/python3.10/dist-packages/oslo_config/cfg.py:2609}}
Apr 20 15:02:12 user devstack@n-api.service[61508]: DEBUG nova.api.openstack.wsgi_app [-] oslo_reports.file_event_handler = None {{(pid=61508) log_opt_values /usr/local/lib/python3.10/dist-packages/oslo_config/cfg.py:2609}}
Apr 20 15:02:12 user devstack@n-api.service[61508]: DEBUG nova.api.openstack.wsgi_app [-] oslo_reports.file_event_handler_interval = 1 {{(pid=61508) log_opt_values /usr/local/lib/python3.10/dist-packages/oslo_config/cfg.py:2609}}
Apr 20 15:02:12 user devstack@n-api.service[61508]: DEBUG nova.api.openstack.wsgi_app [-] oslo_reports.log_dir = None {{(pid=61508) log_opt_values /usr/local/lib/python3.10/dist-packages/oslo_config/cfg.py:2609}}
Apr 20 15:02:12 user devstack@n-api.service[61508]: DEBUG nova.api.openstack.wsgi_app [-] ******************************************************************************** {{(pid=61508) log_opt_values /usr/local/lib/python3.10/dist-packages/oslo_config/cfg.py:2613}}
Apr 20 15:02:12 user devstack@n-api.service[61510]: INFO dbcounter [None req-6630fd10-9be0-4a9a-b185-9925225fd1c0 None None] Registered counter for database nova_api
Apr 20 15:02:12 user devstack@n-api.service[61509]: INFO dbcounter [None req-31d1f91f-9f59-4396-93f1-763317aaa637 None None] Registered counter for database nova_api
Apr 20 15:02:12 user devstack@n-api.service[61510]: DEBUG oslo_db.sqlalchemy.engines [None req-6630fd10-9be0-4a9a-b185-9925225fd1c0 None None] MySQL server mode set to STRICT_TRANS_TABLES,STRICT_ALL_TABLES,NO_ZERO_IN_DATE,NO_ZERO_DATE,ERROR_FOR_DIVISION_BY_ZERO,TRADITIONAL,NO_ENGINE_SUBSTITUTION {{(pid=61510) _check_effective_sql_mode /usr/local/lib/python3.10/dist-packages/oslo_db/sqlalchemy/engines.py:335}}
Apr 20 15:02:12 user devstack@n-api.service[61510]: DEBUG dbcounter [-] [61510] Writer thread running {{(pid=61510) stat_writer /usr/local/lib/python3.10/dist-packages/dbcounter.py:102}}
Apr 20 15:02:12 user devstack@n-api.service[61509]: DEBUG oslo_db.sqlalchemy.engines [None req-31d1f91f-9f59-4396-93f1-763317aaa637 None None] MySQL server mode set to STRICT_TRANS_TABLES,STRICT_ALL_TABLES,NO_ZERO_IN_DATE,NO_ZERO_DATE,ERROR_FOR_DIVISION_BY_ZERO,TRADITIONAL,NO_ENGINE_SUBSTITUTION {{(pid=61509) _check_effective_sql_mode /usr/local/lib/python3.10/dist-packages/oslo_db/sqlalchemy/engines.py:335}}
Apr 20 15:02:12 user devstack@n-api.service[61509]: DEBUG dbcounter [-] [61509] Writer thread running {{(pid=61509) stat_writer /usr/local/lib/python3.10/dist-packages/dbcounter.py:102}}
Apr 20 15:02:12 user devstack@n-api.service[61508]: INFO dbcounter [None req-0483e5eb-c98b-4d41-a634-5f1dc4d948d3 None None] Registered counter for database nova_api
Apr 20 15:02:12 user devstack@n-api.service[61510]: DEBUG nova.context [None req-6630fd10-9be0-4a9a-b185-9925225fd1c0 None None] Found 2 cells: 00000000-0000-0000-0000-000000000000(cell0),c9259cc4-6390-40ae-86fb-bec94ff13c9d(cell1) {{(pid=61510) load_cells /opt/stack/nova/nova/context.py:464}}
Apr 20 15:02:12 user devstack@n-api.service[61510]: DEBUG oslo_concurrency.lockutils [None req-6630fd10-9be0-4a9a-b185-9925225fd1c0 None None] Acquiring lock "00000000-0000-0000-0000-000000000000" by "nova.context.set_target_cell..get_or_set_cached_cell_and_set_connections" {{(pid=61510) inner /usr/local/lib/python3.10/dist-packages/oslo_concurrency/lockutils.py:404}}
Apr 20 15:02:12 user devstack@n-api.service[61510]: DEBUG oslo_concurrency.lockutils [None req-6630fd10-9be0-4a9a-b185-9925225fd1c0 None None] Lock "00000000-0000-0000-0000-000000000000" acquired by "nova.context.set_target_cell..get_or_set_cached_cell_and_set_connections" :: waited 0.000s {{(pid=61510) inner /usr/local/lib/python3.10/dist-packages/oslo_concurrency/lockutils.py:409}}
Apr 20 15:02:12 user devstack@n-api.service[61510]: DEBUG oslo_concurrency.lockutils [None req-6630fd10-9be0-4a9a-b185-9925225fd1c0 None None] Lock "00000000-0000-0000-0000-000000000000" "released" by "nova.context.set_target_cell..get_or_set_cached_cell_and_set_connections" :: held 0.001s {{(pid=61510) inner /usr/local/lib/python3.10/dist-packages/oslo_concurrency/lockutils.py:423}}
Apr 20 15:02:12 user devstack@n-api.service[61510]: DEBUG oslo_concurrency.lockutils [None req-6630fd10-9be0-4a9a-b185-9925225fd1c0 None None] Acquiring lock "c9259cc4-6390-40ae-86fb-bec94ff13c9d" by "nova.context.set_target_cell..get_or_set_cached_cell_and_set_connections" {{(pid=61510) inner /usr/local/lib/python3.10/dist-packages/oslo_concurrency/lockutils.py:404}}
Apr 20 15:02:12 user devstack@n-api.service[61510]: DEBUG oslo_concurrency.lockutils [None req-6630fd10-9be0-4a9a-b185-9925225fd1c0 None None] Lock "c9259cc4-6390-40ae-86fb-bec94ff13c9d" acquired by "nova.context.set_target_cell..get_or_set_cached_cell_and_set_connections" :: waited 0.000s {{(pid=61510) inner /usr/local/lib/python3.10/dist-packages/oslo_concurrency/lockutils.py:409}}
Apr 20 15:02:12 user devstack@n-api.service[61510]: DEBUG oslo_concurrency.lockutils [None req-6630fd10-9be0-4a9a-b185-9925225fd1c0 None None] Lock "c9259cc4-6390-40ae-86fb-bec94ff13c9d" "released" by "nova.context.set_target_cell..get_or_set_cached_cell_and_set_connections" :: held 0.001s {{(pid=61510) inner /usr/local/lib/python3.10/dist-packages/oslo_concurrency/lockutils.py:423}}
Apr 20 15:02:12 user devstack@n-api.service[61510]: INFO dbcounter [None req-6630fd10-9be0-4a9a-b185-9925225fd1c0 None None] Registered counter for database nova_cell0
Apr 20 15:02:12 user devstack@n-api.service[61510]: INFO dbcounter [None req-6630fd10-9be0-4a9a-b185-9925225fd1c0 None None] Registered counter for database nova_cell1
Apr 20 15:02:12 user devstack@n-api.service[61509]: DEBUG nova.context [None req-31d1f91f-9f59-4396-93f1-763317aaa637 None None] Found 2 cells: 00000000-0000-0000-0000-000000000000(cell0),c9259cc4-6390-40ae-86fb-bec94ff13c9d(cell1) {{(pid=61509) load_cells /opt/stack/nova/nova/context.py:464}}
Apr 20 15:02:12 user devstack@n-api.service[61510]: DEBUG oslo_db.sqlalchemy.engines [None req-6630fd10-9be0-4a9a-b185-9925225fd1c0 None None] MySQL server mode set to STRICT_TRANS_TABLES,STRICT_ALL_TABLES,NO_ZERO_IN_DATE,NO_ZERO_DATE,ERROR_FOR_DIVISION_BY_ZERO,TRADITIONAL,NO_ENGINE_SUBSTITUTION {{(pid=61510) _check_effective_sql_mode /usr/local/lib/python3.10/dist-packages/oslo_db/sqlalchemy/engines.py:335}}
Apr 20 15:02:12 user devstack@n-api.service[61509]: DEBUG oslo_concurrency.lockutils [None req-31d1f91f-9f59-4396-93f1-763317aaa637 None None] Acquiring lock "00000000-0000-0000-0000-000000000000" by "nova.context.set_target_cell..get_or_set_cached_cell_and_set_connections" {{(pid=61509) inner /usr/local/lib/python3.10/dist-packages/oslo_concurrency/lockutils.py:404}}
Apr 20 15:02:12 user devstack@n-api.service[61509]: DEBUG oslo_concurrency.lockutils [None req-31d1f91f-9f59-4396-93f1-763317aaa637 None None] Lock "00000000-0000-0000-0000-000000000000" acquired by "nova.context.set_target_cell..get_or_set_cached_cell_and_set_connections" :: waited 0.000s {{(pid=61509) inner /usr/local/lib/python3.10/dist-packages/oslo_concurrency/lockutils.py:409}}
Apr 20 15:02:12 user devstack@n-api.service[61509]: DEBUG oslo_concurrency.lockutils [None req-31d1f91f-9f59-4396-93f1-763317aaa637 None None] Lock "00000000-0000-0000-0000-000000000000" "released" by "nova.context.set_target_cell..get_or_set_cached_cell_and_set_connections" :: held 0.001s {{(pid=61509) inner /usr/local/lib/python3.10/dist-packages/oslo_concurrency/lockutils.py:423}}
Apr 20 15:02:12 user devstack@n-api.service[61510]: DEBUG oslo_db.sqlalchemy.engines [None req-6630fd10-9be0-4a9a-b185-9925225fd1c0 None None] MySQL server mode set to STRICT_TRANS_TABLES,STRICT_ALL_TABLES,NO_ZERO_IN_DATE,NO_ZERO_DATE,ERROR_FOR_DIVISION_BY_ZERO,TRADITIONAL,NO_ENGINE_SUBSTITUTION {{(pid=61510) _check_effective_sql_mode /usr/local/lib/python3.10/dist-packages/oslo_db/sqlalchemy/engines.py:335}}
Apr 20 15:02:12 user devstack@n-api.service[61509]: DEBUG oslo_concurrency.lockutils [None req-31d1f91f-9f59-4396-93f1-763317aaa637 None None] Acquiring lock "c9259cc4-6390-40ae-86fb-bec94ff13c9d" by "nova.context.set_target_cell..get_or_set_cached_cell_and_set_connections" {{(pid=61509) inner /usr/local/lib/python3.10/dist-packages/oslo_concurrency/lockutils.py:404}}
Apr 20 15:02:12 user devstack@n-api.service[61509]: DEBUG oslo_concurrency.lockutils [None req-31d1f91f-9f59-4396-93f1-763317aaa637 None None] Lock "c9259cc4-6390-40ae-86fb-bec94ff13c9d" acquired by "nova.context.set_target_cell..get_or_set_cached_cell_and_set_connections" :: waited 0.000s {{(pid=61509) inner /usr/local/lib/python3.10/dist-packages/oslo_concurrency/lockutils.py:409}}
Apr 20 15:02:12 user devstack@n-api.service[61510]: DEBUG dbcounter [-] [61510] Writer thread running {{(pid=61510) stat_writer /usr/local/lib/python3.10/dist-packages/dbcounter.py:102}}
Apr 20 15:02:12 user devstack@n-api.service[61509]: DEBUG oslo_concurrency.lockutils [None req-31d1f91f-9f59-4396-93f1-763317aaa637 None None] Lock "c9259cc4-6390-40ae-86fb-bec94ff13c9d" "released" by "nova.context.set_target_cell..get_or_set_cached_cell_and_set_connections" :: held 0.002s {{(pid=61509) inner /usr/local/lib/python3.10/dist-packages/oslo_concurrency/lockutils.py:423}}
Apr 20 15:02:12 user devstack@n-api.service[61509]: INFO dbcounter [None req-31d1f91f-9f59-4396-93f1-763317aaa637 None None] Registered counter for database nova_cell0
Apr 20 15:02:12 user devstack@n-api.service[61508]: DEBUG oslo_db.sqlalchemy.engines [None req-0483e5eb-c98b-4d41-a634-5f1dc4d948d3 None None] MySQL server mode set to STRICT_TRANS_TABLES,STRICT_ALL_TABLES,NO_ZERO_IN_DATE,NO_ZERO_DATE,ERROR_FOR_DIVISION_BY_ZERO,TRADITIONAL,NO_ENGINE_SUBSTITUTION {{(pid=61508) _check_effective_sql_mode /usr/local/lib/python3.10/dist-packages/oslo_db/sqlalchemy/engines.py:335}}
Apr 20 15:02:12 user devstack@n-api.service[61509]: INFO dbcounter [None req-31d1f91f-9f59-4396-93f1-763317aaa637 None None] Registered counter for database nova_cell1
Apr 20 15:02:12 user devstack@n-api.service[61508]: DEBUG dbcounter [-] [61508] Writer thread running {{(pid=61508) stat_writer /usr/local/lib/python3.10/dist-packages/dbcounter.py:102}}
Apr 20 15:02:12 user devstack@n-api.service[61509]: DEBUG oslo_db.sqlalchemy.engines [None req-31d1f91f-9f59-4396-93f1-763317aaa637 None None] MySQL server mode set to STRICT_TRANS_TABLES,STRICT_ALL_TABLES,NO_ZERO_IN_DATE,NO_ZERO_DATE,ERROR_FOR_DIVISION_BY_ZERO,TRADITIONAL,NO_ENGINE_SUBSTITUTION {{(pid=61509) _check_effective_sql_mode /usr/local/lib/python3.10/dist-packages/oslo_db/sqlalchemy/engines.py:335}}
Apr 20 15:02:12 user devstack@n-api.service[61509]: DEBUG dbcounter [-] [61509] Writer thread running {{(pid=61509) stat_writer /usr/local/lib/python3.10/dist-packages/dbcounter.py:102}}
Apr 20 15:02:12 user devstack@n-api.service[61509]: DEBUG oslo_db.sqlalchemy.engines [None req-31d1f91f-9f59-4396-93f1-763317aaa637 None None] MySQL server mode set to STRICT_TRANS_TABLES,STRICT_ALL_TABLES,NO_ZERO_IN_DATE,NO_ZERO_DATE,ERROR_FOR_DIVISION_BY_ZERO,TRADITIONAL,NO_ENGINE_SUBSTITUTION {{(pid=61509) _check_effective_sql_mode /usr/local/lib/python3.10/dist-packages/oslo_db/sqlalchemy/engines.py:335}}
Apr 20 15:02:12 user devstack@n-api.service[61508]: DEBUG nova.context [None req-0483e5eb-c98b-4d41-a634-5f1dc4d948d3 None None] Found 2 cells: 00000000-0000-0000-0000-000000000000(cell0),c9259cc4-6390-40ae-86fb-bec94ff13c9d(cell1) {{(pid=61508) load_cells /opt/stack/nova/nova/context.py:464}}
Apr 20 15:02:12 user devstack@n-api.service[61508]: DEBUG oslo_concurrency.lockutils [None req-0483e5eb-c98b-4d41-a634-5f1dc4d948d3 None None] Acquiring lock "00000000-0000-0000-0000-000000000000" by "nova.context.set_target_cell..get_or_set_cached_cell_and_set_connections" {{(pid=61508) inner /usr/local/lib/python3.10/dist-packages/oslo_concurrency/lockutils.py:404}}
Apr 20 15:02:12 user devstack@n-api.service[61508]: DEBUG oslo_concurrency.lockutils [None req-0483e5eb-c98b-4d41-a634-5f1dc4d948d3 None None] Lock "00000000-0000-0000-0000-000000000000" acquired by "nova.context.set_target_cell..get_or_set_cached_cell_and_set_connections" :: waited 0.000s {{(pid=61508) inner /usr/local/lib/python3.10/dist-packages/oslo_concurrency/lockutils.py:409}}
Apr 20 15:02:12 user devstack@n-api.service[61508]: DEBUG oslo_concurrency.lockutils [None req-0483e5eb-c98b-4d41-a634-5f1dc4d948d3 None None] Lock "00000000-0000-0000-0000-000000000000" "released" by "nova.context.set_target_cell..get_or_set_cached_cell_and_set_connections" :: held 0.002s {{(pid=61508) inner /usr/local/lib/python3.10/dist-packages/oslo_concurrency/lockutils.py:423}}
Apr 20 15:02:12 user devstack@n-api.service[61508]: DEBUG oslo_concurrency.lockutils [None req-0483e5eb-c98b-4d41-a634-5f1dc4d948d3 None None] Acquiring lock "c9259cc4-6390-40ae-86fb-bec94ff13c9d" by "nova.context.set_target_cell..get_or_set_cached_cell_and_set_connections" {{(pid=61508) inner /usr/local/lib/python3.10/dist-packages/oslo_concurrency/lockutils.py:404}}
Apr 20 15:02:12 user devstack@n-api.service[61508]: DEBUG oslo_concurrency.lockutils [None req-0483e5eb-c98b-4d41-a634-5f1dc4d948d3 None None] Lock "c9259cc4-6390-40ae-86fb-bec94ff13c9d" acquired by "nova.context.set_target_cell..get_or_set_cached_cell_and_set_connections" :: waited 0.000s {{(pid=61508) inner /usr/local/lib/python3.10/dist-packages/oslo_concurrency/lockutils.py:409}}
Apr 20 15:02:12 user devstack@n-api.service[61508]: DEBUG oslo_concurrency.lockutils [None req-0483e5eb-c98b-4d41-a634-5f1dc4d948d3 None None] Lock "c9259cc4-6390-40ae-86fb-bec94ff13c9d" "released" by "nova.context.set_target_cell..get_or_set_cached_cell_and_set_connections" :: held 0.002s {{(pid=61508) inner /usr/local/lib/python3.10/dist-packages/oslo_concurrency/lockutils.py:423}}
Apr 20 15:02:12 user devstack@n-api.service[61508]: INFO dbcounter [None req-0483e5eb-c98b-4d41-a634-5f1dc4d948d3 None None] Registered counter for database nova_cell0
Apr 20 15:02:12 user devstack@n-api.service[61508]: INFO dbcounter [None req-0483e5eb-c98b-4d41-a634-5f1dc4d948d3 None None] Registered counter for database nova_cell1
Apr 20 15:02:12 user devstack@n-api.service[61508]: DEBUG oslo_db.sqlalchemy.engines [None req-0483e5eb-c98b-4d41-a634-5f1dc4d948d3 None None] MySQL server mode set to STRICT_TRANS_TABLES,STRICT_ALL_TABLES,NO_ZERO_IN_DATE,NO_ZERO_DATE,ERROR_FOR_DIVISION_BY_ZERO,TRADITIONAL,NO_ENGINE_SUBSTITUTION {{(pid=61508) _check_effective_sql_mode /usr/local/lib/python3.10/dist-packages/oslo_db/sqlalchemy/engines.py:335}}
Apr 20 15:02:12 user devstack@n-api.service[61508]: DEBUG dbcounter [-] [61508] Writer thread running {{(pid=61508) stat_writer /usr/local/lib/python3.10/dist-packages/dbcounter.py:102}}
Apr 20 15:02:12 user devstack@n-api.service[61508]: DEBUG oslo_db.sqlalchemy.engines [None req-0483e5eb-c98b-4d41-a634-5f1dc4d948d3 None None] MySQL server mode set to STRICT_TRANS_TABLES,STRICT_ALL_TABLES,NO_ZERO_IN_DATE,NO_ZERO_DATE,ERROR_FOR_DIVISION_BY_ZERO,TRADITIONAL,NO_ENGINE_SUBSTITUTION {{(pid=61508) _check_effective_sql_mode /usr/local/lib/python3.10/dist-packages/oslo_db/sqlalchemy/engines.py:335}}
Apr 20 15:02:12 user devstack@n-api.service[61510]: DEBUG dbcounter [-] [61510] Writer thread running {{(pid=61510) stat_writer /usr/local/lib/python3.10/dist-packages/dbcounter.py:102}}
Apr 20 15:02:12 user devstack@n-api.service[61510]: INFO dbcounter [None req-6630fd10-9be0-4a9a-b185-9925225fd1c0 None None] Registered counter for database nova_cell0
Apr 20 15:02:12 user devstack@n-api.service[61509]: DEBUG dbcounter [-] [61509] Writer thread running {{(pid=61509) stat_writer /usr/local/lib/python3.10/dist-packages/dbcounter.py:102}}
Apr 20 15:02:12 user devstack@n-api.service[61510]: DEBUG oslo_db.sqlalchemy.engines [None req-6630fd10-9be0-4a9a-b185-9925225fd1c0 None None] MySQL server mode set to STRICT_TRANS_TABLES,STRICT_ALL_TABLES,NO_ZERO_IN_DATE,NO_ZERO_DATE,ERROR_FOR_DIVISION_BY_ZERO,TRADITIONAL,NO_ENGINE_SUBSTITUTION {{(pid=61510) _check_effective_sql_mode /usr/local/lib/python3.10/dist-packages/oslo_db/sqlalchemy/engines.py:335}}
Apr 20 15:02:12 user devstack@n-api.service[61510]: DEBUG dbcounter [-] [61510] Writer thread running {{(pid=61510) stat_writer /usr/local/lib/python3.10/dist-packages/dbcounter.py:102}}
Apr 20 15:02:12 user devstack@n-api.service[61509]: INFO dbcounter [None req-31d1f91f-9f59-4396-93f1-763317aaa637 None None] Registered counter for database nova_cell0
Apr 20 15:02:13 user devstack@n-api.service[61509]: DEBUG oslo_db.sqlalchemy.engines [None req-31d1f91f-9f59-4396-93f1-763317aaa637 None None] MySQL server mode set to STRICT_TRANS_TABLES,STRICT_ALL_TABLES,NO_ZERO_IN_DATE,NO_ZERO_DATE,ERROR_FOR_DIVISION_BY_ZERO,TRADITIONAL,NO_ENGINE_SUBSTITUTION {{(pid=61509) _check_effective_sql_mode /usr/local/lib/python3.10/dist-packages/oslo_db/sqlalchemy/engines.py:335}}
Apr 20 15:02:13 user devstack@n-api.service[61509]: DEBUG dbcounter [-] [61509] Writer thread running {{(pid=61509) stat_writer /usr/local/lib/python3.10/dist-packages/dbcounter.py:102}}
Apr 20 15:02:13 user devstack@n-api.service[61508]: DEBUG dbcounter [-] [61508] Writer thread running {{(pid=61508) stat_writer /usr/local/lib/python3.10/dist-packages/dbcounter.py:102}}
Apr 20 15:02:13 user devstack@n-api.service[61508]: INFO dbcounter [None req-0483e5eb-c98b-4d41-a634-5f1dc4d948d3 None None] Registered counter for database nova_cell0
Apr 20 15:02:13 user devstack@n-api.service[61508]: DEBUG oslo_db.sqlalchemy.engines [None req-0483e5eb-c98b-4d41-a634-5f1dc4d948d3 None None] MySQL server mode set to STRICT_TRANS_TABLES,STRICT_ALL_TABLES,NO_ZERO_IN_DATE,NO_ZERO_DATE,ERROR_FOR_DIVISION_BY_ZERO,TRADITIONAL,NO_ENGINE_SUBSTITUTION {{(pid=61508) _check_effective_sql_mode /usr/local/lib/python3.10/dist-packages/oslo_db/sqlalchemy/engines.py:335}}
Apr 20 15:02:13 user devstack@n-api.service[61508]: DEBUG dbcounter [-] [61508] Writer thread running {{(pid=61508) stat_writer /usr/local/lib/python3.10/dist-packages/dbcounter.py:102}}
Apr 20 15:02:13 user devstack@n-api.service[61510]: WARNING keystonemiddleware.auth_token [None req-6630fd10-9be0-4a9a-b185-9925225fd1c0 None None] AuthToken middleware is set with keystone_authtoken.service_token_roles_required set to False. This is backwards compatible but deprecated behaviour. Please set this to True.
Apr 20 15:02:13 user devstack@n-api.service[61510]: WARNING keystonemiddleware.auth_token [None req-6630fd10-9be0-4a9a-b185-9925225fd1c0 None None] Configuring www_authenticate_uri to point to the public identity endpoint is required; clients may not be able to authenticate against an admin endpoint
Apr 20 15:02:13 user devstack@n-api.service[61509]: WARNING keystonemiddleware.auth_token [None req-31d1f91f-9f59-4396-93f1-763317aaa637 None None] AuthToken middleware is set with keystone_authtoken.service_token_roles_required set to False. This is backwards compatible but deprecated behaviour. Please set this to True.
Apr 20 15:02:13 user devstack@n-api.service[61509]: WARNING keystonemiddleware.auth_token [None req-31d1f91f-9f59-4396-93f1-763317aaa637 None None] Configuring www_authenticate_uri to point to the public identity endpoint is required; clients may not be able to authenticate against an admin endpoint
Apr 20 15:02:13 user devstack@n-api.service[61510]: WARNING keystonemiddleware.auth_token [None req-6630fd10-9be0-4a9a-b185-9925225fd1c0 None None] AuthToken middleware is set with keystone_authtoken.service_token_roles_required set to False. This is backwards compatible but deprecated behaviour. Please set this to True.
Apr 20 15:02:13 user devstack@n-api.service[61510]: WARNING keystonemiddleware.auth_token [None req-6630fd10-9be0-4a9a-b185-9925225fd1c0 None None] Configuring www_authenticate_uri to point to the public identity endpoint is required; clients may not be able to authenticate against an admin endpoint
Apr 20 15:02:13 user devstack@n-api.service[61510]: WSGI app 0 (mountpoint='') ready in 5 seconds on interpreter 0x557018f0d990 pid: 61510 (default app)
Apr 20 15:02:13 user devstack@n-api.service[61510]: DEBUG nova.api.openstack.wsgi [None req-6630fd10-9be0-4a9a-b185-9925225fd1c0 None None] Calling method '>' {{(pid=61510) _process_stack /opt/stack/nova/nova/api/openstack/wsgi.py:513}}
Apr 20 15:02:13 user devstack@n-api.service[61510]: INFO nova.api.openstack.requestlog [None req-6630fd10-9be0-4a9a-b185-9925225fd1c0 None None] 10.0.0.210 "GET /compute/v2.1/" status: 200 len: 387 microversion: 2.1 time: 0.001468
Apr 20 15:02:13 user devstack@n-api.service[61510]: [pid: 61510|app: 0|req: 1/1] 10.0.0.210 () {50 vars in 783 bytes} [Thu Apr 20 15:02:13 2023] GET /compute/v2.1/ => generated 387 bytes in 3 msecs (HTTP/1.1 200) 9 headers in 357 bytes (1 switches on core 0)
Apr 20 15:02:13 user devstack@n-api.service[61508]: WARNING keystonemiddleware.auth_token [None req-0483e5eb-c98b-4d41-a634-5f1dc4d948d3 None None] AuthToken middleware is set with keystone_authtoken.service_token_roles_required set to False. This is backwards compatible but deprecated behaviour. Please set this to True.
Apr 20 15:02:13 user devstack@n-api.service[61508]: WARNING keystonemiddleware.auth_token [None req-0483e5eb-c98b-4d41-a634-5f1dc4d948d3 None None] Configuring www_authenticate_uri to point to the public identity endpoint is required; clients may not be able to authenticate against an admin endpoint
Apr 20 15:02:13 user devstack@n-api.service[61509]: WARNING keystonemiddleware.auth_token [None req-31d1f91f-9f59-4396-93f1-763317aaa637 None None] AuthToken middleware is set with keystone_authtoken.service_token_roles_required set to False. This is backwards compatible but deprecated behaviour. Please set this to True.
Apr 20 15:02:13 user devstack@n-api.service[61509]: WARNING keystonemiddleware.auth_token [None req-31d1f91f-9f59-4396-93f1-763317aaa637 None None] Configuring www_authenticate_uri to point to the public identity endpoint is required; clients may not be able to authenticate against an admin endpoint
Apr 20 15:02:13 user devstack@n-api.service[61509]: WSGI app 0 (mountpoint='') ready in 5 seconds on interpreter 0x557018f0d990 pid: 61509 (default app)
Apr 20 15:02:13 user devstack@n-api.service[61508]: WARNING keystonemiddleware.auth_token [None req-0483e5eb-c98b-4d41-a634-5f1dc4d948d3 None None] AuthToken middleware is set with keystone_authtoken.service_token_roles_required set to False. This is backwards compatible but deprecated behaviour. Please set this to True.
Apr 20 15:02:13 user devstack@n-api.service[61508]: WARNING keystonemiddleware.auth_token [None req-0483e5eb-c98b-4d41-a634-5f1dc4d948d3 None None] Configuring www_authenticate_uri to point to the public identity endpoint is required; clients may not be able to authenticate against an admin endpoint
Apr 20 15:02:13 user devstack@n-api.service[61508]: WSGI app 0 (mountpoint='') ready in 5 seconds on interpreter 0x557018f0d990 pid: 61508 (default app)
Apr 20 15:04:22 user devstack@n-api.service[61510]: DEBUG nova.api.openstack.wsgi [None req-6630fd10-9be0-4a9a-b185-9925225fd1c0 None None] Calling method '>' {{(pid=61510) _process_stack /opt/stack/nova/nova/api/openstack/wsgi.py:513}}
Apr 20 15:04:22 user devstack@n-api.service[61510]: INFO nova.api.openstack.requestlog [None req-6630fd10-9be0-4a9a-b185-9925225fd1c0 None None] 10.0.0.210 "GET /compute/v2.1" status: 200 len: 387 microversion: 2.1 time: 0.001445
Apr 20 15:04:22 user devstack@n-api.service[61510]: [pid: 61510|app: 0|req: 2/2] 10.0.0.210 () {54 vars in 924 bytes} [Thu Apr 20 15:04:22 2023] GET /compute/v2.1 => generated 387 bytes in 2 msecs (HTTP/1.1 200) 9 headers in 357 bytes (1 switches on core 0)
Apr 20 15:04:22 user devstack@n-api.service[61509]: DEBUG dbcounter [-] [61509] Writing DB stats nova_api:SELECT=3 {{(pid=61509) stat_writer /usr/local/lib/python3.10/dist-packages/dbcounter.py:117}}
Apr 20 15:04:22 user devstack@n-api.service[61509]: DEBUG dbcounter [-] [61509] Writing DB stats nova_cell1:SELECT=3 {{(pid=61509) stat_writer /usr/local/lib/python3.10/dist-packages/dbcounter.py:117}}
Apr 20 15:04:22 user devstack@n-api.service[61509]: DEBUG dbcounter [-] [61509] Writing DB stats nova_cell0:SELECT=3 {{(pid=61509) stat_writer /usr/local/lib/python3.10/dist-packages/dbcounter.py:117}}
Apr 20 15:04:22 user devstack@n-api.service[61509]: DEBUG dbcounter [-] [61509] Writing DB stats nova_cell0:SELECT=3 {{(pid=61509) stat_writer /usr/local/lib/python3.10/dist-packages/dbcounter.py:117}}
Apr 20 15:04:22 user devstack@n-api.service[61509]: DEBUG nova.api.openstack.wsgi [None req-687ed649-5cbb-4553-89ed-a72ba44cc506 admin admin] Calling method '>' {{(pid=61509) _process_stack /opt/stack/nova/nova/api/openstack/wsgi.py:513}}
Apr 20 15:04:22 user devstack@n-api.service[61509]: INFO nova.api.openstack.requestlog [None req-687ed649-5cbb-4553-89ed-a72ba44cc506 admin admin] 10.0.0.210 "GET /compute/v2.1/flavors/detail?is_public=True" status: 200 len: 15 microversion: 2.61 time: 0.401882
Apr 20 15:04:22 user devstack@n-api.service[61509]: [pid: 61509|app: 0|req: 1/3] 10.0.0.210 () {60 vars in 1285 bytes} [Thu Apr 20 15:04:22 2023] GET /compute/v2.1/flavors/detail?is_public=True => generated 15 bytes in 404 msecs (HTTP/1.1 200) 9 headers in 358 bytes (1 switches on core 0)
Apr 20 15:04:24 user devstack@n-api.service[61508]: DEBUG nova.api.openstack.wsgi [None req-0483e5eb-c98b-4d41-a634-5f1dc4d948d3 None None] Calling method '>' {{(pid=61508) _process_stack /opt/stack/nova/nova/api/openstack/wsgi.py:513}}
Apr 20 15:04:24 user devstack@n-api.service[61508]: INFO nova.api.openstack.requestlog [None req-0483e5eb-c98b-4d41-a634-5f1dc4d948d3 None None] 10.0.0.210 "GET /compute/v2.1" status: 200 len: 387 microversion: 2.1 time: 0.002266
Apr 20 15:04:24 user devstack@n-api.service[61508]: [pid: 61508|app: 0|req: 1/4] 10.0.0.210 () {54 vars in 924 bytes} [Thu Apr 20 15:04:24 2023] GET /compute/v2.1 => generated 387 bytes in 4 msecs (HTTP/1.1 200) 9 headers in 357 bytes (1 switches on core 0)
Apr 20 15:04:24 user devstack@n-api.service[61510]: DEBUG dbcounter [-] [61510] Writing DB stats nova_api:SELECT=3 {{(pid=61510) stat_writer /usr/local/lib/python3.10/dist-packages/dbcounter.py:117}}
Apr 20 15:04:24 user devstack@n-api.service[61510]: DEBUG dbcounter [-] [61510] Writing DB stats nova_cell1:SELECT=3 {{(pid=61510) stat_writer /usr/local/lib/python3.10/dist-packages/dbcounter.py:117}}
Apr 20 15:04:24 user devstack@n-api.service[61510]: DEBUG dbcounter [-] [61510] Writing DB stats nova_cell0:SELECT=3 {{(pid=61510) stat_writer /usr/local/lib/python3.10/dist-packages/dbcounter.py:117}}
Apr 20 15:04:24 user devstack@n-api.service[61510]: DEBUG dbcounter [-] [61510] Writing DB stats nova_cell0:SELECT=6,nova_cell0:INSERT=1 {{(pid=61510) stat_writer /usr/local/lib/python3.10/dist-packages/dbcounter.py:117}}
Apr 20 15:04:24 user devstack@n-api.service[61510]: DEBUG nova.api.openstack.wsgi [None req-64f8f1e6-5055-4daa-a0ad-5b5afc7bfb45 admin admin] Action: 'create', calling method: >, body: {"flavor": {"os-flavor-access:is_public": true, "id": "c1", "swap": 0, "rxtx_factor": 1.0, "name": "cirros256", "OS-FLV-EXT-DATA:ephemeral": 0, "disk": 1, "vcpus": 1, "ram": 256}} {{(pid=61510) _process_stack /opt/stack/nova/nova/api/openstack/wsgi.py:511}}
Apr 20 15:04:24 user devstack@n-api.service[61510]: INFO nova.api.openstack.requestlog [None req-64f8f1e6-5055-4daa-a0ad-5b5afc7bfb45 admin admin] 10.0.0.210 "POST /compute/v2.1/flavors" status: 200 len: 405 microversion: 2.61 time: 0.305592
Apr 20 15:04:24 user devstack@n-api.service[61510]: [pid: 61510|app: 0|req: 3/5] 10.0.0.210 () {64 vars in 1276 bytes} [Thu Apr 20 15:04:24 2023] POST /compute/v2.1/flavors => generated 405 bytes in 307 msecs (HTTP/1.1 200) 9 headers in 359 bytes (1 switches on core 0)
Apr 20 15:04:24 user devstack@n-api.service[61509]: DEBUG nova.api.openstack.wsgi [None req-3def5671-06c9-404a-b815-26788e04520f admin admin] Action: 'create', calling method: >, body: {"extra_specs": {"hw_rng:allowed": "True"}} {{(pid=61509) _process_stack /opt/stack/nova/nova/api/openstack/wsgi.py:511}}
Apr 20 15:04:24 user devstack@n-api.service[61509]: INFO nova.api.openstack.requestlog [None req-3def5671-06c9-404a-b815-26788e04520f admin admin] 10.0.0.210 "POST /compute/v2.1/flavors/c1/os-extra_specs" status: 200 len: 43 microversion: 2.61 time: 0.057694
Apr 20 15:04:24 user devstack@n-api.service[61509]: [pid: 61509|app: 0|req: 2/6] 10.0.0.210 () {64 vars in 1329 bytes} [Thu Apr 20 15:04:24 2023] POST /compute/v2.1/flavors/c1/os-extra_specs => generated 43 bytes in 59 msecs (HTTP/1.1 200) 9 headers in 358 bytes (1 switches on core 0)
Apr 20 15:04:27 user devstack@n-api.service[61508]: DEBUG nova.api.openstack.wsgi [None req-0483e5eb-c98b-4d41-a634-5f1dc4d948d3 None None] Calling method '>' {{(pid=61508) _process_stack /opt/stack/nova/nova/api/openstack/wsgi.py:513}}
Apr 20 15:04:27 user devstack@n-api.service[61508]: INFO nova.api.openstack.requestlog [None req-0483e5eb-c98b-4d41-a634-5f1dc4d948d3 None None] 10.0.0.210 "GET /compute/v2.1" status: 200 len: 387 microversion: 2.1 time: 0.001397
Apr 20 15:04:27 user devstack@n-api.service[61508]: [pid: 61508|app: 0|req: 2/7] 10.0.0.210 () {54 vars in 924 bytes} [Thu Apr 20 15:04:27 2023] GET /compute/v2.1 => generated 387 bytes in 2 msecs (HTTP/1.1 200) 9 headers in 357 bytes (1 switches on core 0)
Apr 20 15:04:27 user devstack@n-api.service[61510]: DEBUG nova.api.openstack.wsgi [None req-ef4429e1-e1f7-4e28-96d9-ec09d13071a8 admin admin] Action: 'create', calling method: >, body: {"flavor": {"os-flavor-access:is_public": true, "vcpus": 1, "name": "ds512M", "rxtx_factor": 1.0, "disk": 5, "swap": 0, "OS-FLV-EXT-DATA:ephemeral": 0, "ram": 512, "id": "d1"}} {{(pid=61510) _process_stack /opt/stack/nova/nova/api/openstack/wsgi.py:511}}
Apr 20 15:04:27 user devstack@n-api.service[61510]: INFO nova.api.openstack.requestlog [None req-ef4429e1-e1f7-4e28-96d9-ec09d13071a8 admin admin] 10.0.0.210 "POST /compute/v2.1/flavors" status: 200 len: 402 microversion: 2.61 time: 0.059740
Apr 20 15:04:27 user devstack@n-api.service[61510]: [pid: 61510|app: 0|req: 4/8] 10.0.0.210 () {64 vars in 1276 bytes} [Thu Apr 20 15:04:27 2023] POST /compute/v2.1/flavors => generated 402 bytes in 61 msecs (HTTP/1.1 200) 9 headers in 359 bytes (1 switches on core 0)
Apr 20 15:04:27 user devstack@n-api.service[61509]: DEBUG nova.api.openstack.wsgi [None req-fe97303d-8a05-4327-a45e-92125fb71c58 admin admin] Action: 'create', calling method: >, body: {"extra_specs": {"hw_rng:allowed": "True"}} {{(pid=61509) _process_stack /opt/stack/nova/nova/api/openstack/wsgi.py:511}}
Apr 20 15:04:27 user devstack@n-api.service[61509]: INFO nova.api.openstack.requestlog [None req-fe97303d-8a05-4327-a45e-92125fb71c58 admin admin] 10.0.0.210 "POST /compute/v2.1/flavors/d1/os-extra_specs" status: 200 len: 43 microversion: 2.61 time: 0.031401
Apr 20 15:04:27 user devstack@n-api.service[61509]: [pid: 61509|app: 0|req: 3/9] 10.0.0.210 () {64 vars in 1329 bytes} [Thu Apr 20 15:04:27 2023] POST /compute/v2.1/flavors/d1/os-extra_specs => generated 43 bytes in 33 msecs (HTTP/1.1 200) 9 headers in 358 bytes (1 switches on core 0)
Apr 20 15:04:29 user devstack@n-api.service[61508]: DEBUG nova.api.openstack.wsgi [None req-0483e5eb-c98b-4d41-a634-5f1dc4d948d3 None None] Calling method '>' {{(pid=61508) _process_stack /opt/stack/nova/nova/api/openstack/wsgi.py:513}}
Apr 20 15:04:29 user devstack@n-api.service[61508]: INFO nova.api.openstack.requestlog [None req-0483e5eb-c98b-4d41-a634-5f1dc4d948d3 None None] 10.0.0.210 "GET /compute/v2.1" status: 200 len: 387 microversion: 2.1 time: 0.001387
Apr 20 15:04:29 user devstack@n-api.service[61508]: [pid: 61508|app: 0|req: 3/10] 10.0.0.210 () {54 vars in 924 bytes} [Thu Apr 20 15:04:29 2023] GET /compute/v2.1 => generated 387 bytes in 2 msecs (HTTP/1.1 200) 9 headers in 357 bytes (1 switches on core 0)
Apr 20 15:04:29 user devstack@n-api.service[61510]: DEBUG nova.api.openstack.wsgi [None req-27f5e086-56b0-4602-95fa-143b684f2bc6 admin admin] Action: 'create', calling method: >, body: {"flavor": {"name": "ds1G", "rxtx_factor": 1.0, "os-flavor-access:is_public": true, "id": "d2", "OS-FLV-EXT-DATA:ephemeral": 0, "disk": 10, "ram": 1024, "swap": 0, "vcpus": 1}} {{(pid=61510) _process_stack /opt/stack/nova/nova/api/openstack/wsgi.py:511}}
Apr 20 15:04:29 user devstack@n-api.service[61510]: INFO nova.api.openstack.requestlog [None req-27f5e086-56b0-4602-95fa-143b684f2bc6 admin admin] 10.0.0.210 "POST /compute/v2.1/flavors" status: 200 len: 402 microversion: 2.61 time: 0.071766
