Oct 25 16:15:08 user devstack@keystone.service[45427]: DEBUG keystone.server.flask.request_processing.req_logging [None req-377ad861-d5cb-4e86-9ba2-8f9709408a17 admin admin] PATH_INFO: `/v3/projects/5dd2f4a1dfb2458bb8efb9234adb82f5/groups/e80e2de26f6441fb885ad78cacb378b4/roles/b0b488b528cd4d05aeece3b38f550893` {{(pid=45427) log_request_info /opt/stack/keystone/keystone/server/flask/request_processing/req_logging.py:29}}
Oct 25 16:15:08 user devstack@keystone.service[45429]: DEBUG keystone.server.flask.request_processing.middleware.auth_context [None req-86f6ef07-47b9-4065-a6fb-b98d82c14cb2 admin admin] Validating token access rules against request {{(pid=45429) validate_allowed_request /opt/stack/data/venv/lib/python3.10/site-packages/keystonemiddleware/auth_token/__init__.py:544}}
Oct 25 16:15:08 user devstack@keystone.service[45427]: DEBUG keystone.common.rbac_enforcer.enforcer [None req-377ad861-d5cb-4e86-9ba2-8f9709408a17 admin admin] RBAC: Authorizing `identity:create_grant(project_id=5dd2f4a1dfb2458bb8efb9234adb82f5, group_id=e80e2de26f6441fb885ad78cacb378b4, role_id=b0b488b528cd4d05aeece3b38f550893)` {{(pid=45427) enforce_call /opt/stack/keystone/keystone/common/rbac_enforcer/enforcer.py:449}}
Oct 25 16:15:08 user devstack@keystone.service[45427]: DEBUG keystone.common.rbac_enforcer.enforcer [None req-377ad861-d5cb-4e86-9ba2-8f9709408a17 admin admin] RBAC: Authorization granted {{(pid=45427) enforce_call /opt/stack/keystone/keystone/common/rbac_enforcer/enforcer.py:457}}
Oct 25 16:15:08 user devstack@keystone.service[45429]: DEBUG keystone.server.flask.request_processing.middleware.auth_context [None req-57275554-61b6-48ea-a9e4-822e44a5cbe3 admin admin] RBAC: auth_context: {'token': , 'domain_id': None, 'trust_id': None, 'trustor_id': None, 'trustee_id': None, 'domain_name': None, 'group_ids': [], 'user_id': 'a35488f62ffe4d5592534b5828e124de', 'user_domain_id': 'default', 'system_scope': None, 'project_id': 'f59c7dda32664cb6891788b0777b9dd2', 'project_domain_id': 'default', 'roles': ['manager', 'member', 'admin', 'reader'], 'is_admin_project': True, 'service_user_id': None, 'service_user_domain_id': None, 'service_project_id': None, 'service_project_domain_id': None, 'service_roles': []} {{(pid=45429) fill_context /opt/stack/keystone/keystone/server/flask/request_processing/middleware/auth_context.py:480}}
Oct 25 16:15:08 user devstack@keystone.service[45429]: DEBUG keystone.server.flask.request_processing.req_logging [None req-57275554-61b6-48ea-a9e4-822e44a5cbe3 admin admin] REQUEST_METHOD: `GET` {{(pid=45429) log_request_info /opt/stack/keystone/keystone/server/flask/request_processing/req_logging.py:27}}
Oct 25 16:15:08 user devstack@keystone.service[45429]: DEBUG keystone.server.flask.request_processing.req_logging [None req-57275554-61b6-48ea-a9e4-822e44a5cbe3 admin admin] SCRIPT_NAME: `/identity` {{(pid=45429) log_request_info /opt/stack/keystone/keystone/server/flask/request_processing/req_logging.py:28}}
Oct 25 16:15:08 user devstack@keystone.service[45429]: DEBUG keystone.server.flask.request_processing.req_logging [None req-57275554-61b6-48ea-a9e4-822e44a5cbe3 admin admin] PATH_INFO: `/v3/roles` {{(pid=45429) log_request_info /opt/stack/keystone/keystone/server/flask/request_processing/req_logging.py:29}}
Oct 25 16:15:08 user devstack@keystone.service[45429]: DEBUG keystone.common.rbac_enforcer.enforcer [None req-57275554-61b6-48ea-a9e4-822e44a5cbe3 admin admin] RBAC: Adding query filter params (name=anotherrole) {{(pid=45429) _extract_filter_values /opt/stack/keystone/keystone/common/rbac_enforcer/enforcer.py:167}}
Oct 25 16:15:08 user devstack@keystone.service[45429]: DEBUG keystone.common.rbac_enforcer.enforcer [None req-57275554-61b6-48ea-a9e4-822e44a5cbe3 admin admin] RBAC: Authorizing `identity:list_roles()` {{(pid=45429) enforce_call /opt/stack/keystone/keystone/common/rbac_enforcer/enforcer.py:449}}
Oct 25 16:15:08 user devstack@keystone.service[45429]: DEBUG keystone.common.rbac_enforcer.enforcer [None req-57275554-61b6-48ea-a9e4-822e44a5cbe3 admin admin] RBAC: Authorization granted {{(pid=45429) enforce_call /opt/stack/keystone/keystone/common/rbac_enforcer/enforcer.py:457}}
Oct 25 16:15:08 user devstack@keystone.service[45427]: [pid: 45427|app: 0|req: 98/286] 10.0.0.210 () {58 vars in 1458 bytes} [Wed Oct 25 16:15:08 2023] PUT /identity/v3/projects/5dd2f4a1dfb2458bb8efb9234adb82f5/groups/e80e2de26f6441fb885ad78cacb378b4/roles/b0b488b528cd4d05aeece3b38f550893 => generated 0 bytes in 33 msecs (HTTP/1.1 204) 3 headers in 132 bytes (0 switches on core 0)
Oct 25 16:15:08 user devstack@keystone.service[45429]: [pid: 45429|app: 0|req: 96/287] 10.0.0.210 () {56 vars in 1127 bytes} [Wed Oct 25 16:15:08 2023] GET /identity/v3/roles?name=anotherrole => generated 332 bytes in 31 msecs (HTTP/1.1 200) 5 headers in 177 bytes (1 switches on core 0)
Oct 25 16:15:08 user devstack@keystone.service[45427]: DEBUG keystone.server.flask.request_processing.middleware.auth_context [None req-377ad861-d5cb-4e86-9ba2-8f9709408a17 admin admin] Authenticating user token {{(pid=45427) process_request /opt/stack/data/venv/lib/python3.10/site-packages/keystonemiddleware/auth_token/__init__.py:406}}
Oct 25 16:15:08 user devstack@keystone.service[45428]: DEBUG keystone.server.flask.request_processing.middleware.auth_context [None req-acff8b65-f52e-4462-95fb-9958ddf222bf None admin] Validating token access rules against request {{(pid=45428) validate_allowed_request /opt/stack/data/venv/lib/python3.10/site-packages/keystonemiddleware/auth_token/__init__.py:544}}
Oct 25 16:15:08 user devstack@keystone.service[45427]: DEBUG keystone.server.flask.request_processing.middleware.auth_context [None req-377ad861-d5cb-4e86-9ba2-8f9709408a17 admin admin] Validating token access rules against request {{(pid=45427) validate_allowed_request /opt/stack/data/venv/lib/python3.10/site-packages/keystonemiddleware/auth_token/__init__.py:544}}
Oct 25 16:15:08 user devstack@keystone.service[45427]: DEBUG keystone.server.flask.request_processing.middleware.auth_context [None req-bb0c8f36-48d5-49ad-805a-765975af1cc1 admin admin] RBAC: auth_context: {'token': , 'domain_id': None, 'trust_id': None, 'trustor_id': None, 'trustee_id': None, 'domain_name': None, 'group_ids': [], 'user_id': 'a35488f62ffe4d5592534b5828e124de', 'user_domain_id': 'default', 'system_scope': None, 'project_id': 'f59c7dda32664cb6891788b0777b9dd2', 'project_domain_id': 'default', 'roles': ['manager', 'member', 'admin', 'reader'], 'is_admin_project': True, 'service_user_id': None, 'service_user_domain_id': None, 'service_project_id': None, 'service_project_domain_id': None, 'service_roles': []} {{(pid=45427) fill_context /opt/stack/keystone/keystone/server/flask/request_processing/middleware/auth_context.py:480}}
Oct 25 16:15:08 user devstack@keystone.service[45427]: DEBUG keystone.server.flask.request_processing.req_logging [None req-bb0c8f36-48d5-49ad-805a-765975af1cc1 admin admin] REQUEST_METHOD: `GET` {{(pid=45427) log_request_info /opt/stack/keystone/keystone/server/flask/request_processing/req_logging.py:27}}
Oct 25 16:15:08 user devstack@keystone.service[45427]: DEBUG keystone.server.flask.request_processing.req_logging [None req-bb0c8f36-48d5-49ad-805a-765975af1cc1 admin admin] SCRIPT_NAME: `/identity` {{(pid=45427) log_request_info /opt/stack/keystone/keystone/server/flask/request_processing/req_logging.py:28}}
Oct 25 16:15:08 user devstack@keystone.service[45427]: DEBUG keystone.server.flask.request_processing.req_logging [None req-bb0c8f36-48d5-49ad-805a-765975af1cc1 admin admin] PATH_INFO: `/v3/groups/e80e2de26f6441fb885ad78cacb378b4` {{(pid=45427) log_request_info /opt/stack/keystone/keystone/server/flask/request_processing/req_logging.py:29}}
Oct 25 16:15:08 user devstack@keystone.service[45427]: DEBUG keystone.common.rbac_enforcer.enforcer [None req-bb0c8f36-48d5-49ad-805a-765975af1cc1 admin admin] RBAC: Authorizing `identity:get_group(group_id=e80e2de26f6441fb885ad78cacb378b4)` {{(pid=45427) enforce_call /opt/stack/keystone/keystone/common/rbac_enforcer/enforcer.py:449}}
Oct 25 16:15:08 user devstack@keystone.service[45427]: DEBUG keystone.common.rbac_enforcer.enforcer [None req-bb0c8f36-48d5-49ad-805a-765975af1cc1 admin admin] RBAC: Authorization granted {{(pid=45427) enforce_call /opt/stack/keystone/keystone/common/rbac_enforcer/enforcer.py:457}}
Oct 25 16:15:08 user devstack@keystone.service[45427]: [pid: 45427|app: 0|req: 99/288] 10.0.0.210 () {56 vars in 1196 bytes} [Wed Oct 25 16:15:08 2023] GET /identity/v3/groups/e80e2de26f6441fb885ad78cacb378b4 => generated 225 bytes in 75 msecs (HTTP/1.1 200) 5 headers in 177 bytes (1 switches on core 0)
Oct 25 16:15:08 user devstack@keystone.service[45428]: DEBUG keystone.server.flask.request_processing.middleware.auth_context [None req-f11d5631-70d2-44ad-bed2-19c3ba076fe0 None admin] RBAC: auth_context: {'token': , 'domain_id': None, 'trust_id': None, 'trustor_id': None, 'trustee_id': None, 'domain_name': None, 'group_ids': [], 'user_id': 'a35488f62ffe4d5592534b5828e124de', 'user_domain_id': 'default', 'system_scope': 'all', 'project_id': None, 'project_domain_id': None, 'roles': ['admin', 'manager', 'member', 'reader'], 'is_admin_project': True, 'service_user_id': None, 'service_user_domain_id': None, 'service_project_id': None, 'service_project_domain_id': None, 'service_roles': []} {{(pid=45428) fill_context /opt/stack/keystone/keystone/server/flask/request_processing/middleware/auth_context.py:480}}
Oct 25 16:15:08 user devstack@keystone.service[45428]: DEBUG keystone.server.flask.request_processing.req_logging [None req-f11d5631-70d2-44ad-bed2-19c3ba076fe0 None admin] REQUEST_METHOD: `GET` {{(pid=45428) log_request_info /opt/stack/keystone/keystone/server/flask/request_processing/req_logging.py:27}}
Oct 25 16:15:08 user devstack@keystone.service[45428]: DEBUG keystone.server.flask.request_processing.req_logging [None req-f11d5631-70d2-44ad-bed2-19c3ba076fe0 None admin] SCRIPT_NAME: `/identity` {{(pid=45428) log_request_info /opt/stack/keystone/keystone/server/flask/request_processing/req_logging.py:28}}
Oct 25 16:15:08 user devstack@keystone.service[45428]: DEBUG keystone.server.flask.request_processing.req_logging [None req-f11d5631-70d2-44ad-bed2-19c3ba076fe0 None admin] PATH_INFO: `/v3/roles` {{(pid=45428) log_request_info /opt/stack/keystone/keystone/server/flask/request_processing/req_logging.py:29}}
Oct 25 16:15:08 user devstack@keystone.service[45428]: DEBUG keystone.common.rbac_enforcer.enforcer [None req-f11d5631-70d2-44ad-bed2-19c3ba076fe0 None admin] RBAC: Adding query filter params (name=reader) {{(pid=45428) _extract_filter_values /opt/stack/keystone/keystone/common/rbac_enforcer/enforcer.py:167}}
Oct 25 16:15:08 user devstack@keystone.service[45428]: DEBUG keystone.common.rbac_enforcer.enforcer [None req-f11d5631-70d2-44ad-bed2-19c3ba076fe0 None admin] RBAC: Authorizing `identity:list_roles()` {{(pid=45428) enforce_call /opt/stack/keystone/keystone/common/rbac_enforcer/enforcer.py:449}}
Oct 25 16:15:08 user devstack@keystone.service[45429]: DEBUG keystone.server.flask.request_processing.middleware.auth_context [None req-57275554-61b6-48ea-a9e4-822e44a5cbe3 admin admin] Authenticating user token {{(pid=45429) process_request /opt/stack/data/venv/lib/python3.10/site-packages/keystonemiddleware/auth_token/__init__.py:406}}
Oct 25 16:15:08 user devstack@keystone.service[45428]: DEBUG keystone.common.rbac_enforcer.enforcer [None req-f11d5631-70d2-44ad-bed2-19c3ba076fe0 None admin] RBAC: Authorization granted {{(pid=45428) enforce_call /opt/stack/keystone/keystone/common/rbac_enforcer/enforcer.py:457}}
Oct 25 16:15:08 user devstack@keystone.service[45429]: DEBUG keystone.server.flask.request_processing.middleware.auth_context [None req-57275554-61b6-48ea-a9e4-822e44a5cbe3 admin admin] Validating token access rules against request {{(pid=45429) validate_allowed_request /opt/stack/data/venv/lib/python3.10/site-packages/keystonemiddleware/auth_token/__init__.py:544}}
Oct 25 16:15:08 user devstack@keystone.service[45428]: [pid: 45428|app: 0|req: 94/289] 10.0.0.210 () {56 vars in 1096 bytes} [Wed Oct 25 16:15:08 2023] GET /identity/v3/roles?name=reader => generated 339 bytes in 160 msecs (HTTP/1.1 200) 5 headers in 177 bytes (1 switches on core 0)
Oct 25 16:15:08 user devstack@keystone.service[45429]: DEBUG keystone.server.flask.request_processing.middleware.auth_context [None req-1d0796c3-1169-4925-9b03-49ea9a041933 admin admin] RBAC: auth_context: {'token': , 'domain_id': None, 'trust_id': None, 'trustor_id': None, 'trustee_id': None, 'domain_name': None, 'group_ids': [], 'user_id': 'a35488f62ffe4d5592534b5828e124de', 'user_domain_id': 'default', 'system_scope': None, 'project_id': 'f59c7dda32664cb6891788b0777b9dd2', 'project_domain_id': 'default', 'roles': ['manager', 'member', 'admin', 'reader'], 'is_admin_project': True, 'service_user_id': None, 'service_user_domain_id': None, 'service_project_id': None, 'service_project_domain_id': None, 'service_roles': []} {{(pid=45429) fill_context /opt/stack/keystone/keystone/server/flask/request_processing/middleware/auth_context.py:480}}
Oct 25 16:15:08 user devstack@keystone.service[45429]: DEBUG keystone.server.flask.request_processing.req_logging [None req-1d0796c3-1169-4925-9b03-49ea9a041933 admin admin] REQUEST_METHOD: `GET` {{(pid=45429) log_request_info /opt/stack/keystone/keystone/server/flask/request_processing/req_logging.py:27}}
Oct 25 16:15:08 user devstack@keystone.service[45429]: DEBUG keystone.server.flask.request_processing.req_logging [None req-1d0796c3-1169-4925-9b03-49ea9a041933 admin admin] SCRIPT_NAME: `/identity` {{(pid=45429) log_request_info /opt/stack/keystone/keystone/server/flask/request_processing/req_logging.py:28}}
Oct 25 16:15:08 user devstack@keystone.service[45429]: DEBUG keystone.server.flask.request_processing.req_logging [None req-1d0796c3-1169-4925-9b03-49ea9a041933 admin admin] PATH_INFO: `/v3/projects/5dd2f4a1dfb2458bb8efb9234adb82f5` {{(pid=45429) log_request_info /opt/stack/keystone/keystone/server/flask/request_processing/req_logging.py:29}}
Oct 25 16:15:08 user devstack@keystone.service[45427]: DEBUG keystone.server.flask.request_processing.middleware.auth_context [None req-bb0c8f36-48d5-49ad-805a-765975af1cc1 admin admin] Authenticating user token {{(pid=45427) process_request /opt/stack/data/venv/lib/python3.10/site-packages/keystonemiddleware/auth_token/__init__.py:406}}
Oct 25 16:15:08 user devstack@keystone.service[45429]: DEBUG keystone.common.rbac_enforcer.enforcer [None req-1d0796c3-1169-4925-9b03-49ea9a041933 admin admin] RBAC: Authorizing `identity:get_project(project_id=5dd2f4a1dfb2458bb8efb9234adb82f5)` {{(pid=45429) enforce_call /opt/stack/keystone/keystone/common/rbac_enforcer/enforcer.py:449}}
Oct 25 16:15:08 user devstack@keystone.service[45429]: DEBUG keystone.common.rbac_enforcer.enforcer [None req-1d0796c3-1169-4925-9b03-49ea9a041933 admin admin] RBAC: Authorization granted {{(pid=45429) enforce_call /opt/stack/keystone/keystone/common/rbac_enforcer/enforcer.py:457}}
Oct 25 16:15:08 user devstack@keystone.service[45429]: [pid: 45429|app: 0|req: 97/290] 10.0.0.210 () {56 vars in 1202 bytes} [Wed Oct 25 16:15:08 2023] GET /identity/v3/projects/5dd2f4a1dfb2458bb8efb9234adb82f5 => generated 301 bytes in 22 msecs (HTTP/1.1 200) 5 headers in 177 bytes (1 switches on core 0)
Oct 25 16:15:08 user devstack@keystone.service[45428]: DEBUG keystone.server.flask.request_processing.middleware.auth_context [None req-f11d5631-70d2-44ad-bed2-19c3ba076fe0 None admin] Authenticating user token {{(pid=45428) process_request /opt/stack/data/venv/lib/python3.10/site-packages/keystonemiddleware/auth_token/__init__.py:406}}
Oct 25 16:15:08 user devstack@keystone.service[45429]: DEBUG keystone.server.flask.request_processing.middleware.auth_context [None req-1d0796c3-1169-4925-9b03-49ea9a041933 admin admin] Authenticating user token {{(pid=45429) process_request /opt/stack/data/venv/lib/python3.10/site-packages/keystonemiddleware/auth_token/__init__.py:406}}
Oct 25 16:15:08 user devstack@keystone.service[45429]: DEBUG keystone.server.flask.request_processing.middleware.auth_context [None req-1d0796c3-1169-4925-9b03-49ea9a041933 admin admin] Validating token access rules against request {{(pid=45429) validate_allowed_request /opt/stack/data/venv/lib/python3.10/site-packages/keystonemiddleware/auth_token/__init__.py:544}}
Oct 25 16:15:08 user devstack@keystone.service[45428]: DEBUG keystone.server.flask.request_processing.middleware.auth_context [None req-f11d5631-70d2-44ad-bed2-19c3ba076fe0 None admin] Validating token access rules against request {{(pid=45428) validate_allowed_request /opt/stack/data/venv/lib/python3.10/site-packages/keystonemiddleware/auth_token/__init__.py:544}}
Oct 25 16:15:08 user devstack@keystone.service[45428]: DEBUG keystone.server.flask.request_processing.middleware.auth_context [None req-b881cee8-5d0d-42d5-a48f-ae47c7a6872b admin admin] RBAC: auth_context: {'token': , 'domain_id': None, 'trust_id': None, 'trustor_id': None, 'trustee_id': None, 'domain_name': None, 'group_ids': [], 'user_id': 'a35488f62ffe4d5592534b5828e124de', 'user_domain_id': 'default', 'system_scope': None, 'project_id': 'f59c7dda32664cb6891788b0777b9dd2', 'project_domain_id': 'default', 'roles': ['manager', 'member', 'admin', 'reader'], 'is_admin_project': True, 'service_user_id': None, 'service_user_domain_id': None, 'service_project_id': None, 'service_project_domain_id': None, 'service_roles': []} {{(pid=45428) fill_context /opt/stack/keystone/keystone/server/flask/request_processing/middleware/auth_context.py:480}}
Oct 25 16:15:08 user devstack@keystone.service[45429]: DEBUG keystone.server.flask.request_processing.middleware.auth_context [None req-36e6f835-b849-4a1f-8d6b-6ed176f02eb2 admin admin] RBAC: auth_context: {'token': , 'domain_id': None, 'trust_id': None, 'trustor_id': None, 'trustee_id': None, 'domain_name': None, 'group_ids': [], 'user_id': 'a35488f62ffe4d5592534b5828e124de', 'user_domain_id': 'default', 'system_scope': None, 'project_id': 'f59c7dda32664cb6891788b0777b9dd2', 'project_domain_id': 'default', 'roles': ['manager', 'member', 'admin', 'reader'], 'is_admin_project': True, 'service_user_id': None, 'service_user_domain_id': None, 'service_project_id': None, 'service_project_domain_id': None, 'service_roles': []} {{(pid=45429) fill_context /opt/stack/keystone/keystone/server/flask/request_processing/middleware/auth_context.py:480}}
Oct 25 16:15:08 user devstack@keystone.service[45428]: DEBUG keystone.server.flask.request_processing.req_logging [None req-b881cee8-5d0d-42d5-a48f-ae47c7a6872b admin admin] REQUEST_METHOD: `PUT` {{(pid=45428) log_request_info /opt/stack/keystone/keystone/server/flask/request_processing/req_logging.py:27}}
Oct 25 16:15:08 user devstack@keystone.service[45429]: DEBUG keystone.server.flask.request_processing.req_logging [None req-36e6f835-b849-4a1f-8d6b-6ed176f02eb2 admin admin] REQUEST_METHOD: `GET` {{(pid=45429) log_request_info /opt/stack/keystone/keystone/server/flask/request_processing/req_logging.py:27}}
Oct 25 16:15:08 user devstack@keystone.service[45428]: DEBUG keystone.server.flask.request_processing.req_logging [None req-b881cee8-5d0d-42d5-a48f-ae47c7a6872b admin admin] SCRIPT_NAME: `/identity` {{(pid=45428) log_request_info /opt/stack/keystone/keystone/server/flask/request_processing/req_logging.py:28}}
Oct 25 16:15:08 user devstack@keystone.service[45429]: DEBUG keystone.server.flask.request_processing.req_logging [None req-36e6f835-b849-4a1f-8d6b-6ed176f02eb2 admin admin] SCRIPT_NAME: `/identity` {{(pid=45429) log_request_info /opt/stack/keystone/keystone/server/flask/request_processing/req_logging.py:28}}
Oct 25 16:15:08 user devstack@keystone.service[45428]: DEBUG keystone.server.flask.request_processing.req_logging [None req-b881cee8-5d0d-42d5-a48f-ae47c7a6872b admin admin] PATH_INFO: `/v3/projects/5dd2f4a1dfb2458bb8efb9234adb82f5/groups/e80e2de26f6441fb885ad78cacb378b4/roles/af36e1dfe14d4251804a2aae698de73f` {{(pid=45428) log_request_info /opt/stack/keystone/keystone/server/flask/request_processing/req_logging.py:29}}
Oct 25 16:15:08 user devstack@keystone.service[45429]: DEBUG keystone.server.flask.request_processing.req_logging [None req-36e6f835-b849-4a1f-8d6b-6ed176f02eb2 admin admin] PATH_INFO: `/v3/roles/admin` {{(pid=45429) log_request_info /opt/stack/keystone/keystone/server/flask/request_processing/req_logging.py:29}}
Oct 25 16:15:08 user devstack@keystone.service[45428]: DEBUG keystone.common.rbac_enforcer.enforcer [None req-b881cee8-5d0d-42d5-a48f-ae47c7a6872b admin admin] RBAC: Authorizing `identity:create_grant(project_id=5dd2f4a1dfb2458bb8efb9234adb82f5, group_id=e80e2de26f6441fb885ad78cacb378b4, role_id=af36e1dfe14d4251804a2aae698de73f)` {{(pid=45428) enforce_call /opt/stack/keystone/keystone/common/rbac_enforcer/enforcer.py:449}}
Oct 25 16:15:08 user devstack@keystone.service[45428]: DEBUG keystone.common.rbac_enforcer.enforcer [None req-b881cee8-5d0d-42d5-a48f-ae47c7a6872b admin admin] RBAC: Authorization granted {{(pid=45428) enforce_call /opt/stack/keystone/keystone/common/rbac_enforcer/enforcer.py:457}}
Oct 25 16:15:08 user devstack@keystone.service[45429]: DEBUG keystone.common.rbac_enforcer.enforcer [None req-36e6f835-b849-4a1f-8d6b-6ed176f02eb2 admin admin] Extracting inferred target data resulted in "NOT FOUND (404)". {{(pid=45429) enforce_call /opt/stack/keystone/keystone/common/rbac_enforcer/enforcer.py:409}}
Oct 25 16:15:08 user devstack@keystone.service[45429]: ERROR keystone.server.flask.application [None req-36e6f835-b849-4a1f-8d6b-6ed176f02eb2 admin admin] Could not find role: admin.: keystone.exception.RoleNotFound: Could not find role: admin.
Oct 25 16:15:08 user devstack@keystone.service[45429]: ERROR keystone.server.flask.application
Traceback (most recent call last):
Oct 25 16:15:08 user devstack@keystone.service[45429]: ERROR keystone.server.flask.application
File "/opt/stack/data/venv/lib/python3.10/site-packages/flask/app.py", line 1823, in full_dispatch_request
Oct 25 16:15:08 user devstack@keystone.service[45429]: ERROR keystone.server.flask.application rv = self.dispatch_request()
Oct 25 16:15:08 user devstack@keystone.service[45429]: ERROR keystone.server.flask.application
File "/opt/stack/data/venv/lib/python3.10/site-packages/flask/app.py", line 1799, in dispatch_request
Oct 25 16:15:08 user devstack@keystone.service[45429]: ERROR keystone.server.flask.application return self.ensure_sync(self.view_functions[rule.endpoint])(**view_args)
Oct 25 16:15:08 user devstack@keystone.service[45429]: ERROR keystone.server.flask.application
File "/opt/stack/data/venv/lib/python3.10/site-packages/flask_restful/__init__.py", line 489, in wrapper
Oct 25 16:15:08 user devstack@keystone.service[45429]: ERROR keystone.server.flask.application resp = resource(*args, **kwargs)
Oct 25 16:15:08 user devstack@keystone.service[45429]: ERROR keystone.server.flask.application
File "/opt/stack/data/venv/lib/python3.10/site-packages/flask/views.py", line 107, in view
Oct 25 16:15:08 user devstack@keystone.service[45429]: ERROR keystone.server.flask.application return current_app.ensure_sync(self.dispatch_request)(**kwargs)
Oct 25 16:15:08 user devstack@keystone.service[45429]: ERROR keystone.server.flask.application
File "/opt/stack/data/venv/lib/python3.10/site-packages/flask_restful/__init__.py", line 604, in dispatch_request
Oct 25 16:15:08 user devstack@keystone.service[45429]: ERROR keystone.server.flask.application resp = meth(*args, **kwargs)
Oct 25 16:15:08 user devstack@keystone.service[45429]: ERROR keystone.server.flask.application
File "/opt/stack/keystone/keystone/api/roles.py", line 50, in get
Oct 25 16:15:08 user devstack@keystone.service[45429]: ERROR keystone.server.flask.application return self._get_role(role_id)
Oct 25 16:15:08 user devstack@keystone.service[45429]: ERROR keystone.server.flask.application
File "/opt/stack/keystone/keystone/api/roles.py", line 70, in _get_role
Oct 25 16:15:08 user devstack@keystone.service[45429]: ERROR keystone.server.flask.application ENFORCER.enforce_call(action='identity:get_role')
Oct 25 16:15:08 user devstack@keystone.service[45429]: ERROR keystone.server.flask.application
File "/opt/stack/keystone/keystone/common/rbac_enforcer/enforcer.py", line 402, in enforce_call
Oct 25 16:15:08 user devstack@keystone.service[45429]: ERROR keystone.server.flask.application policy_dict.update(cls._extract_member_target_data(
Oct 25 16:15:08 user devstack@keystone.service[45429]: ERROR keystone.server.flask.application
File "/opt/stack/keystone/keystone/common/rbac_enforcer/enforcer.py", line 234, in _extract_member_target_data
Oct 25 16:15:08 user devstack@keystone.service[45429]: ERROR keystone.server.flask.application member_name: func(flask.request.view_args[key])
Oct 25 16:15:08 user devstack@keystone.service[45429]: ERROR keystone.server.flask.application
File "/opt/stack/keystone/keystone/common/manager.py", line 115, in wrapped
Oct 25 16:15:08 user devstack@keystone.service[45429]: ERROR keystone.server.flask.application __ret_val = __f(*args, **kwargs)
Oct 25 16:15:08 user devstack@keystone.service[45429]: ERROR keystone.server.flask.application
File "/opt/stack/data/venv/lib/python3.10/site-packages/decorator.py", line 232, in fun
Oct 25 16:15:08 user devstack@keystone.service[45429]: ERROR keystone.server.flask.application return caller(func, *(extras + args), **kw)
Oct 25 16:15:08 user devstack@keystone.service[45429]: ERROR keystone.server.flask.application
File "/opt/stack/data/venv/lib/python3.10/site-packages/dogpile/cache/region.py", line 1594, in get_or_create_for_user_func
Oct 25 16:15:08 user devstack@keystone.service[45429]: ERROR keystone.server.flask.application return self.get_or_create(
Oct 25 16:15:08 user devstack@keystone.service[45429]: ERROR keystone.server.flask.application
File "/opt/stack/data/venv/lib/python3.10/site-packages/dogpile/cache/region.py", line 1054, in get_or_create
Oct 25 16:15:08 user devstack@keystone.service[45429]: ERROR keystone.server.flask.application with Lock(
Oct 25 16:15:08 user devstack@keystone.service[45429]: ERROR keystone.server.flask.application
File "/opt/stack/data/venv/lib/python3.10/site-packages/dogpile/lock.py", line 185, in __enter__
Oct 25 16:15:08 user devstack@keystone.service[45429]: ERROR keystone.server.flask.application return self._enter()
Oct 25 16:15:08 user devstack@keystone.service[45429]: ERROR keystone.server.flask.application
File "/opt/stack/data/venv/lib/python3.10/site-packages/dogpile/lock.py", line 94, in _enter
Oct 25 16:15:08 user devstack@keystone.service[45429]: ERROR keystone.server.flask.application generated = self._enter_create(value, createdtime)
Oct 25 16:15:08 user devstack@keystone.service[45429]: ERROR keystone.server.flask.application
File "/opt/stack/data/venv/lib/python3.10/site-packages/dogpile/lock.py", line 178, in _enter_create
Oct 25 16:15:08 user devstack@keystone.service[45429]: ERROR keystone.server.flask.application return self.creator()
Oct 25 16:15:08 user devstack@keystone.service[45429]: ERROR keystone.server.flask.application
File "/opt/stack/data/venv/lib/python3.10/site-packages/dogpile/cache/region.py", line 1007, in gen_value
Oct 25 16:15:08 user devstack@keystone.service[45429]: ERROR keystone.server.flask.application created_value = creator(
Oct 25 16:15:08 user devstack@keystone.service[45429]: ERROR keystone.server.flask.application
File "/opt/stack/keystone/keystone/assignment/core.py", line 1276, in get_role
Oct 25 16:15:08 user devstack@keystone.service[45429]: ERROR keystone.server.flask.application return self.driver.get_role(role_id)
Oct 25 16:15:08 user devstack@keystone.service[45429]: ERROR keystone.server.flask.application
File "/opt/stack/keystone/keystone/assignment/role_backends/sql.py", line 70, in get_role
Oct 25 16:15:08 user devstack@keystone.service[45429]: ERROR keystone.server.flask.application return self._get_role(session, role_id).to_dict()
Oct 25 16:15:08 user devstack@keystone.service[45429]: ERROR keystone.server.flask.application
File "/opt/stack/keystone/keystone/assignment/role_backends/sql.py", line 65, in _get_role
Oct 25 16:15:08 user devstack@keystone.service[45429]: ERROR keystone.server.flask.application raise exception.RoleNotFound(role_id=role_id)
Oct 25 16:15:08 user devstack@keystone.service[45429]: ERROR keystone.server.flask.application keystone.exception.RoleNotFound: Could not find role: admin.
Oct 25 16:15:08 user devstack@keystone.service[45429]: ERROR keystone.server.flask.application
Oct 25 16:15:08 user devstack@keystone.service[45428]: [pid: 45428|app: 0|req: 95/292] 10.0.0.210 () {58 vars in 1458 bytes} [Wed Oct 25 16:15:08 2023] PUT /identity/v3/projects/5dd2f4a1dfb2458bb8efb9234adb82f5/groups/e80e2de26f6441fb885ad78cacb378b4/roles/af36e1dfe14d4251804a2aae698de73f => generated 0 bytes in 37 msecs (HTTP/1.1 204) 3 headers in 132 bytes (0 switches on core 0)
Oct 25 16:15:08 user devstack@keystone.service[45429]: [pid: 45429|app: 0|req: 98/292] 10.0.0.210 () {56 vars in 1112 bytes} [Wed Oct 25 16:15:08 2023] GET /identity/v3/roles/admin => generated 83 bytes in 37 msecs (HTTP/1.1 404) 5 headers in 183 bytes (1 switches on core 0)
Oct 25 16:15:08 user devstack@keystone.service[45428]: DEBUG keystone.server.flask.request_processing.middleware.auth_context [None req-b881cee8-5d0d-42d5-a48f-ae47c7a6872b admin admin] Authenticating user token {{(pid=45428) process_request /opt/stack/data/venv/lib/python3.10/site-packages/keystonemiddleware/auth_token/__init__.py:406}}
Oct 25 16:15:08 user devstack@keystone.service[45427]: DEBUG keystone.server.flask.request_processing.middleware.auth_context [None req-bb0c8f36-48d5-49ad-805a-765975af1cc1 admin admin] Validating token access rules against request {{(pid=45427) validate_allowed_request /opt/stack/data/venv/lib/python3.10/site-packages/keystonemiddleware/auth_token/__init__.py:544}}
Oct 25 16:15:08 user devstack@keystone.service[45428]: DEBUG keystone.server.flask.request_processing.middleware.auth_context [None req-b881cee8-5d0d-42d5-a48f-ae47c7a6872b admin admin] Validating token access rules against request {{(pid=45428) validate_allowed_request /opt/stack/data/venv/lib/python3.10/site-packages/keystonemiddleware/auth_token/__init__.py:544}}
Oct 25 16:15:08 user devstack@keystone.service[45428]: DEBUG keystone.server.flask.request_processing.middleware.auth_context [None req-c59d2909-19ad-4014-be37-12a218285577 admin admin] RBAC: auth_context: {'token': , 'domain_id': None, 'trust_id': None, 'trustor_id': None, 'trustee_id': None, 'domain_name': None, 'group_ids': [], 'user_id': 'a35488f62ffe4d5592534b5828e124de', 'user_domain_id': 'default', 'system_scope': None, 'project_id': 'f59c7dda32664cb6891788b0777b9dd2', 'project_domain_id': 'default', 'roles': ['manager', 'member', 'admin', 'reader'], 'is_admin_project': True, 'service_user_id': None, 'service_user_domain_id': None, 'service_project_id': None, 'service_project_domain_id': None, 'service_roles': []} {{(pid=45428) fill_context /opt/stack/keystone/keystone/server/flask/request_processing/middleware/auth_context.py:480}}
Oct 25 16:15:08 user devstack@keystone.service[45428]: DEBUG keystone.server.flask.request_processing.req_logging [None req-c59d2909-19ad-4014-be37-12a218285577 admin admin] REQUEST_METHOD: `GET` {{(pid=45428) log_request_info /opt/stack/keystone/keystone/server/flask/request_processing/req_logging.py:27}}
Oct 25 16:15:08 user devstack@keystone.service[45428]: DEBUG keystone.server.flask.request_processing.req_logging [None req-c59d2909-19ad-4014-be37-12a218285577 admin admin] SCRIPT_NAME: `/identity` {{(pid=45428) log_request_info /opt/stack/keystone/keystone/server/flask/request_processing/req_logging.py:28}}
Oct 25 16:15:08 user devstack@keystone.service[45428]: DEBUG keystone.server.flask.request_processing.req_logging [None req-c59d2909-19ad-4014-be37-12a218285577 admin admin] PATH_INFO: `/v3/roles` {{(pid=45428) log_request_info /opt/stack/keystone/keystone/server/flask/request_processing/req_logging.py:29}}
Oct 25 16:15:08 user devstack@keystone.service[45428]: DEBUG keystone.common.rbac_enforcer.enforcer [None req-c59d2909-19ad-4014-be37-12a218285577 admin admin] RBAC: Adding query filter params (name=admin) {{(pid=45428) _extract_filter_values /opt/stack/keystone/keystone/common/rbac_enforcer/enforcer.py:167}}
Oct 25 16:15:08 user devstack@keystone.service[45428]: DEBUG keystone.common.rbac_enforcer.enforcer [None req-c59d2909-19ad-4014-be37-12a218285577 admin admin] RBAC: Authorizing `identity:list_roles()` {{(pid=45428) enforce_call /opt/stack/keystone/keystone/common/rbac_enforcer/enforcer.py:449}}
Oct 25 16:15:08 user devstack@keystone.service[45428]: DEBUG keystone.common.rbac_enforcer.enforcer [None req-c59d2909-19ad-4014-be37-12a218285577 admin admin] RBAC: Authorization granted {{(pid=45428) enforce_call /opt/stack/keystone/keystone/common/rbac_enforcer/enforcer.py:457}}
Oct 25 16:15:08 user devstack@keystone.service[45428]: [pid: 45428|app: 0|req: 96/293] 10.0.0.210 () {56 vars in 1115 bytes} [Wed Oct 25 16:15:08 2023] GET /identity/v3/roles?name=admin => generated 337 bytes in 85 msecs (HTTP/1.1 200) 5 headers in 177 bytes (1 switches on core 0)
Oct 25 16:15:08 user devstack@keystone.service[45429]: DEBUG keystone.server.flask.request_processing.middleware.auth_context [None req-36e6f835-b849-4a1f-8d6b-6ed176f02eb2 admin admin] Authenticating user token {{(pid=45429) process_request /opt/stack/data/venv/lib/python3.10/site-packages/keystonemiddleware/auth_token/__init__.py:406}}
Oct 25 16:15:08 user devstack@keystone.service[45427]: DEBUG keystone.server.flask.request_processing.middleware.auth_context [None req-42b2eac1-ab9e-415e-8297-e1144018bf58 None admin] RBAC: auth_context: {'token': , 'domain_id': None, 'trust_id': None, 'trustor_id': None, 'trustee_id': None, 'domain_name': None, 'group_ids': [], 'user_id': 'a35488f62ffe4d5592534b5828e124de', 'user_domain_id': 'default', 'system_scope': 'all', 'project_id': None, 'project_domain_id': None, 'roles': ['admin', 'manager', 'member', 'reader'], 'is_admin_project': True, 'service_user_id': None, 'service_user_domain_id': None, 'service_project_id': None, 'service_project_domain_id': None, 'service_roles': []} {{(pid=45427) fill_context /opt/stack/keystone/keystone/server/flask/request_processing/middleware/auth_context.py:480}}
Oct 25 16:15:08 user devstack@keystone.service[45429]: DEBUG keystone.server.flask.request_processing.middleware.auth_context [None req-36e6f835-b849-4a1f-8d6b-6ed176f02eb2 admin admin] Validating token access rules against request {{(pid=45429) validate_allowed_request /opt/stack/data/venv/lib/python3.10/site-packages/keystonemiddleware/auth_token/__init__.py:544}}
Oct 25 16:15:08 user devstack@keystone.service[45427]: DEBUG keystone.server.flask.request_processing.req_logging [None req-42b2eac1-ab9e-415e-8297-e1144018bf58 None admin] REQUEST_METHOD: `GET` {{(pid=45427) log_request_info /opt/stack/keystone/keystone/server/flask/request_processing/req_logging.py:27}}
Oct 25 16:15:08 user devstack@keystone.service[45427]: DEBUG keystone.server.flask.request_processing.req_logging [None req-42b2eac1-ab9e-415e-8297-e1144018bf58 None admin] SCRIPT_NAME: `/identity` {{(pid=45427) log_request_info /opt/stack/keystone/keystone/server/flask/request_processing/req_logging.py:28}}
Oct 25 16:15:08 user devstack@keystone.service[45427]: DEBUG keystone.server.flask.request_processing.req_logging [None req-42b2eac1-ab9e-415e-8297-e1144018bf58 None admin] PATH_INFO: `/v3/users/d207e55c4268472fb28ab5f529be43a7` {{(pid=45427) log_request_info /opt/stack/keystone/keystone/server/flask/request_processing/req_logging.py:29}}
Oct 25 16:15:08 user devstack@keystone.service[45427]: DEBUG keystone.common.rbac_enforcer.enforcer [None req-42b2eac1-ab9e-415e-8297-e1144018bf58 None admin] RBAC: Authorizing `identity:get_user(user_id=d207e55c4268472fb28ab5f529be43a7)` {{(pid=45427) enforce_call /opt/stack/keystone/keystone/common/rbac_enforcer/enforcer.py:449}}
Oct 25 16:15:08 user devstack@keystone.service[45427]: DEBUG keystone.common.rbac_enforcer.enforcer [None req-42b2eac1-ab9e-415e-8297-e1144018bf58 None admin] RBAC: Authorization granted {{(pid=45427) enforce_call /opt/stack/keystone/keystone/common/rbac_enforcer/enforcer.py:457}}
Oct 25 16:15:08 user devstack@keystone.service[45429]: DEBUG keystone.server.flask.request_processing.middleware.auth_context [None req-e1cf5c83-4055-4e9d-966c-473c95b20383 admin admin] RBAC: auth_context: {'token': , 'domain_id': None, 'trust_id': None, 'trustor_id': None, 'trustee_id': None, 'domain_name': None, 'group_ids': [], 'user_id': 'a35488f62ffe4d5592534b5828e124de', 'user_domain_id': 'default', 'system_scope': None, 'project_id': 'f59c7dda32664cb6891788b0777b9dd2', 'project_domain_id': 'default', 'roles': ['manager', 'member', 'admin', 'reader'], 'is_admin_project': True, 'service_user_id': None, 'service_user_domain_id': None, 'service_project_id': None, 'service_project_domain_id': None, 'service_roles': []} {{(pid=45429) fill_context /opt/stack/keystone/keystone/server/flask/request_processing/middleware/auth_context.py:480}}
Oct 25 16:15:08 user devstack@keystone.service[45427]: [pid: 45427|app: 0|req: 100/294] 10.0.0.210 () {56 vars in 1172 bytes} [Wed Oct 25 16:15:08 2023] GET /identity/v3/users/d207e55c4268472fb28ab5f529be43a7 => generated 292 bytes in 160 msecs (HTTP/1.1 200) 5 headers in 177 bytes (1 switches on core 0)
Oct 25 16:15:08 user devstack@keystone.service[45429]: DEBUG keystone.server.flask.request_processing.req_logging [None req-e1cf5c83-4055-4e9d-966c-473c95b20383 admin admin] REQUEST_METHOD: `GET` {{(pid=45429) log_request_info /opt/stack/keystone/keystone/server/flask/request_processing/req_logging.py:27}}
Oct 25 16:15:08 user devstack@keystone.service[45429]: DEBUG keystone.server.flask.request_processing.req_logging [None req-e1cf5c83-4055-4e9d-966c-473c95b20383 admin admin] SCRIPT_NAME: `/identity` {{(pid=45429) log_request_info /opt/stack/keystone/keystone/server/flask/request_processing/req_logging.py:28}}
Oct 25 16:15:08 user devstack@keystone.service[45429]: DEBUG keystone.server.flask.request_processing.req_logging [None req-e1cf5c83-4055-4e9d-966c-473c95b20383 admin admin] PATH_INFO: `/v3/groups/3ee0b574982843f0a46030de8de30633` {{(pid=45429) log_request_info /opt/stack/keystone/keystone/server/flask/request_processing/req_logging.py:29}}
Oct 25 16:15:08 user devstack@keystone.service[45428]: DEBUG keystone.server.flask.request_processing.middleware.auth_context [None req-c59d2909-19ad-4014-be37-12a218285577 admin admin] Authenticating user token {{(pid=45428) process_request /opt/stack/data/venv/lib/python3.10/site-packages/keystonemiddleware/auth_token/__init__.py:406}}
Oct 25 16:15:08 user devstack@keystone.service[45429]: DEBUG keystone.common.rbac_enforcer.enforcer [None req-e1cf5c83-4055-4e9d-966c-473c95b20383 admin admin] RBAC: Authorizing `identity:get_group(group_id=3ee0b574982843f0a46030de8de30633)` {{(pid=45429) enforce_call /opt/stack/keystone/keystone/common/rbac_enforcer/enforcer.py:449}}
Oct 25 16:15:08 user devstack@keystone.service[45429]: DEBUG keystone.common.rbac_enforcer.enforcer [None req-e1cf5c83-4055-4e9d-966c-473c95b20383 admin admin] RBAC: Authorization granted {{(pid=45429) enforce_call /opt/stack/keystone/keystone/common/rbac_enforcer/enforcer.py:457}}
Oct 25 16:15:08 user devstack@keystone.service[45429]: [pid: 45429|app: 0|req: 99/295] 10.0.0.210 () {56 vars in 1196 bytes} [Wed Oct 25 16:15:08 2023] GET /identity/v3/groups/3ee0b574982843f0a46030de8de30633 => generated 228 bytes in 30 msecs (HTTP/1.1 200) 5 headers in 177 bytes (1 switches on core 0)
Oct 25 16:15:08 user devstack@keystone.service[45427]: DEBUG keystone.server.flask.request_processing.middleware.auth_context [None req-42b2eac1-ab9e-415e-8297-e1144018bf58 None admin] Authenticating user token {{(pid=45427) process_request /opt/stack/data/venv/lib/python3.10/site-packages/keystonemiddleware/auth_token/__init__.py:406}}
Oct 25 16:15:08 user devstack@keystone.service[45427]: DEBUG keystone.server.flask.request_processing.middleware.auth_context [None req-42b2eac1-ab9e-415e-8297-e1144018bf58 None admin] Validating token access rules against request {{(pid=45427) validate_allowed_request /opt/stack/data/venv/lib/python3.10/site-packages/keystonemiddleware/auth_token/__init__.py:544}}
Oct 25 16:15:08 user devstack@keystone.service[45427]: DEBUG keystone.server.flask.request_processing.middleware.auth_context [None req-9acfb27a-3e09-4b56-938f-db8048daca22 admin admin] RBAC: auth_context: {'token': , 'domain_id': None, 'trust_id': None, 'trustor_id': None, 'trustee_id': None, 'domain_name': None, 'group_ids': [], 'user_id': 'a35488f62ffe4d5592534b5828e124de', 'user_domain_id': 'default', 'system_scope': None, 'project_id': 'f59c7dda32664cb6891788b0777b9dd2', 'project_domain_id': 'default', 'roles': ['manager', 'member', 'admin', 'reader'], 'is_admin_project': True, 'service_user_id': None, 'service_user_domain_id': None, 'service_project_id': None, 'service_project_domain_id': None, 'service_roles': []} {{(pid=45427) fill_context /opt/stack/keystone/keystone/server/flask/request_processing/middleware/auth_context.py:480}}
Oct 25 16:15:08 user devstack@keystone.service[45427]: DEBUG keystone.server.flask.request_processing.req_logging [None req-9acfb27a-3e09-4b56-938f-db8048daca22 admin admin] REQUEST_METHOD: `GET` {{(pid=45427) log_request_info /opt/stack/keystone/keystone/server/flask/request_processing/req_logging.py:27}}
Oct 25 16:15:08 user devstack@keystone.service[45427]: DEBUG keystone.server.flask.request_processing.req_logging [None req-9acfb27a-3e09-4b56-938f-db8048daca22 admin admin] SCRIPT_NAME: `/identity` {{(pid=45427) log_request_info /opt/stack/keystone/keystone/server/flask/request_processing/req_logging.py:28}}
Oct 25 16:15:08 user devstack@keystone.service[45427]: DEBUG keystone.server.flask.request_processing.req_logging [None req-9acfb27a-3e09-4b56-938f-db8048daca22 admin admin] PATH_INFO: `/v3/projects/f59c7dda32664cb6891788b0777b9dd2` {{(pid=45427) log_request_info /opt/stack/keystone/keystone/server/flask/request_processing/req_logging.py:29}}
Oct 25 16:15:08 user devstack@keystone.service[45427]: DEBUG keystone.common.rbac_enforcer.enforcer [None req-9acfb27a-3e09-4b56-938f-db8048daca22 admin admin] RBAC: Authorizing `identity:get_project(project_id=f59c7dda32664cb6891788b0777b9dd2)` {{(pid=45427) enforce_call /opt/stack/keystone/keystone/common/rbac_enforcer/enforcer.py:449}}
Oct 25 16:15:08 user devstack@keystone.service[45427]: DEBUG keystone.common.rbac_enforcer.enforcer [None req-9acfb27a-3e09-4b56-938f-db8048daca22 admin admin] RBAC: Authorization granted {{(pid=45427) enforce_call /opt/stack/keystone/keystone/common/rbac_enforcer/enforcer.py:457}}
Oct 25 16:15:08 user devstack@keystone.service[45427]: [pid: 45427|app: 0|req: 101/296] 10.0.0.210 () {56 vars in 1202 bytes} [Wed Oct 25 16:15:08 2023] GET /identity/v3/projects/f59c7dda32664cb6891788b0777b9dd2 => generated 343 bytes in 23 msecs (HTTP/1.1 200) 5 headers in 177 bytes (1 switches on core 0)
Oct 25 16:15:08 user devstack@keystone.service[45429]: DEBUG keystone.server.flask.request_processing.middleware.auth_context [None req-e1cf5c83-4055-4e9d-966c-473c95b20383 admin admin] Authenticating user token {{(pid=45429) process_request /opt/stack/data/venv/lib/python3.10/site-packages/keystonemiddleware/auth_token/__init__.py:406}}
Oct 25 16:15:08 user devstack@keystone.service[45429]: DEBUG keystone.server.flask.request_processing.middleware.auth_context [None req-e1cf5c83-4055-4e9d-966c-473c95b20383 admin admin] Validating token access rules against request {{(pid=45429) validate_allowed_request /opt/stack/data/venv/lib/python3.10/site-packages/keystonemiddleware/auth_token/__init__.py:544}}
Oct 25 16:15:08 user devstack@keystone.service[45429]: DEBUG keystone.server.flask.request_processing.middleware.auth_context [None req-c62a241f-337e-4ca1-91d2-0fe81cdc84f3 admin admin] RBAC: auth_context: {'token': , 'domain_id': None, 'trust_id': None, 'trustor_id': None, 'trustee_id': None, 'domain_name': None, 'group_ids': [], 'user_id': 'a35488f62ffe4d5592534b5828e124de', 'user_domain_id': 'default', 'system_scope': None, 'project_id': 'f59c7dda32664cb6891788b0777b9dd2', 'project_domain_id': 'default', 'roles': ['manager', 'member', 'admin', 'reader'], 'is_admin_project': True, 'service_user_id': None, 'service_user_domain_id': None, 'service_project_id': None, 'service_project_domain_id': None, 'service_roles': []} {{(pid=45429) fill_context /opt/stack/keystone/keystone/server/flask/request_processing/middleware/auth_context.py:480}}
Oct 25 16:15:08 user devstack@keystone.service[45429]: DEBUG keystone.server.flask.request_processing.req_logging [None req-c62a241f-337e-4ca1-91d2-0fe81cdc84f3 admin admin] REQUEST_METHOD: `PUT` {{(pid=45429) log_request_info /opt/stack/keystone/keystone/server/flask/request_processing/req_logging.py:27}}
Oct 25 16:15:08 user devstack@keystone.service[45429]: DEBUG keystone.server.flask.request_processing.req_logging [None req-c62a241f-337e-4ca1-91d2-0fe81cdc84f3 admin admin] SCRIPT_NAME: `/identity` {{(pid=45429) log_request_info /opt/stack/keystone/keystone/server/flask/request_processing/req_logging.py:28}}
Oct 25 16:15:08 user devstack@keystone.service[45429]: DEBUG keystone.server.flask.request_processing.req_logging [None req-c62a241f-337e-4ca1-91d2-0fe81cdc84f3 admin admin] PATH_INFO: `/v3/projects/f59c7dda32664cb6891788b0777b9dd2/groups/3ee0b574982843f0a46030de8de30633/roles/4b2e25cbb0414963a5d4e1b9e90ea0d6` {{(pid=45429) log_request_info /opt/stack/keystone/keystone/server/flask/request_processing/req_logging.py:29}}
Oct 25 16:15:08 user devstack@keystone.service[45429]: DEBUG keystone.common.rbac_enforcer.enforcer [None req-c62a241f-337e-4ca1-91d2-0fe81cdc84f3 admin admin] RBAC: Authorizing `identity:create_grant(project_id=f59c7dda32664cb6891788b0777b9dd2, group_id=3ee0b574982843f0a46030de8de30633, role_id=4b2e25cbb0414963a5d4e1b9e90ea0d6)` {{(pid=45429) enforce_call /opt/stack/keystone/keystone/common/rbac_enforcer/enforcer.py:449}}
Oct 25 16:15:08 user devstack@keystone.service[45429]: WARNING py.warnings [None req-c62a241f-337e-4ca1-91d2-0fe81cdc84f3 admin admin] /opt/stack/data/venv/lib/python3.10/site-packages/oslo_policy/policy.py:1130: UserWarning: Policy "identity:create_grant": "(role:admin and system_scope:all) or ((role:admin and domain_id:%(target.user.domain_id)s and domain_id:%(target.project.domain_id)s) or (role:admin and domain_id:%(target.user.domain_id)s and domain_id:%(target.domain.id)s) or (role:admin and domain_id:%(target.group.domain_id)s and domain_id:%(target.project.domain_id)s) or (role:admin and domain_id:%(target.group.domain_id)s and domain_id:%(target.domain.id)s)) and (domain_id:%(target.role.domain_id)s or None:%(target.role.domain_id)s)" failed scope check. The token used to make the request was project scoped but the policy requires ['system', 'domain'] scope. This behavior may change in the future where using the intended scope is required
Oct 25 16:15:08 user devstack@keystone.service[45429]: warnings.warn(msg)
Oct 25 16:15:08 user devstack@keystone.service[45429]:
Oct 25 16:15:08 user devstack@keystone.service[45429]: DEBUG keystone.common.rbac_enforcer.enforcer [None req-c62a241f-337e-4ca1-91d2-0fe81cdc84f3 admin admin] RBAC: Authorization granted {{(pid=45429) enforce_call /opt/stack/keystone/keystone/common/rbac_enforcer/enforcer.py:457}}
Oct 25 16:15:08 user devstack@keystone.service[45429]: [pid: 45429|app: 0|req: 100/297] 10.0.0.210 () {58 vars in 1458 bytes} [Wed Oct 25 16:15:08 2023] PUT /identity/v3/projects/f59c7dda32664cb6891788b0777b9dd2/groups/3ee0b574982843f0a46030de8de30633/roles/4b2e25cbb0414963a5d4e1b9e90ea0d6 => generated 0 bytes in 39 msecs (HTTP/1.1 204) 3 headers in 132 bytes (0 switches on core 0)
Oct 25 16:15:08 user devstack@keystone.service[45428]: DEBUG keystone.server.flask.request_processing.middleware.auth_context [None req-c59d2909-19ad-4014-be37-12a218285577 admin admin] Validating token access rules against request {{(pid=45428) validate_allowed_request /opt/stack/data/venv/lib/python3.10/site-packages/keystonemiddleware/auth_token/__init__.py:544}}
Oct 25 16:15:08 user devstack@keystone.service[45428]: DEBUG keystone.server.flask.request_processing.middleware.auth_context [None req-86b369cf-7fc6-4f11-967e-91db41b28bc3 None admin] RBAC: auth_context: {'token': , 'domain_id': None, 'trust_id': None, 'trustor_id': None, 'trustee_id': None, 'domain_name': None, 'group_ids': [], 'user_id': 'a35488f62ffe4d5592534b5828e124de', 'user_domain_id': 'default', 'system_scope': 'all', 'project_id': None, 'project_domain_id': None, 'roles': ['admin', 'manager', 'member', 'reader'], 'is_admin_project': True, 'service_user_id': None, 'service_user_domain_id': None, 'service_project_id': None, 'service_project_domain_id': None, 'service_roles': []} {{(pid=45428) fill_context /opt/stack/keystone/keystone/server/flask/request_processing/middleware/auth_context.py:480}}
Oct 25 16:15:08 user devstack@keystone.service[45428]: DEBUG keystone.server.flask.request_processing.req_logging [None req-86b369cf-7fc6-4f11-967e-91db41b28bc3 None admin] REQUEST_METHOD: `GET` {{(pid=45428) log_request_info /opt/stack/keystone/keystone/server/flask/request_processing/req_logging.py:27}}
Oct 25 16:15:08 user devstack@keystone.service[45428]: DEBUG keystone.server.flask.request_processing.req_logging [None req-86b369cf-7fc6-4f11-967e-91db41b28bc3 None admin] SCRIPT_NAME: `/identity` {{(pid=45428) log_request_info /opt/stack/keystone/keystone/server/flask/request_processing/req_logging.py:28}}
