Oct 25 16:18:21 user devstack@n-api.service[64065]: DEBUG oslo_db.sqlalchemy.engines [None req-5779eae3-8f7b-4f91-93b5-2b76043454a9 None None] MySQL server mode set to STRICT_TRANS_TABLES,STRICT_ALL_TABLES,NO_ZERO_IN_DATE,NO_ZERO_DATE,ERROR_FOR_DIVISION_BY_ZERO,TRADITIONAL,NO_ENGINE_SUBSTITUTION {{(pid=64065) _check_effective_sql_mode /opt/stack/data/venv/lib/python3.10/site-packages/oslo_db/sqlalchemy/engines.py:342}}
Oct 25 16:18:21 user devstack@n-api.service[64066]: DEBUG dbcounter [-] [64066] Writer thread running {{(pid=64066) stat_writer /opt/stack/data/venv/lib/python3.10/site-packages/dbcounter.py:102}}
Oct 25 16:18:21 user devstack@n-api.service[64065]: DEBUG dbcounter [-] [64065] Writer thread running {{(pid=64065) stat_writer /opt/stack/data/venv/lib/python3.10/site-packages/dbcounter.py:102}}
Oct 25 16:18:21 user devstack@n-api.service[64067]: DEBUG nova.context [None req-543248d4-b8bc-41c9-88e5-b9694a3c4db8 None None] Found 2 cells: 00000000-0000-0000-0000-000000000000(cell0),74a76709-a98b-4550-90d7-920391af7c3a(cell1) {{(pid=64067) load_cells /opt/stack/nova/nova/context.py:464}}
Oct 25 16:18:21 user devstack@n-api.service[64067]: DEBUG oslo_concurrency.lockutils [None req-543248d4-b8bc-41c9-88e5-b9694a3c4db8 None None] Acquiring lock "00000000-0000-0000-0000-000000000000" by "nova.context.set_target_cell..get_or_set_cached_cell_and_set_connections" {{(pid=64067) inner /opt/stack/data/venv/lib/python3.10/site-packages/oslo_concurrency/lockutils.py:404}}
Oct 25 16:18:21 user devstack@n-api.service[64067]: DEBUG oslo_concurrency.lockutils [None req-543248d4-b8bc-41c9-88e5-b9694a3c4db8 None None] Lock "00000000-0000-0000-0000-000000000000" acquired by "nova.context.set_target_cell..get_or_set_cached_cell_and_set_connections" :: waited 0.001s {{(pid=64067) inner /opt/stack/data/venv/lib/python3.10/site-packages/oslo_concurrency/lockutils.py:409}}
Oct 25 16:18:21 user devstack@n-api.service[64067]: DEBUG oslo_concurrency.lockutils [None req-543248d4-b8bc-41c9-88e5-b9694a3c4db8 None None] Lock "00000000-0000-0000-0000-000000000000" "released" by "nova.context.set_target_cell..get_or_set_cached_cell_and_set_connections" :: held 0.001s {{(pid=64067) inner /opt/stack/data/venv/lib/python3.10/site-packages/oslo_concurrency/lockutils.py:423}}
Oct 25 16:18:21 user devstack@n-api.service[64067]: DEBUG oslo_concurrency.lockutils [None req-543248d4-b8bc-41c9-88e5-b9694a3c4db8 None None] Acquiring lock "74a76709-a98b-4550-90d7-920391af7c3a" by "nova.context.set_target_cell..get_or_set_cached_cell_and_set_connections" {{(pid=64067) inner /opt/stack/data/venv/lib/python3.10/site-packages/oslo_concurrency/lockutils.py:404}}
Oct 25 16:18:21 user devstack@n-api.service[64067]: DEBUG oslo_concurrency.lockutils [None req-543248d4-b8bc-41c9-88e5-b9694a3c4db8 None None] Lock "74a76709-a98b-4550-90d7-920391af7c3a" acquired by "nova.context.set_target_cell..get_or_set_cached_cell_and_set_connections" :: waited 0.000s {{(pid=64067) inner /opt/stack/data/venv/lib/python3.10/site-packages/oslo_concurrency/lockutils.py:409}}
Oct 25 16:18:21 user devstack@n-api.service[64067]: DEBUG oslo_concurrency.lockutils [None req-543248d4-b8bc-41c9-88e5-b9694a3c4db8 None None] Lock "74a76709-a98b-4550-90d7-920391af7c3a" "released" by "nova.context.set_target_cell..get_or_set_cached_cell_and_set_connections" :: held 0.002s {{(pid=64067) inner /opt/stack/data/venv/lib/python3.10/site-packages/oslo_concurrency/lockutils.py:423}}
Oct 25 16:18:21 user devstack@n-api.service[64067]: INFO dbcounter [None req-543248d4-b8bc-41c9-88e5-b9694a3c4db8 None None] Registered counter for database nova_cell0
Oct 25 16:18:21 user devstack@n-api.service[64066]: DEBUG nova.context [None req-d543f873-e725-4048-af97-2523344bb81b None None] Found 2 cells: 00000000-0000-0000-0000-000000000000(cell0),74a76709-a98b-4550-90d7-920391af7c3a(cell1) {{(pid=64066) load_cells /opt/stack/nova/nova/context.py:464}}
Oct 25 16:18:21 user devstack@n-api.service[64065]: DEBUG nova.context [None req-5779eae3-8f7b-4f91-93b5-2b76043454a9 None None] Found 2 cells: 00000000-0000-0000-0000-000000000000(cell0),74a76709-a98b-4550-90d7-920391af7c3a(cell1) {{(pid=64065) load_cells /opt/stack/nova/nova/context.py:464}}
Oct 25 16:18:21 user devstack@n-api.service[64066]: DEBUG oslo_concurrency.lockutils [None req-d543f873-e725-4048-af97-2523344bb81b None None] Acquiring lock "00000000-0000-0000-0000-000000000000" by "nova.context.set_target_cell..get_or_set_cached_cell_and_set_connections" {{(pid=64066) inner /opt/stack/data/venv/lib/python3.10/site-packages/oslo_concurrency/lockutils.py:404}}
Oct 25 16:18:21 user devstack@n-api.service[64067]: INFO dbcounter [None req-543248d4-b8bc-41c9-88e5-b9694a3c4db8 None None] Registered counter for database nova_cell1
Oct 25 16:18:21 user devstack@n-api.service[64066]: DEBUG oslo_concurrency.lockutils [None req-d543f873-e725-4048-af97-2523344bb81b None None] Lock "00000000-0000-0000-0000-000000000000" acquired by "nova.context.set_target_cell..get_or_set_cached_cell_and_set_connections" :: waited 0.001s {{(pid=64066) inner /opt/stack/data/venv/lib/python3.10/site-packages/oslo_concurrency/lockutils.py:409}}
Oct 25 16:18:21 user devstack@n-api.service[64066]: DEBUG oslo_concurrency.lockutils [None req-d543f873-e725-4048-af97-2523344bb81b None None] Lock "00000000-0000-0000-0000-000000000000" "released" by "nova.context.set_target_cell..get_or_set_cached_cell_and_set_connections" :: held 0.001s {{(pid=64066) inner /opt/stack/data/venv/lib/python3.10/site-packages/oslo_concurrency/lockutils.py:423}}
Oct 25 16:18:21 user devstack@n-api.service[64065]: DEBUG oslo_concurrency.lockutils [None req-5779eae3-8f7b-4f91-93b5-2b76043454a9 None None] Acquiring lock "00000000-0000-0000-0000-000000000000" by "nova.context.set_target_cell..get_or_set_cached_cell_and_set_connections" {{(pid=64065) inner /opt/stack/data/venv/lib/python3.10/site-packages/oslo_concurrency/lockutils.py:404}}
Oct 25 16:18:21 user devstack@n-api.service[64065]: DEBUG oslo_concurrency.lockutils [None req-5779eae3-8f7b-4f91-93b5-2b76043454a9 None None] Lock "00000000-0000-0000-0000-000000000000" acquired by "nova.context.set_target_cell..get_or_set_cached_cell_and_set_connections" :: waited 0.001s {{(pid=64065) inner /opt/stack/data/venv/lib/python3.10/site-packages/oslo_concurrency/lockutils.py:409}}
Oct 25 16:18:21 user devstack@n-api.service[64066]: DEBUG oslo_concurrency.lockutils [None req-d543f873-e725-4048-af97-2523344bb81b None None] Acquiring lock "74a76709-a98b-4550-90d7-920391af7c3a" by "nova.context.set_target_cell..get_or_set_cached_cell_and_set_connections" {{(pid=64066) inner /opt/stack/data/venv/lib/python3.10/site-packages/oslo_concurrency/lockutils.py:404}}
Oct 25 16:18:21 user devstack@n-api.service[64066]: DEBUG oslo_concurrency.lockutils [None req-d543f873-e725-4048-af97-2523344bb81b None None] Lock "74a76709-a98b-4550-90d7-920391af7c3a" acquired by "nova.context.set_target_cell..get_or_set_cached_cell_and_set_connections" :: waited 0.000s {{(pid=64066) inner /opt/stack/data/venv/lib/python3.10/site-packages/oslo_concurrency/lockutils.py:409}}
Oct 25 16:18:21 user devstack@n-api.service[64065]: DEBUG oslo_concurrency.lockutils [None req-5779eae3-8f7b-4f91-93b5-2b76043454a9 None None] Lock "00000000-0000-0000-0000-000000000000" "released" by "nova.context.set_target_cell..get_or_set_cached_cell_and_set_connections" :: held 0.002s {{(pid=64065) inner /opt/stack/data/venv/lib/python3.10/site-packages/oslo_concurrency/lockutils.py:423}}
Oct 25 16:18:21 user devstack@n-api.service[64066]: DEBUG oslo_concurrency.lockutils [None req-d543f873-e725-4048-af97-2523344bb81b None None] Lock "74a76709-a98b-4550-90d7-920391af7c3a" "released" by "nova.context.set_target_cell..get_or_set_cached_cell_and_set_connections" :: held 0.002s {{(pid=64066) inner /opt/stack/data/venv/lib/python3.10/site-packages/oslo_concurrency/lockutils.py:423}}
Oct 25 16:18:21 user devstack@n-api.service[64065]: DEBUG oslo_concurrency.lockutils [None req-5779eae3-8f7b-4f91-93b5-2b76043454a9 None None] Acquiring lock "74a76709-a98b-4550-90d7-920391af7c3a" by "nova.context.set_target_cell..get_or_set_cached_cell_and_set_connections" {{(pid=64065) inner /opt/stack/data/venv/lib/python3.10/site-packages/oslo_concurrency/lockutils.py:404}}
Oct 25 16:18:21 user devstack@n-api.service[64065]: DEBUG oslo_concurrency.lockutils [None req-5779eae3-8f7b-4f91-93b5-2b76043454a9 None None] Lock "74a76709-a98b-4550-90d7-920391af7c3a" acquired by "nova.context.set_target_cell..get_or_set_cached_cell_and_set_connections" :: waited 0.001s {{(pid=64065) inner /opt/stack/data/venv/lib/python3.10/site-packages/oslo_concurrency/lockutils.py:409}}
Oct 25 16:18:21 user devstack@n-api.service[64066]: INFO dbcounter [None req-d543f873-e725-4048-af97-2523344bb81b None None] Registered counter for database nova_cell0
Oct 25 16:18:21 user devstack@n-api.service[64065]: DEBUG oslo_concurrency.lockutils [None req-5779eae3-8f7b-4f91-93b5-2b76043454a9 None None] Lock "74a76709-a98b-4550-90d7-920391af7c3a" "released" by "nova.context.set_target_cell..get_or_set_cached_cell_and_set_connections" :: held 0.003s {{(pid=64065) inner /opt/stack/data/venv/lib/python3.10/site-packages/oslo_concurrency/lockutils.py:423}}
Oct 25 16:18:21 user devstack@n-api.service[64067]: DEBUG oslo_db.sqlalchemy.engines [None req-543248d4-b8bc-41c9-88e5-b9694a3c4db8 None None] MySQL server mode set to STRICT_TRANS_TABLES,STRICT_ALL_TABLES,NO_ZERO_IN_DATE,NO_ZERO_DATE,ERROR_FOR_DIVISION_BY_ZERO,TRADITIONAL,NO_ENGINE_SUBSTITUTION {{(pid=64067) _check_effective_sql_mode /opt/stack/data/venv/lib/python3.10/site-packages/oslo_db/sqlalchemy/engines.py:342}}
Oct 25 16:18:21 user devstack@n-api.service[64066]: INFO dbcounter [None req-d543f873-e725-4048-af97-2523344bb81b None None] Registered counter for database nova_cell1
Oct 25 16:18:21 user devstack@n-api.service[64065]: INFO dbcounter [None req-5779eae3-8f7b-4f91-93b5-2b76043454a9 None None] Registered counter for database nova_cell0
Oct 25 16:18:21 user devstack@n-api.service[64067]: DEBUG dbcounter [-] [64067] Writer thread running {{(pid=64067) stat_writer /opt/stack/data/venv/lib/python3.10/site-packages/dbcounter.py:102}}
Oct 25 16:18:21 user devstack@n-api.service[64067]: DEBUG oslo_db.sqlalchemy.engines [None req-543248d4-b8bc-41c9-88e5-b9694a3c4db8 None None] MySQL server mode set to STRICT_TRANS_TABLES,STRICT_ALL_TABLES,NO_ZERO_IN_DATE,NO_ZERO_DATE,ERROR_FOR_DIVISION_BY_ZERO,TRADITIONAL,NO_ENGINE_SUBSTITUTION {{(pid=64067) _check_effective_sql_mode /opt/stack/data/venv/lib/python3.10/site-packages/oslo_db/sqlalchemy/engines.py:342}}
Oct 25 16:18:21 user devstack@n-api.service[64066]: DEBUG oslo_db.sqlalchemy.engines [None req-d543f873-e725-4048-af97-2523344bb81b None None] MySQL server mode set to STRICT_TRANS_TABLES,STRICT_ALL_TABLES,NO_ZERO_IN_DATE,NO_ZERO_DATE,ERROR_FOR_DIVISION_BY_ZERO,TRADITIONAL,NO_ENGINE_SUBSTITUTION {{(pid=64066) _check_effective_sql_mode /opt/stack/data/venv/lib/python3.10/site-packages/oslo_db/sqlalchemy/engines.py:342}}
Oct 25 16:18:21 user devstack@n-api.service[64065]: INFO dbcounter [None req-5779eae3-8f7b-4f91-93b5-2b76043454a9 None None] Registered counter for database nova_cell1
Oct 25 16:18:21 user devstack@n-api.service[64066]: DEBUG dbcounter [-] [64066] Writer thread running {{(pid=64066) stat_writer /opt/stack/data/venv/lib/python3.10/site-packages/dbcounter.py:102}}
Oct 25 16:18:21 user devstack@n-api.service[64066]: DEBUG oslo_db.sqlalchemy.engines [None req-d543f873-e725-4048-af97-2523344bb81b None None] MySQL server mode set to STRICT_TRANS_TABLES,STRICT_ALL_TABLES,NO_ZERO_IN_DATE,NO_ZERO_DATE,ERROR_FOR_DIVISION_BY_ZERO,TRADITIONAL,NO_ENGINE_SUBSTITUTION {{(pid=64066) _check_effective_sql_mode /opt/stack/data/venv/lib/python3.10/site-packages/oslo_db/sqlalchemy/engines.py:342}}
Oct 25 16:18:21 user devstack@n-api.service[64065]: DEBUG oslo_db.sqlalchemy.engines [None req-5779eae3-8f7b-4f91-93b5-2b76043454a9 None None] MySQL server mode set to STRICT_TRANS_TABLES,STRICT_ALL_TABLES,NO_ZERO_IN_DATE,NO_ZERO_DATE,ERROR_FOR_DIVISION_BY_ZERO,TRADITIONAL,NO_ENGINE_SUBSTITUTION {{(pid=64065) _check_effective_sql_mode /opt/stack/data/venv/lib/python3.10/site-packages/oslo_db/sqlalchemy/engines.py:342}}
Oct 25 16:18:21 user devstack@n-api.service[64065]: DEBUG oslo_db.sqlalchemy.engines [None req-5779eae3-8f7b-4f91-93b5-2b76043454a9 None None] MySQL server mode set to STRICT_TRANS_TABLES,STRICT_ALL_TABLES,NO_ZERO_IN_DATE,NO_ZERO_DATE,ERROR_FOR_DIVISION_BY_ZERO,TRADITIONAL,NO_ENGINE_SUBSTITUTION {{(pid=64065) _check_effective_sql_mode /opt/stack/data/venv/lib/python3.10/site-packages/oslo_db/sqlalchemy/engines.py:342}}
Oct 25 16:18:21 user devstack@n-api.service[64065]: DEBUG dbcounter [-] [64065] Writer thread running {{(pid=64065) stat_writer /opt/stack/data/venv/lib/python3.10/site-packages/dbcounter.py:102}}
Oct 25 16:18:21 user devstack@n-api.service[64067]: DEBUG dbcounter [-] [64067] Writer thread running {{(pid=64067) stat_writer /opt/stack/data/venv/lib/python3.10/site-packages/dbcounter.py:102}}
Oct 25 16:18:21 user devstack@n-api.service[64067]: INFO dbcounter [None req-543248d4-b8bc-41c9-88e5-b9694a3c4db8 None None] Registered counter for database nova_cell0
Oct 25 16:18:21 user devstack@n-api.service[64066]: DEBUG dbcounter [-] [64066] Writer thread running {{(pid=64066) stat_writer /opt/stack/data/venv/lib/python3.10/site-packages/dbcounter.py:102}}
Oct 25 16:18:21 user devstack@n-api.service[64067]: DEBUG oslo_db.sqlalchemy.engines [None req-543248d4-b8bc-41c9-88e5-b9694a3c4db8 None None] MySQL server mode set to STRICT_TRANS_TABLES,STRICT_ALL_TABLES,NO_ZERO_IN_DATE,NO_ZERO_DATE,ERROR_FOR_DIVISION_BY_ZERO,TRADITIONAL,NO_ENGINE_SUBSTITUTION {{(pid=64067) _check_effective_sql_mode /opt/stack/data/venv/lib/python3.10/site-packages/oslo_db/sqlalchemy/engines.py:342}}
Oct 25 16:18:21 user devstack@n-api.service[64066]: INFO dbcounter [None req-d543f873-e725-4048-af97-2523344bb81b None None] Registered counter for database nova_cell0
Oct 25 16:18:21 user devstack@n-api.service[64067]: DEBUG dbcounter [-] [64067] Writer thread running {{(pid=64067) stat_writer /opt/stack/data/venv/lib/python3.10/site-packages/dbcounter.py:102}}
Oct 25 16:18:21 user devstack@n-api.service[64065]: DEBUG dbcounter [-] [64065] Writer thread running {{(pid=64065) stat_writer /opt/stack/data/venv/lib/python3.10/site-packages/dbcounter.py:102}}
Oct 25 16:18:21 user devstack@n-api.service[64066]: DEBUG oslo_db.sqlalchemy.engines [None req-d543f873-e725-4048-af97-2523344bb81b None None] MySQL server mode set to STRICT_TRANS_TABLES,STRICT_ALL_TABLES,NO_ZERO_IN_DATE,NO_ZERO_DATE,ERROR_FOR_DIVISION_BY_ZERO,TRADITIONAL,NO_ENGINE_SUBSTITUTION {{(pid=64066) _check_effective_sql_mode /opt/stack/data/venv/lib/python3.10/site-packages/oslo_db/sqlalchemy/engines.py:342}}
Oct 25 16:18:21 user devstack@n-api.service[64066]: DEBUG dbcounter [-] [64066] Writer thread running {{(pid=64066) stat_writer /opt/stack/data/venv/lib/python3.10/site-packages/dbcounter.py:102}}
Oct 25 16:18:21 user devstack@n-api.service[64065]: INFO dbcounter [None req-5779eae3-8f7b-4f91-93b5-2b76043454a9 None None] Registered counter for database nova_cell0
Oct 25 16:18:21 user devstack@n-api.service[64065]: DEBUG oslo_db.sqlalchemy.engines [None req-5779eae3-8f7b-4f91-93b5-2b76043454a9 None None] MySQL server mode set to STRICT_TRANS_TABLES,STRICT_ALL_TABLES,NO_ZERO_IN_DATE,NO_ZERO_DATE,ERROR_FOR_DIVISION_BY_ZERO,TRADITIONAL,NO_ENGINE_SUBSTITUTION {{(pid=64065) _check_effective_sql_mode /opt/stack/data/venv/lib/python3.10/site-packages/oslo_db/sqlalchemy/engines.py:342}}
Oct 25 16:18:21 user devstack@n-api.service[64065]: DEBUG dbcounter [-] [64065] Writer thread running {{(pid=64065) stat_writer /opt/stack/data/venv/lib/python3.10/site-packages/dbcounter.py:102}}
Oct 25 16:18:21 user devstack@n-api.service[64067]: WARNING keystonemiddleware.auth_token [None req-543248d4-b8bc-41c9-88e5-b9694a3c4db8 None None] AuthToken middleware is set with keystone_authtoken.service_token_roles_required set to False. This is backwards compatible but deprecated behaviour. Please set this to True.
Oct 25 16:18:21 user devstack@n-api.service[64067]: WARNING keystonemiddleware.auth_token [None req-543248d4-b8bc-41c9-88e5-b9694a3c4db8 None None] Configuring www_authenticate_uri to point to the public identity endpoint is required; clients may not be able to authenticate against an admin endpoint
Oct 25 16:18:21 user devstack@n-api.service[64066]: WARNING keystonemiddleware.auth_token [None req-d543f873-e725-4048-af97-2523344bb81b None None] AuthToken middleware is set with keystone_authtoken.service_token_roles_required set to False. This is backwards compatible but deprecated behaviour. Please set this to True.
Oct 25 16:18:21 user devstack@n-api.service[64066]: WARNING keystonemiddleware.auth_token [None req-d543f873-e725-4048-af97-2523344bb81b None None] Configuring www_authenticate_uri to point to the public identity endpoint is required; clients may not be able to authenticate against an admin endpoint
Oct 25 16:18:21 user devstack@n-api.service[64065]: WARNING keystonemiddleware.auth_token [None req-5779eae3-8f7b-4f91-93b5-2b76043454a9 None None] AuthToken middleware is set with keystone_authtoken.service_token_roles_required set to False. This is backwards compatible but deprecated behaviour. Please set this to True.
Oct 25 16:18:21 user devstack@n-api.service[64065]: WARNING keystonemiddleware.auth_token [None req-5779eae3-8f7b-4f91-93b5-2b76043454a9 None None] Configuring www_authenticate_uri to point to the public identity endpoint is required; clients may not be able to authenticate against an admin endpoint
Oct 25 16:18:21 user devstack@n-api.service[64067]: WARNING keystonemiddleware.auth_token [None req-543248d4-b8bc-41c9-88e5-b9694a3c4db8 None None] AuthToken middleware is set with keystone_authtoken.service_token_roles_required set to False. This is backwards compatible but deprecated behaviour. Please set this to True.
Oct 25 16:18:21 user devstack@n-api.service[64067]: WARNING keystonemiddleware.auth_token [None req-543248d4-b8bc-41c9-88e5-b9694a3c4db8 None None] Configuring www_authenticate_uri to point to the public identity endpoint is required; clients may not be able to authenticate against an admin endpoint
Oct 25 16:18:21 user devstack@n-api.service[64067]: WSGI app 0 (mountpoint='') ready in 5 seconds on interpreter 0x560013146b90 pid: 64067 (default app)
Oct 25 16:18:21 user devstack@n-api.service[64067]: DEBUG nova.api.openstack.wsgi [None req-543248d4-b8bc-41c9-88e5-b9694a3c4db8 None None] Calling method '>' {{(pid=64067) _process_stack /opt/stack/nova/nova/api/openstack/wsgi.py:513}}
Oct 25 16:18:21 user devstack@n-api.service[64067]: INFO nova.api.openstack.requestlog [None req-543248d4-b8bc-41c9-88e5-b9694a3c4db8 None None] 10.0.0.210 "GET /compute/v2.1/" status: 200 len: 387 microversion: 2.1 time: 0.001578
Oct 25 16:18:21 user devstack@n-api.service[64067]: [pid: 64067|app: 0|req: 1/1] 10.0.0.210 () {50 vars in 783 bytes} [Wed Oct 25 16:18:21 2023] GET /compute/v2.1/ => generated 387 bytes in 3 msecs (HTTP/1.1 200) 9 headers in 357 bytes (1 switches on core 0)
Oct 25 16:18:21 user devstack@n-api.service[64066]: WARNING keystonemiddleware.auth_token [None req-d543f873-e725-4048-af97-2523344bb81b None None] AuthToken middleware is set with keystone_authtoken.service_token_roles_required set to False. This is backwards compatible but deprecated behaviour. Please set this to True.
Oct 25 16:18:21 user devstack@n-api.service[64066]: WARNING keystonemiddleware.auth_token [None req-d543f873-e725-4048-af97-2523344bb81b None None] Configuring www_authenticate_uri to point to the public identity endpoint is required; clients may not be able to authenticate against an admin endpoint
Oct 25 16:18:21 user devstack@n-api.service[64066]: WSGI app 0 (mountpoint='') ready in 5 seconds on interpreter 0x560013146b90 pid: 64066 (default app)
Oct 25 16:18:22 user devstack@n-api.service[64065]: WARNING keystonemiddleware.auth_token [None req-5779eae3-8f7b-4f91-93b5-2b76043454a9 None None] AuthToken middleware is set with keystone_authtoken.service_token_roles_required set to False. This is backwards compatible but deprecated behaviour. Please set this to True.
Oct 25 16:18:22 user devstack@n-api.service[64065]: WARNING keystonemiddleware.auth_token [None req-5779eae3-8f7b-4f91-93b5-2b76043454a9 None None] Configuring www_authenticate_uri to point to the public identity endpoint is required; clients may not be able to authenticate against an admin endpoint
Oct 25 16:18:22 user devstack@n-api.service[64065]: WSGI app 0 (mountpoint='') ready in 6 seconds on interpreter 0x560013146b90 pid: 64065 (default app)
Oct 25 16:20:30 user devstack@n-api.service[64067]: DEBUG nova.api.openstack.wsgi [None req-543248d4-b8bc-41c9-88e5-b9694a3c4db8 None None] Calling method '>' {{(pid=64067) _process_stack /opt/stack/nova/nova/api/openstack/wsgi.py:513}}
Oct 25 16:20:30 user devstack@n-api.service[64067]: INFO nova.api.openstack.requestlog [None req-543248d4-b8bc-41c9-88e5-b9694a3c4db8 None None] 10.0.0.210 "GET /compute/v2.1" status: 200 len: 387 microversion: 2.1 time: 0.001688
Oct 25 16:20:30 user devstack@n-api.service[64067]: [pid: 64067|app: 0|req: 2/2] 10.0.0.210 () {54 vars in 925 bytes} [Wed Oct 25 16:20:30 2023] GET /compute/v2.1 => generated 387 bytes in 3 msecs (HTTP/1.1 200) 9 headers in 357 bytes (1 switches on core 0)
Oct 25 16:20:30 user devstack@n-api.service[64066]: DEBUG dbcounter [-] [64066] Writing DB stats nova_api:SELECT=3 {{(pid=64066) stat_writer /opt/stack/data/venv/lib/python3.10/site-packages/dbcounter.py:115}}
Oct 25 16:20:30 user devstack@n-api.service[64066]: DEBUG dbcounter [-] [64066] Writing DB stats nova_cell0:SELECT=3 {{(pid=64066) stat_writer /opt/stack/data/venv/lib/python3.10/site-packages/dbcounter.py:115}}
Oct 25 16:20:30 user devstack@n-api.service[64066]: DEBUG dbcounter [-] [64066] Writing DB stats nova_cell1:SELECT=3 {{(pid=64066) stat_writer /opt/stack/data/venv/lib/python3.10/site-packages/dbcounter.py:115}}
Oct 25 16:20:30 user devstack@n-api.service[64066]: DEBUG dbcounter [-] [64066] Writing DB stats nova_cell0:SELECT=6,nova_cell0:INSERT=1 {{(pid=64066) stat_writer /opt/stack/data/venv/lib/python3.10/site-packages/dbcounter.py:115}}
Oct 25 16:20:30 user devstack@n-api.service[64066]: DEBUG nova.api.openstack.wsgi [None req-02564c3c-5daf-46a8-9da8-bb6759ddf69e admin admin] Calling method '>' {{(pid=64066) _process_stack /opt/stack/nova/nova/api/openstack/wsgi.py:513}}
Oct 25 16:20:30 user devstack@n-api.service[64066]: INFO nova.api.openstack.requestlog [None req-02564c3c-5daf-46a8-9da8-bb6759ddf69e admin admin] 10.0.0.210 "GET /compute/v2.1/flavors/detail?is_public=True" status: 200 len: 15 microversion: 2.61 time: 0.381395
Oct 25 16:20:30 user devstack@n-api.service[64066]: [pid: 64066|app: 0|req: 1/3] 10.0.0.210 () {60 vars in 1286 bytes} [Wed Oct 25 16:20:30 2023] GET /compute/v2.1/flavors/detail?is_public=True => generated 15 bytes in 383 msecs (HTTP/1.1 200) 9 headers in 358 bytes (1 switches on core 0)
Oct 25 16:20:32 user devstack@n-api.service[64065]: DEBUG nova.api.openstack.wsgi [None req-5779eae3-8f7b-4f91-93b5-2b76043454a9 None None] Calling method '>' {{(pid=64065) _process_stack /opt/stack/nova/nova/api/openstack/wsgi.py:513}}
Oct 25 16:20:32 user devstack@n-api.service[64065]: INFO nova.api.openstack.requestlog [None req-5779eae3-8f7b-4f91-93b5-2b76043454a9 None None] 10.0.0.210 "GET /compute/v2.1" status: 200 len: 387 microversion: 2.1 time: 0.002158
Oct 25 16:20:32 user devstack@n-api.service[64065]: [pid: 64065|app: 0|req: 1/4] 10.0.0.210 () {54 vars in 925 bytes} [Wed Oct 25 16:20:32 2023] GET /compute/v2.1 => generated 387 bytes in 5 msecs (HTTP/1.1 200) 9 headers in 357 bytes (1 switches on core 0)
Oct 25 16:20:32 user devstack@n-api.service[64067]: DEBUG dbcounter [-] [64067] Writing DB stats nova_api:SELECT=3 {{(pid=64067) stat_writer /opt/stack/data/venv/lib/python3.10/site-packages/dbcounter.py:115}}
Oct 25 16:20:32 user devstack@n-api.service[64067]: DEBUG dbcounter [-] [64067] Writing DB stats nova_cell0:SELECT=3 {{(pid=64067) stat_writer /opt/stack/data/venv/lib/python3.10/site-packages/dbcounter.py:115}}
Oct 25 16:20:32 user devstack@n-api.service[64067]: DEBUG dbcounter [-] [64067] Writing DB stats nova_cell1:SELECT=3 {{(pid=64067) stat_writer /opt/stack/data/venv/lib/python3.10/site-packages/dbcounter.py:115}}
Oct 25 16:20:32 user devstack@n-api.service[64067]: DEBUG dbcounter [-] [64067] Writing DB stats nova_cell0:SELECT=6,nova_cell0:INSERT=1 {{(pid=64067) stat_writer /opt/stack/data/venv/lib/python3.10/site-packages/dbcounter.py:115}}
Oct 25 16:20:32 user devstack@n-api.service[64067]: DEBUG nova.api.openstack.wsgi [None req-183d2b6e-36cd-4285-b29e-5e865c8540b6 admin admin] Action: 'create', calling method: >, body: {"flavor": {"name": "cirros256", "swap": 0, "vcpus": 1, "disk": 1, "ram": 256, "OS-FLV-EXT-DATA:ephemeral": 0, "rxtx_factor": 1.0, "os-flavor-access:is_public": true, "id": "c1"}} {{(pid=64067) _process_stack /opt/stack/nova/nova/api/openstack/wsgi.py:511}}
Oct 25 16:20:32 user devstack@n-api.service[64067]: INFO nova.api.openstack.requestlog [None req-183d2b6e-36cd-4285-b29e-5e865c8540b6 admin admin] 10.0.0.210 "POST /compute/v2.1/flavors" status: 200 len: 405 microversion: 2.61 time: 0.334666
Oct 25 16:20:32 user devstack@n-api.service[64067]: [pid: 64067|app: 0|req: 3/5] 10.0.0.210 () {64 vars in 1277 bytes} [Wed Oct 25 16:20:32 2023] POST /compute/v2.1/flavors => generated 405 bytes in 336 msecs (HTTP/1.1 200) 9 headers in 359 bytes (1 switches on core 0)
Oct 25 16:20:32 user devstack@n-api.service[64066]: DEBUG nova.api.openstack.wsgi [None req-17b4bcc7-d3af-4c7e-b6cf-cb86a8496591 admin admin] Action: 'create', calling method: >, body: {"extra_specs": {"hw_rng:allowed": "True"}} {{(pid=64066) _process_stack /opt/stack/nova/nova/api/openstack/wsgi.py:511}}
Oct 25 16:20:32 user devstack@n-api.service[64066]: INFO nova.api.openstack.requestlog [None req-17b4bcc7-d3af-4c7e-b6cf-cb86a8496591 admin admin] 10.0.0.210 "POST /compute/v2.1/flavors/c1/os-extra_specs" status: 200 len: 43 microversion: 2.61 time: 0.042580
Oct 25 16:20:32 user devstack@n-api.service[64066]: [pid: 64066|app: 0|req: 2/6] 10.0.0.210 () {64 vars in 1330 bytes} [Wed Oct 25 16:20:32 2023] POST /compute/v2.1/flavors/c1/os-extra_specs => generated 43 bytes in 44 msecs (HTTP/1.1 200) 9 headers in 358 bytes (1 switches on core 0)
Oct 25 16:20:34 user devstack@n-api.service[64065]: DEBUG nova.api.openstack.wsgi [None req-5779eae3-8f7b-4f91-93b5-2b76043454a9 None None] Calling method '>' {{(pid=64065) _process_stack /opt/stack/nova/nova/api/openstack/wsgi.py:513}}
Oct 25 16:20:34 user devstack@n-api.service[64065]: INFO nova.api.openstack.requestlog [None req-5779eae3-8f7b-4f91-93b5-2b76043454a9 None None] 10.0.0.210 "GET /compute/v2.1" status: 200 len: 387 microversion: 2.1 time: 0.001278
Oct 25 16:20:34 user devstack@n-api.service[64065]: [pid: 64065|app: 0|req: 2/7] 10.0.0.210 () {54 vars in 925 bytes} [Wed Oct 25 16:20:34 2023] GET /compute/v2.1 => generated 387 bytes in 2 msecs (HTTP/1.1 200) 9 headers in 357 bytes (1 switches on core 0)
Oct 25 16:20:34 user devstack@n-api.service[64067]: DEBUG nova.api.openstack.wsgi [None req-f1bc84aa-45cd-4528-9849-277363884175 admin admin] Action: 'create', calling method: >, body: {"flavor": {"rxtx_factor": 1.0, "swap": 0, "vcpus": 1, "id": "d1", "OS-FLV-EXT-DATA:ephemeral": 0, "disk": 5, "ram": 512, "name": "ds512M", "os-flavor-access:is_public": true}} {{(pid=64067) _process_stack /opt/stack/nova/nova/api/openstack/wsgi.py:511}}
Oct 25 16:20:34 user devstack@n-api.service[64067]: INFO nova.api.openstack.requestlog [None req-f1bc84aa-45cd-4528-9849-277363884175 admin admin] 10.0.0.210 "POST /compute/v2.1/flavors" status: 200 len: 402 microversion: 2.61 time: 0.075595
Oct 25 16:20:34 user devstack@n-api.service[64067]: [pid: 64067|app: 0|req: 4/8] 10.0.0.210 () {64 vars in 1277 bytes} [Wed Oct 25 16:20:34 2023] POST /compute/v2.1/flavors => generated 402 bytes in 77 msecs (HTTP/1.1 200) 9 headers in 359 bytes (1 switches on core 0)
Oct 25 16:20:34 user devstack@n-api.service[64066]: DEBUG nova.api.openstack.wsgi [None req-a0b9e9a2-4305-4b61-8828-6d32b3e49219 admin admin] Action: 'create', calling method: >, body: {"extra_specs": {"hw_rng:allowed": "True"}} {{(pid=64066) _process_stack /opt/stack/nova/nova/api/openstack/wsgi.py:511}}
Oct 25 16:20:34 user devstack@n-api.service[64066]: INFO nova.api.openstack.requestlog [None req-a0b9e9a2-4305-4b61-8828-6d32b3e49219 admin admin] 10.0.0.210 "POST /compute/v2.1/flavors/d1/os-extra_specs" status: 200 len: 43 microversion: 2.61 time: 0.028096
Oct 25 16:20:34 user devstack@n-api.service[64066]: [pid: 64066|app: 0|req: 3/9] 10.0.0.210 () {64 vars in 1330 bytes} [Wed Oct 25 16:20:34 2023] POST /compute/v2.1/flavors/d1/os-extra_specs => generated 43 bytes in 30 msecs (HTTP/1.1 200) 9 headers in 358 bytes (1 switches on core 0)
Oct 25 16:20:36 user devstack@n-api.service[64065]: DEBUG nova.api.openstack.wsgi [None req-5779eae3-8f7b-4f91-93b5-2b76043454a9 None None] Calling method '>' {{(pid=64065) _process_stack /opt/stack/nova/nova/api/openstack/wsgi.py:513}}
Oct 25 16:20:36 user devstack@n-api.service[64065]: INFO nova.api.openstack.requestlog [None req-5779eae3-8f7b-4f91-93b5-2b76043454a9 None None] 10.0.0.210 "GET /compute/v2.1" status: 200 len: 387 microversion: 2.1 time: 0.001340
Oct 25 16:20:36 user devstack@n-api.service[64065]: [pid: 64065|app: 0|req: 3/10] 10.0.0.210 () {54 vars in 925 bytes} [Wed Oct 25 16:20:36 2023] GET /compute/v2.1 => generated 387 bytes in 2 msecs (HTTP/1.1 200) 9 headers in 357 bytes (1 switches on core 0)
Oct 25 16:20:36 user devstack@n-api.service[64067]: DEBUG nova.api.openstack.wsgi [None req-7fa9b481-68b6-44f2-922c-b280fe92ddd8 admin admin] Action: 'create', calling method: >, body: {"flavor": {"rxtx_factor": 1.0, "id": "d2", "os-flavor-access:is_public": true, "ram": 1024, "swap": 0, "name": "ds1G", "OS-FLV-EXT-DATA:ephemeral": 0, "disk": 10, "vcpus": 1}} {{(pid=64067) _process_stack /opt/stack/nova/nova/api/openstack/wsgi.py:511}}
Oct 25 16:20:36 user devstack@n-api.service[64067]: INFO nova.api.openstack.requestlog [None req-7fa9b481-68b6-44f2-922c-b280fe92ddd8 admin admin] 10.0.0.210 "POST /compute/v2.1/flavors" status: 200 len: 402 microversion: 2.61 time: 0.074188
Oct 25 16:20:36 user devstack@n-api.service[64067]: [pid: 64067|app: 0|req: 5/11] 10.0.0.210 () {64 vars in 1277 bytes} [Wed Oct 25 16:20:36 2023] POST /compute/v2.1/flavors => generated 402 bytes in 75 msecs (HTTP/1.1 200) 9 headers in 359 bytes (1 switches on core 0)
Oct 25 16:20:36 user devstack@n-api.service[64066]: DEBUG nova.api.openstack.wsgi [None req-d01dd003-b5fe-4a91-bc80-640708fd56e6 admin admin] Action: 'create', calling method: >, body: {"extra_specs": {"hw_rng:allowed": "True"}} {{(pid=64066) _process_stack /opt/stack/nova/nova/api/openstack/wsgi.py:511}}
Oct 25 16:20:36 user devstack@n-api.service[64066]: INFO nova.api.openstack.requestlog [None req-d01dd003-b5fe-4a91-bc80-640708fd56e6 admin admin] 10.0.0.210 "POST /compute/v2.1/flavors/d2/os-extra_specs" status: 200 len: 43 microversion: 2.61 time: 0.031352
Oct 25 16:20:36 user devstack@n-api.service[64066]: [pid: 64066|app: 0|req: 4/12] 10.0.0.210 () {64 vars in 1330 bytes} [Wed Oct 25 16:20:36 2023] POST /compute/v2.1/flavors/d2/os-extra_specs => generated 43 bytes in 33 msecs (HTTP/1.1 200) 9 headers in 358 bytes (2 switches on core 0)
Oct 25 16:20:38 user devstack@n-api.service[64065]: DEBUG nova.api.openstack.wsgi [None req-5779eae3-8f7b-4f91-93b5-2b76043454a9 None None] Calling method '>' {{(pid=64065) _process_stack /opt/stack/nova/nova/api/openstack/wsgi.py:513}}
Oct 25 16:20:38 user devstack@n-api.service[64065]: INFO nova.api.openstack.requestlog [None req-5779eae3-8f7b-4f91-93b5-2b76043454a9 None None] 10.0.0.210 "GET /compute/v2.1" status: 200 len: 387 microversion: 2.1 time: 0.001361
Oct 25 16:20:38 user devstack@n-api.service[64065]: [pid: 64065|app: 0|req: 4/13] 10.0.0.210 () {54 vars in 925 bytes} [Wed Oct 25 16:20:38 2023] GET /compute/v2.1 => generated 387 bytes in 2 msecs (HTTP/1.1 200) 9 headers in 357 bytes (1 switches on core 0)
Oct 25 16:20:38 user devstack@n-api.service[64067]: DEBUG nova.api.openstack.wsgi [None req-4bf887a8-44d8-44a7-a088-226390d7c320 admin admin] Action: 'create', calling method: >, body: {"flavor": {"rxtx_factor": 1.0, "disk": 10, "OS-FLV-EXT-DATA:ephemeral": 0, "os-flavor-access:is_public": true, "vcpus": 2, "swap": 0, "name": "ds2G", "ram": 2048, "id": "d3"}} {{(pid=64067) _process_stack /opt/stack/nova/nova/api/openstack/wsgi.py:511}}
Oct 25 16:20:38 user devstack@n-api.service[64067]: INFO nova.api.openstack.requestlog [None req-4bf887a8-44d8-44a7-a088-226390d7c320 admin admin] 10.0.0.210 "POST /compute/v2.1/flavors" status: 200 len: 402 microversion: 2.61 time: 0.077993
Oct 25 16:20:38 user devstack@n-api.service[64067]: [pid: 64067|app: 0|req: 6/14] 10.0.0.210 () {64 vars in 1277 bytes} [Wed Oct 25 16:20:38 2023] POST /compute/v2.1/flavors => generated 402 bytes in 79 msecs (HTTP/1.1 200) 9 headers in 359 bytes (1 switches on core 0)
Oct 25 16:20:38 user devstack@n-api.service[64066]: DEBUG nova.api.openstack.wsgi [None req-2eb5bcb5-7bdb-4286-afc8-2adf3cf11089 admin admin] Action: 'create', calling method: >, body: {"extra_specs": {"hw_rng:allowed": "True"}} {{(pid=64066) _process_stack /opt/stack/nova/nova/api/openstack/wsgi.py:511}}
Oct 25 16:20:38 user devstack@n-api.service[64066]: INFO nova.api.openstack.requestlog [None req-2eb5bcb5-7bdb-4286-afc8-2adf3cf11089 admin admin] 10.0.0.210 "POST /compute/v2.1/flavors/d3/os-extra_specs" status: 200 len: 43 microversion: 2.61 time: 0.025731
Oct 25 16:20:38 user devstack@n-api.service[64066]: [pid: 64066|app: 0|req: 5/15] 10.0.0.210 () {64 vars in 1330 bytes} [Wed Oct 25 16:20:38 2023] POST /compute/v2.1/flavors/d3/os-extra_specs => generated 43 bytes in 27 msecs (HTTP/1.1 200) 9 headers in 358 bytes (1 switches on core 0)
Oct 25 16:20:40 user devstack@n-api.service[64065]: DEBUG nova.api.openstack.wsgi [None req-5779eae3-8f7b-4f91-93b5-2b76043454a9 None None] Calling method '>' {{(pid=64065) _process_stack /opt/stack/nova/nova/api/openstack/wsgi.py:513}}
Oct 25 16:20:40 user devstack@n-api.service[64065]: INFO nova.api.openstack.requestlog [None req-5779eae3-8f7b-4f91-93b5-2b76043454a9 None None] 10.0.0.210 "GET /compute/v2.1" status: 200 len: 387 microversion: 2.1 time: 0.001352
Oct 25 16:20:40 user devstack@n-api.service[64065]: [pid: 64065|app: 0|req: 5/16] 10.0.0.210 () {54 vars in 925 bytes} [Wed Oct 25 16:20:40 2023] GET /compute/v2.1 => generated 387 bytes in 2 msecs (HTTP/1.1 200) 9 headers in 357 bytes (1 switches on core 0)
Oct 25 16:20:40 user devstack@n-api.service[64067]: DEBUG nova.api.openstack.wsgi [None req-8087f09f-ed1a-4d9d-a037-7052e94fa56a admin admin] Action: 'create', calling method: >, body: {"flavor": {"name": "ds4G", "swap": 0, "disk": 20, "id": "d4", "vcpus": 4, "rxtx_factor": 1.0, "OS-FLV-EXT-DATA:ephemeral": 0, "ram": 4096, "os-flavor-access:is_public": true}} {{(pid=64067) _process_stack /opt/stack/nova/nova/api/openstack/wsgi.py:511}}
Oct 25 16:20:40 user devstack@n-api.service[64067]: INFO nova.api.openstack.requestlog [None req-8087f09f-ed1a-4d9d-a037-7052e94fa56a admin admin] 10.0.0.210 "POST /compute/v2.1/flavors" status: 200 len: 402 microversion: 2.61 time: 0.059523
Oct 25 16:20:40 user devstack@n-api.service[64067]: [pid: 64067|app: 0|req: 7/17] 10.0.0.210 () {64 vars in 1277 bytes} [Wed Oct 25 16:20:40 2023] POST /compute/v2.1/flavors => generated 402 bytes in 61 msecs (HTTP/1.1 200) 9 headers in 359 bytes (1 switches on core 0)
Oct 25 16:20:40 user devstack@n-api.service[64066]: DEBUG nova.api.openstack.wsgi [None req-4c78cb01-6052-4440-91c2-ae31ab520e79 admin admin] Action: 'create', calling method: >, body: {"extra_specs": {"hw_rng:allowed": "True"}} {{(pid=64066) _process_stack /opt/stack/nova/nova/api/openstack/wsgi.py:511}}
Oct 25 16:20:40 user devstack@n-api.service[64066]: INFO nova.api.openstack.requestlog [None req-4c78cb01-6052-4440-91c2-ae31ab520e79 admin admin] 10.0.0.210 "POST /compute/v2.1/flavors/d4/os-extra_specs" status: 200 len: 43 microversion: 2.61 time: 0.023695
Oct 25 16:20:40 user devstack@n-api.service[64066]: [pid: 64066|app: 0|req: 6/18] 10.0.0.210 () {64 vars in 1330 bytes} [Wed Oct 25 16:20:40 2023] POST /compute/v2.1/flavors/d4/os-extra_specs => generated 43 bytes in 26 msecs (HTTP/1.1 200) 9 headers in 358 bytes (1 switches on core 0)
Oct 25 16:20:42 user devstack@n-api.service[64065]: DEBUG nova.api.openstack.wsgi [None req-5779eae3-8f7b-4f91-93b5-2b76043454a9 None None] Calling method '>' {{(pid=64065) _process_stack /opt/stack/nova/nova/api/openstack/wsgi.py:513}}
Oct 25 16:20:42 user devstack@n-api.service[64065]: INFO nova.api.openstack.requestlog [None req-5779eae3-8f7b-4f91-93b5-2b76043454a9 None None] 10.0.0.210 "GET /compute/v2.1" status: 200 len: 387 microversion: 2.1 time: 0.001265
Oct 25 16:20:42 user devstack@n-api.service[64065]: [pid: 64065|app: 0|req: 6/19] 10.0.0.210 () {54 vars in 925 bytes} [Wed Oct 25 16:20:42 2023] GET /compute/v2.1 => generated 387 bytes in 2 msecs (HTTP/1.1 200) 9 headers in 357 bytes (1 switches on core 0)
Oct 25 16:20:42 user devstack@n-api.service[64067]: DEBUG nova.api.openstack.wsgi [None req-b4f24e2e-8f07-4766-ae7f-2d63840e88a3 admin admin] Calling method '>' {{(pid=64067) _process_stack /opt/stack/nova/nova/api/openstack/wsgi.py:513}}
Oct 25 16:20:42 user devstack@n-api.service[64067]: INFO nova.api.openstack.requestlog [None req-b4f24e2e-8f07-4766-ae7f-2d63840e88a3 admin admin] 10.0.0.210 "GET /compute/v2.1/flavors/detail?is_public=True" status: 200 len: 2096 microversion: 2.61 time: 0.075237
Oct 25 16:20:42 user devstack@n-api.service[64067]: [pid: 64067|app: 0|req: 8/20] 10.0.0.210 () {60 vars in 1286 bytes} [Wed Oct 25 16:20:42 2023] GET /compute/v2.1/flavors/detail?is_public=True => generated 2096 bytes in 76 msecs (HTTP/1.1 200) 9 headers in 360 bytes (2 switches on core 0)
Oct 25 16:20:45 user devstack@n-api.service[64066]: DEBUG nova.api.openstack.wsgi [None req-4c78cb01-6052-4440-91c2-ae31ab520e79 admin admin] Calling method '>' {{(pid=64066) _process_stack /opt/stack/nova/nova/api/openstack/wsgi.py:513}}
Oct 25 16:20:45 user devstack@n-api.service[64066]: INFO nova.api.openstack.requestlog [None req-4c78cb01-6052-4440-91c2-ae31ab520e79 admin admin] 10.0.0.210 "GET /compute/v2.1" status: 200 len: 387 microversion: 2.1 time: 0.001765
Oct 25 16:20:45 user devstack@n-api.service[64066]: [pid: 64066|app: 0|req: 7/21] 10.0.0.210 () {54 vars in 925 bytes} [Wed Oct 25 16:20:45 2023] GET /compute/v2.1 => generated 387 bytes in 3 msecs (HTTP/1.1 200) 9 headers in 357 bytes (1 switches on core 0)
Oct 25 16:20:45 user devstack@n-api.service[64065]: DEBUG dbcounter [-] [64065] Writing DB stats nova_api:SELECT=3 {{(pid=64065) stat_writer /opt/stack/data/venv/lib/python3.10/site-packages/dbcounter.py:115}}
Oct 25 16:20:45 user devstack@n-api.service[64065]: DEBUG dbcounter [-] [64065] Writing DB stats nova_cell1:SELECT=3 {{(pid=64065) stat_writer /opt/stack/data/venv/lib/python3.10/site-packages/dbcounter.py:115}}
Oct 25 16:20:45 user devstack@n-api.service[64065]: DEBUG dbcounter [-] [64065] Writing DB stats nova_cell0:SELECT=3 {{(pid=64065) stat_writer /opt/stack/data/venv/lib/python3.10/site-packages/dbcounter.py:115}}
Oct 25 16:20:45 user devstack@n-api.service[64065]: DEBUG dbcounter [-] [64065] Writing DB stats nova_cell0:SELECT=3 {{(pid=64065) stat_writer /opt/stack/data/venv/lib/python3.10/site-packages/dbcounter.py:115}}
Oct 25 16:20:45 user devstack@n-api.service[64065]: DEBUG nova.api.openstack.wsgi [None req-ffa61256-a178-4f73-b9f3-f0c85032d1cf admin admin] Action: 'create', calling method: >, body: {"flavor": {"disk": 1, "OS-FLV-EXT-DATA:ephemeral": 0, "vcpus": 1, "name": "m1.tiny", "rxtx_factor": 1.0, "os-flavor-access:is_public": true, "swap": 0, "id": "1", "ram": 512}} {{(pid=64065) _process_stack /opt/stack/nova/nova/api/openstack/wsgi.py:511}}
Oct 25 16:20:45 user devstack@n-api.service[64065]: INFO nova.api.openstack.requestlog [None req-ffa61256-a178-4f73-b9f3-f0c85032d1cf admin admin] 10.0.0.210 "POST /compute/v2.1/flavors" status: 200 len: 400 microversion: 2.61 time: 0.297556
Oct 25 16:20:45 user devstack@n-api.service[64065]: [pid: 64065|app: 0|req: 7/22] 10.0.0.210 () {64 vars in 1277 bytes} [Wed Oct 25 16:20:45 2023] POST /compute/v2.1/flavors => generated 400 bytes in 299 msecs (HTTP/1.1 200) 9 headers in 359 bytes (1 switches on core 0)
Oct 25 16:20:45 user devstack@n-api.service[64067]: DEBUG nova.api.openstack.wsgi [None req-ac001ef3-d62c-4458-b783-b1020487d3f4 admin admin] Action: 'create', calling method: >, body: {"extra_specs": {"hw_rng:allowed": "True"}} {{(pid=64067) _process_stack /opt/stack/nova/nova/api/openstack/wsgi.py:511}}
Oct 25 16:20:45 user devstack@n-api.service[64067]: INFO nova.api.openstack.requestlog [None req-ac001ef3-d62c-4458-b783-b1020487d3f4 admin admin] 10.0.0.210 "POST /compute/v2.1/flavors/1/os-extra_specs" status: 200 len: 43 microversion: 2.61 time: 0.032397
Oct 25 16:20:45 user devstack@n-api.service[64067]: [pid: 64067|app: 0|req: 9/23] 10.0.0.210 () {64 vars in 1327 bytes} [Wed Oct 25 16:20:45 2023] POST /compute/v2.1/flavors/1/os-extra_specs => generated 43 bytes in 33 msecs (HTTP/1.1 200) 9 headers in 358 bytes (1 switches on core 0)
Oct 25 16:20:47 user devstack@n-api.service[64066]: DEBUG nova.api.openstack.wsgi [None req-4c78cb01-6052-4440-91c2-ae31ab520e79 admin admin] Calling method '>' {{(pid=64066) _process_stack /opt/stack/nova/nova/api/openstack/wsgi.py:513}}
Oct 25 16:20:47 user devstack@n-api.service[64066]: INFO nova.api.openstack.requestlog [None req-4c78cb01-6052-4440-91c2-ae31ab520e79 admin admin] 10.0.0.210 "GET /compute/v2.1" status: 200 len: 387 microversion: 2.1 time: 0.002100
Oct 25 16:20:47 user devstack@n-api.service[64066]: [pid: 64066|app: 0|req: 8/24] 10.0.0.210 () {54 vars in 925 bytes} [Wed Oct 25 16:20:47 2023] GET /compute/v2.1 => generated 387 bytes in 3 msecs (HTTP/1.1 200) 9 headers in 357 bytes (1 switches on core 0)
Oct 25 16:20:47 user devstack@n-api.service[64065]: DEBUG nova.api.openstack.wsgi [None req-1a3334fd-5e83-4471-ac95-caa23cdcb945 admin admin] Action: 'create', calling method: >, body: {"flavor": {"ram": 2048, "id": "2", "rxtx_factor": 1.0, "swap": 0, "OS-FLV-EXT-DATA:ephemeral": 0, "vcpus": 1, "os-flavor-access:is_public": true, "disk": 20, "name": "m1.small"}} {{(pid=64065) _process_stack /opt/stack/nova/nova/api/openstack/wsgi.py:511}}
Oct 25 16:20:47 user devstack@n-api.service[64065]: INFO nova.api.openstack.requestlog [None req-1a3334fd-5e83-4471-ac95-caa23cdcb945 admin admin] 10.0.0.210 "POST /compute/v2.1/flavors" status: 200 len: 403 microversion: 2.61 time: 0.102272
Oct 25 16:20:47 user devstack@n-api.service[64065]: [pid: 64065|app: 0|req: 8/25] 10.0.0.210 () {64 vars in 1277 bytes} [Wed Oct 25 16:20:47 2023] POST /compute/v2.1/flavors => generated 403 bytes in 104 msecs (HTTP/1.1 200) 9 headers in 359 bytes (1 switches on core 0)
Oct 25 16:20:47 user devstack@n-api.service[64067]: DEBUG nova.api.openstack.wsgi [None req-a3b5443c-efa6-4c41-9363-243b489c654b admin admin] Action: 'create', calling method: >, body: {"extra_specs": {"hw_rng:allowed": "True"}} {{(pid=64067) _process_stack /opt/stack/nova/nova/api/openstack/wsgi.py:511}}
Oct 25 16:20:47 user devstack@n-api.service[64067]: INFO nova.api.openstack.requestlog [None req-a3b5443c-efa6-4c41-9363-243b489c654b admin admin] 10.0.0.210 "POST /compute/v2.1/flavors/2/os-extra_specs" status: 200 len: 43 microversion: 2.61 time: 0.043858
Oct 25 16:20:47 user devstack@n-api.service[64067]: [pid: 64067|app: 0|req: 10/26] 10.0.0.210 () {64 vars in 1327 bytes} [Wed Oct 25 16:20:47 2023] POST /compute/v2.1/flavors/2/os-extra_specs => generated 43 bytes in 46 msecs (HTTP/1.1 200) 9 headers in 358 bytes (2 switches on core 0)
Oct 25 16:20:49 user devstack@n-api.service[64066]: DEBUG nova.api.openstack.wsgi [None req-4c78cb01-6052-4440-91c2-ae31ab520e79 admin admin] Calling method '>' {{(pid=64066) _process_stack /opt/stack/nova/nova/api/openstack/wsgi.py:513}}
Oct 25 16:20:49 user devstack@n-api.service[64066]: INFO nova.api.openstack.requestlog [None req-4c78cb01-6052-4440-91c2-ae31ab520e79 admin admin] 10.0.0.210 "GET /compute/v2.1" status: 200 len: 387 microversion: 2.1 time: 0.002057
Oct 25 16:20:49 user devstack@n-api.service[64066]: [pid: 64066|app: 0|req: 9/27] 10.0.0.210 () {54 vars in 925 bytes} [Wed Oct 25 16:20:49 2023] GET /compute/v2.1 => generated 387 bytes in 3 msecs (HTTP/1.1 200) 9 headers in 357 bytes (1 switches on core 0)
Oct 25 16:20:49 user devstack@n-api.service[64065]: DEBUG nova.api.openstack.wsgi [None req-ca31172f-288c-41df-950c-10b6ca41acd5 admin admin] Action: 'create', calling method: >, body: {"flavor": {"id": "3", "os-flavor-access:is_public": true, "disk": 40, "name": "m1.medium", "OS-FLV-EXT-DATA:ephemeral": 0, "swap": 0, "rxtx_factor": 1.0, "vcpus": 2, "ram": 4096}} {{(pid=64065) _process_stack /opt/stack/nova/nova/api/openstack/wsgi.py:511}}
Oct 25 16:20:49 user devstack@n-api.service[64065]: INFO nova.api.openstack.requestlog [None req-ca31172f-288c-41df-950c-10b6ca41acd5 admin admin] 10.0.0.210 "POST /compute/v2.1/flavors" status: 200 len: 404 microversion: 2.61 time: 0.091179
Oct 25 16:20:49 user devstack@n-api.service[64065]: [pid: 64065|app: 0|req: 9/28] 10.0.0.210 () {64 vars in 1277 bytes} [Wed Oct 25 16:20:49 2023] POST /compute/v2.1/flavors => generated 404 bytes in 92 msecs (HTTP/1.1 200) 9 headers in 359 bytes (2 switches on core 0)
Oct 25 16:20:49 user devstack@n-api.service[64067]: DEBUG nova.api.openstack.wsgi [None req-64b00ebc-b41b-46a3-8fce-cf5fbb52d98b admin admin] Action: 'create', calling method: >, body: {"extra_specs": {"hw_rng:allowed": "True"}} {{(pid=64067) _process_stack /opt/stack/nova/nova/api/openstack/wsgi.py:511}}
Oct 25 16:20:49 user devstack@n-api.service[64067]: INFO nova.api.openstack.requestlog [None req-64b00ebc-b41b-46a3-8fce-cf5fbb52d98b admin admin] 10.0.0.210 "POST /compute/v2.1/flavors/3/os-extra_specs" status: 200 len: 43 microversion: 2.61 time: 0.040242
Oct 25 16:20:49 user devstack@n-api.service[64067]: [pid: 64067|app: 0|req: 11/29] 10.0.0.210 () {64 vars in 1327 bytes} [Wed Oct 25 16:20:49 2023] POST /compute/v2.1/flavors/3/os-extra_specs => generated 43 bytes in 42 msecs (HTTP/1.1 200) 9 headers in 358 bytes (1 switches on core 0)
Oct 25 16:20:51 user devstack@n-api.service[64066]: DEBUG nova.api.openstack.wsgi [None req-4c78cb01-6052-4440-91c2-ae31ab520e79 admin admin] Calling method '>' {{(pid=64066) _process_stack /opt/stack/nova/nova/api/openstack/wsgi.py:513}}
Oct 25 16:20:51 user devstack@n-api.service[64066]: INFO nova.api.openstack.requestlog [None req-4c78cb01-6052-4440-91c2-ae31ab520e79 admin admin] 10.0.0.210 "GET /compute/v2.1" status: 200 len: 387 microversion: 2.1 time: 0.001423
Oct 25 16:20:51 user devstack@n-api.service[64066]: [pid: 64066|app: 0|req: 10/30] 10.0.0.210 () {54 vars in 925 bytes} [Wed Oct 25 16:20:51 2023] GET /compute/v2.1 => generated 387 bytes in 2 msecs (HTTP/1.1 200) 9 headers in 357 bytes (1 switches on core 0)
Oct 25 16:20:51 user devstack@n-api.service[64065]: DEBUG nova.api.openstack.wsgi [None req-bf7276c5-ec2d-4f0c-a214-2e6e2d6dbb5d admin admin] Action: 'create', calling method: >, body: {"flavor": {"ram": 8192, "id": "4", "os-flavor-access:is_public": true, "swap": 0, "vcpus": 4, "disk": 80, "OS-FLV-EXT-DATA:ephemeral": 0, "rxtx_factor": 1.0, "name": "m1.large"}} {{(pid=64065) _process_stack /opt/stack/nova/nova/api/openstack/wsgi.py:511}}
Oct 25 16:20:51 user devstack@n-api.service[64065]: INFO nova.api.openstack.requestlog [None req-bf7276c5-ec2d-4f0c-a214-2e6e2d6dbb5d admin admin] 10.0.0.210 "POST /compute/v2.1/flavors" status: 200 len: 403 microversion: 2.61 time: 0.084322
Oct 25 16:20:51 user devstack@n-api.service[64065]: [pid: 64065|app: 0|req: 10/31] 10.0.0.210 () {64 vars in 1277 bytes} [Wed Oct 25 16:20:51 2023] POST /compute/v2.1/flavors => generated 403 bytes in 85 msecs (HTTP/1.1 200) 9 headers in 359 bytes (1 switches on core 0)
Oct 25 16:20:51 user devstack@n-api.service[64067]: DEBUG nova.api.openstack.wsgi [None req-3c64e539-5582-49ee-8766-755985f2bda9 admin admin] Action: 'create', calling method: >, body: {"extra_specs": {"hw_rng:allowed": "True"}} {{(pid=64067) _process_stack /opt/stack/nova/nova/api/openstack/wsgi.py:511}}
Oct 25 16:20:51 user devstack@n-api.service[64067]: INFO nova.api.openstack.requestlog [None req-3c64e539-5582-49ee-8766-755985f2bda9 admin admin] 10.0.0.210 "POST /compute/v2.1/flavors/4/os-extra_specs" status: 200 len: 43 microversion: 2.61 time: 0.026617
Oct 25 16:20:51 user devstack@n-api.service[64067]: [pid: 64067|app: 0|req: 12/32] 10.0.0.210 () {64 vars in 1327 bytes} [Wed Oct 25 16:20:51 2023] POST /compute/v2.1/flavors/4/os-extra_specs => generated 43 bytes in 28 msecs (HTTP/1.1 200) 9 headers in 358 bytes (1 switches on core 0)
Oct 25 16:20:54 user devstack@n-api.service[64066]: DEBUG nova.api.openstack.wsgi [None req-4c78cb01-6052-4440-91c2-ae31ab520e79 admin admin] Calling method '>' {{(pid=64066) _process_stack /opt/stack/nova/nova/api/openstack/wsgi.py:513}}
Oct 25 16:20:54 user devstack@n-api.service[64066]: INFO nova.api.openstack.requestlog [None req-4c78cb01-6052-4440-91c2-ae31ab520e79 admin admin] 10.0.0.210 "GET /compute/v2.1" status: 200 len: 387 microversion: 2.1 time: 0.001410
Oct 25 16:20:54 user devstack@n-api.service[64066]: [pid: 64066|app: 0|req: 11/33] 10.0.0.210 () {54 vars in 925 bytes} [Wed Oct 25 16:20:54 2023] GET /compute/v2.1 => generated 387 bytes in 2 msecs (HTTP/1.1 200) 9 headers in 357 bytes (1 switches on core 0)
