Aug 17 19:43:43 user devstack@keystone.service[44175]: [pid: 44175|app: 0|req: 63/180] 10.0.0.210 () {58 vars in 1277 bytes} [Thu Aug 17 19:43:43 2023] GET /identity/v3/auth/tokens => generated 798 bytes in 298 msecs (HTTP/1.1 200) 6 headers in 358 bytes (1 switches on core 0)
Aug 17 19:43:43 user devstack@keystone.service[44175]: DEBUG keystone.server.flask.request_processing.middleware.auth_context [None req-19e7e3ab-87c4-4314-9cb8-544e4f6bf110 None admin] Authenticating user token {{(pid=44175) process_request /opt/stack/data/venv/lib/python3.10/site-packages/keystonemiddleware/auth_token/__init__.py:406}}
Aug 17 19:43:43 user devstack@keystone.service[44173]: DEBUG keystone.server.flask.request_processing.middleware.auth_context [None req-446ee906-5ade-44a5-bcb0-22b8eb0db0fc None admin] RBAC: auth_context: {'token': , 'domain_id': None, 'trust_id': None, 'trustor_id': None, 'trustee_id': None, 'domain_name': None, 'group_ids': [], 'user_id': '892adde0ff984825bfda37c543f9ada1', 'user_domain_id': 'default', 'system_scope': 'all', 'project_id': None, 'project_domain_id': None, 'roles': ['admin', 'member', 'reader'], 'is_admin_project': True, 'service_user_id': None, 'service_user_domain_id': None, 'service_project_id': None, 'service_project_domain_id': None, 'service_roles': []} {{(pid=44173) fill_context /opt/stack/keystone/keystone/server/flask/request_processing/middleware/auth_context.py:480}}
Aug 17 19:43:43 user devstack@keystone.service[44173]: DEBUG keystone.server.flask.request_processing.req_logging [None req-446ee906-5ade-44a5-bcb0-22b8eb0db0fc None admin] REQUEST_METHOD: `GET` {{(pid=44173) log_request_info /opt/stack/keystone/keystone/server/flask/request_processing/req_logging.py:27}}
Aug 17 19:43:43 user devstack@keystone.service[44173]: DEBUG keystone.server.flask.request_processing.req_logging [None req-446ee906-5ade-44a5-bcb0-22b8eb0db0fc None admin] SCRIPT_NAME: `/identity` {{(pid=44173) log_request_info /opt/stack/keystone/keystone/server/flask/request_processing/req_logging.py:28}}
Aug 17 19:43:43 user devstack@keystone.service[44173]: DEBUG keystone.server.flask.request_processing.req_logging [None req-446ee906-5ade-44a5-bcb0-22b8eb0db0fc None admin] PATH_INFO: `/v3/users/8d8dbda8dc4a4867bad697fdc7b48b71` {{(pid=44173) log_request_info /opt/stack/keystone/keystone/server/flask/request_processing/req_logging.py:29}}
Aug 17 19:43:43 user devstack@keystone.service[44173]: DEBUG keystone.common.rbac_enforcer.enforcer [None req-446ee906-5ade-44a5-bcb0-22b8eb0db0fc None admin] RBAC: Authorizing `identity:get_user(user_id=8d8dbda8dc4a4867bad697fdc7b48b71)` {{(pid=44173) enforce_call /opt/stack/keystone/keystone/common/rbac_enforcer/enforcer.py:449}}
Aug 17 19:43:43 user devstack@keystone.service[44173]: DEBUG keystone.common.rbac_enforcer.enforcer [None req-446ee906-5ade-44a5-bcb0-22b8eb0db0fc None admin] RBAC: Authorization granted {{(pid=44173) enforce_call /opt/stack/keystone/keystone/common/rbac_enforcer/enforcer.py:457}}
Aug 17 19:43:43 user devstack@keystone.service[44173]: [pid: 44173|app: 0|req: 59/181] 10.0.0.210 () {56 vars in 1172 bytes} [Thu Aug 17 19:43:43 2023] GET /identity/v3/users/8d8dbda8dc4a4867bad697fdc7b48b71 => generated 296 bytes in 140 msecs (HTTP/1.1 200) 5 headers in 177 bytes (1 switches on core 0)
Aug 17 19:43:43 user devstack@keystone.service[44173]: DEBUG keystone.server.flask.request_processing.middleware.auth_context [None req-446ee906-5ade-44a5-bcb0-22b8eb0db0fc None admin] Authenticating user token {{(pid=44173) process_request /opt/stack/data/venv/lib/python3.10/site-packages/keystonemiddleware/auth_token/__init__.py:406}}
Aug 17 19:43:43 user devstack@keystone.service[44174]: DEBUG keystone.server.flask.request_processing.middleware.auth_context [None req-9359c4d9-f0ab-4491-ad21-4e2e03f00a5f None admin] Validating token access rules against request {{(pid=44174) validate_allowed_request /opt/stack/data/venv/lib/python3.10/site-packages/keystonemiddleware/auth_token/__init__.py:544}}
Aug 17 19:43:43 user devstack@keystone.service[44175]: DEBUG keystone.server.flask.request_processing.middleware.auth_context [None req-19e7e3ab-87c4-4314-9cb8-544e4f6bf110 None admin] Validating token access rules against request {{(pid=44175) validate_allowed_request /opt/stack/data/venv/lib/python3.10/site-packages/keystonemiddleware/auth_token/__init__.py:544}}
Aug 17 19:43:44 user devstack@keystone.service[44174]: DEBUG keystone.server.flask.request_processing.middleware.auth_context [None req-e4320b54-091d-4634-bf3a-2cfc2573dd41 None admin] RBAC: auth_context: {'token': , 'domain_id': None, 'trust_id': None, 'trustor_id': None, 'trustee_id': None, 'domain_name': None, 'group_ids': [], 'user_id': '892adde0ff984825bfda37c543f9ada1', 'user_domain_id': 'default', 'system_scope': 'all', 'project_id': None, 'project_domain_id': None, 'roles': ['admin', 'member', 'reader'], 'is_admin_project': True, 'service_user_id': None, 'service_user_domain_id': None, 'service_project_id': None, 'service_project_domain_id': None, 'service_roles': []} {{(pid=44174) fill_context /opt/stack/keystone/keystone/server/flask/request_processing/middleware/auth_context.py:480}}
Aug 17 19:43:44 user devstack@keystone.service[44174]: DEBUG keystone.server.flask.request_processing.req_logging [None req-e4320b54-091d-4634-bf3a-2cfc2573dd41 None admin] REQUEST_METHOD: `GET` {{(pid=44174) log_request_info /opt/stack/keystone/keystone/server/flask/request_processing/req_logging.py:27}}
Aug 17 19:43:44 user devstack@keystone.service[44174]: DEBUG keystone.server.flask.request_processing.req_logging [None req-e4320b54-091d-4634-bf3a-2cfc2573dd41 None admin] SCRIPT_NAME: `/identity` {{(pid=44174) log_request_info /opt/stack/keystone/keystone/server/flask/request_processing/req_logging.py:28}}
Aug 17 19:43:44 user devstack@keystone.service[44174]: DEBUG keystone.server.flask.request_processing.req_logging [None req-e4320b54-091d-4634-bf3a-2cfc2573dd41 None admin] PATH_INFO: `/v3/auth/tokens` {{(pid=44174) log_request_info /opt/stack/keystone/keystone/server/flask/request_processing/req_logging.py:29}}
Aug 17 19:43:44 user devstack@keystone.service[44175]: DEBUG keystone.server.flask.request_processing.middleware.auth_context [None req-59981946-04a7-4f62-9401-65600c4bd5e8 None admin] RBAC: auth_context: {'token': , 'domain_id': None, 'trust_id': None, 'trustor_id': None, 'trustee_id': None, 'domain_name': None, 'group_ids': [], 'user_id': '892adde0ff984825bfda37c543f9ada1', 'user_domain_id': 'default', 'system_scope': 'all', 'project_id': None, 'project_domain_id': None, 'roles': ['admin', 'member', 'reader'], 'is_admin_project': True, 'service_user_id': None, 'service_user_domain_id': None, 'service_project_id': None, 'service_project_domain_id': None, 'service_roles': []} {{(pid=44175) fill_context /opt/stack/keystone/keystone/server/flask/request_processing/middleware/auth_context.py:480}}
Aug 17 19:43:44 user devstack@keystone.service[44175]: DEBUG keystone.server.flask.request_processing.req_logging [None req-59981946-04a7-4f62-9401-65600c4bd5e8 None admin] REQUEST_METHOD: `GET` {{(pid=44175) log_request_info /opt/stack/keystone/keystone/server/flask/request_processing/req_logging.py:27}}
Aug 17 19:43:44 user devstack@keystone.service[44175]: DEBUG keystone.server.flask.request_processing.req_logging [None req-59981946-04a7-4f62-9401-65600c4bd5e8 None admin] SCRIPT_NAME: `/identity` {{(pid=44175) log_request_info /opt/stack/keystone/keystone/server/flask/request_processing/req_logging.py:28}}
Aug 17 19:43:44 user devstack@keystone.service[44175]: DEBUG keystone.server.flask.request_processing.req_logging [None req-59981946-04a7-4f62-9401-65600c4bd5e8 None admin] PATH_INFO: `/v3/projects/2a03a539bc87486aa803d2d49feb657c` {{(pid=44175) log_request_info /opt/stack/keystone/keystone/server/flask/request_processing/req_logging.py:29}}
Aug 17 19:43:44 user devstack@keystone.service[44175]: DEBUG keystone.common.rbac_enforcer.enforcer [None req-59981946-04a7-4f62-9401-65600c4bd5e8 None admin] RBAC: Authorizing `identity:get_project(project_id=2a03a539bc87486aa803d2d49feb657c)` {{(pid=44175) enforce_call /opt/stack/keystone/keystone/common/rbac_enforcer/enforcer.py:449}}
Aug 17 19:43:44 user devstack@keystone.service[44175]: DEBUG keystone.common.rbac_enforcer.enforcer [None req-59981946-04a7-4f62-9401-65600c4bd5e8 None admin] RBAC: Authorization granted {{(pid=44175) enforce_call /opt/stack/keystone/keystone/common/rbac_enforcer/enforcer.py:457}}
Aug 17 19:43:44 user devstack@keystone.service[44175]: [pid: 44175|app: 0|req: 64/182] 10.0.0.210 () {56 vars in 1181 bytes} [Thu Aug 17 19:43:43 2023] GET /identity/v3/projects/2a03a539bc87486aa803d2d49feb657c => generated 301 bytes in 119 msecs (HTTP/1.1 200) 5 headers in 177 bytes (2 switches on core 0)
Aug 17 19:43:44 user devstack@keystone.service[44175]: DEBUG keystone.server.flask.request_processing.middleware.auth_context [None req-59981946-04a7-4f62-9401-65600c4bd5e8 None admin] Authenticating user token {{(pid=44175) process_request /opt/stack/data/venv/lib/python3.10/site-packages/keystonemiddleware/auth_token/__init__.py:406}}
Aug 17 19:43:44 user devstack@keystone.service[44173]: DEBUG keystone.server.flask.request_processing.middleware.auth_context [None req-446ee906-5ade-44a5-bcb0-22b8eb0db0fc None admin] Validating token access rules against request {{(pid=44173) validate_allowed_request /opt/stack/data/venv/lib/python3.10/site-packages/keystonemiddleware/auth_token/__init__.py:544}}
Aug 17 19:43:44 user devstack@keystone.service[44174]: DEBUG keystone.common.rbac_enforcer.enforcer [None req-e4320b54-091d-4634-bf3a-2cfc2573dd41 None admin] RBAC: Authorizing `identity:validate_token()` {{(pid=44174) enforce_call /opt/stack/keystone/keystone/common/rbac_enforcer/enforcer.py:449}}
Aug 17 19:43:44 user devstack@keystone.service[44174]: DEBUG keystone.common.rbac_enforcer.enforcer [None req-e4320b54-091d-4634-bf3a-2cfc2573dd41 None admin] RBAC: Authorization granted {{(pid=44174) enforce_call /opt/stack/keystone/keystone/common/rbac_enforcer/enforcer.py:457}}
Aug 17 19:43:44 user devstack@keystone.service[44173]: DEBUG keystone.server.flask.request_processing.middleware.auth_context [None req-8ab4568f-e940-48d1-befa-23752590057a None admin] RBAC: auth_context: {'token': , 'domain_id': None, 'trust_id': None, 'trustor_id': None, 'trustee_id': None, 'domain_name': None, 'group_ids': [], 'user_id': '892adde0ff984825bfda37c543f9ada1', 'user_domain_id': 'default', 'system_scope': 'all', 'project_id': None, 'project_domain_id': None, 'roles': ['admin', 'member', 'reader'], 'is_admin_project': True, 'service_user_id': None, 'service_user_domain_id': None, 'service_project_id': None, 'service_project_domain_id': None, 'service_roles': []} {{(pid=44173) fill_context /opt/stack/keystone/keystone/server/flask/request_processing/middleware/auth_context.py:480}}
Aug 17 19:43:44 user devstack@keystone.service[44173]: DEBUG keystone.server.flask.request_processing.req_logging [None req-8ab4568f-e940-48d1-befa-23752590057a None admin] REQUEST_METHOD: `GET` {{(pid=44173) log_request_info /opt/stack/keystone/keystone/server/flask/request_processing/req_logging.py:27}}
Aug 17 19:43:44 user devstack@keystone.service[44173]: DEBUG keystone.server.flask.request_processing.req_logging [None req-8ab4568f-e940-48d1-befa-23752590057a None admin] SCRIPT_NAME: `/identity` {{(pid=44173) log_request_info /opt/stack/keystone/keystone/server/flask/request_processing/req_logging.py:28}}
Aug 17 19:43:44 user devstack@keystone.service[44173]: DEBUG keystone.server.flask.request_processing.req_logging [None req-8ab4568f-e940-48d1-befa-23752590057a None admin] PATH_INFO: `/v3/projects/2a03a539bc87486aa803d2d49feb657c` {{(pid=44173) log_request_info /opt/stack/keystone/keystone/server/flask/request_processing/req_logging.py:29}}
Aug 17 19:43:44 user devstack@keystone.service[44173]: DEBUG keystone.common.rbac_enforcer.enforcer [None req-8ab4568f-e940-48d1-befa-23752590057a None admin] RBAC: Authorizing `identity:get_project(project_id=2a03a539bc87486aa803d2d49feb657c)` {{(pid=44173) enforce_call /opt/stack/keystone/keystone/common/rbac_enforcer/enforcer.py:449}}
Aug 17 19:43:44 user devstack@keystone.service[44173]: DEBUG keystone.common.rbac_enforcer.enforcer [None req-8ab4568f-e940-48d1-befa-23752590057a None admin] RBAC: Authorization granted {{(pid=44173) enforce_call /opt/stack/keystone/keystone/common/rbac_enforcer/enforcer.py:457}}
Aug 17 19:43:44 user devstack@keystone.service[44173]: [pid: 44173|app: 0|req: 60/183] 10.0.0.210 () {56 vars in 1181 bytes} [Thu Aug 17 19:43:43 2023] GET /identity/v3/projects/2a03a539bc87486aa803d2d49feb657c => generated 301 bytes in 126 msecs (HTTP/1.1 200) 5 headers in 177 bytes (2 switches on core 0)
Aug 17 19:43:44 user devstack@keystone.service[44173]: DEBUG keystone.server.flask.request_processing.middleware.auth_context [None req-8ab4568f-e940-48d1-befa-23752590057a None admin] Authenticating user token {{(pid=44173) process_request /opt/stack/data/venv/lib/python3.10/site-packages/keystonemiddleware/auth_token/__init__.py:406}}
Aug 17 19:43:44 user devstack@keystone.service[44175]: DEBUG keystone.server.flask.request_processing.middleware.auth_context [None req-59981946-04a7-4f62-9401-65600c4bd5e8 None admin] Validating token access rules against request {{(pid=44175) validate_allowed_request /opt/stack/data/venv/lib/python3.10/site-packages/keystonemiddleware/auth_token/__init__.py:544}}
Aug 17 19:43:44 user devstack@keystone.service[44174]: [pid: 44174|app: 0|req: 60/184] 10.0.0.210 () {58 vars in 1277 bytes} [Thu Aug 17 19:43:43 2023] GET /identity/v3/auth/tokens => generated 798 bytes in 279 msecs (HTTP/1.1 200) 6 headers in 358 bytes (1 switches on core 0)
Aug 17 19:43:44 user devstack@keystone.service[44174]: DEBUG keystone.server.flask.request_processing.middleware.auth_context [None req-e4320b54-091d-4634-bf3a-2cfc2573dd41 None admin] Authenticating user token {{(pid=44174) process_request /opt/stack/data/venv/lib/python3.10/site-packages/keystonemiddleware/auth_token/__init__.py:406}}
Aug 17 19:43:44 user devstack@keystone.service[44175]: DEBUG keystone.server.flask.request_processing.middleware.auth_context [None req-778ae513-f4d0-460b-8325-6363d3b6f757 None admin] RBAC: auth_context: {'token': , 'domain_id': None, 'trust_id': None, 'trustor_id': None, 'trustee_id': None, 'domain_name': None, 'group_ids': [], 'user_id': '892adde0ff984825bfda37c543f9ada1', 'user_domain_id': 'default', 'system_scope': 'all', 'project_id': None, 'project_domain_id': None, 'roles': ['admin', 'member', 'reader'], 'is_admin_project': True, 'service_user_id': None, 'service_user_domain_id': None, 'service_project_id': None, 'service_project_domain_id': None, 'service_roles': []} {{(pid=44175) fill_context /opt/stack/keystone/keystone/server/flask/request_processing/middleware/auth_context.py:480}}
Aug 17 19:43:44 user devstack@keystone.service[44175]: DEBUG keystone.server.flask.request_processing.req_logging [None req-778ae513-f4d0-460b-8325-6363d3b6f757 None admin] REQUEST_METHOD: `GET` {{(pid=44175) log_request_info /opt/stack/keystone/keystone/server/flask/request_processing/req_logging.py:27}}
Aug 17 19:43:44 user devstack@keystone.service[44175]: DEBUG keystone.server.flask.request_processing.req_logging [None req-778ae513-f4d0-460b-8325-6363d3b6f757 None admin] SCRIPT_NAME: `/identity` {{(pid=44175) log_request_info /opt/stack/keystone/keystone/server/flask/request_processing/req_logging.py:28}}
Aug 17 19:43:44 user devstack@keystone.service[44175]: DEBUG keystone.server.flask.request_processing.req_logging [None req-778ae513-f4d0-460b-8325-6363d3b6f757 None admin] PATH_INFO: `/v3/role_assignments` {{(pid=44175) log_request_info /opt/stack/keystone/keystone/server/flask/request_processing/req_logging.py:29}}
Aug 17 19:43:44 user devstack@keystone.service[44175]: DEBUG keystone.common.rbac_enforcer.enforcer [None req-778ae513-f4d0-460b-8325-6363d3b6f757 None admin] RBAC: Adding query filter params (role.id=f3e6dc256b9e41f8934db644200695ea, scope.project.id=2a03a539bc87486aa803d2d49feb657c, user.id=64e834c9793845fba824b2bb7022257b) {{(pid=44175) _extract_filter_values /opt/stack/keystone/keystone/common/rbac_enforcer/enforcer.py:167}}
Aug 17 19:43:44 user devstack@keystone.service[44175]: DEBUG keystone.common.rbac_enforcer.enforcer [None req-778ae513-f4d0-460b-8325-6363d3b6f757 None admin] RBAC: Authorizing `identity:list_role_assignments()` {{(pid=44175) enforce_call /opt/stack/keystone/keystone/common/rbac_enforcer/enforcer.py:449}}
Aug 17 19:43:44 user devstack@keystone.service[44175]: DEBUG keystone.common.rbac_enforcer.enforcer [None req-778ae513-f4d0-460b-8325-6363d3b6f757 None admin] RBAC: Authorization granted {{(pid=44175) enforce_call /opt/stack/keystone/keystone/common/rbac_enforcer/enforcer.py:457}}
Aug 17 19:43:44 user devstack@keystone.service[44175]: [pid: 44175|app: 0|req: 65/185] 10.0.0.210 () {56 vars in 1369 bytes} [Thu Aug 17 19:43:44 2023] GET /identity/v3/role_assignments?user.id=64e834c9793845fba824b2bb7022257b&scope.project.id=2a03a539bc87486aa803d2d49feb657c&role.id=f3e6dc256b9e41f8934db644200695ea => generated 606 bytes in 141 msecs (HTTP/1.1 200) 5 headers in 177 bytes (1 switches on core 0)
Aug 17 19:43:44 user devstack@keystone.service[44173]: DEBUG keystone.server.flask.request_processing.middleware.auth_context [None req-8ab4568f-e940-48d1-befa-23752590057a None admin] Validating token access rules against request {{(pid=44173) validate_allowed_request /opt/stack/data/venv/lib/python3.10/site-packages/keystonemiddleware/auth_token/__init__.py:544}}
Aug 17 19:43:44 user devstack@keystone.service[44173]: DEBUG keystone.server.flask.request_processing.middleware.auth_context [None req-41ec3f37-ea9d-4a9e-9f7d-998467c70d06 None admin] RBAC: auth_context: {'token': , 'domain_id': None, 'trust_id': None, 'trustor_id': None, 'trustee_id': None, 'domain_name': None, 'group_ids': [], 'user_id': '892adde0ff984825bfda37c543f9ada1', 'user_domain_id': 'default', 'system_scope': 'all', 'project_id': None, 'project_domain_id': None, 'roles': ['admin', 'member', 'reader'], 'is_admin_project': True, 'service_user_id': None, 'service_user_domain_id': None, 'service_project_id': None, 'service_project_domain_id': None, 'service_roles': []} {{(pid=44173) fill_context /opt/stack/keystone/keystone/server/flask/request_processing/middleware/auth_context.py:480}}
Aug 17 19:43:44 user devstack@keystone.service[44173]: DEBUG keystone.server.flask.request_processing.req_logging [None req-41ec3f37-ea9d-4a9e-9f7d-998467c70d06 None admin] REQUEST_METHOD: `PUT` {{(pid=44173) log_request_info /opt/stack/keystone/keystone/server/flask/request_processing/req_logging.py:27}}
Aug 17 19:43:44 user devstack@keystone.service[44173]: DEBUG keystone.server.flask.request_processing.req_logging [None req-41ec3f37-ea9d-4a9e-9f7d-998467c70d06 None admin] SCRIPT_NAME: `/identity` {{(pid=44173) log_request_info /opt/stack/keystone/keystone/server/flask/request_processing/req_logging.py:28}}
Aug 17 19:43:44 user devstack@keystone.service[44173]: DEBUG keystone.server.flask.request_processing.req_logging [None req-41ec3f37-ea9d-4a9e-9f7d-998467c70d06 None admin] PATH_INFO: `/v3/projects/2a03a539bc87486aa803d2d49feb657c/users/8d8dbda8dc4a4867bad697fdc7b48b71/roles/701f75de513248bd9921fb50bbb6ae48` {{(pid=44173) log_request_info /opt/stack/keystone/keystone/server/flask/request_processing/req_logging.py:29}}
Aug 17 19:43:44 user devstack@keystone.service[44173]: DEBUG keystone.common.rbac_enforcer.enforcer [None req-41ec3f37-ea9d-4a9e-9f7d-998467c70d06 None admin] RBAC: Authorizing `identity:create_grant(project_id=2a03a539bc87486aa803d2d49feb657c, user_id=8d8dbda8dc4a4867bad697fdc7b48b71, role_id=701f75de513248bd9921fb50bbb6ae48)` {{(pid=44173) enforce_call /opt/stack/keystone/keystone/common/rbac_enforcer/enforcer.py:449}}
Aug 17 19:43:44 user devstack@keystone.service[44173]: DEBUG keystone.common.rbac_enforcer.enforcer [None req-41ec3f37-ea9d-4a9e-9f7d-998467c70d06 None admin] RBAC: Authorization granted {{(pid=44173) enforce_call /opt/stack/keystone/keystone/common/rbac_enforcer/enforcer.py:457}}
Aug 17 19:43:44 user devstack@keystone.service[44173]: [pid: 44173|app: 0|req: 61/186] 10.0.0.210 () {58 vars in 1434 bytes} [Thu Aug 17 19:43:44 2023] PUT /identity/v3/projects/2a03a539bc87486aa803d2d49feb657c/users/8d8dbda8dc4a4867bad697fdc7b48b71/roles/701f75de513248bd9921fb50bbb6ae48 => generated 0 bytes in 142 msecs (HTTP/1.1 204) 3 headers in 132 bytes (1 switches on core 0)
Aug 17 19:43:44 user devstack@keystone.service[44174]: DEBUG keystone.server.flask.request_processing.middleware.auth_context [None req-e4320b54-091d-4634-bf3a-2cfc2573dd41 None admin] Validating token access rules against request {{(pid=44174) validate_allowed_request /opt/stack/data/venv/lib/python3.10/site-packages/keystonemiddleware/auth_token/__init__.py:544}}
Aug 17 19:43:44 user devstack@keystone.service[44174]: DEBUG keystone.server.flask.request_processing.middleware.auth_context [None req-396d7251-f4e6-444c-90f0-88711395f08a None admin] RBAC: auth_context: {'token': , 'domain_id': None, 'trust_id': None, 'trustor_id': None, 'trustee_id': None, 'domain_name': None, 'group_ids': [], 'user_id': '892adde0ff984825bfda37c543f9ada1', 'user_domain_id': 'default', 'system_scope': 'all', 'project_id': None, 'project_domain_id': None, 'roles': ['admin', 'member', 'reader'], 'is_admin_project': True, 'service_user_id': None, 'service_user_domain_id': None, 'service_project_id': None, 'service_project_domain_id': None, 'service_roles': []} {{(pid=44174) fill_context /opt/stack/keystone/keystone/server/flask/request_processing/middleware/auth_context.py:480}}
Aug 17 19:43:44 user devstack@keystone.service[44174]: DEBUG keystone.server.flask.request_processing.req_logging [None req-396d7251-f4e6-444c-90f0-88711395f08a None admin] REQUEST_METHOD: `GET` {{(pid=44174) log_request_info /opt/stack/keystone/keystone/server/flask/request_processing/req_logging.py:27}}
Aug 17 19:43:44 user devstack@keystone.service[44174]: DEBUG keystone.server.flask.request_processing.req_logging [None req-396d7251-f4e6-444c-90f0-88711395f08a None admin] SCRIPT_NAME: `/identity` {{(pid=44174) log_request_info /opt/stack/keystone/keystone/server/flask/request_processing/req_logging.py:28}}
Aug 17 19:43:44 user devstack@keystone.service[44174]: DEBUG keystone.server.flask.request_processing.req_logging [None req-396d7251-f4e6-444c-90f0-88711395f08a None admin] PATH_INFO: `/v3/projects/2a03a539bc87486aa803d2d49feb657c` {{(pid=44174) log_request_info /opt/stack/keystone/keystone/server/flask/request_processing/req_logging.py:29}}
Aug 17 19:43:44 user devstack@keystone.service[44174]: DEBUG keystone.common.rbac_enforcer.enforcer [None req-396d7251-f4e6-444c-90f0-88711395f08a None admin] RBAC: Authorizing `identity:get_project(project_id=2a03a539bc87486aa803d2d49feb657c)` {{(pid=44174) enforce_call /opt/stack/keystone/keystone/common/rbac_enforcer/enforcer.py:449}}
Aug 17 19:43:44 user devstack@keystone.service[44174]: DEBUG keystone.common.rbac_enforcer.enforcer [None req-396d7251-f4e6-444c-90f0-88711395f08a None admin] RBAC: Authorization granted {{(pid=44174) enforce_call /opt/stack/keystone/keystone/common/rbac_enforcer/enforcer.py:457}}
Aug 17 19:43:44 user devstack@keystone.service[44174]: [pid: 44174|app: 0|req: 61/187] 10.0.0.210 () {56 vars in 1181 bytes} [Thu Aug 17 19:43:44 2023] GET /identity/v3/projects/2a03a539bc87486aa803d2d49feb657c => generated 301 bytes in 145 msecs (HTTP/1.1 200) 5 headers in 177 bytes (1 switches on core 0)
Aug 17 19:43:44 user devstack@keystone.service[44175]: DEBUG keystone.server.flask.request_processing.middleware.auth_context [None req-778ae513-f4d0-460b-8325-6363d3b6f757 None admin] Authenticating user token {{(pid=44175) process_request /opt/stack/data/venv/lib/python3.10/site-packages/keystonemiddleware/auth_token/__init__.py:406}}
Aug 17 19:43:44 user devstack@keystone.service[44175]: DEBUG keystone.server.flask.request_processing.middleware.auth_context [None req-778ae513-f4d0-460b-8325-6363d3b6f757 None admin] Validating token access rules against request {{(pid=44175) validate_allowed_request /opt/stack/data/venv/lib/python3.10/site-packages/keystonemiddleware/auth_token/__init__.py:544}}
Aug 17 19:43:44 user devstack@keystone.service[44175]: DEBUG keystone.server.flask.request_processing.middleware.auth_context [None req-ee753f6f-5656-40b6-9274-7f924d1a0ac8 None admin] RBAC: auth_context: {'token': , 'domain_id': None, 'trust_id': None, 'trustor_id': None, 'trustee_id': None, 'domain_name': None, 'group_ids': [], 'user_id': '892adde0ff984825bfda37c543f9ada1', 'user_domain_id': 'default', 'system_scope': 'all', 'project_id': None, 'project_domain_id': None, 'roles': ['admin', 'member', 'reader'], 'is_admin_project': True, 'service_user_id': None, 'service_user_domain_id': None, 'service_project_id': None, 'service_project_domain_id': None, 'service_roles': []} {{(pid=44175) fill_context /opt/stack/keystone/keystone/server/flask/request_processing/middleware/auth_context.py:480}}
Aug 17 19:43:44 user devstack@keystone.service[44175]: DEBUG keystone.server.flask.request_processing.req_logging [None req-ee753f6f-5656-40b6-9274-7f924d1a0ac8 None admin] REQUEST_METHOD: `GET` {{(pid=44175) log_request_info /opt/stack/keystone/keystone/server/flask/request_processing/req_logging.py:27}}
Aug 17 19:43:44 user devstack@keystone.service[44175]: DEBUG keystone.server.flask.request_processing.req_logging [None req-ee753f6f-5656-40b6-9274-7f924d1a0ac8 None admin] SCRIPT_NAME: `/identity` {{(pid=44175) log_request_info /opt/stack/keystone/keystone/server/flask/request_processing/req_logging.py:28}}
Aug 17 19:43:44 user devstack@keystone.service[44175]: DEBUG keystone.server.flask.request_processing.req_logging [None req-ee753f6f-5656-40b6-9274-7f924d1a0ac8 None admin] PATH_INFO: `/v3/role_assignments` {{(pid=44175) log_request_info /opt/stack/keystone/keystone/server/flask/request_processing/req_logging.py:29}}
Aug 17 19:43:44 user devstack@keystone.service[44175]: DEBUG keystone.common.rbac_enforcer.enforcer [None req-ee753f6f-5656-40b6-9274-7f924d1a0ac8 None admin] RBAC: Adding query filter params (role.id=712fa9d8435c48eba731373ea9a9cbef, scope.project.id=2a03a539bc87486aa803d2d49feb657c, user.id=64e834c9793845fba824b2bb7022257b) {{(pid=44175) _extract_filter_values /opt/stack/keystone/keystone/common/rbac_enforcer/enforcer.py:167}}
Aug 17 19:43:44 user devstack@keystone.service[44175]: DEBUG keystone.common.rbac_enforcer.enforcer [None req-ee753f6f-5656-40b6-9274-7f924d1a0ac8 None admin] RBAC: Authorizing `identity:list_role_assignments()` {{(pid=44175) enforce_call /opt/stack/keystone/keystone/common/rbac_enforcer/enforcer.py:449}}
Aug 17 19:43:44 user devstack@keystone.service[44175]: DEBUG keystone.common.rbac_enforcer.enforcer [None req-ee753f6f-5656-40b6-9274-7f924d1a0ac8 None admin] RBAC: Authorization granted {{(pid=44175) enforce_call /opt/stack/keystone/keystone/common/rbac_enforcer/enforcer.py:457}}
Aug 17 19:43:44 user devstack@keystone.service[44175]: [pid: 44175|app: 0|req: 66/188] 10.0.0.210 () {56 vars in 1369 bytes} [Thu Aug 17 19:43:44 2023] GET /identity/v3/role_assignments?user.id=64e834c9793845fba824b2bb7022257b&scope.project.id=2a03a539bc87486aa803d2d49feb657c&role.id=712fa9d8435c48eba731373ea9a9cbef => generated 606 bytes in 143 msecs (HTTP/1.1 200) 5 headers in 177 bytes (1 switches on core 0)
Aug 17 19:43:45 user devstack@keystone.service[44173]: DEBUG keystone.server.flask.request_processing.req_logging [None req-bc215dda-8f27-4586-a361-b9a4e930eed9 None None] REQUEST_METHOD: `GET` {{(pid=44173) log_request_info /opt/stack/keystone/keystone/server/flask/request_processing/req_logging.py:27}}
Aug 17 19:43:45 user devstack@keystone.service[44173]: DEBUG keystone.server.flask.request_processing.req_logging [None req-bc215dda-8f27-4586-a361-b9a4e930eed9 None None] SCRIPT_NAME: `/identity` {{(pid=44173) log_request_info /opt/stack/keystone/keystone/server/flask/request_processing/req_logging.py:28}}
Aug 17 19:43:45 user devstack@keystone.service[44173]: DEBUG keystone.server.flask.request_processing.req_logging [None req-bc215dda-8f27-4586-a361-b9a4e930eed9 None None] PATH_INFO: `/` {{(pid=44173) log_request_info /opt/stack/keystone/keystone/server/flask/request_processing/req_logging.py:29}}
Aug 17 19:43:45 user devstack@keystone.service[44173]: [pid: 44173|app: 0|req: 62/189] 10.0.0.210 () {54 vars in 921 bytes} [Thu Aug 17 19:43:45 2023] GET /identity => generated 269 bytes in 3 msecs (HTTP/1.1 300) 6 headers in 233 bytes (1 switches on core 0)
Aug 17 19:43:45 user devstack@keystone.service[44174]: DEBUG keystone.server.flask.request_processing.req_logging [None req-dde789cb-9441-46aa-87ea-0763c5a85a00 None None] REQUEST_METHOD: `POST` {{(pid=44174) log_request_info /opt/stack/keystone/keystone/server/flask/request_processing/req_logging.py:27}}
Aug 17 19:43:45 user devstack@keystone.service[44174]: DEBUG keystone.server.flask.request_processing.req_logging [None req-dde789cb-9441-46aa-87ea-0763c5a85a00 None None] SCRIPT_NAME: `/identity` {{(pid=44174) log_request_info /opt/stack/keystone/keystone/server/flask/request_processing/req_logging.py:28}}
Aug 17 19:43:45 user devstack@keystone.service[44174]: DEBUG keystone.server.flask.request_processing.req_logging [None req-dde789cb-9441-46aa-87ea-0763c5a85a00 None None] PATH_INFO: `/v3/auth/tokens` {{(pid=44174) log_request_info /opt/stack/keystone/keystone/server/flask/request_processing/req_logging.py:29}}
Aug 17 19:43:45 user devstack@keystone.service[44175]: DEBUG keystone.server.flask.request_processing.req_logging [None req-019825cc-f646-4602-b9cb-e592db02d4c7 None None] REQUEST_METHOD: `GET` {{(pid=44175) log_request_info /opt/stack/keystone/keystone/server/flask/request_processing/req_logging.py:27}}
Aug 17 19:43:45 user devstack@keystone.service[44175]: DEBUG keystone.server.flask.request_processing.req_logging [None req-019825cc-f646-4602-b9cb-e592db02d4c7 None None] SCRIPT_NAME: `/identity` {{(pid=44175) log_request_info /opt/stack/keystone/keystone/server/flask/request_processing/req_logging.py:28}}
Aug 17 19:43:45 user devstack@keystone.service[44175]: DEBUG keystone.server.flask.request_processing.req_logging [None req-019825cc-f646-4602-b9cb-e592db02d4c7 None None] PATH_INFO: `/` {{(pid=44175) log_request_info /opt/stack/keystone/keystone/server/flask/request_processing/req_logging.py:29}}
Aug 17 19:43:45 user devstack@keystone.service[44175]: [pid: 44175|app: 0|req: 67/190] 10.0.0.210 () {54 vars in 921 bytes} [Thu Aug 17 19:43:45 2023] GET /identity => generated 269 bytes in 3 msecs (HTTP/1.1 300) 6 headers in 233 bytes (1 switches on core 0)
Aug 17 19:43:45 user devstack@keystone.service[44174]: WARNING keystone.common.password_hashing [None req-dde789cb-9441-46aa-87ea-0763c5a85a00 None None] Truncating password to algorithm specific maximum length 72 characters.
Aug 17 19:43:45 user devstack@keystone.service[44173]: DEBUG keystone.server.flask.request_processing.req_logging [None req-a819fa30-eb30-4478-bea0-7cde82338489 None None] REQUEST_METHOD: `POST` {{(pid=44173) log_request_info /opt/stack/keystone/keystone/server/flask/request_processing/req_logging.py:27}}
Aug 17 19:43:45 user devstack@keystone.service[44173]: DEBUG keystone.server.flask.request_processing.req_logging [None req-a819fa30-eb30-4478-bea0-7cde82338489 None None] SCRIPT_NAME: `/identity` {{(pid=44173) log_request_info /opt/stack/keystone/keystone/server/flask/request_processing/req_logging.py:28}}
Aug 17 19:43:45 user devstack@keystone.service[44173]: DEBUG keystone.server.flask.request_processing.req_logging [None req-a819fa30-eb30-4478-bea0-7cde82338489 None None] PATH_INFO: `/v3/auth/tokens` {{(pid=44173) log_request_info /opt/stack/keystone/keystone/server/flask/request_processing/req_logging.py:29}}
Aug 17 19:43:45 user devstack@keystone.service[44174]: DEBUG keystone.auth.core [None req-dde789cb-9441-46aa-87ea-0763c5a85a00 None None] MFA Rules not processed for user `892adde0ff984825bfda37c543f9ada1`. Rule list: `[]` (Enabled: `True`). {{(pid=44174) check_auth_methods_against_rules /opt/stack/keystone/keystone/auth/core.py:438}}
Aug 17 19:43:45 user devstack@keystone.service[44174]: DEBUG keystone.common.fernet_utils [None req-dde789cb-9441-46aa-87ea-0763c5a85a00 None None] Loaded 2 Fernet keys from /etc/keystone/fernet-keys/, but `[fernet_tokens] max_active_keys = 3`; perhaps there have not been enough key rotations to reach `max_active_keys` yet? {{(pid=44174) load_keys /opt/stack/keystone/keystone/common/fernet_utils.py:286}}
Aug 17 19:43:45 user devstack@keystone.service[44173]: WARNING keystone.common.password_hashing [None req-a819fa30-eb30-4478-bea0-7cde82338489 None None] Truncating password to algorithm specific maximum length 72 characters.
Aug 17 19:43:45 user devstack@keystone.service[44173]: DEBUG keystone.auth.core [None req-a819fa30-eb30-4478-bea0-7cde82338489 None None] MFA Rules not processed for user `892adde0ff984825bfda37c543f9ada1`. Rule list: `[]` (Enabled: `True`). {{(pid=44173) check_auth_methods_against_rules /opt/stack/keystone/keystone/auth/core.py:438}}
Aug 17 19:43:45 user devstack@keystone.service[44173]: DEBUG keystone.common.fernet_utils [None req-a819fa30-eb30-4478-bea0-7cde82338489 None None] Loaded 2 Fernet keys from /etc/keystone/fernet-keys/, but `[fernet_tokens] max_active_keys = 3`; perhaps there have not been enough key rotations to reach `max_active_keys` yet? {{(pid=44173) load_keys /opt/stack/keystone/keystone/common/fernet_utils.py:286}}
Aug 17 19:43:45 user devstack@keystone.service[44174]: [pid: 44174|app: 0|req: 62/191] 10.0.0.210 () {58 vars in 1018 bytes} [Thu Aug 17 19:43:45 2023] POST /identity/v3/auth/tokens => generated 798 bytes in 76 msecs (HTTP/1.1 201) 6 headers in 363 bytes (1 switches on core 0)
Aug 17 19:43:45 user devstack@keystone.service[44173]: [pid: 44173|app: 0|req: 63/192] 10.0.0.210 () {58 vars in 1018 bytes} [Thu Aug 17 19:43:45 2023] POST /identity/v3/auth/tokens => generated 798 bytes in 76 msecs (HTTP/1.1 201) 6 headers in 363 bytes (1 switches on core 0)
Aug 17 19:43:45 user devstack@keystone.service[44175]: DEBUG keystone.server.flask.request_processing.req_logging [None req-12469d78-1182-4ab7-a14d-07eafb9179e9 None None] REQUEST_METHOD: `GET` {{(pid=44175) log_request_info /opt/stack/keystone/keystone/server/flask/request_processing/req_logging.py:27}}
Aug 17 19:43:45 user devstack@keystone.service[44175]: DEBUG keystone.server.flask.request_processing.req_logging [None req-12469d78-1182-4ab7-a14d-07eafb9179e9 None None] SCRIPT_NAME: `/identity` {{(pid=44175) log_request_info /opt/stack/keystone/keystone/server/flask/request_processing/req_logging.py:28}}
Aug 17 19:43:45 user devstack@keystone.service[44175]: DEBUG keystone.server.flask.request_processing.req_logging [None req-12469d78-1182-4ab7-a14d-07eafb9179e9 None None] PATH_INFO: `/` {{(pid=44175) log_request_info /opt/stack/keystone/keystone/server/flask/request_processing/req_logging.py:29}}
Aug 17 19:43:45 user devstack@keystone.service[44175]: [pid: 44175|app: 0|req: 68/193] 10.0.0.210 () {54 vars in 921 bytes} [Thu Aug 17 19:43:45 2023] GET /identity => generated 269 bytes in 2 msecs (HTTP/1.1 300) 6 headers in 233 bytes (1 switches on core 0)
Aug 17 19:43:45 user devstack@keystone.service[44174]: DEBUG keystone.server.flask.request_processing.req_logging [None req-f9a0e8a9-40cf-476c-bc8f-aec19dd2fbae None None] REQUEST_METHOD: `POST` {{(pid=44174) log_request_info /opt/stack/keystone/keystone/server/flask/request_processing/req_logging.py:27}}
Aug 17 19:43:45 user devstack@keystone.service[44174]: DEBUG keystone.server.flask.request_processing.req_logging [None req-f9a0e8a9-40cf-476c-bc8f-aec19dd2fbae None None] SCRIPT_NAME: `/identity` {{(pid=44174) log_request_info /opt/stack/keystone/keystone/server/flask/request_processing/req_logging.py:28}}
Aug 17 19:43:45 user devstack@keystone.service[44174]: DEBUG keystone.server.flask.request_processing.req_logging [None req-f9a0e8a9-40cf-476c-bc8f-aec19dd2fbae None None] PATH_INFO: `/v3/auth/tokens` {{(pid=44174) log_request_info /opt/stack/keystone/keystone/server/flask/request_processing/req_logging.py:29}}
Aug 17 19:43:45 user devstack@keystone.service[44174]: WARNING keystone.common.password_hashing [None req-f9a0e8a9-40cf-476c-bc8f-aec19dd2fbae None None] Truncating password to algorithm specific maximum length 72 characters.
Aug 17 19:43:45 user devstack@keystone.service[44174]: DEBUG keystone.auth.core [None req-f9a0e8a9-40cf-476c-bc8f-aec19dd2fbae None None] MFA Rules not processed for user `892adde0ff984825bfda37c543f9ada1`. Rule list: `[]` (Enabled: `True`). {{(pid=44174) check_auth_methods_against_rules /opt/stack/keystone/keystone/auth/core.py:438}}
Aug 17 19:43:45 user devstack@keystone.service[44174]: DEBUG keystone.common.fernet_utils [None req-f9a0e8a9-40cf-476c-bc8f-aec19dd2fbae None None] Loaded 2 Fernet keys from /etc/keystone/fernet-keys/, but `[fernet_tokens] max_active_keys = 3`; perhaps there have not been enough key rotations to reach `max_active_keys` yet? {{(pid=44174) load_keys /opt/stack/keystone/keystone/common/fernet_utils.py:286}}
Aug 17 19:43:45 user devstack@keystone.service[44174]: [pid: 44174|app: 0|req: 63/194] 10.0.0.210 () {58 vars in 1018 bytes} [Thu Aug 17 19:43:45 2023] POST /identity/v3/auth/tokens => generated 798 bytes in 76 msecs (HTTP/1.1 201) 6 headers in 363 bytes (1 switches on core 0)
Aug 17 19:43:46 user devstack@keystone.service[44173]: DEBUG keystone.server.flask.request_processing.middleware.auth_context [None req-a819fa30-eb30-4478-bea0-7cde82338489 None None] Authenticating user token {{(pid=44173) process_request /opt/stack/data/venv/lib/python3.10/site-packages/keystonemiddleware/auth_token/__init__.py:406}}
Aug 17 19:43:46 user devstack@keystone.service[44175]: DEBUG keystone.server.flask.request_processing.middleware.auth_context [None req-12469d78-1182-4ab7-a14d-07eafb9179e9 None None] Authenticating user token {{(pid=44175) process_request /opt/stack/data/venv/lib/python3.10/site-packages/keystonemiddleware/auth_token/__init__.py:406}}
Aug 17 19:43:46 user devstack@keystone.service[44173]: DEBUG keystone.server.flask.request_processing.middleware.auth_context [None req-a819fa30-eb30-4478-bea0-7cde82338489 None None] Validating token access rules against request {{(pid=44173) validate_allowed_request /opt/stack/data/venv/lib/python3.10/site-packages/keystonemiddleware/auth_token/__init__.py:544}}
Aug 17 19:43:46 user devstack@keystone.service[44173]: DEBUG keystone.server.flask.request_processing.middleware.auth_context [None req-a6b541e5-b97e-4a29-a31d-651ac5a80c47 None admin] RBAC: auth_context: {'token': , 'domain_id': None, 'trust_id': None, 'trustor_id': None, 'trustee_id': None, 'domain_name': None, 'group_ids': [], 'user_id': '892adde0ff984825bfda37c543f9ada1', 'user_domain_id': 'default', 'system_scope': 'all', 'project_id': None, 'project_domain_id': None, 'roles': ['admin', 'member', 'reader'], 'is_admin_project': True, 'service_user_id': None, 'service_user_domain_id': None, 'service_project_id': None, 'service_project_domain_id': None, 'service_roles': []} {{(pid=44173) fill_context /opt/stack/keystone/keystone/server/flask/request_processing/middleware/auth_context.py:480}}
Aug 17 19:43:46 user devstack@keystone.service[44175]: DEBUG keystone.server.flask.request_processing.middleware.auth_context [None req-12469d78-1182-4ab7-a14d-07eafb9179e9 None None] Validating token access rules against request {{(pid=44175) validate_allowed_request /opt/stack/data/venv/lib/python3.10/site-packages/keystonemiddleware/auth_token/__init__.py:544}}
Aug 17 19:43:46 user devstack@keystone.service[44173]: DEBUG keystone.server.flask.request_processing.req_logging [None req-a6b541e5-b97e-4a29-a31d-651ac5a80c47 None admin] REQUEST_METHOD: `GET` {{(pid=44173) log_request_info /opt/stack/keystone/keystone/server/flask/request_processing/req_logging.py:27}}
Aug 17 19:43:46 user devstack@keystone.service[44173]: DEBUG keystone.server.flask.request_processing.req_logging [None req-a6b541e5-b97e-4a29-a31d-651ac5a80c47 None admin] SCRIPT_NAME: `/identity` {{(pid=44173) log_request_info /opt/stack/keystone/keystone/server/flask/request_processing/req_logging.py:28}}
Aug 17 19:43:46 user devstack@keystone.service[44173]: DEBUG keystone.server.flask.request_processing.req_logging [None req-a6b541e5-b97e-4a29-a31d-651ac5a80c47 None admin] PATH_INFO: `/v3/roles/reader` {{(pid=44173) log_request_info /opt/stack/keystone/keystone/server/flask/request_processing/req_logging.py:29}}
Aug 17 19:43:46 user devstack@keystone.service[44173]: DEBUG keystone.common.rbac_enforcer.enforcer [None req-a6b541e5-b97e-4a29-a31d-651ac5a80c47 None admin] Extracting inferred target data resulted in "NOT FOUND (404)". {{(pid=44173) enforce_call /opt/stack/keystone/keystone/common/rbac_enforcer/enforcer.py:409}}
Aug 17 19:43:46 user devstack@keystone.service[44173]: ERROR keystone.server.flask.application [None req-a6b541e5-b97e-4a29-a31d-651ac5a80c47 None admin] Could not find role: reader.: keystone.exception.RoleNotFound: Could not find role: reader.
Aug 17 19:43:46 user devstack@keystone.service[44173]: ERROR keystone.server.flask.application
Traceback (most recent call last):
Aug 17 19:43:46 user devstack@keystone.service[44173]: ERROR keystone.server.flask.application
File "/opt/stack/data/venv/lib/python3.10/site-packages/flask/app.py", line 1823, in full_dispatch_request
Aug 17 19:43:46 user devstack@keystone.service[44173]: ERROR keystone.server.flask.application rv = self.dispatch_request()
Aug 17 19:43:46 user devstack@keystone.service[44173]: ERROR keystone.server.flask.application
File "/opt/stack/data/venv/lib/python3.10/site-packages/flask/app.py", line 1799, in dispatch_request
Aug 17 19:43:46 user devstack@keystone.service[44173]: ERROR keystone.server.flask.application return self.ensure_sync(self.view_functions[rule.endpoint])(**view_args)
Aug 17 19:43:46 user devstack@keystone.service[44173]: ERROR keystone.server.flask.application
File "/opt/stack/data/venv/lib/python3.10/site-packages/flask_restful/__init__.py", line 467, in wrapper
Aug 17 19:43:46 user devstack@keystone.service[44173]: ERROR keystone.server.flask.application resp = resource(*args, **kwargs)
Aug 17 19:43:46 user devstack@keystone.service[44173]: ERROR keystone.server.flask.application
File "/opt/stack/data/venv/lib/python3.10/site-packages/flask/views.py", line 107, in view
Aug 17 19:43:46 user devstack@keystone.service[44173]: ERROR keystone.server.flask.application return current_app.ensure_sync(self.dispatch_request)(**kwargs)
Aug 17 19:43:46 user devstack@keystone.service[44173]: ERROR keystone.server.flask.application
File "/opt/stack/data/venv/lib/python3.10/site-packages/flask_restful/__init__.py", line 582, in dispatch_request
Aug 17 19:43:46 user devstack@keystone.service[44173]: ERROR keystone.server.flask.application resp = meth(*args, **kwargs)
Aug 17 19:43:46 user devstack@keystone.service[44173]: ERROR keystone.server.flask.application
File "/opt/stack/keystone/keystone/api/roles.py", line 50, in get
Aug 17 19:43:46 user devstack@keystone.service[44173]: ERROR keystone.server.flask.application return self._get_role(role_id)
Aug 17 19:43:46 user devstack@keystone.service[44173]: ERROR keystone.server.flask.application
File "/opt/stack/keystone/keystone/api/roles.py", line 70, in _get_role
Aug 17 19:43:46 user devstack@keystone.service[44173]: ERROR keystone.server.flask.application ENFORCER.enforce_call(action='identity:get_role')
Aug 17 19:43:46 user devstack@keystone.service[44173]: ERROR keystone.server.flask.application
File "/opt/stack/keystone/keystone/common/rbac_enforcer/enforcer.py", line 402, in enforce_call
Aug 17 19:43:46 user devstack@keystone.service[44173]: ERROR keystone.server.flask.application policy_dict.update(cls._extract_member_target_data(
Aug 17 19:43:46 user devstack@keystone.service[44173]: ERROR keystone.server.flask.application
File "/opt/stack/keystone/keystone/common/rbac_enforcer/enforcer.py", line 234, in _extract_member_target_data
Aug 17 19:43:46 user devstack@keystone.service[44173]: ERROR keystone.server.flask.application member_name: func(flask.request.view_args[key])
Aug 17 19:43:46 user devstack@keystone.service[44173]: ERROR keystone.server.flask.application
File "/opt/stack/keystone/keystone/common/manager.py", line 115, in wrapped
Aug 17 19:43:46 user devstack@keystone.service[44173]: ERROR keystone.server.flask.application __ret_val = __f(*args, **kwargs)
Aug 17 19:43:46 user devstack@keystone.service[44173]: ERROR keystone.server.flask.application
File "/opt/stack/data/venv/lib/python3.10/site-packages/decorator.py", line 232, in fun
Aug 17 19:43:46 user devstack@keystone.service[44173]: ERROR keystone.server.flask.application return caller(func, *(extras + args), **kw)
Aug 17 19:43:46 user devstack@keystone.service[44173]: ERROR keystone.server.flask.application
File "/opt/stack/data/venv/lib/python3.10/site-packages/dogpile/cache/region.py", line 1577, in get_or_create_for_user_func
Aug 17 19:43:46 user devstack@keystone.service[44173]: ERROR keystone.server.flask.application return self.get_or_create(
Aug 17 19:43:46 user devstack@keystone.service[44173]: ERROR keystone.server.flask.application
File "/opt/stack/data/venv/lib/python3.10/site-packages/dogpile/cache/region.py", line 1042, in get_or_create
Aug 17 19:43:46 user devstack@keystone.service[44173]: ERROR keystone.server.flask.application with Lock(
Aug 17 19:43:46 user devstack@keystone.service[44173]: ERROR keystone.server.flask.application
File "/opt/stack/data/venv/lib/python3.10/site-packages/dogpile/lock.py", line 185, in __enter__
Aug 17 19:43:46 user devstack@keystone.service[44173]: ERROR keystone.server.flask.application return self._enter()
Aug 17 19:43:46 user devstack@keystone.service[44173]: ERROR keystone.server.flask.application
File "/opt/stack/data/venv/lib/python3.10/site-packages/dogpile/lock.py", line 94, in _enter
Aug 17 19:43:46 user devstack@keystone.service[44173]: ERROR keystone.server.flask.application generated = self._enter_create(value, createdtime)
Aug 17 19:43:46 user devstack@keystone.service[44173]: ERROR keystone.server.flask.application
File "/opt/stack/data/venv/lib/python3.10/site-packages/dogpile/lock.py", line 178, in _enter_create
Aug 17 19:43:46 user devstack@keystone.service[44173]: ERROR keystone.server.flask.application return self.creator()
Aug 17 19:43:46 user devstack@keystone.service[44173]: ERROR keystone.server.flask.application
File "/opt/stack/data/venv/lib/python3.10/site-packages/dogpile/cache/region.py", line 995, in gen_value
Aug 17 19:43:46 user devstack@keystone.service[44173]: ERROR keystone.server.flask.application created_value = creator(
Aug 17 19:43:46 user devstack@keystone.service[44173]: ERROR keystone.server.flask.application
File "/opt/stack/keystone/keystone/assignment/core.py", line 1276, in get_role
Aug 17 19:43:46 user devstack@keystone.service[44173]: ERROR keystone.server.flask.application return self.driver.get_role(role_id)
Aug 17 19:43:46 user devstack@keystone.service[44173]: ERROR keystone.server.flask.application
File "/opt/stack/keystone/keystone/assignment/role_backends/sql.py", line 70, in get_role
Aug 17 19:43:46 user devstack@keystone.service[44173]: ERROR keystone.server.flask.application return self._get_role(session, role_id).to_dict()
Aug 17 19:43:46 user devstack@keystone.service[44173]: ERROR keystone.server.flask.application
File "/opt/stack/keystone/keystone/assignment/role_backends/sql.py", line 65, in _get_role
Aug 17 19:43:46 user devstack@keystone.service[44173]: ERROR keystone.server.flask.application raise exception.RoleNotFound(role_id=role_id)
Aug 17 19:43:46 user devstack@keystone.service[44173]: ERROR keystone.server.flask.application keystone.exception.RoleNotFound: Could not find role: reader.
Aug 17 19:43:46 user devstack@keystone.service[44173]: ERROR keystone.server.flask.application
Aug 17 19:43:46 user devstack@keystone.service[44173]: [pid: 44173|app: 0|req: 64/195] 10.0.0.210 () {56 vars in 1094 bytes} [Thu Aug 17 19:43:46 2023] GET /identity/v3/roles/reader => generated 84 bytes in 129 msecs (HTTP/1.1 404) 5 headers in 183 bytes (1 switches on core 0)
Aug 17 19:43:46 user devstack@keystone.service[44174]: DEBUG keystone.server.flask.request_processing.middleware.auth_context [None req-f9a0e8a9-40cf-476c-bc8f-aec19dd2fbae None None] Authenticating user token {{(pid=44174) process_request /opt/stack/data/venv/lib/python3.10/site-packages/keystonemiddleware/auth_token/__init__.py:406}}
Aug 17 19:43:46 user devstack@keystone.service[44175]: DEBUG keystone.server.flask.request_processing.middleware.auth_context [None req-fa5f177e-b1d2-41cf-949c-85a81a1457a9 None admin] RBAC: auth_context: {'token': , 'domain_id': None, 'trust_id': None, 'trustor_id': None, 'trustee_id': None, 'domain_name': None, 'group_ids': [], 'user_id': '892adde0ff984825bfda37c543f9ada1', 'user_domain_id': 'default', 'system_scope': 'all', 'project_id': None, 'project_domain_id': None, 'roles': ['admin', 'member', 'reader'], 'is_admin_project': True, 'service_user_id': None, 'service_user_domain_id': None, 'service_project_id': None, 'service_project_domain_id': None, 'service_roles': []} {{(pid=44175) fill_context /opt/stack/keystone/keystone/server/flask/request_processing/middleware/auth_context.py:480}}
Aug 17 19:43:46 user devstack@keystone.service[44175]: DEBUG keystone.server.flask.request_processing.req_logging [None req-fa5f177e-b1d2-41cf-949c-85a81a1457a9 None admin] REQUEST_METHOD: `GET` {{(pid=44175) log_request_info /opt/stack/keystone/keystone/server/flask/request_processing/req_logging.py:27}}
