Aug 17 19:43:51 user devstack@keystone.service[44173]: DEBUG keystone.common.rbac_enforcer.enforcer [None req-0d5151a2-cea5-47a7-8221-15cc97ebfe06 None admin] RBAC: Authorizing `identity:create_group()` {{(pid=44173) enforce_call /opt/stack/keystone/keystone/common/rbac_enforcer/enforcer.py:449}}
Aug 17 19:43:51 user devstack@keystone.service[44173]: DEBUG keystone.common.rbac_enforcer.enforcer [None req-0d5151a2-cea5-47a7-8221-15cc97ebfe06 None admin] RBAC: Authorization granted {{(pid=44173) enforce_call /opt/stack/keystone/keystone/common/rbac_enforcer/enforcer.py:457}}
Aug 17 19:43:51 user devstack@keystone.service[44174]: DEBUG keystone.server.flask.request_processing.middleware.auth_context [None req-b83d52fd-776a-47de-8f22-98541cf6ae11 None admin] RBAC: auth_context: {'token': , 'domain_id': None, 'trust_id': None, 'trustor_id': None, 'trustee_id': None, 'domain_name': None, 'group_ids': [], 'user_id': '892adde0ff984825bfda37c543f9ada1', 'user_domain_id': 'default', 'system_scope': 'all', 'project_id': None, 'project_domain_id': None, 'roles': ['admin', 'member', 'reader'], 'is_admin_project': True, 'service_user_id': None, 'service_user_domain_id': None, 'service_project_id': None, 'service_project_domain_id': None, 'service_roles': []} {{(pid=44174) fill_context /opt/stack/keystone/keystone/server/flask/request_processing/middleware/auth_context.py:480}}
Aug 17 19:43:51 user devstack@keystone.service[44174]: DEBUG keystone.server.flask.request_processing.req_logging [None req-b83d52fd-776a-47de-8f22-98541cf6ae11 None admin] REQUEST_METHOD: `GET` {{(pid=44174) log_request_info /opt/stack/keystone/keystone/server/flask/request_processing/req_logging.py:27}}
Aug 17 19:43:51 user devstack@keystone.service[44174]: DEBUG keystone.server.flask.request_processing.req_logging [None req-b83d52fd-776a-47de-8f22-98541cf6ae11 None admin] SCRIPT_NAME: `/identity` {{(pid=44174) log_request_info /opt/stack/keystone/keystone/server/flask/request_processing/req_logging.py:28}}
Aug 17 19:43:51 user devstack@keystone.service[44174]: DEBUG keystone.server.flask.request_processing.req_logging [None req-b83d52fd-776a-47de-8f22-98541cf6ae11 None admin] PATH_INFO: `/v3/roles` {{(pid=44174) log_request_info /opt/stack/keystone/keystone/server/flask/request_processing/req_logging.py:29}}
Aug 17 19:43:51 user devstack@keystone.service[44174]: DEBUG keystone.common.rbac_enforcer.enforcer [None req-b83d52fd-776a-47de-8f22-98541cf6ae11 None admin] RBAC: Adding query filter params (name=reader) {{(pid=44174) _extract_filter_values /opt/stack/keystone/keystone/common/rbac_enforcer/enforcer.py:167}}
Aug 17 19:43:51 user devstack@keystone.service[44174]: DEBUG keystone.common.rbac_enforcer.enforcer [None req-b83d52fd-776a-47de-8f22-98541cf6ae11 None admin] RBAC: Authorizing `identity:list_roles()` {{(pid=44174) enforce_call /opt/stack/keystone/keystone/common/rbac_enforcer/enforcer.py:449}}
Aug 17 19:43:51 user devstack@keystone.service[44174]: DEBUG keystone.common.rbac_enforcer.enforcer [None req-b83d52fd-776a-47de-8f22-98541cf6ae11 None admin] RBAC: Authorization granted {{(pid=44174) enforce_call /opt/stack/keystone/keystone/common/rbac_enforcer/enforcer.py:457}}
Aug 17 19:43:51 user devstack@keystone.service[44173]: [pid: 44173|app: 0|req: 77/235] 10.0.0.210 () {60 vars in 1129 bytes} [Thu Aug 17 19:43:51 2023] POST /identity/v3/groups => generated 228 bytes in 132 msecs (HTTP/1.1 201) 5 headers in 182 bytes (2 switches on core 0)
Aug 17 19:43:51 user devstack@keystone.service[44174]: [pid: 44174|app: 0|req: 76/236] 10.0.0.210 () {56 vars in 1096 bytes} [Thu Aug 17 19:43:51 2023] GET /identity/v3/roles?name=reader => generated 339 bytes in 123 msecs (HTTP/1.1 200) 5 headers in 177 bytes (1 switches on core 0)
Aug 17 19:43:51 user devstack@keystone.service[44175]: DEBUG keystone.server.flask.request_processing.middleware.auth_context [None req-9c7a753e-152c-48dd-9c2a-27d820497971 None admin] RBAC: auth_context: {'token': , 'domain_id': None, 'trust_id': None, 'trustor_id': None, 'trustee_id': None, 'domain_name': None, 'group_ids': [], 'user_id': '892adde0ff984825bfda37c543f9ada1', 'user_domain_id': 'default', 'system_scope': 'all', 'project_id': None, 'project_domain_id': None, 'roles': ['admin', 'member', 'reader'], 'is_admin_project': True, 'service_user_id': None, 'service_user_domain_id': None, 'service_project_id': None, 'service_project_domain_id': None, 'service_roles': []} {{(pid=44175) fill_context /opt/stack/keystone/keystone/server/flask/request_processing/middleware/auth_context.py:480}}
Aug 17 19:43:51 user devstack@keystone.service[44175]: DEBUG keystone.server.flask.request_processing.req_logging [None req-9c7a753e-152c-48dd-9c2a-27d820497971 None admin] REQUEST_METHOD: `GET` {{(pid=44175) log_request_info /opt/stack/keystone/keystone/server/flask/request_processing/req_logging.py:27}}
Aug 17 19:43:51 user devstack@keystone.service[44175]: DEBUG keystone.server.flask.request_processing.req_logging [None req-9c7a753e-152c-48dd-9c2a-27d820497971 None admin] SCRIPT_NAME: `/identity` {{(pid=44175) log_request_info /opt/stack/keystone/keystone/server/flask/request_processing/req_logging.py:28}}
Aug 17 19:43:51 user devstack@keystone.service[44175]: DEBUG keystone.server.flask.request_processing.req_logging [None req-9c7a753e-152c-48dd-9c2a-27d820497971 None admin] PATH_INFO: `/v3/roles` {{(pid=44175) log_request_info /opt/stack/keystone/keystone/server/flask/request_processing/req_logging.py:29}}
Aug 17 19:43:51 user devstack@keystone.service[44175]: DEBUG keystone.common.rbac_enforcer.enforcer [None req-9c7a753e-152c-48dd-9c2a-27d820497971 None admin] RBAC: Adding query filter params (name=member) {{(pid=44175) _extract_filter_values /opt/stack/keystone/keystone/common/rbac_enforcer/enforcer.py:167}}
Aug 17 19:43:51 user devstack@keystone.service[44175]: DEBUG keystone.common.rbac_enforcer.enforcer [None req-9c7a753e-152c-48dd-9c2a-27d820497971 None admin] RBAC: Authorizing `identity:list_roles()` {{(pid=44175) enforce_call /opt/stack/keystone/keystone/common/rbac_enforcer/enforcer.py:449}}
Aug 17 19:43:51 user devstack@keystone.service[44175]: DEBUG keystone.common.rbac_enforcer.enforcer [None req-9c7a753e-152c-48dd-9c2a-27d820497971 None admin] RBAC: Authorization granted {{(pid=44175) enforce_call /opt/stack/keystone/keystone/common/rbac_enforcer/enforcer.py:457}}
Aug 17 19:43:51 user devstack@keystone.service[44173]: DEBUG keystone.server.flask.request_processing.middleware.auth_context [None req-0d5151a2-cea5-47a7-8221-15cc97ebfe06 None admin] Authenticating user token {{(pid=44173) process_request /opt/stack/data/venv/lib/python3.10/site-packages/keystonemiddleware/auth_token/__init__.py:406}}
Aug 17 19:43:51 user devstack@keystone.service[44175]: [pid: 44175|app: 0|req: 84/237] 10.0.0.210 () {56 vars in 1096 bytes} [Thu Aug 17 19:43:51 2023] GET /identity/v3/roles?name=member => generated 339 bytes in 129 msecs (HTTP/1.1 200) 5 headers in 177 bytes (1 switches on core 0)
Aug 17 19:43:51 user devstack@keystone.service[44174]: DEBUG keystone.server.flask.request_processing.middleware.auth_context [None req-b83d52fd-776a-47de-8f22-98541cf6ae11 None admin] Authenticating user token {{(pid=44174) process_request /opt/stack/data/venv/lib/python3.10/site-packages/keystonemiddleware/auth_token/__init__.py:406}}
Aug 17 19:43:51 user devstack@keystone.service[44174]: DEBUG keystone.server.flask.request_processing.middleware.auth_context [None req-b83d52fd-776a-47de-8f22-98541cf6ae11 None admin] Validating token access rules against request {{(pid=44174) validate_allowed_request /opt/stack/data/venv/lib/python3.10/site-packages/keystonemiddleware/auth_token/__init__.py:544}}
Aug 17 19:43:51 user devstack@keystone.service[44173]: DEBUG keystone.server.flask.request_processing.middleware.auth_context [None req-0d5151a2-cea5-47a7-8221-15cc97ebfe06 None admin] Validating token access rules against request {{(pid=44173) validate_allowed_request /opt/stack/data/venv/lib/python3.10/site-packages/keystonemiddleware/auth_token/__init__.py:544}}
Aug 17 19:43:51 user devstack@keystone.service[44174]: DEBUG keystone.server.flask.request_processing.middleware.auth_context [None req-927339de-625a-4255-b464-50dacc31ceff None admin] RBAC: auth_context: {'token': , 'domain_id': None, 'trust_id': None, 'trustor_id': None, 'trustee_id': None, 'domain_name': None, 'group_ids': [], 'user_id': '892adde0ff984825bfda37c543f9ada1', 'user_domain_id': 'default', 'system_scope': 'all', 'project_id': None, 'project_domain_id': None, 'roles': ['admin', 'member', 'reader'], 'is_admin_project': True, 'service_user_id': None, 'service_user_domain_id': None, 'service_project_id': None, 'service_project_domain_id': None, 'service_roles': []} {{(pid=44174) fill_context /opt/stack/keystone/keystone/server/flask/request_processing/middleware/auth_context.py:480}}
Aug 17 19:43:51 user devstack@keystone.service[44174]: DEBUG keystone.server.flask.request_processing.req_logging [None req-927339de-625a-4255-b464-50dacc31ceff None admin] REQUEST_METHOD: `GET` {{(pid=44174) log_request_info /opt/stack/keystone/keystone/server/flask/request_processing/req_logging.py:27}}
Aug 17 19:43:51 user devstack@keystone.service[44173]: DEBUG keystone.server.flask.request_processing.middleware.auth_context [None req-bff80602-0dc8-4ebb-9f75-18fd68076a3a None admin] RBAC: auth_context: {'token': , 'domain_id': None, 'trust_id': None, 'trustor_id': None, 'trustee_id': None, 'domain_name': None, 'group_ids': [], 'user_id': '892adde0ff984825bfda37c543f9ada1', 'user_domain_id': 'default', 'system_scope': 'all', 'project_id': None, 'project_domain_id': None, 'roles': ['admin', 'member', 'reader'], 'is_admin_project': True, 'service_user_id': None, 'service_user_domain_id': None, 'service_project_id': None, 'service_project_domain_id': None, 'service_roles': []} {{(pid=44173) fill_context /opt/stack/keystone/keystone/server/flask/request_processing/middleware/auth_context.py:480}}
Aug 17 19:43:51 user devstack@keystone.service[44174]: DEBUG keystone.server.flask.request_processing.req_logging [None req-927339de-625a-4255-b464-50dacc31ceff None admin] SCRIPT_NAME: `/identity` {{(pid=44174) log_request_info /opt/stack/keystone/keystone/server/flask/request_processing/req_logging.py:28}}
Aug 17 19:43:51 user devstack@keystone.service[44174]: DEBUG keystone.server.flask.request_processing.req_logging [None req-927339de-625a-4255-b464-50dacc31ceff None admin] PATH_INFO: `/v3/users/d8db8196cfe84a6080ad7ae82e6b4fec` {{(pid=44174) log_request_info /opt/stack/keystone/keystone/server/flask/request_processing/req_logging.py:29}}
Aug 17 19:43:51 user devstack@keystone.service[44173]: DEBUG keystone.server.flask.request_processing.req_logging [None req-bff80602-0dc8-4ebb-9f75-18fd68076a3a None admin] REQUEST_METHOD: `GET` {{(pid=44173) log_request_info /opt/stack/keystone/keystone/server/flask/request_processing/req_logging.py:27}}
Aug 17 19:43:51 user devstack@keystone.service[44173]: DEBUG keystone.server.flask.request_processing.req_logging [None req-bff80602-0dc8-4ebb-9f75-18fd68076a3a None admin] SCRIPT_NAME: `/identity` {{(pid=44173) log_request_info /opt/stack/keystone/keystone/server/flask/request_processing/req_logging.py:28}}
Aug 17 19:43:51 user devstack@keystone.service[44173]: DEBUG keystone.server.flask.request_processing.req_logging [None req-bff80602-0dc8-4ebb-9f75-18fd68076a3a None admin] PATH_INFO: `/v3/users/b2f3f933d4374212b4a5f447ad0ac659` {{(pid=44173) log_request_info /opt/stack/keystone/keystone/server/flask/request_processing/req_logging.py:29}}
Aug 17 19:43:51 user devstack@keystone.service[44174]: DEBUG keystone.common.rbac_enforcer.enforcer [None req-927339de-625a-4255-b464-50dacc31ceff None admin] RBAC: Authorizing `identity:get_user(user_id=d8db8196cfe84a6080ad7ae82e6b4fec)` {{(pid=44174) enforce_call /opt/stack/keystone/keystone/common/rbac_enforcer/enforcer.py:449}}
Aug 17 19:43:51 user devstack@keystone.service[44174]: DEBUG keystone.common.rbac_enforcer.enforcer [None req-927339de-625a-4255-b464-50dacc31ceff None admin] RBAC: Authorization granted {{(pid=44174) enforce_call /opt/stack/keystone/keystone/common/rbac_enforcer/enforcer.py:457}}
Aug 17 19:43:51 user devstack@keystone.service[44174]: [pid: 44174|app: 0|req: 77/238] 10.0.0.210 () {56 vars in 1172 bytes} [Thu Aug 17 19:43:51 2023] GET /identity/v3/users/d8db8196cfe84a6080ad7ae82e6b4fec => generated 292 bytes in 120 msecs (HTTP/1.1 200) 5 headers in 177 bytes (1 switches on core 0)
Aug 17 19:43:51 user devstack@keystone.service[44175]: DEBUG keystone.server.flask.request_processing.middleware.auth_context [None req-9c7a753e-152c-48dd-9c2a-27d820497971 None admin] Authenticating user token {{(pid=44175) process_request /opt/stack/data/venv/lib/python3.10/site-packages/keystonemiddleware/auth_token/__init__.py:406}}
Aug 17 19:43:51 user devstack@keystone.service[44173]: DEBUG keystone.common.rbac_enforcer.enforcer [None req-bff80602-0dc8-4ebb-9f75-18fd68076a3a None admin] RBAC: Authorizing `identity:get_user(user_id=b2f3f933d4374212b4a5f447ad0ac659)` {{(pid=44173) enforce_call /opt/stack/keystone/keystone/common/rbac_enforcer/enforcer.py:449}}
Aug 17 19:43:51 user devstack@keystone.service[44173]: DEBUG keystone.common.rbac_enforcer.enforcer [None req-bff80602-0dc8-4ebb-9f75-18fd68076a3a None admin] RBAC: Authorization granted {{(pid=44173) enforce_call /opt/stack/keystone/keystone/common/rbac_enforcer/enforcer.py:457}}
Aug 17 19:43:51 user devstack@keystone.service[44173]: [pid: 44173|app: 0|req: 78/239] 10.0.0.210 () {56 vars in 1172 bytes} [Thu Aug 17 19:43:51 2023] GET /identity/v3/users/b2f3f933d4374212b4a5f447ad0ac659 => generated 292 bytes in 145 msecs (HTTP/1.1 200) 5 headers in 177 bytes (1 switches on core 0)
Aug 17 19:43:51 user devstack@keystone.service[44174]: DEBUG keystone.server.flask.request_processing.middleware.auth_context [None req-927339de-625a-4255-b464-50dacc31ceff None admin] Authenticating user token {{(pid=44174) process_request /opt/stack/data/venv/lib/python3.10/site-packages/keystonemiddleware/auth_token/__init__.py:406}}
Aug 17 19:43:51 user devstack@keystone.service[44175]: DEBUG keystone.server.flask.request_processing.middleware.auth_context [None req-9c7a753e-152c-48dd-9c2a-27d820497971 None admin] Validating token access rules against request {{(pid=44175) validate_allowed_request /opt/stack/data/venv/lib/python3.10/site-packages/keystonemiddleware/auth_token/__init__.py:544}}
Aug 17 19:43:51 user devstack@keystone.service[44174]: DEBUG keystone.server.flask.request_processing.middleware.auth_context [None req-927339de-625a-4255-b464-50dacc31ceff None admin] Validating token access rules against request {{(pid=44174) validate_allowed_request /opt/stack/data/venv/lib/python3.10/site-packages/keystonemiddleware/auth_token/__init__.py:544}}
Aug 17 19:43:51 user devstack@keystone.service[44175]: DEBUG keystone.server.flask.request_processing.middleware.auth_context [None req-6132d2d1-3d82-491d-9fcb-bbcb6a89b6a6 None admin] RBAC: auth_context: {'token': , 'domain_id': None, 'trust_id': None, 'trustor_id': None, 'trustee_id': None, 'domain_name': None, 'group_ids': [], 'user_id': '892adde0ff984825bfda37c543f9ada1', 'user_domain_id': 'default', 'system_scope': 'all', 'project_id': None, 'project_domain_id': None, 'roles': ['admin', 'member', 'reader'], 'is_admin_project': True, 'service_user_id': None, 'service_user_domain_id': None, 'service_project_id': None, 'service_project_domain_id': None, 'service_roles': []} {{(pid=44175) fill_context /opt/stack/keystone/keystone/server/flask/request_processing/middleware/auth_context.py:480}}
Aug 17 19:43:51 user devstack@keystone.service[44175]: DEBUG keystone.server.flask.request_processing.req_logging [None req-6132d2d1-3d82-491d-9fcb-bbcb6a89b6a6 None admin] REQUEST_METHOD: `PUT` {{(pid=44175) log_request_info /opt/stack/keystone/keystone/server/flask/request_processing/req_logging.py:27}}
Aug 17 19:43:51 user devstack@keystone.service[44175]: DEBUG keystone.server.flask.request_processing.req_logging [None req-6132d2d1-3d82-491d-9fcb-bbcb6a89b6a6 None admin] SCRIPT_NAME: `/identity` {{(pid=44175) log_request_info /opt/stack/keystone/keystone/server/flask/request_processing/req_logging.py:28}}
Aug 17 19:43:51 user devstack@keystone.service[44175]: DEBUG keystone.server.flask.request_processing.req_logging [None req-6132d2d1-3d82-491d-9fcb-bbcb6a89b6a6 None admin] PATH_INFO: `/v3/system/users/d8db8196cfe84a6080ad7ae82e6b4fec/roles/701f75de513248bd9921fb50bbb6ae48` {{(pid=44175) log_request_info /opt/stack/keystone/keystone/server/flask/request_processing/req_logging.py:29}}
Aug 17 19:43:51 user devstack@keystone.service[44175]: DEBUG keystone.common.rbac_enforcer.enforcer [None req-6132d2d1-3d82-491d-9fcb-bbcb6a89b6a6 None admin] RBAC: Authorizing `identity:create_system_grant_for_user(user_id=d8db8196cfe84a6080ad7ae82e6b4fec, role_id=701f75de513248bd9921fb50bbb6ae48)` {{(pid=44175) enforce_call /opt/stack/keystone/keystone/common/rbac_enforcer/enforcer.py:449}}
Aug 17 19:43:51 user devstack@keystone.service[44175]: DEBUG keystone.common.rbac_enforcer.enforcer [None req-6132d2d1-3d82-491d-9fcb-bbcb6a89b6a6 None admin] RBAC: Authorization granted {{(pid=44175) enforce_call /opt/stack/keystone/keystone/common/rbac_enforcer/enforcer.py:457}}
Aug 17 19:43:51 user devstack@keystone.service[44175]: [pid: 44175|app: 0|req: 85/240] 10.0.0.210 () {58 vars in 1329 bytes} [Thu Aug 17 19:43:51 2023] PUT /identity/v3/system/users/d8db8196cfe84a6080ad7ae82e6b4fec/roles/701f75de513248bd9921fb50bbb6ae48 => generated 0 bytes in 131 msecs (HTTP/1.1 204) 3 headers in 132 bytes (0 switches on core 0)
Aug 17 19:43:51 user devstack@keystone.service[44174]: DEBUG keystone.server.flask.request_processing.middleware.auth_context [None req-97e778ef-c32d-4bb6-8c12-9f267a7f5e38 None admin] RBAC: auth_context: {'token': , 'domain_id': None, 'trust_id': None, 'trustor_id': None, 'trustee_id': None, 'domain_name': None, 'group_ids': [], 'user_id': '892adde0ff984825bfda37c543f9ada1', 'user_domain_id': 'default', 'system_scope': 'all', 'project_id': None, 'project_domain_id': None, 'roles': ['admin', 'member', 'reader'], 'is_admin_project': True, 'service_user_id': None, 'service_user_domain_id': None, 'service_project_id': None, 'service_project_domain_id': None, 'service_roles': []} {{(pid=44174) fill_context /opt/stack/keystone/keystone/server/flask/request_processing/middleware/auth_context.py:480}}
Aug 17 19:43:51 user devstack@keystone.service[44174]: DEBUG keystone.server.flask.request_processing.req_logging [None req-97e778ef-c32d-4bb6-8c12-9f267a7f5e38 None admin] REQUEST_METHOD: `GET` {{(pid=44174) log_request_info /opt/stack/keystone/keystone/server/flask/request_processing/req_logging.py:27}}
Aug 17 19:43:51 user devstack@keystone.service[44174]: DEBUG keystone.server.flask.request_processing.req_logging [None req-97e778ef-c32d-4bb6-8c12-9f267a7f5e38 None admin] SCRIPT_NAME: `/identity` {{(pid=44174) log_request_info /opt/stack/keystone/keystone/server/flask/request_processing/req_logging.py:28}}
Aug 17 19:43:51 user devstack@keystone.service[44174]: DEBUG keystone.server.flask.request_processing.req_logging [None req-97e778ef-c32d-4bb6-8c12-9f267a7f5e38 None admin] PATH_INFO: `/v3/role_assignments` {{(pid=44174) log_request_info /opt/stack/keystone/keystone/server/flask/request_processing/req_logging.py:29}}
Aug 17 19:43:51 user devstack@keystone.service[44174]: DEBUG keystone.common.rbac_enforcer.enforcer [None req-97e778ef-c32d-4bb6-8c12-9f267a7f5e38 None admin] RBAC: Adding query filter params (role.id=363429bcf60048708c399cb9cf6300ac, user.id=b2f3f933d4374212b4a5f447ad0ac659, scope.system=all) {{(pid=44174) _extract_filter_values /opt/stack/keystone/keystone/common/rbac_enforcer/enforcer.py:167}}
Aug 17 19:43:51 user devstack@keystone.service[44174]: DEBUG keystone.common.rbac_enforcer.enforcer [None req-97e778ef-c32d-4bb6-8c12-9f267a7f5e38 None admin] RBAC: Authorizing `identity:list_role_assignments()` {{(pid=44174) enforce_call /opt/stack/keystone/keystone/common/rbac_enforcer/enforcer.py:449}}
Aug 17 19:43:51 user devstack@keystone.service[44174]: DEBUG keystone.common.rbac_enforcer.enforcer [None req-97e778ef-c32d-4bb6-8c12-9f267a7f5e38 None admin] RBAC: Authorization granted {{(pid=44174) enforce_call /opt/stack/keystone/keystone/common/rbac_enforcer/enforcer.py:457}}
Aug 17 19:43:51 user devstack@keystone.service[44174]: [pid: 44174|app: 0|req: 78/241] 10.0.0.210 () {56 vars in 1303 bytes} [Thu Aug 17 19:43:51 2023] GET /identity/v3/role_assignments?user.id=b2f3f933d4374212b4a5f447ad0ac659&scope.system=all&role.id=363429bcf60048708c399cb9cf6300ac => generated 225 bytes in 139 msecs (HTTP/1.1 200) 5 headers in 177 bytes (1 switches on core 0)
Aug 17 19:43:52 user devstack@keystone.service[44173]: DEBUG keystone.server.flask.request_processing.req_logging [None req-6fc2f60e-b729-488a-b426-2f726972c6cc None None] REQUEST_METHOD: `GET` {{(pid=44173) log_request_info /opt/stack/keystone/keystone/server/flask/request_processing/req_logging.py:27}}
Aug 17 19:43:52 user devstack@keystone.service[44173]: DEBUG keystone.server.flask.request_processing.req_logging [None req-6fc2f60e-b729-488a-b426-2f726972c6cc None None] SCRIPT_NAME: `/identity` {{(pid=44173) log_request_info /opt/stack/keystone/keystone/server/flask/request_processing/req_logging.py:28}}
Aug 17 19:43:52 user devstack@keystone.service[44173]: DEBUG keystone.server.flask.request_processing.req_logging [None req-6fc2f60e-b729-488a-b426-2f726972c6cc None None] PATH_INFO: `/` {{(pid=44173) log_request_info /opt/stack/keystone/keystone/server/flask/request_processing/req_logging.py:29}}
Aug 17 19:43:52 user devstack@keystone.service[44173]: [pid: 44173|app: 0|req: 79/242] 10.0.0.210 () {54 vars in 921 bytes} [Thu Aug 17 19:43:52 2023] GET /identity => generated 269 bytes in 3 msecs (HTTP/1.1 300) 6 headers in 233 bytes (1 switches on core 0)
Aug 17 19:43:52 user devstack@keystone.service[44175]: DEBUG keystone.server.flask.request_processing.req_logging [None req-ce93d8f1-0c95-4fb6-b26d-b8de69db9c58 None None] REQUEST_METHOD: `POST` {{(pid=44175) log_request_info /opt/stack/keystone/keystone/server/flask/request_processing/req_logging.py:27}}
Aug 17 19:43:52 user devstack@keystone.service[44175]: DEBUG keystone.server.flask.request_processing.req_logging [None req-ce93d8f1-0c95-4fb6-b26d-b8de69db9c58 None None] SCRIPT_NAME: `/identity` {{(pid=44175) log_request_info /opt/stack/keystone/keystone/server/flask/request_processing/req_logging.py:28}}
Aug 17 19:43:52 user devstack@keystone.service[44175]: DEBUG keystone.server.flask.request_processing.req_logging [None req-ce93d8f1-0c95-4fb6-b26d-b8de69db9c58 None None] PATH_INFO: `/v3/auth/tokens` {{(pid=44175) log_request_info /opt/stack/keystone/keystone/server/flask/request_processing/req_logging.py:29}}
Aug 17 19:43:52 user devstack@keystone.service[44175]: WARNING keystone.common.password_hashing [None req-ce93d8f1-0c95-4fb6-b26d-b8de69db9c58 None None] Truncating password to algorithm specific maximum length 72 characters.
Aug 17 19:43:52 user devstack@keystone.service[44175]: DEBUG keystone.auth.core [None req-ce93d8f1-0c95-4fb6-b26d-b8de69db9c58 None None] MFA Rules not processed for user `892adde0ff984825bfda37c543f9ada1`. Rule list: `[]` (Enabled: `True`). {{(pid=44175) check_auth_methods_against_rules /opt/stack/keystone/keystone/auth/core.py:438}}
Aug 17 19:43:52 user devstack@keystone.service[44175]: DEBUG keystone.common.fernet_utils [None req-ce93d8f1-0c95-4fb6-b26d-b8de69db9c58 None None] Loaded 2 Fernet keys from /etc/keystone/fernet-keys/, but `[fernet_tokens] max_active_keys = 3`; perhaps there have not been enough key rotations to reach `max_active_keys` yet? {{(pid=44175) load_keys /opt/stack/keystone/keystone/common/fernet_utils.py:286}}
Aug 17 19:43:52 user devstack@keystone.service[44175]: [pid: 44175|app: 0|req: 86/243] 10.0.0.210 () {58 vars in 1018 bytes} [Thu Aug 17 19:43:52 2023] POST /identity/v3/auth/tokens => generated 798 bytes in 75 msecs (HTTP/1.1 201) 6 headers in 363 bytes (1 switches on core 0)
Aug 17 19:43:53 user devstack@keystone.service[44174]: DEBUG keystone.server.flask.request_processing.req_logging [None req-c74128a7-506f-429f-8280-f1800c1d1e50 None None] REQUEST_METHOD: `GET` {{(pid=44174) log_request_info /opt/stack/keystone/keystone/server/flask/request_processing/req_logging.py:27}}
Aug 17 19:43:53 user devstack@keystone.service[44174]: DEBUG keystone.server.flask.request_processing.req_logging [None req-c74128a7-506f-429f-8280-f1800c1d1e50 None None] SCRIPT_NAME: `/identity` {{(pid=44174) log_request_info /opt/stack/keystone/keystone/server/flask/request_processing/req_logging.py:28}}
Aug 17 19:43:53 user devstack@keystone.service[44174]: DEBUG keystone.server.flask.request_processing.req_logging [None req-c74128a7-506f-429f-8280-f1800c1d1e50 None None] PATH_INFO: `/` {{(pid=44174) log_request_info /opt/stack/keystone/keystone/server/flask/request_processing/req_logging.py:29}}
Aug 17 19:43:53 user devstack@keystone.service[44174]: [pid: 44174|app: 0|req: 79/244] 10.0.0.210 () {54 vars in 921 bytes} [Thu Aug 17 19:43:53 2023] GET /identity => generated 269 bytes in 5 msecs (HTTP/1.1 300) 6 headers in 233 bytes (1 switches on core 0)
Aug 17 19:43:53 user devstack@keystone.service[44173]: DEBUG keystone.server.flask.request_processing.req_logging [None req-cb3d34a4-398c-4d9a-afd5-c7c86b71654b None None] REQUEST_METHOD: `POST` {{(pid=44173) log_request_info /opt/stack/keystone/keystone/server/flask/request_processing/req_logging.py:27}}
Aug 17 19:43:53 user devstack@keystone.service[44173]: DEBUG keystone.server.flask.request_processing.req_logging [None req-cb3d34a4-398c-4d9a-afd5-c7c86b71654b None None] SCRIPT_NAME: `/identity` {{(pid=44173) log_request_info /opt/stack/keystone/keystone/server/flask/request_processing/req_logging.py:28}}
Aug 17 19:43:53 user devstack@keystone.service[44173]: DEBUG keystone.server.flask.request_processing.req_logging [None req-cb3d34a4-398c-4d9a-afd5-c7c86b71654b None None] PATH_INFO: `/v3/auth/tokens` {{(pid=44173) log_request_info /opt/stack/keystone/keystone/server/flask/request_processing/req_logging.py:29}}
Aug 17 19:43:53 user devstack@keystone.service[44173]: WARNING keystone.common.password_hashing [None req-cb3d34a4-398c-4d9a-afd5-c7c86b71654b None None] Truncating password to algorithm specific maximum length 72 characters.
Aug 17 19:43:53 user devstack@keystone.service[44173]: DEBUG keystone.auth.core [None req-cb3d34a4-398c-4d9a-afd5-c7c86b71654b None None] MFA Rules not processed for user `892adde0ff984825bfda37c543f9ada1`. Rule list: `[]` (Enabled: `True`). {{(pid=44173) check_auth_methods_against_rules /opt/stack/keystone/keystone/auth/core.py:438}}
Aug 17 19:43:53 user devstack@keystone.service[44173]: DEBUG keystone.common.fernet_utils [None req-cb3d34a4-398c-4d9a-afd5-c7c86b71654b None None] Loaded 2 Fernet keys from /etc/keystone/fernet-keys/, but `[fernet_tokens] max_active_keys = 3`; perhaps there have not been enough key rotations to reach `max_active_keys` yet? {{(pid=44173) load_keys /opt/stack/keystone/keystone/common/fernet_utils.py:286}}
Aug 17 19:43:53 user devstack@keystone.service[44175]: DEBUG keystone.server.flask.request_processing.req_logging [None req-ae8710ad-bf3a-407a-bbc7-76af9fadcd82 None None] REQUEST_METHOD: `GET` {{(pid=44175) log_request_info /opt/stack/keystone/keystone/server/flask/request_processing/req_logging.py:27}}
Aug 17 19:43:53 user devstack@keystone.service[44175]: DEBUG keystone.server.flask.request_processing.req_logging [None req-ae8710ad-bf3a-407a-bbc7-76af9fadcd82 None None] SCRIPT_NAME: `/identity` {{(pid=44175) log_request_info /opt/stack/keystone/keystone/server/flask/request_processing/req_logging.py:28}}
Aug 17 19:43:53 user devstack@keystone.service[44175]: DEBUG keystone.server.flask.request_processing.req_logging [None req-ae8710ad-bf3a-407a-bbc7-76af9fadcd82 None None] PATH_INFO: `/` {{(pid=44175) log_request_info /opt/stack/keystone/keystone/server/flask/request_processing/req_logging.py:29}}
Aug 17 19:43:53 user devstack@keystone.service[44175]: [pid: 44175|app: 0|req: 87/245] 10.0.0.210 () {54 vars in 921 bytes} [Thu Aug 17 19:43:53 2023] GET /identity => generated 269 bytes in 2 msecs (HTTP/1.1 300) 6 headers in 233 bytes (1 switches on core 0)
Aug 17 19:43:53 user devstack@keystone.service[44174]: DEBUG keystone.server.flask.request_processing.req_logging [None req-96572539-47ff-454e-b171-8f75445b078b None None] REQUEST_METHOD: `POST` {{(pid=44174) log_request_info /opt/stack/keystone/keystone/server/flask/request_processing/req_logging.py:27}}
Aug 17 19:43:53 user devstack@keystone.service[44174]: DEBUG keystone.server.flask.request_processing.req_logging [None req-96572539-47ff-454e-b171-8f75445b078b None None] SCRIPT_NAME: `/identity` {{(pid=44174) log_request_info /opt/stack/keystone/keystone/server/flask/request_processing/req_logging.py:28}}
Aug 17 19:43:53 user devstack@keystone.service[44174]: DEBUG keystone.server.flask.request_processing.req_logging [None req-96572539-47ff-454e-b171-8f75445b078b None None] PATH_INFO: `/v3/auth/tokens` {{(pid=44174) log_request_info /opt/stack/keystone/keystone/server/flask/request_processing/req_logging.py:29}}
Aug 17 19:43:53 user devstack@keystone.service[44175]: DEBUG keystone.server.flask.request_processing.middleware.auth_context [None req-ae8710ad-bf3a-407a-bbc7-76af9fadcd82 None None] Authenticating user token {{(pid=44175) process_request /opt/stack/data/venv/lib/python3.10/site-packages/keystonemiddleware/auth_token/__init__.py:406}}
Aug 17 19:43:53 user devstack@keystone.service[44174]: WARNING keystone.common.password_hashing [None req-96572539-47ff-454e-b171-8f75445b078b None None] Truncating password to algorithm specific maximum length 72 characters.
Aug 17 19:43:53 user devstack@keystone.service[44174]: DEBUG keystone.auth.core [None req-96572539-47ff-454e-b171-8f75445b078b None None] MFA Rules not processed for user `892adde0ff984825bfda37c543f9ada1`. Rule list: `[]` (Enabled: `True`). {{(pid=44174) check_auth_methods_against_rules /opt/stack/keystone/keystone/auth/core.py:438}}
Aug 17 19:43:53 user devstack@keystone.service[44174]: DEBUG keystone.common.fernet_utils [None req-96572539-47ff-454e-b171-8f75445b078b None None] Loaded 2 Fernet keys from /etc/keystone/fernet-keys/, but `[fernet_tokens] max_active_keys = 3`; perhaps there have not been enough key rotations to reach `max_active_keys` yet? {{(pid=44174) load_keys /opt/stack/keystone/keystone/common/fernet_utils.py:286}}
Aug 17 19:43:53 user devstack@keystone.service[44173]: [pid: 44173|app: 0|req: 80/246] 10.0.0.210 () {58 vars in 1018 bytes} [Thu Aug 17 19:43:53 2023] POST /identity/v3/auth/tokens => generated 798 bytes in 77 msecs (HTTP/1.1 201) 6 headers in 363 bytes (1 switches on core 0)
Aug 17 19:43:53 user devstack@keystone.service[44174]: [pid: 44174|app: 0|req: 80/247] 10.0.0.210 () {58 vars in 1018 bytes} [Thu Aug 17 19:43:53 2023] POST /identity/v3/auth/tokens => generated 798 bytes in 83 msecs (HTTP/1.1 201) 6 headers in 363 bytes (1 switches on core 0)
Aug 17 19:43:53 user devstack@keystone.service[44175]: DEBUG keystone.server.flask.request_processing.middleware.auth_context [None req-ae8710ad-bf3a-407a-bbc7-76af9fadcd82 None None] Validating token access rules against request {{(pid=44175) validate_allowed_request /opt/stack/data/venv/lib/python3.10/site-packages/keystonemiddleware/auth_token/__init__.py:544}}
Aug 17 19:43:53 user devstack@keystone.service[44175]: DEBUG keystone.server.flask.request_processing.middleware.auth_context [None req-e05540e4-8fc3-4df5-93b1-71a33a9440e5 None admin] RBAC: auth_context: {'token': , 'domain_id': None, 'trust_id': None, 'trustor_id': None, 'trustee_id': None, 'domain_name': None, 'group_ids': [], 'user_id': '892adde0ff984825bfda37c543f9ada1', 'user_domain_id': 'default', 'system_scope': 'all', 'project_id': None, 'project_domain_id': None, 'roles': ['admin', 'member', 'reader'], 'is_admin_project': True, 'service_user_id': None, 'service_user_domain_id': None, 'service_project_id': None, 'service_project_domain_id': None, 'service_roles': []} {{(pid=44175) fill_context /opt/stack/keystone/keystone/server/flask/request_processing/middleware/auth_context.py:480}}
Aug 17 19:43:53 user devstack@keystone.service[44175]: DEBUG keystone.server.flask.request_processing.req_logging [None req-e05540e4-8fc3-4df5-93b1-71a33a9440e5 None admin] REQUEST_METHOD: `GET` {{(pid=44175) log_request_info /opt/stack/keystone/keystone/server/flask/request_processing/req_logging.py:27}}
Aug 17 19:43:53 user devstack@keystone.service[44175]: DEBUG keystone.server.flask.request_processing.req_logging [None req-e05540e4-8fc3-4df5-93b1-71a33a9440e5 None admin] SCRIPT_NAME: `/identity` {{(pid=44175) log_request_info /opt/stack/keystone/keystone/server/flask/request_processing/req_logging.py:28}}
Aug 17 19:43:53 user devstack@keystone.service[44175]: DEBUG keystone.server.flask.request_processing.req_logging [None req-e05540e4-8fc3-4df5-93b1-71a33a9440e5 None admin] PATH_INFO: `/v3/domains/default` {{(pid=44175) log_request_info /opt/stack/keystone/keystone/server/flask/request_processing/req_logging.py:29}}
Aug 17 19:43:53 user devstack@keystone.service[44175]: DEBUG keystone.common.rbac_enforcer.enforcer [None req-e05540e4-8fc3-4df5-93b1-71a33a9440e5 None admin] RBAC: Authorizing `identity:get_domain(domain_id=default)` {{(pid=44175) enforce_call /opt/stack/keystone/keystone/common/rbac_enforcer/enforcer.py:449}}
Aug 17 19:43:53 user devstack@keystone.service[44175]: DEBUG keystone.common.rbac_enforcer.enforcer [None req-e05540e4-8fc3-4df5-93b1-71a33a9440e5 None admin] RBAC: Authorization granted {{(pid=44175) enforce_call /opt/stack/keystone/keystone/common/rbac_enforcer/enforcer.py:457}}
Aug 17 19:43:53 user devstack@keystone.service[44175]: [pid: 44175|app: 0|req: 88/248] 10.0.0.210 () {56 vars in 1103 bytes} [Thu Aug 17 19:43:53 2023] GET /identity/v3/domains/default => generated 198 bytes in 120 msecs (HTTP/1.1 200) 5 headers in 177 bytes (1 switches on core 0)
Aug 17 19:43:53 user devstack@keystone.service[44173]: DEBUG keystone.server.flask.request_processing.middleware.auth_context [None req-cb3d34a4-398c-4d9a-afd5-c7c86b71654b None None] Authenticating user token {{(pid=44173) process_request /opt/stack/data/venv/lib/python3.10/site-packages/keystonemiddleware/auth_token/__init__.py:406}}
Aug 17 19:43:53 user devstack@keystone.service[44173]: DEBUG keystone.server.flask.request_processing.middleware.auth_context [None req-cb3d34a4-398c-4d9a-afd5-c7c86b71654b None None] Validating token access rules against request {{(pid=44173) validate_allowed_request /opt/stack/data/venv/lib/python3.10/site-packages/keystonemiddleware/auth_token/__init__.py:544}}
Aug 17 19:43:53 user devstack@keystone.service[44174]: DEBUG keystone.server.flask.request_processing.middleware.auth_context [None req-96572539-47ff-454e-b171-8f75445b078b None None] Authenticating user token {{(pid=44174) process_request /opt/stack/data/venv/lib/python3.10/site-packages/keystonemiddleware/auth_token/__init__.py:406}}
Aug 17 19:43:53 user devstack@keystone.service[44173]: DEBUG keystone.server.flask.request_processing.middleware.auth_context [None req-6225e736-fedf-4b59-8e10-234eec5fad84 None admin] RBAC: auth_context: {'token': , 'domain_id': None, 'trust_id': None, 'trustor_id': None, 'trustee_id': None, 'domain_name': None, 'group_ids': [], 'user_id': '892adde0ff984825bfda37c543f9ada1', 'user_domain_id': 'default', 'system_scope': 'all', 'project_id': None, 'project_domain_id': None, 'roles': ['admin', 'member', 'reader'], 'is_admin_project': True, 'service_user_id': None, 'service_user_domain_id': None, 'service_project_id': None, 'service_project_domain_id': None, 'service_roles': []} {{(pid=44173) fill_context /opt/stack/keystone/keystone/server/flask/request_processing/middleware/auth_context.py:480}}
Aug 17 19:43:53 user devstack@keystone.service[44173]: DEBUG keystone.server.flask.request_processing.req_logging [None req-6225e736-fedf-4b59-8e10-234eec5fad84 None admin] REQUEST_METHOD: `POST` {{(pid=44173) log_request_info /opt/stack/keystone/keystone/server/flask/request_processing/req_logging.py:27}}
Aug 17 19:43:53 user devstack@keystone.service[44173]: DEBUG keystone.server.flask.request_processing.req_logging [None req-6225e736-fedf-4b59-8e10-234eec5fad84 None admin] SCRIPT_NAME: `/identity` {{(pid=44173) log_request_info /opt/stack/keystone/keystone/server/flask/request_processing/req_logging.py:28}}
Aug 17 19:43:53 user devstack@keystone.service[44173]: DEBUG keystone.server.flask.request_processing.req_logging [None req-6225e736-fedf-4b59-8e10-234eec5fad84 None admin] PATH_INFO: `/v3/groups` {{(pid=44173) log_request_info /opt/stack/keystone/keystone/server/flask/request_processing/req_logging.py:29}}
Aug 17 19:43:53 user devstack@keystone.service[44173]: DEBUG keystone.common.rbac_enforcer.enforcer [None req-6225e736-fedf-4b59-8e10-234eec5fad84 None admin] RBAC: Authorizing `identity:create_group()` {{(pid=44173) enforce_call /opt/stack/keystone/keystone/common/rbac_enforcer/enforcer.py:449}}
Aug 17 19:43:53 user devstack@keystone.service[44173]: DEBUG keystone.common.rbac_enforcer.enforcer [None req-6225e736-fedf-4b59-8e10-234eec5fad84 None admin] RBAC: Authorization granted {{(pid=44173) enforce_call /opt/stack/keystone/keystone/common/rbac_enforcer/enforcer.py:457}}
Aug 17 19:43:53 user devstack@keystone.service[44173]: [pid: 44173|app: 0|req: 81/249] 10.0.0.210 () {60 vars in 1129 bytes} [Thu Aug 17 19:43:53 2023] POST /identity/v3/groups => generated 225 bytes in 131 msecs (HTTP/1.1 201) 5 headers in 182 bytes (1 switches on core 0)
Aug 17 19:43:53 user devstack@keystone.service[44175]: DEBUG keystone.server.flask.request_processing.middleware.auth_context [None req-e05540e4-8fc3-4df5-93b1-71a33a9440e5 None admin] Authenticating user token {{(pid=44175) process_request /opt/stack/data/venv/lib/python3.10/site-packages/keystonemiddleware/auth_token/__init__.py:406}}
Aug 17 19:43:53 user devstack@keystone.service[44174]: DEBUG keystone.server.flask.request_processing.middleware.auth_context [None req-96572539-47ff-454e-b171-8f75445b078b None None] Validating token access rules against request {{(pid=44174) validate_allowed_request /opt/stack/data/venv/lib/python3.10/site-packages/keystonemiddleware/auth_token/__init__.py:544}}
Aug 17 19:43:53 user devstack@keystone.service[44174]: DEBUG keystone.server.flask.request_processing.middleware.auth_context [None req-0a59f8ca-f528-4aad-99b5-ca236d50b7ee None admin] RBAC: auth_context: {'token': , 'domain_id': None, 'trust_id': None, 'trustor_id': None, 'trustee_id': None, 'domain_name': None, 'group_ids': [], 'user_id': '892adde0ff984825bfda37c543f9ada1', 'user_domain_id': 'default', 'system_scope': 'all', 'project_id': None, 'project_domain_id': None, 'roles': ['admin', 'member', 'reader'], 'is_admin_project': True, 'service_user_id': None, 'service_user_domain_id': None, 'service_project_id': None, 'service_project_domain_id': None, 'service_roles': []} {{(pid=44174) fill_context /opt/stack/keystone/keystone/server/flask/request_processing/middleware/auth_context.py:480}}
Aug 17 19:43:53 user devstack@keystone.service[44174]: DEBUG keystone.server.flask.request_processing.req_logging [None req-0a59f8ca-f528-4aad-99b5-ca236d50b7ee None admin] REQUEST_METHOD: `GET` {{(pid=44174) log_request_info /opt/stack/keystone/keystone/server/flask/request_processing/req_logging.py:27}}
Aug 17 19:43:53 user devstack@keystone.service[44174]: DEBUG keystone.server.flask.request_processing.req_logging [None req-0a59f8ca-f528-4aad-99b5-ca236d50b7ee None admin] SCRIPT_NAME: `/identity` {{(pid=44174) log_request_info /opt/stack/keystone/keystone/server/flask/request_processing/req_logging.py:28}}
Aug 17 19:43:53 user devstack@keystone.service[44174]: DEBUG keystone.server.flask.request_processing.req_logging [None req-0a59f8ca-f528-4aad-99b5-ca236d50b7ee None admin] PATH_INFO: `/v3/roles/reader` {{(pid=44174) log_request_info /opt/stack/keystone/keystone/server/flask/request_processing/req_logging.py:29}}
Aug 17 19:43:53 user devstack@keystone.service[44174]: DEBUG keystone.common.rbac_enforcer.enforcer [None req-0a59f8ca-f528-4aad-99b5-ca236d50b7ee None admin] Extracting inferred target data resulted in "NOT FOUND (404)". {{(pid=44174) enforce_call /opt/stack/keystone/keystone/common/rbac_enforcer/enforcer.py:409}}
Aug 17 19:43:53 user devstack@keystone.service[44174]: ERROR keystone.server.flask.application [None req-0a59f8ca-f528-4aad-99b5-ca236d50b7ee None admin] Could not find role: reader.: keystone.exception.RoleNotFound: Could not find role: reader.
Aug 17 19:43:53 user devstack@keystone.service[44174]: ERROR keystone.server.flask.application
Traceback (most recent call last):
Aug 17 19:43:53 user devstack@keystone.service[44174]: ERROR keystone.server.flask.application
File "/opt/stack/data/venv/lib/python3.10/site-packages/flask/app.py", line 1823, in full_dispatch_request
Aug 17 19:43:53 user devstack@keystone.service[44174]: ERROR keystone.server.flask.application rv = self.dispatch_request()
Aug 17 19:43:53 user devstack@keystone.service[44174]: ERROR keystone.server.flask.application
File "/opt/stack/data/venv/lib/python3.10/site-packages/flask/app.py", line 1799, in dispatch_request
Aug 17 19:43:53 user devstack@keystone.service[44174]: ERROR keystone.server.flask.application return self.ensure_sync(self.view_functions[rule.endpoint])(**view_args)
Aug 17 19:43:53 user devstack@keystone.service[44174]: ERROR keystone.server.flask.application
File "/opt/stack/data/venv/lib/python3.10/site-packages/flask_restful/__init__.py", line 467, in wrapper
Aug 17 19:43:53 user devstack@keystone.service[44174]: ERROR keystone.server.flask.application resp = resource(*args, **kwargs)
Aug 17 19:43:53 user devstack@keystone.service[44174]: ERROR keystone.server.flask.application
File "/opt/stack/data/venv/lib/python3.10/site-packages/flask/views.py", line 107, in view
Aug 17 19:43:53 user devstack@keystone.service[44174]: ERROR keystone.server.flask.application return current_app.ensure_sync(self.dispatch_request)(**kwargs)
Aug 17 19:43:53 user devstack@keystone.service[44174]: ERROR keystone.server.flask.application
File "/opt/stack/data/venv/lib/python3.10/site-packages/flask_restful/__init__.py", line 582, in dispatch_request
Aug 17 19:43:53 user devstack@keystone.service[44174]: ERROR keystone.server.flask.application resp = meth(*args, **kwargs)
Aug 17 19:43:53 user devstack@keystone.service[44174]: ERROR keystone.server.flask.application
File "/opt/stack/keystone/keystone/api/roles.py", line 50, in get
Aug 17 19:43:53 user devstack@keystone.service[44174]: ERROR keystone.server.flask.application return self._get_role(role_id)
Aug 17 19:43:53 user devstack@keystone.service[44174]: ERROR keystone.server.flask.application
File "/opt/stack/keystone/keystone/api/roles.py", line 70, in _get_role
Aug 17 19:43:53 user devstack@keystone.service[44174]: ERROR keystone.server.flask.application ENFORCER.enforce_call(action='identity:get_role')
Aug 17 19:43:53 user devstack@keystone.service[44174]: ERROR keystone.server.flask.application
File "/opt/stack/keystone/keystone/common/rbac_enforcer/enforcer.py", line 402, in enforce_call
Aug 17 19:43:53 user devstack@keystone.service[44174]: ERROR keystone.server.flask.application policy_dict.update(cls._extract_member_target_data(
Aug 17 19:43:53 user devstack@keystone.service[44174]: ERROR keystone.server.flask.application
File "/opt/stack/keystone/keystone/common/rbac_enforcer/enforcer.py", line 234, in _extract_member_target_data
Aug 17 19:43:53 user devstack@keystone.service[44174]: ERROR keystone.server.flask.application member_name: func(flask.request.view_args[key])
Aug 17 19:43:53 user devstack@keystone.service[44174]: ERROR keystone.server.flask.application
File "/opt/stack/keystone/keystone/common/manager.py", line 115, in wrapped
Aug 17 19:43:53 user devstack@keystone.service[44174]: ERROR keystone.server.flask.application __ret_val = __f(*args, **kwargs)
Aug 17 19:43:53 user devstack@keystone.service[44174]: ERROR keystone.server.flask.application
File "/opt/stack/data/venv/lib/python3.10/site-packages/decorator.py", line 232, in fun
Aug 17 19:43:53 user devstack@keystone.service[44174]: ERROR keystone.server.flask.application return caller(func, *(extras + args), **kw)
Aug 17 19:43:53 user devstack@keystone.service[44174]: ERROR keystone.server.flask.application
File "/opt/stack/data/venv/lib/python3.10/site-packages/dogpile/cache/region.py", line 1577, in get_or_create_for_user_func
Aug 17 19:43:53 user devstack@keystone.service[44174]: ERROR keystone.server.flask.application return self.get_or_create(
Aug 17 19:43:53 user devstack@keystone.service[44174]: ERROR keystone.server.flask.application
File "/opt/stack/data/venv/lib/python3.10/site-packages/dogpile/cache/region.py", line 1042, in get_or_create
Aug 17 19:43:53 user devstack@keystone.service[44174]: ERROR keystone.server.flask.application with Lock(
Aug 17 19:43:53 user devstack@keystone.service[44174]: ERROR keystone.server.flask.application
File "/opt/stack/data/venv/lib/python3.10/site-packages/dogpile/lock.py", line 185, in __enter__
Aug 17 19:43:53 user devstack@keystone.service[44174]: ERROR keystone.server.flask.application return self._enter()
Aug 17 19:43:53 user devstack@keystone.service[44174]: ERROR keystone.server.flask.application
File "/opt/stack/data/venv/lib/python3.10/site-packages/dogpile/lock.py", line 94, in _enter
Aug 17 19:43:53 user devstack@keystone.service[44174]: ERROR keystone.server.flask.application generated = self._enter_create(value, createdtime)
Aug 17 19:43:53 user devstack@keystone.service[44174]: ERROR keystone.server.flask.application
File "/opt/stack/data/venv/lib/python3.10/site-packages/dogpile/lock.py", line 178, in _enter_create
Aug 17 19:43:53 user devstack@keystone.service[44174]: ERROR keystone.server.flask.application return self.creator()
Aug 17 19:43:53 user devstack@keystone.service[44174]: ERROR keystone.server.flask.application
File "/opt/stack/data/venv/lib/python3.10/site-packages/dogpile/cache/region.py", line 995, in gen_value
Aug 17 19:43:53 user devstack@keystone.service[44174]: ERROR keystone.server.flask.application created_value = creator(
Aug 17 19:43:53 user devstack@keystone.service[44174]: ERROR keystone.server.flask.application
File "/opt/stack/keystone/keystone/assignment/core.py", line 1276, in get_role
Aug 17 19:43:53 user devstack@keystone.service[44174]: ERROR keystone.server.flask.application return self.driver.get_role(role_id)
Aug 17 19:43:53 user devstack@keystone.service[44174]: ERROR keystone.server.flask.application
File "/opt/stack/keystone/keystone/assignment/role_backends/sql.py", line 70, in get_role
Aug 17 19:43:53 user devstack@keystone.service[44174]: ERROR keystone.server.flask.application return self._get_role(session, role_id).to_dict()
Aug 17 19:43:53 user devstack@keystone.service[44174]: ERROR keystone.server.flask.application
File "/opt/stack/keystone/keystone/assignment/role_backends/sql.py", line 65, in _get_role
Aug 17 19:43:53 user devstack@keystone.service[44174]: ERROR keystone.server.flask.application raise exception.RoleNotFound(role_id=role_id)
Aug 17 19:43:53 user devstack@keystone.service[44174]: ERROR keystone.server.flask.application keystone.exception.RoleNotFound: Could not find role: reader.
Aug 17 19:43:53 user devstack@keystone.service[44174]: ERROR keystone.server.flask.application
Aug 17 19:43:53 user devstack@keystone.service[44174]: [pid: 44174|app: 0|req: 81/250] 10.0.0.210 () {56 vars in 1094 bytes} [Thu Aug 17 19:43:53 2023] GET /identity/v3/roles/reader => generated 84 bytes in 143 msecs (HTTP/1.1 404) 5 headers in 183 bytes (1 switches on core 0)
Aug 17 19:43:53 user devstack@keystone.service[44175]: DEBUG keystone.server.flask.request_processing.middleware.auth_context [None req-e05540e4-8fc3-4df5-93b1-71a33a9440e5 None admin] Validating token access rules against request {{(pid=44175) validate_allowed_request /opt/stack/data/venv/lib/python3.10/site-packages/keystonemiddleware/auth_token/__init__.py:544}}
Aug 17 19:43:53 user devstack@keystone.service[44173]: DEBUG keystone.server.flask.request_processing.middleware.auth_context [None req-6225e736-fedf-4b59-8e10-234eec5fad84 None admin] Authenticating user token {{(pid=44173) process_request /opt/stack/data/venv/lib/python3.10/site-packages/keystonemiddleware/auth_token/__init__.py:406}}
Aug 17 19:43:53 user devstack@keystone.service[44175]: DEBUG keystone.server.flask.request_processing.middleware.auth_context [None req-6a49d0f8-d7f0-4ae2-9f34-9428c83fa797 None admin] RBAC: auth_context: {'token': , 'domain_id': None, 'trust_id': None, 'trustor_id': None, 'trustee_id': None, 'domain_name': None, 'group_ids': [], 'user_id': '892adde0ff984825bfda37c543f9ada1', 'user_domain_id': 'default', 'system_scope': 'all', 'project_id': None, 'project_domain_id': None, 'roles': ['admin', 'member', 'reader'], 'is_admin_project': True, 'service_user_id': None, 'service_user_domain_id': None, 'service_project_id': None, 'service_project_domain_id': None, 'service_roles': []} {{(pid=44175) fill_context /opt/stack/keystone/keystone/server/flask/request_processing/middleware/auth_context.py:480}}
Aug 17 19:43:53 user devstack@keystone.service[44175]: DEBUG keystone.server.flask.request_processing.req_logging [None req-6a49d0f8-d7f0-4ae2-9f34-9428c83fa797 None admin] REQUEST_METHOD: `GET` {{(pid=44175) log_request_info /opt/stack/keystone/keystone/server/flask/request_processing/req_logging.py:27}}
