Aug 26 18:57:12 user devstack@keystone.service[44924]: DEBUG keystone.server.flask.request_processing.req_logging [None req-dbf882df-971a-40fc-8765-455592880335 None admin] SCRIPT_NAME: `/identity` {{(pid=44924) log_request_info /opt/stack/keystone/keystone/server/flask/request_processing/req_logging.py:28}}
Aug 26 18:57:12 user devstack@keystone.service[44924]: DEBUG keystone.server.flask.request_processing.req_logging [None req-dbf882df-971a-40fc-8765-455592880335 None admin] PATH_INFO: `/v3/roles/member` {{(pid=44924) log_request_info /opt/stack/keystone/keystone/server/flask/request_processing/req_logging.py:29}}
Aug 26 18:57:12 user devstack@keystone.service[44923]: DEBUG keystone.server.flask.request_processing.middleware.auth_context [None req-d498c108-2116-4167-855a-1f69a800584a None admin] RBAC: auth_context: {'token': , 'domain_id': None, 'trust_id': None, 'trustor_id': None, 'trustee_id': None, 'domain_name': None, 'group_ids': [], 'user_id': '4d476a15c2b2427abea8caf8a73729c1', 'user_domain_id': 'default', 'system_scope': 'all', 'project_id': None, 'project_domain_id': None, 'roles': ['admin', 'member', 'reader'], 'is_admin_project': True, 'service_user_id': None, 'service_user_domain_id': None, 'service_project_id': None, 'service_project_domain_id': None, 'service_roles': []} {{(pid=44923) fill_context /opt/stack/keystone/keystone/server/flask/request_processing/middleware/auth_context.py:480}}
Aug 26 18:57:12 user devstack@keystone.service[44923]: DEBUG keystone.server.flask.request_processing.req_logging [None req-d498c108-2116-4167-855a-1f69a800584a None admin] REQUEST_METHOD: `GET` {{(pid=44923) log_request_info /opt/stack/keystone/keystone/server/flask/request_processing/req_logging.py:27}}
Aug 26 18:57:12 user devstack@keystone.service[44923]: DEBUG keystone.server.flask.request_processing.req_logging [None req-d498c108-2116-4167-855a-1f69a800584a None admin] SCRIPT_NAME: `/identity` {{(pid=44923) log_request_info /opt/stack/keystone/keystone/server/flask/request_processing/req_logging.py:28}}
Aug 26 18:57:12 user devstack@keystone.service[44923]: DEBUG keystone.server.flask.request_processing.req_logging [None req-d498c108-2116-4167-855a-1f69a800584a None admin] PATH_INFO: `/v3/domains/default` {{(pid=44923) log_request_info /opt/stack/keystone/keystone/server/flask/request_processing/req_logging.py:29}}
Aug 26 18:57:12 user devstack@keystone.service[44923]: DEBUG keystone.common.rbac_enforcer.enforcer [None req-d498c108-2116-4167-855a-1f69a800584a None admin] RBAC: Authorizing `identity:get_domain(domain_id=default)` {{(pid=44923) enforce_call /opt/stack/keystone/keystone/common/rbac_enforcer/enforcer.py:449}}
Aug 26 18:57:12 user devstack@keystone.service[44924]: DEBUG keystone.common.rbac_enforcer.enforcer [None req-dbf882df-971a-40fc-8765-455592880335 None admin] Extracting inferred target data resulted in "NOT FOUND (404)". {{(pid=44924) enforce_call /opt/stack/keystone/keystone/common/rbac_enforcer/enforcer.py:409}}
Aug 26 18:57:12 user devstack@keystone.service[44923]: DEBUG keystone.common.rbac_enforcer.enforcer [None req-d498c108-2116-4167-855a-1f69a800584a None admin] RBAC: Authorization granted {{(pid=44923) enforce_call /opt/stack/keystone/keystone/common/rbac_enforcer/enforcer.py:457}}
Aug 26 18:57:12 user devstack@keystone.service[44923]: [pid: 44923|app: 0|req: 64/196] 10.0.0.210 () {56 vars in 1103 bytes} [Sat Aug 26 18:57:12 2023] GET /identity/v3/domains/default => generated 198 bytes in 119 msecs (HTTP/1.1 200) 5 headers in 177 bytes (1 switches on core 0)
Aug 26 18:57:12 user devstack@keystone.service[44924]: ERROR keystone.server.flask.application [None req-dbf882df-971a-40fc-8765-455592880335 None admin] Could not find role: member.: keystone.exception.RoleNotFound: Could not find role: member.
Aug 26 18:57:12 user devstack@keystone.service[44924]: ERROR keystone.server.flask.application
Traceback (most recent call last):
Aug 26 18:57:12 user devstack@keystone.service[44924]: ERROR keystone.server.flask.application
File "/opt/stack/data/venv/lib/python3.10/site-packages/flask/app.py", line 1823, in full_dispatch_request
Aug 26 18:57:12 user devstack@keystone.service[44924]: ERROR keystone.server.flask.application rv = self.dispatch_request()
Aug 26 18:57:12 user devstack@keystone.service[44924]: ERROR keystone.server.flask.application
File "/opt/stack/data/venv/lib/python3.10/site-packages/flask/app.py", line 1799, in dispatch_request
Aug 26 18:57:12 user devstack@keystone.service[44924]: ERROR keystone.server.flask.application return self.ensure_sync(self.view_functions[rule.endpoint])(**view_args)
Aug 26 18:57:12 user devstack@keystone.service[44924]: ERROR keystone.server.flask.application
File "/opt/stack/data/venv/lib/python3.10/site-packages/flask_restful/__init__.py", line 467, in wrapper
Aug 26 18:57:12 user devstack@keystone.service[44924]: ERROR keystone.server.flask.application resp = resource(*args, **kwargs)
Aug 26 18:57:12 user devstack@keystone.service[44924]: ERROR keystone.server.flask.application
File "/opt/stack/data/venv/lib/python3.10/site-packages/flask/views.py", line 107, in view
Aug 26 18:57:12 user devstack@keystone.service[44924]: ERROR keystone.server.flask.application return current_app.ensure_sync(self.dispatch_request)(**kwargs)
Aug 26 18:57:12 user devstack@keystone.service[44924]: ERROR keystone.server.flask.application
File "/opt/stack/data/venv/lib/python3.10/site-packages/flask_restful/__init__.py", line 582, in dispatch_request
Aug 26 18:57:12 user devstack@keystone.service[44924]: ERROR keystone.server.flask.application resp = meth(*args, **kwargs)
Aug 26 18:57:12 user devstack@keystone.service[44924]: ERROR keystone.server.flask.application
File "/opt/stack/keystone/keystone/api/roles.py", line 50, in get
Aug 26 18:57:12 user devstack@keystone.service[44924]: ERROR keystone.server.flask.application return self._get_role(role_id)
Aug 26 18:57:12 user devstack@keystone.service[44924]: ERROR keystone.server.flask.application
File "/opt/stack/keystone/keystone/api/roles.py", line 70, in _get_role
Aug 26 18:57:12 user devstack@keystone.service[44924]: ERROR keystone.server.flask.application ENFORCER.enforce_call(action='identity:get_role')
Aug 26 18:57:12 user devstack@keystone.service[44924]: ERROR keystone.server.flask.application
File "/opt/stack/keystone/keystone/common/rbac_enforcer/enforcer.py", line 402, in enforce_call
Aug 26 18:57:12 user devstack@keystone.service[44924]: ERROR keystone.server.flask.application policy_dict.update(cls._extract_member_target_data(
Aug 26 18:57:12 user devstack@keystone.service[44924]: ERROR keystone.server.flask.application
File "/opt/stack/keystone/keystone/common/rbac_enforcer/enforcer.py", line 234, in _extract_member_target_data
Aug 26 18:57:12 user devstack@keystone.service[44924]: ERROR keystone.server.flask.application member_name: func(flask.request.view_args[key])
Aug 26 18:57:12 user devstack@keystone.service[44924]: ERROR keystone.server.flask.application
File "/opt/stack/keystone/keystone/common/manager.py", line 115, in wrapped
Aug 26 18:57:12 user devstack@keystone.service[44924]: ERROR keystone.server.flask.application __ret_val = __f(*args, **kwargs)
Aug 26 18:57:12 user devstack@keystone.service[44924]: ERROR keystone.server.flask.application
File "/opt/stack/data/venv/lib/python3.10/site-packages/decorator.py", line 232, in fun
Aug 26 18:57:12 user devstack@keystone.service[44924]: ERROR keystone.server.flask.application return caller(func, *(extras + args), **kw)
Aug 26 18:57:12 user devstack@keystone.service[44924]: ERROR keystone.server.flask.application
File "/opt/stack/data/venv/lib/python3.10/site-packages/dogpile/cache/region.py", line 1577, in get_or_create_for_user_func
Aug 26 18:57:12 user devstack@keystone.service[44924]: ERROR keystone.server.flask.application return self.get_or_create(
Aug 26 18:57:12 user devstack@keystone.service[44924]: ERROR keystone.server.flask.application
File "/opt/stack/data/venv/lib/python3.10/site-packages/dogpile/cache/region.py", line 1042, in get_or_create
Aug 26 18:57:12 user devstack@keystone.service[44924]: ERROR keystone.server.flask.application with Lock(
Aug 26 18:57:12 user devstack@keystone.service[44924]: ERROR keystone.server.flask.application
File "/opt/stack/data/venv/lib/python3.10/site-packages/dogpile/lock.py", line 185, in __enter__
Aug 26 18:57:12 user devstack@keystone.service[44924]: ERROR keystone.server.flask.application return self._enter()
Aug 26 18:57:12 user devstack@keystone.service[44924]: ERROR keystone.server.flask.application
File "/opt/stack/data/venv/lib/python3.10/site-packages/dogpile/lock.py", line 94, in _enter
Aug 26 18:57:12 user devstack@keystone.service[44924]: ERROR keystone.server.flask.application generated = self._enter_create(value, createdtime)
Aug 26 18:57:12 user devstack@keystone.service[44924]: ERROR keystone.server.flask.application
File "/opt/stack/data/venv/lib/python3.10/site-packages/dogpile/lock.py", line 178, in _enter_create
Aug 26 18:57:12 user devstack@keystone.service[44924]: ERROR keystone.server.flask.application return self.creator()
Aug 26 18:57:12 user devstack@keystone.service[44924]: ERROR keystone.server.flask.application
File "/opt/stack/data/venv/lib/python3.10/site-packages/dogpile/cache/region.py", line 995, in gen_value
Aug 26 18:57:12 user devstack@keystone.service[44924]: ERROR keystone.server.flask.application created_value = creator(
Aug 26 18:57:12 user devstack@keystone.service[44924]: ERROR keystone.server.flask.application
File "/opt/stack/keystone/keystone/assignment/core.py", line 1276, in get_role
Aug 26 18:57:12 user devstack@keystone.service[44924]: ERROR keystone.server.flask.application return self.driver.get_role(role_id)
Aug 26 18:57:12 user devstack@keystone.service[44924]: ERROR keystone.server.flask.application
File "/opt/stack/keystone/keystone/assignment/role_backends/sql.py", line 70, in get_role
Aug 26 18:57:12 user devstack@keystone.service[44924]: ERROR keystone.server.flask.application return self._get_role(session, role_id).to_dict()
Aug 26 18:57:12 user devstack@keystone.service[44924]: ERROR keystone.server.flask.application
File "/opt/stack/keystone/keystone/assignment/role_backends/sql.py", line 65, in _get_role
Aug 26 18:57:12 user devstack@keystone.service[44924]: ERROR keystone.server.flask.application raise exception.RoleNotFound(role_id=role_id)
Aug 26 18:57:12 user devstack@keystone.service[44924]: ERROR keystone.server.flask.application keystone.exception.RoleNotFound: Could not find role: member.
Aug 26 18:57:12 user devstack@keystone.service[44924]: ERROR keystone.server.flask.application
Aug 26 18:57:12 user devstack@keystone.service[44924]: [pid: 44924|app: 0|req: 64/197] 10.0.0.210 () {56 vars in 1094 bytes} [Sat Aug 26 18:57:12 2023] GET /identity/v3/roles/member => generated 84 bytes in 125 msecs (HTTP/1.1 404) 5 headers in 183 bytes (1 switches on core 0)
Aug 26 18:57:12 user devstack@keystone.service[44923]: DEBUG keystone.server.flask.request_processing.middleware.auth_context [None req-d498c108-2116-4167-855a-1f69a800584a None admin] Authenticating user token {{(pid=44923) process_request /opt/stack/data/venv/lib/python3.10/site-packages/keystonemiddleware/auth_token/__init__.py:406}}
Aug 26 18:57:12 user devstack@keystone.service[44924]: DEBUG keystone.server.flask.request_processing.middleware.auth_context [None req-dbf882df-971a-40fc-8765-455592880335 None admin] Authenticating user token {{(pid=44924) process_request /opt/stack/data/venv/lib/python3.10/site-packages/keystonemiddleware/auth_token/__init__.py:406}}
Aug 26 18:57:12 user devstack@keystone.service[44925]: DEBUG keystone.server.flask.request_processing.middleware.auth_context [None req-165bb2ad-2d0a-404b-b65c-a5a8253382c4 None admin] Validating token access rules against request {{(pid=44925) validate_allowed_request /opt/stack/data/venv/lib/python3.10/site-packages/keystonemiddleware/auth_token/__init__.py:544}}
Aug 26 18:57:12 user devstack@keystone.service[44925]: DEBUG keystone.server.flask.request_processing.middleware.auth_context [None req-c35d352f-2a31-44e1-bc84-34478e53fe20 None admin] RBAC: auth_context: {'token': , 'domain_id': None, 'trust_id': None, 'trustor_id': None, 'trustee_id': None, 'domain_name': None, 'group_ids': [], 'user_id': '4d476a15c2b2427abea8caf8a73729c1', 'user_domain_id': 'default', 'system_scope': 'all', 'project_id': None, 'project_domain_id': None, 'roles': ['admin', 'member', 'reader'], 'is_admin_project': True, 'service_user_id': None, 'service_user_domain_id': None, 'service_project_id': None, 'service_project_domain_id': None, 'service_roles': []} {{(pid=44925) fill_context /opt/stack/keystone/keystone/server/flask/request_processing/middleware/auth_context.py:480}}
Aug 26 18:57:12 user devstack@keystone.service[44925]: DEBUG keystone.server.flask.request_processing.req_logging [None req-c35d352f-2a31-44e1-bc84-34478e53fe20 None admin] REQUEST_METHOD: `GET` {{(pid=44925) log_request_info /opt/stack/keystone/keystone/server/flask/request_processing/req_logging.py:27}}
Aug 26 18:57:12 user devstack@keystone.service[44925]: DEBUG keystone.server.flask.request_processing.req_logging [None req-c35d352f-2a31-44e1-bc84-34478e53fe20 None admin] SCRIPT_NAME: `/identity` {{(pid=44925) log_request_info /opt/stack/keystone/keystone/server/flask/request_processing/req_logging.py:28}}
Aug 26 18:57:12 user devstack@keystone.service[44925]: DEBUG keystone.server.flask.request_processing.req_logging [None req-c35d352f-2a31-44e1-bc84-34478e53fe20 None admin] PATH_INFO: `/v3/roles` {{(pid=44925) log_request_info /opt/stack/keystone/keystone/server/flask/request_processing/req_logging.py:29}}
Aug 26 18:57:12 user devstack@keystone.service[44925]: DEBUG keystone.common.rbac_enforcer.enforcer [None req-c35d352f-2a31-44e1-bc84-34478e53fe20 None admin] RBAC: Adding query filter params (name=reader) {{(pid=44925) _extract_filter_values /opt/stack/keystone/keystone/common/rbac_enforcer/enforcer.py:167}}
Aug 26 18:57:12 user devstack@keystone.service[44925]: DEBUG keystone.common.rbac_enforcer.enforcer [None req-c35d352f-2a31-44e1-bc84-34478e53fe20 None admin] RBAC: Authorizing `identity:list_roles()` {{(pid=44925) enforce_call /opt/stack/keystone/keystone/common/rbac_enforcer/enforcer.py:449}}
Aug 26 18:57:12 user devstack@keystone.service[44925]: DEBUG keystone.common.rbac_enforcer.enforcer [None req-c35d352f-2a31-44e1-bc84-34478e53fe20 None admin] RBAC: Authorization granted {{(pid=44925) enforce_call /opt/stack/keystone/keystone/common/rbac_enforcer/enforcer.py:457}}
Aug 26 18:57:12 user devstack@keystone.service[44925]: [pid: 44925|app: 0|req: 70/198] 10.0.0.210 () {56 vars in 1096 bytes} [Sat Aug 26 18:57:12 2023] GET /identity/v3/roles?name=reader => generated 339 bytes in 142 msecs (HTTP/1.1 200) 5 headers in 177 bytes (2 switches on core 0)
Aug 26 18:57:12 user devstack@keystone.service[44925]: DEBUG keystone.server.flask.request_processing.middleware.auth_context [None req-c35d352f-2a31-44e1-bc84-34478e53fe20 None admin] Authenticating user token {{(pid=44925) process_request /opt/stack/data/venv/lib/python3.10/site-packages/keystonemiddleware/auth_token/__init__.py:406}}
Aug 26 18:57:12 user devstack@keystone.service[44924]: DEBUG keystone.server.flask.request_processing.middleware.auth_context [None req-dbf882df-971a-40fc-8765-455592880335 None admin] Validating token access rules against request {{(pid=44924) validate_allowed_request /opt/stack/data/venv/lib/python3.10/site-packages/keystonemiddleware/auth_token/__init__.py:544}}
Aug 26 18:57:12 user devstack@keystone.service[44923]: DEBUG keystone.server.flask.request_processing.middleware.auth_context [None req-d498c108-2116-4167-855a-1f69a800584a None admin] Validating token access rules against request {{(pid=44923) validate_allowed_request /opt/stack/data/venv/lib/python3.10/site-packages/keystonemiddleware/auth_token/__init__.py:544}}
Aug 26 18:57:12 user devstack@keystone.service[44924]: DEBUG keystone.server.flask.request_processing.middleware.auth_context [None req-0e29bbfd-5581-48a2-8760-e27fa5da7261 None admin] RBAC: auth_context: {'token': , 'domain_id': None, 'trust_id': None, 'trustor_id': None, 'trustee_id': None, 'domain_name': None, 'group_ids': [], 'user_id': '4d476a15c2b2427abea8caf8a73729c1', 'user_domain_id': 'default', 'system_scope': 'all', 'project_id': None, 'project_domain_id': None, 'roles': ['admin', 'member', 'reader'], 'is_admin_project': True, 'service_user_id': None, 'service_user_domain_id': None, 'service_project_id': None, 'service_project_domain_id': None, 'service_roles': []} {{(pid=44924) fill_context /opt/stack/keystone/keystone/server/flask/request_processing/middleware/auth_context.py:480}}
Aug 26 18:57:12 user devstack@keystone.service[44924]: DEBUG keystone.server.flask.request_processing.req_logging [None req-0e29bbfd-5581-48a2-8760-e27fa5da7261 None admin] REQUEST_METHOD: `GET` {{(pid=44924) log_request_info /opt/stack/keystone/keystone/server/flask/request_processing/req_logging.py:27}}
Aug 26 18:57:12 user devstack@keystone.service[44924]: DEBUG keystone.server.flask.request_processing.req_logging [None req-0e29bbfd-5581-48a2-8760-e27fa5da7261 None admin] SCRIPT_NAME: `/identity` {{(pid=44924) log_request_info /opt/stack/keystone/keystone/server/flask/request_processing/req_logging.py:28}}
Aug 26 18:57:12 user devstack@keystone.service[44924]: DEBUG keystone.server.flask.request_processing.req_logging [None req-0e29bbfd-5581-48a2-8760-e27fa5da7261 None admin] PATH_INFO: `/v3/roles` {{(pid=44924) log_request_info /opt/stack/keystone/keystone/server/flask/request_processing/req_logging.py:29}}
Aug 26 18:57:12 user devstack@keystone.service[44924]: DEBUG keystone.common.rbac_enforcer.enforcer [None req-0e29bbfd-5581-48a2-8760-e27fa5da7261 None admin] RBAC: Adding query filter params (name=member) {{(pid=44924) _extract_filter_values /opt/stack/keystone/keystone/common/rbac_enforcer/enforcer.py:167}}
Aug 26 18:57:12 user devstack@keystone.service[44924]: DEBUG keystone.common.rbac_enforcer.enforcer [None req-0e29bbfd-5581-48a2-8760-e27fa5da7261 None admin] RBAC: Authorizing `identity:list_roles()` {{(pid=44924) enforce_call /opt/stack/keystone/keystone/common/rbac_enforcer/enforcer.py:449}}
Aug 26 18:57:12 user devstack@keystone.service[44924]: DEBUG keystone.common.rbac_enforcer.enforcer [None req-0e29bbfd-5581-48a2-8760-e27fa5da7261 None admin] RBAC: Authorization granted {{(pid=44924) enforce_call /opt/stack/keystone/keystone/common/rbac_enforcer/enforcer.py:457}}
Aug 26 18:57:12 user devstack@keystone.service[44923]: DEBUG keystone.server.flask.request_processing.middleware.auth_context [None req-9273b8a5-923c-4dd8-a963-c82a09833190 None admin] RBAC: auth_context: {'token': , 'domain_id': None, 'trust_id': None, 'trustor_id': None, 'trustee_id': None, 'domain_name': None, 'group_ids': [], 'user_id': '4d476a15c2b2427abea8caf8a73729c1', 'user_domain_id': 'default', 'system_scope': 'all', 'project_id': None, 'project_domain_id': None, 'roles': ['admin', 'member', 'reader'], 'is_admin_project': True, 'service_user_id': None, 'service_user_domain_id': None, 'service_project_id': None, 'service_project_domain_id': None, 'service_roles': []} {{(pid=44923) fill_context /opt/stack/keystone/keystone/server/flask/request_processing/middleware/auth_context.py:480}}
Aug 26 18:57:12 user devstack@keystone.service[44923]: DEBUG keystone.server.flask.request_processing.req_logging [None req-9273b8a5-923c-4dd8-a963-c82a09833190 None admin] REQUEST_METHOD: `POST` {{(pid=44923) log_request_info /opt/stack/keystone/keystone/server/flask/request_processing/req_logging.py:27}}
Aug 26 18:57:12 user devstack@keystone.service[44923]: DEBUG keystone.server.flask.request_processing.req_logging [None req-9273b8a5-923c-4dd8-a963-c82a09833190 None admin] SCRIPT_NAME: `/identity` {{(pid=44923) log_request_info /opt/stack/keystone/keystone/server/flask/request_processing/req_logging.py:28}}
Aug 26 18:57:12 user devstack@keystone.service[44923]: DEBUG keystone.server.flask.request_processing.req_logging [None req-9273b8a5-923c-4dd8-a963-c82a09833190 None admin] PATH_INFO: `/v3/users` {{(pid=44923) log_request_info /opt/stack/keystone/keystone/server/flask/request_processing/req_logging.py:29}}
Aug 26 18:57:12 user devstack@keystone.service[44923]: DEBUG keystone.common.rbac_enforcer.enforcer [None req-9273b8a5-923c-4dd8-a963-c82a09833190 None admin] RBAC: Authorizing `identity:create_user()` {{(pid=44923) enforce_call /opt/stack/keystone/keystone/common/rbac_enforcer/enforcer.py:449}}
Aug 26 18:57:12 user devstack@keystone.service[44923]: DEBUG keystone.common.rbac_enforcer.enforcer [None req-9273b8a5-923c-4dd8-a963-c82a09833190 None admin] RBAC: Authorization granted {{(pid=44923) enforce_call /opt/stack/keystone/keystone/common/rbac_enforcer/enforcer.py:457}}
Aug 26 18:57:12 user devstack@keystone.service[44923]: WARNING keystone.common.password_hashing [None req-9273b8a5-923c-4dd8-a963-c82a09833190 None admin] Truncating password to algorithm specific maximum length 72 characters.
Aug 26 18:57:12 user devstack@keystone.service[44924]: [pid: 44924|app: 0|req: 65/199] 10.0.0.210 () {56 vars in 1096 bytes} [Sat Aug 26 18:57:12 2023] GET /identity/v3/roles?name=member => generated 339 bytes in 119 msecs (HTTP/1.1 200) 5 headers in 177 bytes (2 switches on core 0)
Aug 26 18:57:12 user devstack@keystone.service[44924]: DEBUG keystone.server.flask.request_processing.middleware.auth_context [None req-0e29bbfd-5581-48a2-8760-e27fa5da7261 None admin] Authenticating user token {{(pid=44924) process_request /opt/stack/data/venv/lib/python3.10/site-packages/keystonemiddleware/auth_token/__init__.py:406}}
Aug 26 18:57:12 user devstack@keystone.service[44923]: [pid: 44923|app: 0|req: 65/200] 10.0.0.210 () {60 vars in 1127 bytes} [Sat Aug 26 18:57:12 2023] POST /identity/v3/users => generated 292 bytes in 144 msecs (HTTP/1.1 201) 5 headers in 182 bytes (1 switches on core 0)
Aug 26 18:57:12 user devstack@keystone.service[44925]: DEBUG keystone.server.flask.request_processing.middleware.auth_context [None req-c35d352f-2a31-44e1-bc84-34478e53fe20 None admin] Validating token access rules against request {{(pid=44925) validate_allowed_request /opt/stack/data/venv/lib/python3.10/site-packages/keystonemiddleware/auth_token/__init__.py:544}}
Aug 26 18:57:13 user devstack@keystone.service[44925]: DEBUG keystone.server.flask.request_processing.middleware.auth_context [None req-a1811564-c550-4120-a984-fb4c430c8093 None admin] RBAC: auth_context: {'token': , 'domain_id': None, 'trust_id': None, 'trustor_id': None, 'trustee_id': None, 'domain_name': None, 'group_ids': [], 'user_id': '4d476a15c2b2427abea8caf8a73729c1', 'user_domain_id': 'default', 'system_scope': 'all', 'project_id': None, 'project_domain_id': None, 'roles': ['admin', 'member', 'reader'], 'is_admin_project': True, 'service_user_id': None, 'service_user_domain_id': None, 'service_project_id': None, 'service_project_domain_id': None, 'service_roles': []} {{(pid=44925) fill_context /opt/stack/keystone/keystone/server/flask/request_processing/middleware/auth_context.py:480}}
Aug 26 18:57:13 user devstack@keystone.service[44925]: DEBUG keystone.server.flask.request_processing.req_logging [None req-a1811564-c550-4120-a984-fb4c430c8093 None admin] REQUEST_METHOD: `GET` {{(pid=44925) log_request_info /opt/stack/keystone/keystone/server/flask/request_processing/req_logging.py:27}}
Aug 26 18:57:13 user devstack@keystone.service[44925]: DEBUG keystone.server.flask.request_processing.req_logging [None req-a1811564-c550-4120-a984-fb4c430c8093 None admin] SCRIPT_NAME: `/identity` {{(pid=44925) log_request_info /opt/stack/keystone/keystone/server/flask/request_processing/req_logging.py:28}}
Aug 26 18:57:13 user devstack@keystone.service[44925]: DEBUG keystone.server.flask.request_processing.req_logging [None req-a1811564-c550-4120-a984-fb4c430c8093 None admin] PATH_INFO: `/v3/users/fc8384ab115a4e09bdd1af113db7a467` {{(pid=44925) log_request_info /opt/stack/keystone/keystone/server/flask/request_processing/req_logging.py:29}}
Aug 26 18:57:13 user devstack@keystone.service[44924]: DEBUG keystone.server.flask.request_processing.middleware.auth_context [None req-0e29bbfd-5581-48a2-8760-e27fa5da7261 None admin] Validating token access rules against request {{(pid=44924) validate_allowed_request /opt/stack/data/venv/lib/python3.10/site-packages/keystonemiddleware/auth_token/__init__.py:544}}
Aug 26 18:57:13 user devstack@keystone.service[44925]: DEBUG keystone.common.rbac_enforcer.enforcer [None req-a1811564-c550-4120-a984-fb4c430c8093 None admin] RBAC: Authorizing `identity:get_user(user_id=fc8384ab115a4e09bdd1af113db7a467)` {{(pid=44925) enforce_call /opt/stack/keystone/keystone/common/rbac_enforcer/enforcer.py:449}}
Aug 26 18:57:13 user devstack@keystone.service[44925]: DEBUG keystone.common.rbac_enforcer.enforcer [None req-a1811564-c550-4120-a984-fb4c430c8093 None admin] RBAC: Authorization granted {{(pid=44925) enforce_call /opt/stack/keystone/keystone/common/rbac_enforcer/enforcer.py:457}}
Aug 26 18:57:13 user devstack@keystone.service[44925]: [pid: 44925|app: 0|req: 71/201] 10.0.0.210 () {56 vars in 1172 bytes} [Sat Aug 26 18:57:12 2023] GET /identity/v3/users/fc8384ab115a4e09bdd1af113db7a467 => generated 296 bytes in 159 msecs (HTTP/1.1 200) 5 headers in 177 bytes (2 switches on core 0)
Aug 26 18:57:13 user devstack@keystone.service[44923]: DEBUG keystone.server.flask.request_processing.middleware.auth_context [None req-9273b8a5-923c-4dd8-a963-c82a09833190 None admin] Authenticating user token {{(pid=44923) process_request /opt/stack/data/venv/lib/python3.10/site-packages/keystonemiddleware/auth_token/__init__.py:406}}
Aug 26 18:57:13 user devstack@keystone.service[44924]: DEBUG keystone.server.flask.request_processing.middleware.auth_context [None req-cecc341c-4cd3-43cf-b4f3-9cb62c7aa51d None admin] RBAC: auth_context: {'token': , 'domain_id': None, 'trust_id': None, 'trustor_id': None, 'trustee_id': None, 'domain_name': None, 'group_ids': [], 'user_id': '4d476a15c2b2427abea8caf8a73729c1', 'user_domain_id': 'default', 'system_scope': 'all', 'project_id': None, 'project_domain_id': None, 'roles': ['admin', 'member', 'reader'], 'is_admin_project': True, 'service_user_id': None, 'service_user_domain_id': None, 'service_project_id': None, 'service_project_domain_id': None, 'service_roles': []} {{(pid=44924) fill_context /opt/stack/keystone/keystone/server/flask/request_processing/middleware/auth_context.py:480}}
Aug 26 18:57:13 user devstack@keystone.service[44924]: DEBUG keystone.server.flask.request_processing.req_logging [None req-cecc341c-4cd3-43cf-b4f3-9cb62c7aa51d None admin] REQUEST_METHOD: `GET` {{(pid=44924) log_request_info /opt/stack/keystone/keystone/server/flask/request_processing/req_logging.py:27}}
Aug 26 18:57:13 user devstack@keystone.service[44924]: DEBUG keystone.server.flask.request_processing.req_logging [None req-cecc341c-4cd3-43cf-b4f3-9cb62c7aa51d None admin] SCRIPT_NAME: `/identity` {{(pid=44924) log_request_info /opt/stack/keystone/keystone/server/flask/request_processing/req_logging.py:28}}
Aug 26 18:57:13 user devstack@keystone.service[44924]: DEBUG keystone.server.flask.request_processing.req_logging [None req-cecc341c-4cd3-43cf-b4f3-9cb62c7aa51d None admin] PATH_INFO: `/v3/users/9049024a73114493bdfcf851b41dbabf` {{(pid=44924) log_request_info /opt/stack/keystone/keystone/server/flask/request_processing/req_logging.py:29}}
Aug 26 18:57:13 user devstack@keystone.service[44924]: DEBUG keystone.common.rbac_enforcer.enforcer [None req-cecc341c-4cd3-43cf-b4f3-9cb62c7aa51d None admin] RBAC: Authorizing `identity:get_user(user_id=9049024a73114493bdfcf851b41dbabf)` {{(pid=44924) enforce_call /opt/stack/keystone/keystone/common/rbac_enforcer/enforcer.py:449}}
Aug 26 18:57:13 user devstack@keystone.service[44924]: DEBUG keystone.common.rbac_enforcer.enforcer [None req-cecc341c-4cd3-43cf-b4f3-9cb62c7aa51d None admin] RBAC: Authorization granted {{(pid=44924) enforce_call /opt/stack/keystone/keystone/common/rbac_enforcer/enforcer.py:457}}
Aug 26 18:57:13 user devstack@keystone.service[44924]: [pid: 44924|app: 0|req: 66/202] 10.0.0.210 () {56 vars in 1172 bytes} [Sat Aug 26 18:57:12 2023] GET /identity/v3/users/9049024a73114493bdfcf851b41dbabf => generated 296 bytes in 134 msecs (HTTP/1.1 200) 5 headers in 177 bytes (2 switches on core 0)
Aug 26 18:57:13 user devstack@keystone.service[44925]: DEBUG keystone.server.flask.request_processing.middleware.auth_context [None req-a1811564-c550-4120-a984-fb4c430c8093 None admin] Authenticating user token {{(pid=44925) process_request /opt/stack/data/venv/lib/python3.10/site-packages/keystonemiddleware/auth_token/__init__.py:406}}
Aug 26 18:57:13 user devstack@keystone.service[44923]: DEBUG keystone.server.flask.request_processing.middleware.auth_context [None req-9273b8a5-923c-4dd8-a963-c82a09833190 None admin] Validating token access rules against request {{(pid=44923) validate_allowed_request /opt/stack/data/venv/lib/python3.10/site-packages/keystonemiddleware/auth_token/__init__.py:544}}
Aug 26 18:57:13 user devstack@keystone.service[44923]: DEBUG keystone.server.flask.request_processing.middleware.auth_context [None req-69a63742-7fc0-4a75-9861-9b4ca783c479 None admin] RBAC: auth_context: {'token': , 'domain_id': None, 'trust_id': None, 'trustor_id': None, 'trustee_id': None, 'domain_name': None, 'group_ids': [], 'user_id': '4d476a15c2b2427abea8caf8a73729c1', 'user_domain_id': 'default', 'system_scope': 'all', 'project_id': None, 'project_domain_id': None, 'roles': ['admin', 'member', 'reader'], 'is_admin_project': True, 'service_user_id': None, 'service_user_domain_id': None, 'service_project_id': None, 'service_project_domain_id': None, 'service_roles': []} {{(pid=44923) fill_context /opt/stack/keystone/keystone/server/flask/request_processing/middleware/auth_context.py:480}}
Aug 26 18:57:13 user devstack@keystone.service[44923]: DEBUG keystone.server.flask.request_processing.req_logging [None req-69a63742-7fc0-4a75-9861-9b4ca783c479 None admin] REQUEST_METHOD: `GET` {{(pid=44923) log_request_info /opt/stack/keystone/keystone/server/flask/request_processing/req_logging.py:27}}
Aug 26 18:57:13 user devstack@keystone.service[44923]: DEBUG keystone.server.flask.request_processing.req_logging [None req-69a63742-7fc0-4a75-9861-9b4ca783c479 None admin] SCRIPT_NAME: `/identity` {{(pid=44923) log_request_info /opt/stack/keystone/keystone/server/flask/request_processing/req_logging.py:28}}
Aug 26 18:57:13 user devstack@keystone.service[44923]: DEBUG keystone.server.flask.request_processing.req_logging [None req-69a63742-7fc0-4a75-9861-9b4ca783c479 None admin] PATH_INFO: `/v3/projects/383a8c60d2c1499f92e8ccaee4010cb3` {{(pid=44923) log_request_info /opt/stack/keystone/keystone/server/flask/request_processing/req_logging.py:29}}
Aug 26 18:57:13 user devstack@keystone.service[44923]: DEBUG keystone.common.rbac_enforcer.enforcer [None req-69a63742-7fc0-4a75-9861-9b4ca783c479 None admin] RBAC: Authorizing `identity:get_project(project_id=383a8c60d2c1499f92e8ccaee4010cb3)` {{(pid=44923) enforce_call /opt/stack/keystone/keystone/common/rbac_enforcer/enforcer.py:449}}
Aug 26 18:57:13 user devstack@keystone.service[44923]: DEBUG keystone.common.rbac_enforcer.enforcer [None req-69a63742-7fc0-4a75-9861-9b4ca783c479 None admin] RBAC: Authorization granted {{(pid=44923) enforce_call /opt/stack/keystone/keystone/common/rbac_enforcer/enforcer.py:457}}
Aug 26 18:57:13 user devstack@keystone.service[44923]: [pid: 44923|app: 0|req: 66/203] 10.0.0.210 () {56 vars in 1181 bytes} [Sat Aug 26 18:57:13 2023] GET /identity/v3/projects/383a8c60d2c1499f92e8ccaee4010cb3 => generated 301 bytes in 118 msecs (HTTP/1.1 200) 5 headers in 177 bytes (1 switches on core 0)
Aug 26 18:57:13 user devstack@keystone.service[44924]: DEBUG keystone.server.flask.request_processing.middleware.auth_context [None req-cecc341c-4cd3-43cf-b4f3-9cb62c7aa51d None admin] Authenticating user token {{(pid=44924) process_request /opt/stack/data/venv/lib/python3.10/site-packages/keystonemiddleware/auth_token/__init__.py:406}}
Aug 26 18:57:13 user devstack@keystone.service[44925]: DEBUG keystone.server.flask.request_processing.middleware.auth_context [None req-a1811564-c550-4120-a984-fb4c430c8093 None admin] Validating token access rules against request {{(pid=44925) validate_allowed_request /opt/stack/data/venv/lib/python3.10/site-packages/keystonemiddleware/auth_token/__init__.py:544}}
Aug 26 18:57:13 user devstack@keystone.service[44925]: DEBUG keystone.server.flask.request_processing.middleware.auth_context [None req-bbec4379-0018-425b-acca-1115ff4f996d None admin] RBAC: auth_context: {'token': , 'domain_id': None, 'trust_id': None, 'trustor_id': None, 'trustee_id': None, 'domain_name': None, 'group_ids': [], 'user_id': '4d476a15c2b2427abea8caf8a73729c1', 'user_domain_id': 'default', 'system_scope': 'all', 'project_id': None, 'project_domain_id': None, 'roles': ['admin', 'member', 'reader'], 'is_admin_project': True, 'service_user_id': None, 'service_user_domain_id': None, 'service_project_id': None, 'service_project_domain_id': None, 'service_roles': []} {{(pid=44925) fill_context /opt/stack/keystone/keystone/server/flask/request_processing/middleware/auth_context.py:480}}
Aug 26 18:57:13 user devstack@keystone.service[44925]: DEBUG keystone.server.flask.request_processing.req_logging [None req-bbec4379-0018-425b-acca-1115ff4f996d None admin] REQUEST_METHOD: `GET` {{(pid=44925) log_request_info /opt/stack/keystone/keystone/server/flask/request_processing/req_logging.py:27}}
Aug 26 18:57:13 user devstack@keystone.service[44925]: DEBUG keystone.server.flask.request_processing.req_logging [None req-bbec4379-0018-425b-acca-1115ff4f996d None admin] SCRIPT_NAME: `/identity` {{(pid=44925) log_request_info /opt/stack/keystone/keystone/server/flask/request_processing/req_logging.py:28}}
Aug 26 18:57:13 user devstack@keystone.service[44925]: DEBUG keystone.server.flask.request_processing.req_logging [None req-bbec4379-0018-425b-acca-1115ff4f996d None admin] PATH_INFO: `/v3/auth/tokens` {{(pid=44925) log_request_info /opt/stack/keystone/keystone/server/flask/request_processing/req_logging.py:29}}
Aug 26 18:57:13 user devstack@keystone.service[44924]: DEBUG keystone.server.flask.request_processing.middleware.auth_context [None req-cecc341c-4cd3-43cf-b4f3-9cb62c7aa51d None admin] Validating token access rules against request {{(pid=44924) validate_allowed_request /opt/stack/data/venv/lib/python3.10/site-packages/keystonemiddleware/auth_token/__init__.py:544}}
Aug 26 18:57:13 user devstack@keystone.service[44924]: DEBUG keystone.server.flask.request_processing.middleware.auth_context [None req-0e35cae2-eaa5-41ea-aeb0-20fe137244ca None admin] RBAC: auth_context: {'token': , 'domain_id': None, 'trust_id': None, 'trustor_id': None, 'trustee_id': None, 'domain_name': None, 'group_ids': [], 'user_id': '4d476a15c2b2427abea8caf8a73729c1', 'user_domain_id': 'default', 'system_scope': 'all', 'project_id': None, 'project_domain_id': None, 'roles': ['admin', 'member', 'reader'], 'is_admin_project': True, 'service_user_id': None, 'service_user_domain_id': None, 'service_project_id': None, 'service_project_domain_id': None, 'service_roles': []} {{(pid=44924) fill_context /opt/stack/keystone/keystone/server/flask/request_processing/middleware/auth_context.py:480}}
Aug 26 18:57:13 user devstack@keystone.service[44924]: DEBUG keystone.server.flask.request_processing.req_logging [None req-0e35cae2-eaa5-41ea-aeb0-20fe137244ca None admin] REQUEST_METHOD: `PUT` {{(pid=44924) log_request_info /opt/stack/keystone/keystone/server/flask/request_processing/req_logging.py:27}}
Aug 26 18:57:13 user devstack@keystone.service[44924]: DEBUG keystone.server.flask.request_processing.req_logging [None req-0e35cae2-eaa5-41ea-aeb0-20fe137244ca None admin] SCRIPT_NAME: `/identity` {{(pid=44924) log_request_info /opt/stack/keystone/keystone/server/flask/request_processing/req_logging.py:28}}
Aug 26 18:57:13 user devstack@keystone.service[44924]: DEBUG keystone.server.flask.request_processing.req_logging [None req-0e35cae2-eaa5-41ea-aeb0-20fe137244ca None admin] PATH_INFO: `/v3/projects/383a8c60d2c1499f92e8ccaee4010cb3/users/fc8384ab115a4e09bdd1af113db7a467/roles/07d1a3110a1b47d59599bbf5800144ce` {{(pid=44924) log_request_info /opt/stack/keystone/keystone/server/flask/request_processing/req_logging.py:29}}
Aug 26 18:57:13 user devstack@keystone.service[44924]: DEBUG keystone.common.rbac_enforcer.enforcer [None req-0e35cae2-eaa5-41ea-aeb0-20fe137244ca None admin] RBAC: Authorizing `identity:create_grant(project_id=383a8c60d2c1499f92e8ccaee4010cb3, user_id=fc8384ab115a4e09bdd1af113db7a467, role_id=07d1a3110a1b47d59599bbf5800144ce)` {{(pid=44924) enforce_call /opt/stack/keystone/keystone/common/rbac_enforcer/enforcer.py:449}}
Aug 26 18:57:13 user devstack@keystone.service[44924]: DEBUG keystone.common.rbac_enforcer.enforcer [None req-0e35cae2-eaa5-41ea-aeb0-20fe137244ca None admin] RBAC: Authorization granted {{(pid=44924) enforce_call /opt/stack/keystone/keystone/common/rbac_enforcer/enforcer.py:457}}
Aug 26 18:57:13 user devstack@keystone.service[44924]: [pid: 44924|app: 0|req: 67/204] 10.0.0.210 () {58 vars in 1434 bytes} [Sat Aug 26 18:57:13 2023] PUT /identity/v3/projects/383a8c60d2c1499f92e8ccaee4010cb3/users/fc8384ab115a4e09bdd1af113db7a467/roles/07d1a3110a1b47d59599bbf5800144ce => generated 0 bytes in 145 msecs (HTTP/1.1 204) 3 headers in 132 bytes (0 switches on core 0)
Aug 26 18:57:13 user devstack@keystone.service[44925]: DEBUG keystone.common.rbac_enforcer.enforcer [None req-bbec4379-0018-425b-acca-1115ff4f996d None admin] RBAC: Authorizing `identity:validate_token()` {{(pid=44925) enforce_call /opt/stack/keystone/keystone/common/rbac_enforcer/enforcer.py:449}}
Aug 26 18:57:13 user devstack@keystone.service[44925]: DEBUG keystone.common.rbac_enforcer.enforcer [None req-bbec4379-0018-425b-acca-1115ff4f996d None admin] RBAC: Authorization granted {{(pid=44925) enforce_call /opt/stack/keystone/keystone/common/rbac_enforcer/enforcer.py:457}}
Aug 26 18:57:13 user devstack@keystone.service[44925]: [pid: 44925|app: 0|req: 72/205] 10.0.0.210 () {58 vars in 1277 bytes} [Sat Aug 26 18:57:13 2023] GET /identity/v3/auth/tokens => generated 798 bytes in 437 msecs (HTTP/1.1 200) 6 headers in 358 bytes (1 switches on core 0)
Aug 26 18:57:13 user devstack@keystone.service[44923]: DEBUG keystone.server.flask.request_processing.middleware.auth_context [None req-69a63742-7fc0-4a75-9861-9b4ca783c479 None admin] Authenticating user token {{(pid=44923) process_request /opt/stack/data/venv/lib/python3.10/site-packages/keystonemiddleware/auth_token/__init__.py:406}}
Aug 26 18:57:13 user devstack@keystone.service[44923]: DEBUG keystone.server.flask.request_processing.middleware.auth_context [None req-69a63742-7fc0-4a75-9861-9b4ca783c479 None admin] Validating token access rules against request {{(pid=44923) validate_allowed_request /opt/stack/data/venv/lib/python3.10/site-packages/keystonemiddleware/auth_token/__init__.py:544}}
Aug 26 18:57:13 user devstack@keystone.service[44923]: DEBUG keystone.server.flask.request_processing.middleware.auth_context [None req-25ef4b88-801b-4cd0-b3d6-5a24cc260973 None admin] RBAC: auth_context: {'token': , 'domain_id': None, 'trust_id': None, 'trustor_id': None, 'trustee_id': None, 'domain_name': None, 'group_ids': [], 'user_id': '4d476a15c2b2427abea8caf8a73729c1', 'user_domain_id': 'default', 'system_scope': 'all', 'project_id': None, 'project_domain_id': None, 'roles': ['admin', 'member', 'reader'], 'is_admin_project': True, 'service_user_id': None, 'service_user_domain_id': None, 'service_project_id': None, 'service_project_domain_id': None, 'service_roles': []} {{(pid=44923) fill_context /opt/stack/keystone/keystone/server/flask/request_processing/middleware/auth_context.py:480}}
Aug 26 18:57:13 user devstack@keystone.service[44923]: DEBUG keystone.server.flask.request_processing.req_logging [None req-25ef4b88-801b-4cd0-b3d6-5a24cc260973 None admin] REQUEST_METHOD: `GET` {{(pid=44923) log_request_info /opt/stack/keystone/keystone/server/flask/request_processing/req_logging.py:27}}
Aug 26 18:57:13 user devstack@keystone.service[44923]: DEBUG keystone.server.flask.request_processing.req_logging [None req-25ef4b88-801b-4cd0-b3d6-5a24cc260973 None admin] SCRIPT_NAME: `/identity` {{(pid=44923) log_request_info /opt/stack/keystone/keystone/server/flask/request_processing/req_logging.py:28}}
Aug 26 18:57:13 user devstack@keystone.service[44923]: DEBUG keystone.server.flask.request_processing.req_logging [None req-25ef4b88-801b-4cd0-b3d6-5a24cc260973 None admin] PATH_INFO: `/v3/projects/383a8c60d2c1499f92e8ccaee4010cb3` {{(pid=44923) log_request_info /opt/stack/keystone/keystone/server/flask/request_processing/req_logging.py:29}}
Aug 26 18:57:13 user devstack@keystone.service[44923]: DEBUG keystone.common.rbac_enforcer.enforcer [None req-25ef4b88-801b-4cd0-b3d6-5a24cc260973 None admin] RBAC: Authorizing `identity:get_project(project_id=383a8c60d2c1499f92e8ccaee4010cb3)` {{(pid=44923) enforce_call /opt/stack/keystone/keystone/common/rbac_enforcer/enforcer.py:449}}
Aug 26 18:57:13 user devstack@keystone.service[44923]: DEBUG keystone.common.rbac_enforcer.enforcer [None req-25ef4b88-801b-4cd0-b3d6-5a24cc260973 None admin] RBAC: Authorization granted {{(pid=44923) enforce_call /opt/stack/keystone/keystone/common/rbac_enforcer/enforcer.py:457}}
Aug 26 18:57:13 user devstack@keystone.service[44923]: [pid: 44923|app: 0|req: 67/206] 10.0.0.210 () {56 vars in 1181 bytes} [Sat Aug 26 18:57:13 2023] GET /identity/v3/projects/383a8c60d2c1499f92e8ccaee4010cb3 => generated 301 bytes in 120 msecs (HTTP/1.1 200) 5 headers in 177 bytes (1 switches on core 0)
Aug 26 18:57:13 user devstack@keystone.service[44924]: DEBUG keystone.server.flask.request_processing.middleware.auth_context [None req-0e35cae2-eaa5-41ea-aeb0-20fe137244ca None admin] Authenticating user token {{(pid=44924) process_request /opt/stack/data/venv/lib/python3.10/site-packages/keystonemiddleware/auth_token/__init__.py:406}}
Aug 26 18:57:13 user devstack@keystone.service[44924]: DEBUG keystone.server.flask.request_processing.middleware.auth_context [None req-0e35cae2-eaa5-41ea-aeb0-20fe137244ca None admin] Validating token access rules against request {{(pid=44924) validate_allowed_request /opt/stack/data/venv/lib/python3.10/site-packages/keystonemiddleware/auth_token/__init__.py:544}}
Aug 26 18:57:13 user devstack@keystone.service[44924]: DEBUG keystone.server.flask.request_processing.middleware.auth_context [None req-53dc15db-b584-489a-b615-ac5d2aeaced8 None admin] RBAC: auth_context: {'token': , 'domain_id': None, 'trust_id': None, 'trustor_id': None, 'trustee_id': None, 'domain_name': None, 'group_ids': [], 'user_id': '4d476a15c2b2427abea8caf8a73729c1', 'user_domain_id': 'default', 'system_scope': 'all', 'project_id': None, 'project_domain_id': None, 'roles': ['admin', 'member', 'reader'], 'is_admin_project': True, 'service_user_id': None, 'service_user_domain_id': None, 'service_project_id': None, 'service_project_domain_id': None, 'service_roles': []} {{(pid=44924) fill_context /opt/stack/keystone/keystone/server/flask/request_processing/middleware/auth_context.py:480}}
Aug 26 18:57:13 user devstack@keystone.service[44924]: DEBUG keystone.server.flask.request_processing.req_logging [None req-53dc15db-b584-489a-b615-ac5d2aeaced8 None admin] REQUEST_METHOD: `GET` {{(pid=44924) log_request_info /opt/stack/keystone/keystone/server/flask/request_processing/req_logging.py:27}}
Aug 26 18:57:13 user devstack@keystone.service[44924]: DEBUG keystone.server.flask.request_processing.req_logging [None req-53dc15db-b584-489a-b615-ac5d2aeaced8 None admin] SCRIPT_NAME: `/identity` {{(pid=44924) log_request_info /opt/stack/keystone/keystone/server/flask/request_processing/req_logging.py:28}}
Aug 26 18:57:13 user devstack@keystone.service[44924]: DEBUG keystone.server.flask.request_processing.req_logging [None req-53dc15db-b584-489a-b615-ac5d2aeaced8 None admin] PATH_INFO: `/v3/role_assignments` {{(pid=44924) log_request_info /opt/stack/keystone/keystone/server/flask/request_processing/req_logging.py:29}}
Aug 26 18:57:13 user devstack@keystone.service[44924]: DEBUG keystone.common.rbac_enforcer.enforcer [None req-53dc15db-b584-489a-b615-ac5d2aeaced8 None admin] RBAC: Adding query filter params (role.id=646a040e6fd64837bf03159c326076a2, scope.project.id=383a8c60d2c1499f92e8ccaee4010cb3, user.id=9049024a73114493bdfcf851b41dbabf) {{(pid=44924) _extract_filter_values /opt/stack/keystone/keystone/common/rbac_enforcer/enforcer.py:167}}
Aug 26 18:57:13 user devstack@keystone.service[44924]: DEBUG keystone.common.rbac_enforcer.enforcer [None req-53dc15db-b584-489a-b615-ac5d2aeaced8 None admin] RBAC: Authorizing `identity:list_role_assignments()` {{(pid=44924) enforce_call /opt/stack/keystone/keystone/common/rbac_enforcer/enforcer.py:449}}
Aug 26 18:57:13 user devstack@keystone.service[44924]: DEBUG keystone.common.rbac_enforcer.enforcer [None req-53dc15db-b584-489a-b615-ac5d2aeaced8 None admin] RBAC: Authorization granted {{(pid=44924) enforce_call /opt/stack/keystone/keystone/common/rbac_enforcer/enforcer.py:457}}
Aug 26 18:57:13 user devstack@keystone.service[44924]: [pid: 44924|app: 0|req: 68/207] 10.0.0.210 () {56 vars in 1369 bytes} [Sat Aug 26 18:57:13 2023] GET /identity/v3/role_assignments?user.id=9049024a73114493bdfcf851b41dbabf&scope.project.id=383a8c60d2c1499f92e8ccaee4010cb3&role.id=646a040e6fd64837bf03159c326076a2 => generated 606 bytes in 136 msecs (HTTP/1.1 200) 5 headers in 177 bytes (1 switches on core 0)
Aug 26 18:57:14 user devstack@keystone.service[44925]: DEBUG keystone.server.flask.request_processing.req_logging [None req-d0bf8d14-5f77-4838-b62a-8aeac7d43309 None None] REQUEST_METHOD: `GET` {{(pid=44925) log_request_info /opt/stack/keystone/keystone/server/flask/request_processing/req_logging.py:27}}
Aug 26 18:57:14 user devstack@keystone.service[44925]: DEBUG keystone.server.flask.request_processing.req_logging [None req-d0bf8d14-5f77-4838-b62a-8aeac7d43309 None None] SCRIPT_NAME: `/identity` {{(pid=44925) log_request_info /opt/stack/keystone/keystone/server/flask/request_processing/req_logging.py:28}}
Aug 26 18:57:14 user devstack@keystone.service[44925]: DEBUG keystone.server.flask.request_processing.req_logging [None req-d0bf8d14-5f77-4838-b62a-8aeac7d43309 None None] PATH_INFO: `/` {{(pid=44925) log_request_info /opt/stack/keystone/keystone/server/flask/request_processing/req_logging.py:29}}
Aug 26 18:57:14 user devstack@keystone.service[44925]: [pid: 44925|app: 0|req: 73/208] 10.0.0.210 () {54 vars in 921 bytes} [Sat Aug 26 18:57:14 2023] GET /identity => generated 269 bytes in 11 msecs (HTTP/1.1 300) 6 headers in 233 bytes (1 switches on core 0)
Aug 26 18:57:14 user devstack@keystone.service[44923]: DEBUG keystone.server.flask.request_processing.req_logging [None req-aa9f7d5f-f9bc-458c-9765-5c17847fadc6 None None] REQUEST_METHOD: `POST` {{(pid=44923) log_request_info /opt/stack/keystone/keystone/server/flask/request_processing/req_logging.py:27}}
Aug 26 18:57:14 user devstack@keystone.service[44923]: DEBUG keystone.server.flask.request_processing.req_logging [None req-aa9f7d5f-f9bc-458c-9765-5c17847fadc6 None None] SCRIPT_NAME: `/identity` {{(pid=44923) log_request_info /opt/stack/keystone/keystone/server/flask/request_processing/req_logging.py:28}}
Aug 26 18:57:14 user devstack@keystone.service[44923]: DEBUG keystone.server.flask.request_processing.req_logging [None req-aa9f7d5f-f9bc-458c-9765-5c17847fadc6 None None] PATH_INFO: `/v3/auth/tokens` {{(pid=44923) log_request_info /opt/stack/keystone/keystone/server/flask/request_processing/req_logging.py:29}}
Aug 26 18:57:14 user devstack@keystone.service[44923]: WARNING keystone.common.password_hashing [None req-aa9f7d5f-f9bc-458c-9765-5c17847fadc6 None None] Truncating password to algorithm specific maximum length 72 characters.
Aug 26 18:57:14 user devstack@keystone.service[44923]: DEBUG keystone.auth.core [None req-aa9f7d5f-f9bc-458c-9765-5c17847fadc6 None None] MFA Rules not processed for user `4d476a15c2b2427abea8caf8a73729c1`. Rule list: `[]` (Enabled: `True`). {{(pid=44923) check_auth_methods_against_rules /opt/stack/keystone/keystone/auth/core.py:438}}
Aug 26 18:57:14 user devstack@keystone.service[44923]: DEBUG keystone.common.fernet_utils [None req-aa9f7d5f-f9bc-458c-9765-5c17847fadc6 None None] Loaded 2 Fernet keys from /etc/keystone/fernet-keys/, but `[fernet_tokens] max_active_keys = 3`; perhaps there have not been enough key rotations to reach `max_active_keys` yet? {{(pid=44923) load_keys /opt/stack/keystone/keystone/common/fernet_utils.py:286}}
Aug 26 18:57:14 user devstack@keystone.service[44923]: [pid: 44923|app: 0|req: 68/209] 10.0.0.210 () {58 vars in 1018 bytes} [Sat Aug 26 18:57:14 2023] POST /identity/v3/auth/tokens => generated 798 bytes in 73 msecs (HTTP/1.1 201) 6 headers in 363 bytes (1 switches on core 0)
Aug 26 18:57:14 user devstack@keystone.service[44924]: DEBUG keystone.server.flask.request_processing.req_logging [None req-c4f3a717-71e9-4f74-ab63-e6d8f6a420af None None] REQUEST_METHOD: `GET` {{(pid=44924) log_request_info /opt/stack/keystone/keystone/server/flask/request_processing/req_logging.py:27}}
Aug 26 18:57:14 user devstack@keystone.service[44924]: DEBUG keystone.server.flask.request_processing.req_logging [None req-c4f3a717-71e9-4f74-ab63-e6d8f6a420af None None] SCRIPT_NAME: `/identity` {{(pid=44924) log_request_info /opt/stack/keystone/keystone/server/flask/request_processing/req_logging.py:28}}
