Nov 29 22:51:57 user devstack@keystone.service[46324]: [pid: 46324|app: 0|req: 63/180] 10.0.0.210 () {56 vars in 1181 bytes} [Wed Nov 29 22:51:57 2023] GET /identity/v3/projects/cbcc6a140034456c9b07faa4a1dafd1d => generated 301 bytes in 142 msecs (HTTP/1.1 200) 5 headers in 177 bytes (2 switches on core 0)
Nov 29 22:51:57 user devstack@keystone.service[46324]: DEBUG keystone.server.flask.request_processing.middleware.auth_context [None req-90d5187f-91b1-4eac-9256-ba0a36505614 None admin] Authenticating user token {{(pid=46324) process_request /opt/stack/data/venv/lib/python3.10/site-packages/keystonemiddleware/auth_token/__init__.py:406}}
Nov 29 22:51:57 user devstack@keystone.service[46325]: DEBUG keystone.server.flask.request_processing.middleware.auth_context [None req-e7ddb6a2-55cc-452a-8093-a2988b313551 None admin] Validating token access rules against request {{(pid=46325) validate_allowed_request /opt/stack/data/venv/lib/python3.10/site-packages/keystonemiddleware/auth_token/__init__.py:544}}
Nov 29 22:51:57 user devstack@keystone.service[46325]: DEBUG keystone.server.flask.request_processing.middleware.auth_context [None req-e40408a7-dcbf-4ab0-952b-d0a433fc952b None admin] RBAC: auth_context: {'token': , 'domain_id': None, 'trust_id': None, 'trustor_id': None, 'trustee_id': None, 'domain_name': None, 'group_ids': [], 'user_id': 'cbaaddfe71e446c083bb34c394967b4f', 'user_domain_id': 'default', 'system_scope': 'all', 'project_id': None, 'project_domain_id': None, 'roles': ['admin', 'manager', 'member', 'reader'], 'is_admin_project': True, 'service_user_id': None, 'service_user_domain_id': None, 'service_project_id': None, 'service_project_domain_id': None, 'service_roles': []} {{(pid=46325) fill_context /opt/stack/keystone/keystone/server/flask/request_processing/middleware/auth_context.py:480}}
Nov 29 22:51:57 user devstack@keystone.service[46325]: DEBUG keystone.server.flask.request_processing.req_logging [None req-e40408a7-dcbf-4ab0-952b-d0a433fc952b None admin] REQUEST_METHOD: `GET` {{(pid=46325) log_request_info /opt/stack/keystone/keystone/server/flask/request_processing/req_logging.py:27}}
Nov 29 22:51:57 user devstack@keystone.service[46325]: DEBUG keystone.server.flask.request_processing.req_logging [None req-e40408a7-dcbf-4ab0-952b-d0a433fc952b None admin] SCRIPT_NAME: `/identity` {{(pid=46325) log_request_info /opt/stack/keystone/keystone/server/flask/request_processing/req_logging.py:28}}
Nov 29 22:51:57 user devstack@keystone.service[46325]: DEBUG keystone.server.flask.request_processing.req_logging [None req-e40408a7-dcbf-4ab0-952b-d0a433fc952b None admin] PATH_INFO: `/v3/auth/tokens` {{(pid=46325) log_request_info /opt/stack/keystone/keystone/server/flask/request_processing/req_logging.py:29}}
Nov 29 22:51:57 user devstack@keystone.service[46323]: DEBUG keystone.server.flask.request_processing.middleware.auth_context [None req-fe6e8e04-6f20-4012-b141-da601a58fbdf None admin] Validating token access rules against request {{(pid=46323) validate_allowed_request /opt/stack/data/venv/lib/python3.10/site-packages/keystonemiddleware/auth_token/__init__.py:544}}
Nov 29 22:51:57 user devstack@keystone.service[46324]: DEBUG keystone.server.flask.request_processing.middleware.auth_context [None req-90d5187f-91b1-4eac-9256-ba0a36505614 None admin] Validating token access rules against request {{(pid=46324) validate_allowed_request /opt/stack/data/venv/lib/python3.10/site-packages/keystonemiddleware/auth_token/__init__.py:544}}
Nov 29 22:51:57 user devstack@keystone.service[46323]: DEBUG keystone.server.flask.request_processing.middleware.auth_context [None req-01bdba70-e610-413e-955d-7b1374f0f554 None admin] RBAC: auth_context: {'token': , 'domain_id': None, 'trust_id': None, 'trustor_id': None, 'trustee_id': None, 'domain_name': None, 'group_ids': [], 'user_id': 'cbaaddfe71e446c083bb34c394967b4f', 'user_domain_id': 'default', 'system_scope': 'all', 'project_id': None, 'project_domain_id': None, 'roles': ['admin', 'manager', 'member', 'reader'], 'is_admin_project': True, 'service_user_id': None, 'service_user_domain_id': None, 'service_project_id': None, 'service_project_domain_id': None, 'service_roles': []} {{(pid=46323) fill_context /opt/stack/keystone/keystone/server/flask/request_processing/middleware/auth_context.py:480}}
Nov 29 22:51:57 user devstack@keystone.service[46323]: DEBUG keystone.server.flask.request_processing.req_logging [None req-01bdba70-e610-413e-955d-7b1374f0f554 None admin] REQUEST_METHOD: `GET` {{(pid=46323) log_request_info /opt/stack/keystone/keystone/server/flask/request_processing/req_logging.py:27}}
Nov 29 22:51:57 user devstack@keystone.service[46323]: DEBUG keystone.server.flask.request_processing.req_logging [None req-01bdba70-e610-413e-955d-7b1374f0f554 None admin] SCRIPT_NAME: `/identity` {{(pid=46323) log_request_info /opt/stack/keystone/keystone/server/flask/request_processing/req_logging.py:28}}
Nov 29 22:51:57 user devstack@keystone.service[46323]: DEBUG keystone.server.flask.request_processing.req_logging [None req-01bdba70-e610-413e-955d-7b1374f0f554 None admin] PATH_INFO: `/v3/users/a5215f570ff7447c8224659e54646889` {{(pid=46323) log_request_info /opt/stack/keystone/keystone/server/flask/request_processing/req_logging.py:29}}
Nov 29 22:51:57 user devstack@keystone.service[46323]: DEBUG keystone.common.rbac_enforcer.enforcer [None req-01bdba70-e610-413e-955d-7b1374f0f554 None admin] RBAC: Authorizing `identity:get_user(user_id=a5215f570ff7447c8224659e54646889)` {{(pid=46323) enforce_call /opt/stack/keystone/keystone/common/rbac_enforcer/enforcer.py:449}}
Nov 29 22:51:57 user devstack@keystone.service[46323]: DEBUG keystone.common.rbac_enforcer.enforcer [None req-01bdba70-e610-413e-955d-7b1374f0f554 None admin] RBAC: Authorization granted {{(pid=46323) enforce_call /opt/stack/keystone/keystone/common/rbac_enforcer/enforcer.py:457}}
Nov 29 22:51:57 user devstack@keystone.service[46323]: [pid: 46323|app: 0|req: 64/181] 10.0.0.210 () {56 vars in 1172 bytes} [Wed Nov 29 22:51:57 2023] GET /identity/v3/users/a5215f570ff7447c8224659e54646889 => generated 282 bytes in 145 msecs (HTTP/1.1 200) 5 headers in 177 bytes (2 switches on core 0)
Nov 29 22:51:57 user devstack@keystone.service[46324]: DEBUG keystone.server.flask.request_processing.middleware.auth_context [None req-d55c0d84-69e3-4540-9a2c-f73210c25dc5 None admin] RBAC: auth_context: {'token': , 'domain_id': None, 'trust_id': None, 'trustor_id': None, 'trustee_id': None, 'domain_name': None, 'group_ids': [], 'user_id': 'cbaaddfe71e446c083bb34c394967b4f', 'user_domain_id': 'default', 'system_scope': 'all', 'project_id': None, 'project_domain_id': None, 'roles': ['admin', 'manager', 'member', 'reader'], 'is_admin_project': True, 'service_user_id': None, 'service_user_domain_id': None, 'service_project_id': None, 'service_project_domain_id': None, 'service_roles': []} {{(pid=46324) fill_context /opt/stack/keystone/keystone/server/flask/request_processing/middleware/auth_context.py:480}}
Nov 29 22:51:57 user devstack@keystone.service[46324]: DEBUG keystone.server.flask.request_processing.req_logging [None req-d55c0d84-69e3-4540-9a2c-f73210c25dc5 None admin] REQUEST_METHOD: `PUT` {{(pid=46324) log_request_info /opt/stack/keystone/keystone/server/flask/request_processing/req_logging.py:27}}
Nov 29 22:51:57 user devstack@keystone.service[46324]: DEBUG keystone.server.flask.request_processing.req_logging [None req-d55c0d84-69e3-4540-9a2c-f73210c25dc5 None admin] SCRIPT_NAME: `/identity` {{(pid=46324) log_request_info /opt/stack/keystone/keystone/server/flask/request_processing/req_logging.py:28}}
Nov 29 22:51:57 user devstack@keystone.service[46324]: DEBUG keystone.server.flask.request_processing.req_logging [None req-d55c0d84-69e3-4540-9a2c-f73210c25dc5 None admin] PATH_INFO: `/v3/projects/cbcc6a140034456c9b07faa4a1dafd1d/users/7086db1e87c34baba0dbc328b9916b4e/roles/8878dde8f56248cb8f79439a32bcb9bd` {{(pid=46324) log_request_info /opt/stack/keystone/keystone/server/flask/request_processing/req_logging.py:29}}
Nov 29 22:51:57 user devstack@keystone.service[46324]: DEBUG keystone.common.rbac_enforcer.enforcer [None req-d55c0d84-69e3-4540-9a2c-f73210c25dc5 None admin] RBAC: Authorizing `identity:create_grant(project_id=cbcc6a140034456c9b07faa4a1dafd1d, user_id=7086db1e87c34baba0dbc328b9916b4e, role_id=8878dde8f56248cb8f79439a32bcb9bd)` {{(pid=46324) enforce_call /opt/stack/keystone/keystone/common/rbac_enforcer/enforcer.py:449}}
Nov 29 22:51:57 user devstack@keystone.service[46324]: DEBUG keystone.common.rbac_enforcer.enforcer [None req-d55c0d84-69e3-4540-9a2c-f73210c25dc5 None admin] RBAC: Authorization granted {{(pid=46324) enforce_call /opt/stack/keystone/keystone/common/rbac_enforcer/enforcer.py:457}}
Nov 29 22:51:57 user devstack@keystone.service[46323]: DEBUG keystone.server.flask.request_processing.middleware.auth_context [None req-01bdba70-e610-413e-955d-7b1374f0f554 None admin] Authenticating user token {{(pid=46323) process_request /opt/stack/data/venv/lib/python3.10/site-packages/keystonemiddleware/auth_token/__init__.py:406}}
Nov 29 22:51:57 user devstack@keystone.service[46324]: [pid: 46324|app: 0|req: 64/182] 10.0.0.210 () {58 vars in 1434 bytes} [Wed Nov 29 22:51:57 2023] PUT /identity/v3/projects/cbcc6a140034456c9b07faa4a1dafd1d/users/7086db1e87c34baba0dbc328b9916b4e/roles/8878dde8f56248cb8f79439a32bcb9bd => generated 0 bytes in 152 msecs (HTTP/1.1 204) 3 headers in 132 bytes (1 switches on core 0)
Nov 29 22:51:57 user devstack@keystone.service[46325]: DEBUG keystone.common.rbac_enforcer.enforcer [None req-e40408a7-dcbf-4ab0-952b-d0a433fc952b None admin] RBAC: Authorizing `identity:validate_token()` {{(pid=46325) enforce_call /opt/stack/keystone/keystone/common/rbac_enforcer/enforcer.py:449}}
Nov 29 22:51:57 user devstack@keystone.service[46325]: DEBUG keystone.common.rbac_enforcer.enforcer [None req-e40408a7-dcbf-4ab0-952b-d0a433fc952b None admin] RBAC: Authorization granted {{(pid=46325) enforce_call /opt/stack/keystone/keystone/common/rbac_enforcer/enforcer.py:457}}
Nov 29 22:51:57 user devstack@keystone.service[46325]: [pid: 46325|app: 0|req: 55/183] 10.0.0.210 () {58 vars in 1277 bytes} [Wed Nov 29 22:51:57 2023] GET /identity/v3/auth/tokens => generated 861 bytes in 322 msecs (HTTP/1.1 200) 6 headers in 358 bytes (1 switches on core 0)
Nov 29 22:51:57 user devstack@keystone.service[46324]: DEBUG keystone.server.flask.request_processing.middleware.auth_context [None req-d55c0d84-69e3-4540-9a2c-f73210c25dc5 None admin] Authenticating user token {{(pid=46324) process_request /opt/stack/data/venv/lib/python3.10/site-packages/keystonemiddleware/auth_token/__init__.py:406}}
Nov 29 22:51:57 user devstack@keystone.service[46323]: DEBUG keystone.server.flask.request_processing.middleware.auth_context [None req-01bdba70-e610-413e-955d-7b1374f0f554 None admin] Validating token access rules against request {{(pid=46323) validate_allowed_request /opt/stack/data/venv/lib/python3.10/site-packages/keystonemiddleware/auth_token/__init__.py:544}}
Nov 29 22:51:57 user devstack@keystone.service[46323]: DEBUG keystone.server.flask.request_processing.middleware.auth_context [None req-fbe64653-cccf-4275-98f1-3a07e229b21a None admin] RBAC: auth_context: {'token': , 'domain_id': None, 'trust_id': None, 'trustor_id': None, 'trustee_id': None, 'domain_name': None, 'group_ids': [], 'user_id': 'cbaaddfe71e446c083bb34c394967b4f', 'user_domain_id': 'default', 'system_scope': 'all', 'project_id': None, 'project_domain_id': None, 'roles': ['admin', 'manager', 'member', 'reader'], 'is_admin_project': True, 'service_user_id': None, 'service_user_domain_id': None, 'service_project_id': None, 'service_project_domain_id': None, 'service_roles': []} {{(pid=46323) fill_context /opt/stack/keystone/keystone/server/flask/request_processing/middleware/auth_context.py:480}}
Nov 29 22:51:57 user devstack@keystone.service[46323]: DEBUG keystone.server.flask.request_processing.req_logging [None req-fbe64653-cccf-4275-98f1-3a07e229b21a None admin] REQUEST_METHOD: `GET` {{(pid=46323) log_request_info /opt/stack/keystone/keystone/server/flask/request_processing/req_logging.py:27}}
Nov 29 22:51:57 user devstack@keystone.service[46323]: DEBUG keystone.server.flask.request_processing.req_logging [None req-fbe64653-cccf-4275-98f1-3a07e229b21a None admin] SCRIPT_NAME: `/identity` {{(pid=46323) log_request_info /opt/stack/keystone/keystone/server/flask/request_processing/req_logging.py:28}}
Nov 29 22:51:57 user devstack@keystone.service[46323]: DEBUG keystone.server.flask.request_processing.req_logging [None req-fbe64653-cccf-4275-98f1-3a07e229b21a None admin] PATH_INFO: `/v3/auth/tokens` {{(pid=46323) log_request_info /opt/stack/keystone/keystone/server/flask/request_processing/req_logging.py:29}}
Nov 29 22:51:57 user devstack@keystone.service[46324]: DEBUG keystone.server.flask.request_processing.middleware.auth_context [None req-d55c0d84-69e3-4540-9a2c-f73210c25dc5 None admin] Validating token access rules against request {{(pid=46324) validate_allowed_request /opt/stack/data/venv/lib/python3.10/site-packages/keystonemiddleware/auth_token/__init__.py:544}}
Nov 29 22:51:57 user devstack@keystone.service[46323]: DEBUG keystone.common.rbac_enforcer.enforcer [None req-fbe64653-cccf-4275-98f1-3a07e229b21a None admin] RBAC: Authorizing `identity:validate_token()` {{(pid=46323) enforce_call /opt/stack/keystone/keystone/common/rbac_enforcer/enforcer.py:449}}
Nov 29 22:51:57 user devstack@keystone.service[46323]: DEBUG keystone.common.rbac_enforcer.enforcer [None req-fbe64653-cccf-4275-98f1-3a07e229b21a None admin] RBAC: Authorization granted {{(pid=46323) enforce_call /opt/stack/keystone/keystone/common/rbac_enforcer/enforcer.py:457}}
Nov 29 22:51:57 user devstack@keystone.service[46324]: DEBUG keystone.server.flask.request_processing.middleware.auth_context [None req-b74d78ab-c8d9-49cb-8f06-7a95e8b893eb None admin] RBAC: auth_context: {'token': , 'domain_id': None, 'trust_id': None, 'trustor_id': None, 'trustee_id': None, 'domain_name': None, 'group_ids': [], 'user_id': 'cbaaddfe71e446c083bb34c394967b4f', 'user_domain_id': 'default', 'system_scope': 'all', 'project_id': None, 'project_domain_id': None, 'roles': ['admin', 'manager', 'member', 'reader'], 'is_admin_project': True, 'service_user_id': None, 'service_user_domain_id': None, 'service_project_id': None, 'service_project_domain_id': None, 'service_roles': []} {{(pid=46324) fill_context /opt/stack/keystone/keystone/server/flask/request_processing/middleware/auth_context.py:480}}
Nov 29 22:51:57 user devstack@keystone.service[46324]: DEBUG keystone.server.flask.request_processing.req_logging [None req-b74d78ab-c8d9-49cb-8f06-7a95e8b893eb None admin] REQUEST_METHOD: `GET` {{(pid=46324) log_request_info /opt/stack/keystone/keystone/server/flask/request_processing/req_logging.py:27}}
Nov 29 22:51:57 user devstack@keystone.service[46324]: DEBUG keystone.server.flask.request_processing.req_logging [None req-b74d78ab-c8d9-49cb-8f06-7a95e8b893eb None admin] SCRIPT_NAME: `/identity` {{(pid=46324) log_request_info /opt/stack/keystone/keystone/server/flask/request_processing/req_logging.py:28}}
Nov 29 22:51:57 user devstack@keystone.service[46324]: DEBUG keystone.server.flask.request_processing.req_logging [None req-b74d78ab-c8d9-49cb-8f06-7a95e8b893eb None admin] PATH_INFO: `/v3/projects/cbcc6a140034456c9b07faa4a1dafd1d` {{(pid=46324) log_request_info /opt/stack/keystone/keystone/server/flask/request_processing/req_logging.py:29}}
Nov 29 22:51:57 user devstack@keystone.service[46324]: DEBUG keystone.common.rbac_enforcer.enforcer [None req-b74d78ab-c8d9-49cb-8f06-7a95e8b893eb None admin] RBAC: Authorizing `identity:get_project(project_id=cbcc6a140034456c9b07faa4a1dafd1d)` {{(pid=46324) enforce_call /opt/stack/keystone/keystone/common/rbac_enforcer/enforcer.py:449}}
Nov 29 22:51:57 user devstack@keystone.service[46324]: DEBUG keystone.common.rbac_enforcer.enforcer [None req-b74d78ab-c8d9-49cb-8f06-7a95e8b893eb None admin] RBAC: Authorization granted {{(pid=46324) enforce_call /opt/stack/keystone/keystone/common/rbac_enforcer/enforcer.py:457}}
Nov 29 22:51:57 user devstack@keystone.service[46324]: [pid: 46324|app: 0|req: 65/184] 10.0.0.210 () {56 vars in 1181 bytes} [Wed Nov 29 22:51:57 2023] GET /identity/v3/projects/cbcc6a140034456c9b07faa4a1dafd1d => generated 301 bytes in 161 msecs (HTTP/1.1 200) 5 headers in 177 bytes (1 switches on core 0)
Nov 29 22:51:57 user devstack@keystone.service[46325]: DEBUG keystone.server.flask.request_processing.middleware.auth_context [None req-e40408a7-dcbf-4ab0-952b-d0a433fc952b None admin] Authenticating user token {{(pid=46325) process_request /opt/stack/data/venv/lib/python3.10/site-packages/keystonemiddleware/auth_token/__init__.py:406}}
Nov 29 22:51:57 user devstack@keystone.service[46323]: [pid: 46323|app: 0|req: 65/185] 10.0.0.210 () {58 vars in 1277 bytes} [Wed Nov 29 22:51:57 2023] GET /identity/v3/auth/tokens => generated 861 bytes in 378 msecs (HTTP/1.1 200) 6 headers in 358 bytes (1 switches on core 0)
Nov 29 22:51:57 user devstack@keystone.service[46324]: DEBUG keystone.server.flask.request_processing.middleware.auth_context [None req-b74d78ab-c8d9-49cb-8f06-7a95e8b893eb None admin] Authenticating user token {{(pid=46324) process_request /opt/stack/data/venv/lib/python3.10/site-packages/keystonemiddleware/auth_token/__init__.py:406}}
Nov 29 22:51:57 user devstack@keystone.service[46325]: DEBUG keystone.server.flask.request_processing.middleware.auth_context [None req-e40408a7-dcbf-4ab0-952b-d0a433fc952b None admin] Validating token access rules against request {{(pid=46325) validate_allowed_request /opt/stack/data/venv/lib/python3.10/site-packages/keystonemiddleware/auth_token/__init__.py:544}}
Nov 29 22:51:57 user devstack@keystone.service[46325]: DEBUG keystone.server.flask.request_processing.middleware.auth_context [None req-175e1cdb-7d70-463e-aee4-f5627fa18455 None admin] RBAC: auth_context: {'token': , 'domain_id': None, 'trust_id': None, 'trustor_id': None, 'trustee_id': None, 'domain_name': None, 'group_ids': [], 'user_id': 'cbaaddfe71e446c083bb34c394967b4f', 'user_domain_id': 'default', 'system_scope': 'all', 'project_id': None, 'project_domain_id': None, 'roles': ['admin', 'manager', 'member', 'reader'], 'is_admin_project': True, 'service_user_id': None, 'service_user_domain_id': None, 'service_project_id': None, 'service_project_domain_id': None, 'service_roles': []} {{(pid=46325) fill_context /opt/stack/keystone/keystone/server/flask/request_processing/middleware/auth_context.py:480}}
Nov 29 22:51:57 user devstack@keystone.service[46325]: DEBUG keystone.server.flask.request_processing.req_logging [None req-175e1cdb-7d70-463e-aee4-f5627fa18455 None admin] REQUEST_METHOD: `GET` {{(pid=46325) log_request_info /opt/stack/keystone/keystone/server/flask/request_processing/req_logging.py:27}}
Nov 29 22:51:57 user devstack@keystone.service[46325]: DEBUG keystone.server.flask.request_processing.req_logging [None req-175e1cdb-7d70-463e-aee4-f5627fa18455 None admin] SCRIPT_NAME: `/identity` {{(pid=46325) log_request_info /opt/stack/keystone/keystone/server/flask/request_processing/req_logging.py:28}}
Nov 29 22:51:57 user devstack@keystone.service[46325]: DEBUG keystone.server.flask.request_processing.req_logging [None req-175e1cdb-7d70-463e-aee4-f5627fa18455 None admin] PATH_INFO: `/v3/role_assignments` {{(pid=46325) log_request_info /opt/stack/keystone/keystone/server/flask/request_processing/req_logging.py:29}}
Nov 29 22:51:57 user devstack@keystone.service[46325]: DEBUG keystone.common.rbac_enforcer.enforcer [None req-175e1cdb-7d70-463e-aee4-f5627fa18455 None admin] RBAC: Adding query filter params (role.id=0832c4042fd74d16bf8e3eedc91144c6, scope.project.id=cbcc6a140034456c9b07faa4a1dafd1d, user.id=a5215f570ff7447c8224659e54646889) {{(pid=46325) _extract_filter_values /opt/stack/keystone/keystone/common/rbac_enforcer/enforcer.py:167}}
Nov 29 22:51:57 user devstack@keystone.service[46325]: DEBUG keystone.common.rbac_enforcer.enforcer [None req-175e1cdb-7d70-463e-aee4-f5627fa18455 None admin] RBAC: Authorizing `identity:list_role_assignments()` {{(pid=46325) enforce_call /opt/stack/keystone/keystone/common/rbac_enforcer/enforcer.py:449}}
Nov 29 22:51:57 user devstack@keystone.service[46325]: DEBUG keystone.common.rbac_enforcer.enforcer [None req-175e1cdb-7d70-463e-aee4-f5627fa18455 None admin] RBAC: Authorization granted {{(pid=46325) enforce_call /opt/stack/keystone/keystone/common/rbac_enforcer/enforcer.py:457}}
Nov 29 22:51:57 user devstack@keystone.service[46325]: [pid: 46325|app: 0|req: 56/186] 10.0.0.210 () {56 vars in 1369 bytes} [Wed Nov 29 22:51:57 2023] GET /identity/v3/role_assignments?user.id=a5215f570ff7447c8224659e54646889&scope.project.id=cbcc6a140034456c9b07faa4a1dafd1d&role.id=0832c4042fd74d16bf8e3eedc91144c6 => generated 606 bytes in 163 msecs (HTTP/1.1 200) 5 headers in 177 bytes (1 switches on core 0)
Nov 29 22:51:57 user devstack@keystone.service[46324]: DEBUG keystone.server.flask.request_processing.middleware.auth_context [None req-b74d78ab-c8d9-49cb-8f06-7a95e8b893eb None admin] Validating token access rules against request {{(pid=46324) validate_allowed_request /opt/stack/data/venv/lib/python3.10/site-packages/keystonemiddleware/auth_token/__init__.py:544}}
Nov 29 22:51:57 user devstack@keystone.service[46324]: DEBUG keystone.server.flask.request_processing.middleware.auth_context [None req-8ca3467c-ec7d-4139-b074-31dc4e79867b None admin] RBAC: auth_context: {'token': , 'domain_id': None, 'trust_id': None, 'trustor_id': None, 'trustee_id': None, 'domain_name': None, 'group_ids': [], 'user_id': 'cbaaddfe71e446c083bb34c394967b4f', 'user_domain_id': 'default', 'system_scope': 'all', 'project_id': None, 'project_domain_id': None, 'roles': ['admin', 'manager', 'member', 'reader'], 'is_admin_project': True, 'service_user_id': None, 'service_user_domain_id': None, 'service_project_id': None, 'service_project_domain_id': None, 'service_roles': []} {{(pid=46324) fill_context /opt/stack/keystone/keystone/server/flask/request_processing/middleware/auth_context.py:480}}
Nov 29 22:51:57 user devstack@keystone.service[46324]: DEBUG keystone.server.flask.request_processing.req_logging [None req-8ca3467c-ec7d-4139-b074-31dc4e79867b None admin] REQUEST_METHOD: `GET` {{(pid=46324) log_request_info /opt/stack/keystone/keystone/server/flask/request_processing/req_logging.py:27}}
Nov 29 22:51:57 user devstack@keystone.service[46324]: DEBUG keystone.server.flask.request_processing.req_logging [None req-8ca3467c-ec7d-4139-b074-31dc4e79867b None admin] SCRIPT_NAME: `/identity` {{(pid=46324) log_request_info /opt/stack/keystone/keystone/server/flask/request_processing/req_logging.py:28}}
Nov 29 22:51:57 user devstack@keystone.service[46324]: DEBUG keystone.server.flask.request_processing.req_logging [None req-8ca3467c-ec7d-4139-b074-31dc4e79867b None admin] PATH_INFO: `/v3/projects/cbcc6a140034456c9b07faa4a1dafd1d` {{(pid=46324) log_request_info /opt/stack/keystone/keystone/server/flask/request_processing/req_logging.py:29}}
Nov 29 22:51:57 user devstack@keystone.service[46324]: DEBUG keystone.common.rbac_enforcer.enforcer [None req-8ca3467c-ec7d-4139-b074-31dc4e79867b None admin] RBAC: Authorizing `identity:get_project(project_id=cbcc6a140034456c9b07faa4a1dafd1d)` {{(pid=46324) enforce_call /opt/stack/keystone/keystone/common/rbac_enforcer/enforcer.py:449}}
Nov 29 22:51:57 user devstack@keystone.service[46324]: DEBUG keystone.common.rbac_enforcer.enforcer [None req-8ca3467c-ec7d-4139-b074-31dc4e79867b None admin] RBAC: Authorization granted {{(pid=46324) enforce_call /opt/stack/keystone/keystone/common/rbac_enforcer/enforcer.py:457}}
Nov 29 22:51:57 user devstack@keystone.service[46324]: [pid: 46324|app: 0|req: 66/187] 10.0.0.210 () {56 vars in 1181 bytes} [Wed Nov 29 22:51:57 2023] GET /identity/v3/projects/cbcc6a140034456c9b07faa4a1dafd1d => generated 301 bytes in 143 msecs (HTTP/1.1 200) 5 headers in 177 bytes (1 switches on core 0)
Nov 29 22:51:57 user devstack@keystone.service[46323]: DEBUG keystone.server.flask.request_processing.middleware.auth_context [None req-fbe64653-cccf-4275-98f1-3a07e229b21a None admin] Authenticating user token {{(pid=46323) process_request /opt/stack/data/venv/lib/python3.10/site-packages/keystonemiddleware/auth_token/__init__.py:406}}
Nov 29 22:51:57 user devstack@keystone.service[46323]: DEBUG keystone.server.flask.request_processing.middleware.auth_context [None req-fbe64653-cccf-4275-98f1-3a07e229b21a None admin] Validating token access rules against request {{(pid=46323) validate_allowed_request /opt/stack/data/venv/lib/python3.10/site-packages/keystonemiddleware/auth_token/__init__.py:544}}
Nov 29 22:51:58 user devstack@keystone.service[46323]: DEBUG keystone.server.flask.request_processing.middleware.auth_context [None req-734e2d5c-5059-4670-a502-1a3ad262644b None admin] RBAC: auth_context: {'token': , 'domain_id': None, 'trust_id': None, 'trustor_id': None, 'trustee_id': None, 'domain_name': None, 'group_ids': [], 'user_id': 'cbaaddfe71e446c083bb34c394967b4f', 'user_domain_id': 'default', 'system_scope': 'all', 'project_id': None, 'project_domain_id': None, 'roles': ['admin', 'manager', 'member', 'reader'], 'is_admin_project': True, 'service_user_id': None, 'service_user_domain_id': None, 'service_project_id': None, 'service_project_domain_id': None, 'service_roles': []} {{(pid=46323) fill_context /opt/stack/keystone/keystone/server/flask/request_processing/middleware/auth_context.py:480}}
Nov 29 22:51:58 user devstack@keystone.service[46323]: DEBUG keystone.server.flask.request_processing.req_logging [None req-734e2d5c-5059-4670-a502-1a3ad262644b None admin] REQUEST_METHOD: `GET` {{(pid=46323) log_request_info /opt/stack/keystone/keystone/server/flask/request_processing/req_logging.py:27}}
Nov 29 22:51:58 user devstack@keystone.service[46323]: DEBUG keystone.server.flask.request_processing.req_logging [None req-734e2d5c-5059-4670-a502-1a3ad262644b None admin] SCRIPT_NAME: `/identity` {{(pid=46323) log_request_info /opt/stack/keystone/keystone/server/flask/request_processing/req_logging.py:28}}
Nov 29 22:51:58 user devstack@keystone.service[46323]: DEBUG keystone.server.flask.request_processing.req_logging [None req-734e2d5c-5059-4670-a502-1a3ad262644b None admin] PATH_INFO: `/v3/role_assignments` {{(pid=46323) log_request_info /opt/stack/keystone/keystone/server/flask/request_processing/req_logging.py:29}}
Nov 29 22:51:58 user devstack@keystone.service[46323]: DEBUG keystone.common.rbac_enforcer.enforcer [None req-734e2d5c-5059-4670-a502-1a3ad262644b None admin] RBAC: Adding query filter params (role.id=9bcf3cc458f7411cb82ae0cf233a85d6, scope.project.id=cbcc6a140034456c9b07faa4a1dafd1d, user.id=a5215f570ff7447c8224659e54646889) {{(pid=46323) _extract_filter_values /opt/stack/keystone/keystone/common/rbac_enforcer/enforcer.py:167}}
Nov 29 22:51:58 user devstack@keystone.service[46323]: DEBUG keystone.common.rbac_enforcer.enforcer [None req-734e2d5c-5059-4670-a502-1a3ad262644b None admin] RBAC: Authorizing `identity:list_role_assignments()` {{(pid=46323) enforce_call /opt/stack/keystone/keystone/common/rbac_enforcer/enforcer.py:449}}
Nov 29 22:51:58 user devstack@keystone.service[46323]: DEBUG keystone.common.rbac_enforcer.enforcer [None req-734e2d5c-5059-4670-a502-1a3ad262644b None admin] RBAC: Authorization granted {{(pid=46323) enforce_call /opt/stack/keystone/keystone/common/rbac_enforcer/enforcer.py:457}}
Nov 29 22:51:58 user devstack@keystone.service[46323]: [pid: 46323|app: 0|req: 66/188] 10.0.0.210 () {56 vars in 1369 bytes} [Wed Nov 29 22:51:57 2023] GET /identity/v3/role_assignments?user.id=a5215f570ff7447c8224659e54646889&scope.project.id=cbcc6a140034456c9b07faa4a1dafd1d&role.id=9bcf3cc458f7411cb82ae0cf233a85d6 => generated 606 bytes in 159 msecs (HTTP/1.1 200) 5 headers in 177 bytes (1 switches on core 0)
Nov 29 22:51:58 user devstack@keystone.service[46325]: DEBUG keystone.server.flask.request_processing.req_logging [None req-aa583897-5da8-47e8-80c0-8d3c32a3b700 None None] REQUEST_METHOD: `GET` {{(pid=46325) log_request_info /opt/stack/keystone/keystone/server/flask/request_processing/req_logging.py:27}}
Nov 29 22:51:58 user devstack@keystone.service[46325]: DEBUG keystone.server.flask.request_processing.req_logging [None req-aa583897-5da8-47e8-80c0-8d3c32a3b700 None None] SCRIPT_NAME: `/identity` {{(pid=46325) log_request_info /opt/stack/keystone/keystone/server/flask/request_processing/req_logging.py:28}}
Nov 29 22:51:58 user devstack@keystone.service[46325]: DEBUG keystone.server.flask.request_processing.req_logging [None req-aa583897-5da8-47e8-80c0-8d3c32a3b700 None None] PATH_INFO: `/` {{(pid=46325) log_request_info /opt/stack/keystone/keystone/server/flask/request_processing/req_logging.py:29}}
Nov 29 22:51:58 user devstack@keystone.service[46325]: [pid: 46325|app: 0|req: 57/189] 10.0.0.210 () {54 vars in 921 bytes} [Wed Nov 29 22:51:58 2023] GET /identity => generated 269 bytes in 3 msecs (HTTP/1.1 300) 6 headers in 233 bytes (1 switches on core 0)
Nov 29 22:51:58 user devstack@keystone.service[46324]: DEBUG keystone.server.flask.request_processing.req_logging [None req-e37a2c42-c7eb-4a95-9d6b-129cf811bda4 None None] REQUEST_METHOD: `POST` {{(pid=46324) log_request_info /opt/stack/keystone/keystone/server/flask/request_processing/req_logging.py:27}}
Nov 29 22:51:58 user devstack@keystone.service[46324]: DEBUG keystone.server.flask.request_processing.req_logging [None req-e37a2c42-c7eb-4a95-9d6b-129cf811bda4 None None] SCRIPT_NAME: `/identity` {{(pid=46324) log_request_info /opt/stack/keystone/keystone/server/flask/request_processing/req_logging.py:28}}
Nov 29 22:51:58 user devstack@keystone.service[46324]: DEBUG keystone.server.flask.request_processing.req_logging [None req-e37a2c42-c7eb-4a95-9d6b-129cf811bda4 None None] PATH_INFO: `/v3/auth/tokens` {{(pid=46324) log_request_info /opt/stack/keystone/keystone/server/flask/request_processing/req_logging.py:29}}
Nov 29 22:51:58 user devstack@keystone.service[46324]: WARNING keystone.common.password_hashing [None req-e37a2c42-c7eb-4a95-9d6b-129cf811bda4 None None] Truncating password to algorithm specific maximum length 72 characters.
Nov 29 22:51:58 user devstack@keystone.service[46324]: DEBUG keystone.auth.core [None req-e37a2c42-c7eb-4a95-9d6b-129cf811bda4 None None] MFA Rules not processed for user `cbaaddfe71e446c083bb34c394967b4f`. Rule list: `[]` (Enabled: `True`). {{(pid=46324) check_auth_methods_against_rules /opt/stack/keystone/keystone/auth/core.py:438}}
Nov 29 22:51:58 user devstack@keystone.service[46324]: DEBUG keystone.common.fernet_utils [None req-e37a2c42-c7eb-4a95-9d6b-129cf811bda4 None None] Loaded 2 Fernet keys from /etc/keystone/fernet-keys/, but `[fernet_tokens] max_active_keys = 3`; perhaps there have not been enough key rotations to reach `max_active_keys` yet? {{(pid=46324) load_keys /opt/stack/keystone/keystone/common/fernet_utils.py:286}}
Nov 29 22:51:58 user devstack@keystone.service[46324]: [pid: 46324|app: 0|req: 67/190] 10.0.0.210 () {58 vars in 1018 bytes} [Wed Nov 29 22:51:58 2023] POST /identity/v3/auth/tokens => generated 861 bytes in 86 msecs (HTTP/1.1 201) 6 headers in 363 bytes (1 switches on core 0)
Nov 29 22:51:58 user devstack@keystone.service[46323]: DEBUG keystone.server.flask.request_processing.req_logging [None req-7085d69c-0f74-4c29-8071-8fbd755d64c3 None None] REQUEST_METHOD: `GET` {{(pid=46323) log_request_info /opt/stack/keystone/keystone/server/flask/request_processing/req_logging.py:27}}
Nov 29 22:51:58 user devstack@keystone.service[46323]: DEBUG keystone.server.flask.request_processing.req_logging [None req-7085d69c-0f74-4c29-8071-8fbd755d64c3 None None] SCRIPT_NAME: `/identity` {{(pid=46323) log_request_info /opt/stack/keystone/keystone/server/flask/request_processing/req_logging.py:28}}
Nov 29 22:51:58 user devstack@keystone.service[46323]: DEBUG keystone.server.flask.request_processing.req_logging [None req-7085d69c-0f74-4c29-8071-8fbd755d64c3 None None] PATH_INFO: `/` {{(pid=46323) log_request_info /opt/stack/keystone/keystone/server/flask/request_processing/req_logging.py:29}}
Nov 29 22:51:58 user devstack@keystone.service[46323]: [pid: 46323|app: 0|req: 67/191] 10.0.0.210 () {54 vars in 921 bytes} [Wed Nov 29 22:51:58 2023] GET /identity => generated 269 bytes in 3 msecs (HTTP/1.1 300) 6 headers in 233 bytes (1 switches on core 0)
Nov 29 22:51:58 user devstack@keystone.service[46325]: DEBUG keystone.server.flask.request_processing.req_logging [None req-225bb317-fc13-4c10-a3a0-9940767ec718 None None] REQUEST_METHOD: `POST` {{(pid=46325) log_request_info /opt/stack/keystone/keystone/server/flask/request_processing/req_logging.py:27}}
Nov 29 22:51:58 user devstack@keystone.service[46325]: DEBUG keystone.server.flask.request_processing.req_logging [None req-225bb317-fc13-4c10-a3a0-9940767ec718 None None] SCRIPT_NAME: `/identity` {{(pid=46325) log_request_info /opt/stack/keystone/keystone/server/flask/request_processing/req_logging.py:28}}
Nov 29 22:51:58 user devstack@keystone.service[46325]: DEBUG keystone.server.flask.request_processing.req_logging [None req-225bb317-fc13-4c10-a3a0-9940767ec718 None None] PATH_INFO: `/v3/auth/tokens` {{(pid=46325) log_request_info /opt/stack/keystone/keystone/server/flask/request_processing/req_logging.py:29}}
Nov 29 22:51:58 user devstack@keystone.service[46325]: WARNING keystone.common.password_hashing [None req-225bb317-fc13-4c10-a3a0-9940767ec718 None None] Truncating password to algorithm specific maximum length 72 characters.
Nov 29 22:51:58 user devstack@keystone.service[46325]: DEBUG keystone.auth.core [None req-225bb317-fc13-4c10-a3a0-9940767ec718 None None] MFA Rules not processed for user `cbaaddfe71e446c083bb34c394967b4f`. Rule list: `[]` (Enabled: `True`). {{(pid=46325) check_auth_methods_against_rules /opt/stack/keystone/keystone/auth/core.py:438}}
Nov 29 22:51:58 user devstack@keystone.service[46325]: DEBUG keystone.common.fernet_utils [None req-225bb317-fc13-4c10-a3a0-9940767ec718 None None] Loaded 2 Fernet keys from /etc/keystone/fernet-keys/, but `[fernet_tokens] max_active_keys = 3`; perhaps there have not been enough key rotations to reach `max_active_keys` yet? {{(pid=46325) load_keys /opt/stack/keystone/keystone/common/fernet_utils.py:286}}
Nov 29 22:51:58 user devstack@keystone.service[46325]: [pid: 46325|app: 0|req: 58/192] 10.0.0.210 () {58 vars in 1018 bytes} [Wed Nov 29 22:51:58 2023] POST /identity/v3/auth/tokens => generated 861 bytes in 93 msecs (HTTP/1.1 201) 6 headers in 363 bytes (1 switches on core 0)
Nov 29 22:51:58 user devstack@keystone.service[46324]: DEBUG keystone.server.flask.request_processing.middleware.auth_context [None req-e37a2c42-c7eb-4a95-9d6b-129cf811bda4 None None] Authenticating user token {{(pid=46324) process_request /opt/stack/data/venv/lib/python3.10/site-packages/keystonemiddleware/auth_token/__init__.py:406}}
Nov 29 22:51:59 user devstack@keystone.service[46323]: DEBUG keystone.server.flask.request_processing.req_logging [None req-abe5e8f9-d112-48f9-b46e-ef4db3eece52 None None] REQUEST_METHOD: `GET` {{(pid=46323) log_request_info /opt/stack/keystone/keystone/server/flask/request_processing/req_logging.py:27}}
Nov 29 22:51:59 user devstack@keystone.service[46323]: DEBUG keystone.server.flask.request_processing.req_logging [None req-abe5e8f9-d112-48f9-b46e-ef4db3eece52 None None] SCRIPT_NAME: `/identity` {{(pid=46323) log_request_info /opt/stack/keystone/keystone/server/flask/request_processing/req_logging.py:28}}
Nov 29 22:51:59 user devstack@keystone.service[46323]: DEBUG keystone.server.flask.request_processing.req_logging [None req-abe5e8f9-d112-48f9-b46e-ef4db3eece52 None None] PATH_INFO: `/` {{(pid=46323) log_request_info /opt/stack/keystone/keystone/server/flask/request_processing/req_logging.py:29}}
Nov 29 22:51:59 user devstack@keystone.service[46323]: [pid: 46323|app: 0|req: 68/193] 10.0.0.210 () {54 vars in 921 bytes} [Wed Nov 29 22:51:59 2023] GET /identity => generated 269 bytes in 3 msecs (HTTP/1.1 300) 6 headers in 233 bytes (1 switches on core 0)
Nov 29 22:51:59 user devstack@keystone.service[46325]: DEBUG keystone.server.flask.request_processing.req_logging [None req-225f2c78-ac3f-45d8-99c3-80e05fec4bfa None None] REQUEST_METHOD: `POST` {{(pid=46325) log_request_info /opt/stack/keystone/keystone/server/flask/request_processing/req_logging.py:27}}
Nov 29 22:51:59 user devstack@keystone.service[46325]: DEBUG keystone.server.flask.request_processing.req_logging [None req-225f2c78-ac3f-45d8-99c3-80e05fec4bfa None None] SCRIPT_NAME: `/identity` {{(pid=46325) log_request_info /opt/stack/keystone/keystone/server/flask/request_processing/req_logging.py:28}}
Nov 29 22:51:59 user devstack@keystone.service[46325]: DEBUG keystone.server.flask.request_processing.req_logging [None req-225f2c78-ac3f-45d8-99c3-80e05fec4bfa None None] PATH_INFO: `/v3/auth/tokens` {{(pid=46325) log_request_info /opt/stack/keystone/keystone/server/flask/request_processing/req_logging.py:29}}
Nov 29 22:51:59 user devstack@keystone.service[46325]: WARNING keystone.common.password_hashing [None req-225f2c78-ac3f-45d8-99c3-80e05fec4bfa None None] Truncating password to algorithm specific maximum length 72 characters.
Nov 29 22:51:59 user devstack@keystone.service[46324]: DEBUG keystone.server.flask.request_processing.middleware.auth_context [None req-e37a2c42-c7eb-4a95-9d6b-129cf811bda4 None None] Validating token access rules against request {{(pid=46324) validate_allowed_request /opt/stack/data/venv/lib/python3.10/site-packages/keystonemiddleware/auth_token/__init__.py:544}}
Nov 29 22:51:59 user devstack@keystone.service[46325]: DEBUG keystone.auth.core [None req-225f2c78-ac3f-45d8-99c3-80e05fec4bfa None None] MFA Rules not processed for user `cbaaddfe71e446c083bb34c394967b4f`. Rule list: `[]` (Enabled: `True`). {{(pid=46325) check_auth_methods_against_rules /opt/stack/keystone/keystone/auth/core.py:438}}
Nov 29 22:51:59 user devstack@keystone.service[46325]: DEBUG keystone.common.fernet_utils [None req-225f2c78-ac3f-45d8-99c3-80e05fec4bfa None None] Loaded 2 Fernet keys from /etc/keystone/fernet-keys/, but `[fernet_tokens] max_active_keys = 3`; perhaps there have not been enough key rotations to reach `max_active_keys` yet? {{(pid=46325) load_keys /opt/stack/keystone/keystone/common/fernet_utils.py:286}}
Nov 29 22:51:59 user devstack@keystone.service[46323]: DEBUG keystone.server.flask.request_processing.middleware.auth_context [None req-abe5e8f9-d112-48f9-b46e-ef4db3eece52 None None] Authenticating user token {{(pid=46323) process_request /opt/stack/data/venv/lib/python3.10/site-packages/keystonemiddleware/auth_token/__init__.py:406}}
Nov 29 22:51:59 user devstack@keystone.service[46324]: DEBUG keystone.server.flask.request_processing.middleware.auth_context [None req-7d936c26-30e6-4116-b7ac-a1b295f82f6e None admin] RBAC: auth_context: {'token': , 'domain_id': None, 'trust_id': None, 'trustor_id': None, 'trustee_id': None, 'domain_name': None, 'group_ids': [], 'user_id': 'cbaaddfe71e446c083bb34c394967b4f', 'user_domain_id': 'default', 'system_scope': 'all', 'project_id': None, 'project_domain_id': None, 'roles': ['admin', 'manager', 'member', 'reader'], 'is_admin_project': True, 'service_user_id': None, 'service_user_domain_id': None, 'service_project_id': None, 'service_project_domain_id': None, 'service_roles': []} {{(pid=46324) fill_context /opt/stack/keystone/keystone/server/flask/request_processing/middleware/auth_context.py:480}}
Nov 29 22:51:59 user devstack@keystone.service[46324]: DEBUG keystone.server.flask.request_processing.req_logging [None req-7d936c26-30e6-4116-b7ac-a1b295f82f6e None admin] REQUEST_METHOD: `GET` {{(pid=46324) log_request_info /opt/stack/keystone/keystone/server/flask/request_processing/req_logging.py:27}}
Nov 29 22:51:59 user devstack@keystone.service[46324]: DEBUG keystone.server.flask.request_processing.req_logging [None req-7d936c26-30e6-4116-b7ac-a1b295f82f6e None admin] SCRIPT_NAME: `/identity` {{(pid=46324) log_request_info /opt/stack/keystone/keystone/server/flask/request_processing/req_logging.py:28}}
Nov 29 22:51:59 user devstack@keystone.service[46324]: DEBUG keystone.server.flask.request_processing.req_logging [None req-7d936c26-30e6-4116-b7ac-a1b295f82f6e None admin] PATH_INFO: `/v3/roles/reader` {{(pid=46324) log_request_info /opt/stack/keystone/keystone/server/flask/request_processing/req_logging.py:29}}
Nov 29 22:51:59 user devstack@keystone.service[46324]: DEBUG keystone.common.rbac_enforcer.enforcer [None req-7d936c26-30e6-4116-b7ac-a1b295f82f6e None admin] Extracting inferred target data resulted in "NOT FOUND (404)". {{(pid=46324) enforce_call /opt/stack/keystone/keystone/common/rbac_enforcer/enforcer.py:409}}
Nov 29 22:51:59 user devstack@keystone.service[46324]: ERROR keystone.server.flask.application [None req-7d936c26-30e6-4116-b7ac-a1b295f82f6e None admin] Could not find role: reader.: keystone.exception.RoleNotFound: Could not find role: reader.
Nov 29 22:51:59 user devstack@keystone.service[46324]: ERROR keystone.server.flask.application
Traceback (most recent call last):
Nov 29 22:51:59 user devstack@keystone.service[46324]: ERROR keystone.server.flask.application
File "/opt/stack/data/venv/lib/python3.10/site-packages/flask/app.py", line 1823, in full_dispatch_request
Nov 29 22:51:59 user devstack@keystone.service[46324]: ERROR keystone.server.flask.application rv = self.dispatch_request()
Nov 29 22:51:59 user devstack@keystone.service[46324]: ERROR keystone.server.flask.application
File "/opt/stack/data/venv/lib/python3.10/site-packages/flask/app.py", line 1799, in dispatch_request
Nov 29 22:51:59 user devstack@keystone.service[46324]: ERROR keystone.server.flask.application return self.ensure_sync(self.view_functions[rule.endpoint])(**view_args)
Nov 29 22:51:59 user devstack@keystone.service[46324]: ERROR keystone.server.flask.application
File "/opt/stack/data/venv/lib/python3.10/site-packages/flask_restful/__init__.py", line 489, in wrapper
Nov 29 22:51:59 user devstack@keystone.service[46324]: ERROR keystone.server.flask.application resp = resource(*args, **kwargs)
Nov 29 22:51:59 user devstack@keystone.service[46324]: ERROR keystone.server.flask.application
File "/opt/stack/data/venv/lib/python3.10/site-packages/flask/views.py", line 107, in view
Nov 29 22:51:59 user devstack@keystone.service[46324]: ERROR keystone.server.flask.application return current_app.ensure_sync(self.dispatch_request)(**kwargs)
Nov 29 22:51:59 user devstack@keystone.service[46324]: ERROR keystone.server.flask.application
File "/opt/stack/data/venv/lib/python3.10/site-packages/flask_restful/__init__.py", line 604, in dispatch_request
Nov 29 22:51:59 user devstack@keystone.service[46324]: ERROR keystone.server.flask.application resp = meth(*args, **kwargs)
Nov 29 22:51:59 user devstack@keystone.service[46324]: ERROR keystone.server.flask.application
File "/opt/stack/keystone/keystone/api/roles.py", line 50, in get
Nov 29 22:51:59 user devstack@keystone.service[46324]: ERROR keystone.server.flask.application return self._get_role(role_id)
Nov 29 22:51:59 user devstack@keystone.service[46324]: ERROR keystone.server.flask.application
File "/opt/stack/keystone/keystone/api/roles.py", line 70, in _get_role
Nov 29 22:51:59 user devstack@keystone.service[46324]: ERROR keystone.server.flask.application ENFORCER.enforce_call(action='identity:get_role')
Nov 29 22:51:59 user devstack@keystone.service[46324]: ERROR keystone.server.flask.application
File "/opt/stack/keystone/keystone/common/rbac_enforcer/enforcer.py", line 402, in enforce_call
Nov 29 22:51:59 user devstack@keystone.service[46324]: ERROR keystone.server.flask.application policy_dict.update(cls._extract_member_target_data(
Nov 29 22:51:59 user devstack@keystone.service[46324]: ERROR keystone.server.flask.application
File "/opt/stack/keystone/keystone/common/rbac_enforcer/enforcer.py", line 234, in _extract_member_target_data
Nov 29 22:51:59 user devstack@keystone.service[46324]: ERROR keystone.server.flask.application member_name: func(flask.request.view_args[key])
Nov 29 22:51:59 user devstack@keystone.service[46324]: ERROR keystone.server.flask.application
File "/opt/stack/keystone/keystone/common/manager.py", line 115, in wrapped
Nov 29 22:51:59 user devstack@keystone.service[46324]: ERROR keystone.server.flask.application __ret_val = __f(*args, **kwargs)
Nov 29 22:51:59 user devstack@keystone.service[46324]: ERROR keystone.server.flask.application
File "/opt/stack/data/venv/lib/python3.10/site-packages/decorator.py", line 232, in fun
Nov 29 22:51:59 user devstack@keystone.service[46324]: ERROR keystone.server.flask.application return caller(func, *(extras + args), **kw)
Nov 29 22:51:59 user devstack@keystone.service[46324]: ERROR keystone.server.flask.application
File "/opt/stack/data/venv/lib/python3.10/site-packages/dogpile/cache/region.py", line 1594, in get_or_create_for_user_func
Nov 29 22:51:59 user devstack@keystone.service[46324]: ERROR keystone.server.flask.application return self.get_or_create(
Nov 29 22:51:59 user devstack@keystone.service[46324]: ERROR keystone.server.flask.application
File "/opt/stack/data/venv/lib/python3.10/site-packages/dogpile/cache/region.py", line 1054, in get_or_create
Nov 29 22:51:59 user devstack@keystone.service[46324]: ERROR keystone.server.flask.application with Lock(
Nov 29 22:51:59 user devstack@keystone.service[46324]: ERROR keystone.server.flask.application
File "/opt/stack/data/venv/lib/python3.10/site-packages/dogpile/lock.py", line 185, in __enter__
Nov 29 22:51:59 user devstack@keystone.service[46324]: ERROR keystone.server.flask.application return self._enter()
Nov 29 22:51:59 user devstack@keystone.service[46324]: ERROR keystone.server.flask.application
File "/opt/stack/data/venv/lib/python3.10/site-packages/dogpile/lock.py", line 94, in _enter
Nov 29 22:51:59 user devstack@keystone.service[46324]: ERROR keystone.server.flask.application generated = self._enter_create(value, createdtime)
Nov 29 22:51:59 user devstack@keystone.service[46324]: ERROR keystone.server.flask.application
File "/opt/stack/data/venv/lib/python3.10/site-packages/dogpile/lock.py", line 178, in _enter_create
Nov 29 22:51:59 user devstack@keystone.service[46324]: ERROR keystone.server.flask.application return self.creator()
Nov 29 22:51:59 user devstack@keystone.service[46324]: ERROR keystone.server.flask.application
File "/opt/stack/data/venv/lib/python3.10/site-packages/dogpile/cache/region.py", line 1007, in gen_value
Nov 29 22:51:59 user devstack@keystone.service[46324]: ERROR keystone.server.flask.application created_value = creator(
Nov 29 22:51:59 user devstack@keystone.service[46324]: ERROR keystone.server.flask.application
File "/opt/stack/keystone/keystone/assignment/core.py", line 1276, in get_role
Nov 29 22:51:59 user devstack@keystone.service[46324]: ERROR keystone.server.flask.application return self.driver.get_role(role_id)
Nov 29 22:51:59 user devstack@keystone.service[46324]: ERROR keystone.server.flask.application
File "/opt/stack/keystone/keystone/assignment/role_backends/sql.py", line 70, in get_role
Nov 29 22:51:59 user devstack@keystone.service[46324]: ERROR keystone.server.flask.application return self._get_role(session, role_id).to_dict()
Nov 29 22:51:59 user devstack@keystone.service[46324]: ERROR keystone.server.flask.application
File "/opt/stack/keystone/keystone/assignment/role_backends/sql.py", line 65, in _get_role
Nov 29 22:51:59 user devstack@keystone.service[46324]: ERROR keystone.server.flask.application raise exception.RoleNotFound(role_id=role_id)
Nov 29 22:51:59 user devstack@keystone.service[46324]: ERROR keystone.server.flask.application keystone.exception.RoleNotFound: Could not find role: reader.
Nov 29 22:51:59 user devstack@keystone.service[46324]: ERROR keystone.server.flask.application
Nov 29 22:51:59 user devstack@keystone.service[46324]: [pid: 46324|app: 0|req: 68/194] 10.0.0.210 () {56 vars in 1094 bytes} [Wed Nov 29 22:51:58 2023] GET /identity/v3/roles/reader => generated 84 bytes in 164 msecs (HTTP/1.1 404) 5 headers in 183 bytes (1 switches on core 0)
Nov 29 22:51:59 user devstack@keystone.service[46324]: DEBUG keystone.server.flask.request_processing.middleware.auth_context [None req-7d936c26-30e6-4116-b7ac-a1b295f82f6e None admin] Authenticating user token {{(pid=46324) process_request /opt/stack/data/venv/lib/python3.10/site-packages/keystonemiddleware/auth_token/__init__.py:406}}
Nov 29 22:51:59 user devstack@keystone.service[46325]: [pid: 46325|app: 0|req: 59/195] 10.0.0.210 () {58 vars in 1018 bytes} [Wed Nov 29 22:51:59 2023] POST /identity/v3/auth/tokens => generated 861 bytes in 101 msecs (HTTP/1.1 201) 6 headers in 363 bytes (1 switches on core 0)
Nov 29 22:51:59 user devstack@keystone.service[46323]: DEBUG keystone.server.flask.request_processing.middleware.auth_context [None req-abe5e8f9-d112-48f9-b46e-ef4db3eece52 None None] Validating token access rules against request {{(pid=46323) validate_allowed_request /opt/stack/data/venv/lib/python3.10/site-packages/keystonemiddleware/auth_token/__init__.py:544}}
