Nov 29 22:52:04 user devstack@keystone.service[46323]: DEBUG keystone.server.flask.request_processing.middleware.auth_context [None req-3f0b0a14-5ee1-4783-b43c-4bb5c39d07c8 None admin] RBAC: auth_context: {'token': , 'domain_id': None, 'trust_id': None, 'trustor_id': None, 'trustee_id': None, 'domain_name': None, 'group_ids': [], 'user_id': 'cbaaddfe71e446c083bb34c394967b4f', 'user_domain_id': 'default', 'system_scope': 'all', 'project_id': None, 'project_domain_id': None, 'roles': ['admin', 'manager', 'member', 'reader'], 'is_admin_project': True, 'service_user_id': None, 'service_user_domain_id': None, 'service_project_id': None, 'service_project_domain_id': None, 'service_roles': []} {{(pid=46323) fill_context /opt/stack/keystone/keystone/server/flask/request_processing/middleware/auth_context.py:480}}
Nov 29 22:52:04 user devstack@keystone.service[46323]: DEBUG keystone.server.flask.request_processing.req_logging [None req-3f0b0a14-5ee1-4783-b43c-4bb5c39d07c8 None admin] REQUEST_METHOD: `GET` {{(pid=46323) log_request_info /opt/stack/keystone/keystone/server/flask/request_processing/req_logging.py:27}}
Nov 29 22:52:04 user devstack@keystone.service[46323]: DEBUG keystone.server.flask.request_processing.req_logging [None req-3f0b0a14-5ee1-4783-b43c-4bb5c39d07c8 None admin] SCRIPT_NAME: `/identity` {{(pid=46323) log_request_info /opt/stack/keystone/keystone/server/flask/request_processing/req_logging.py:28}}
Nov 29 22:52:04 user devstack@keystone.service[46323]: DEBUG keystone.server.flask.request_processing.req_logging [None req-3f0b0a14-5ee1-4783-b43c-4bb5c39d07c8 None admin] PATH_INFO: `/v3/roles` {{(pid=46323) log_request_info /opt/stack/keystone/keystone/server/flask/request_processing/req_logging.py:29}}
Nov 29 22:52:04 user devstack@keystone.service[46323]: DEBUG keystone.common.rbac_enforcer.enforcer [None req-3f0b0a14-5ee1-4783-b43c-4bb5c39d07c8 None admin] RBAC: Adding query filter params (name=reader) {{(pid=46323) _extract_filter_values /opt/stack/keystone/keystone/common/rbac_enforcer/enforcer.py:167}}
Nov 29 22:52:04 user devstack@keystone.service[46323]: DEBUG keystone.common.rbac_enforcer.enforcer [None req-3f0b0a14-5ee1-4783-b43c-4bb5c39d07c8 None admin] RBAC: Authorizing `identity:list_roles()` {{(pid=46323) enforce_call /opt/stack/keystone/keystone/common/rbac_enforcer/enforcer.py:449}}
Nov 29 22:52:04 user devstack@keystone.service[46323]: DEBUG keystone.common.rbac_enforcer.enforcer [None req-3f0b0a14-5ee1-4783-b43c-4bb5c39d07c8 None admin] RBAC: Authorization granted {{(pid=46323) enforce_call /opt/stack/keystone/keystone/common/rbac_enforcer/enforcer.py:457}}
Nov 29 22:52:04 user devstack@keystone.service[46323]: [pid: 46323|app: 0|req: 84/235] 10.0.0.210 () {56 vars in 1096 bytes} [Wed Nov 29 22:52:04 2023] GET /identity/v3/roles?name=reader => generated 339 bytes in 134 msecs (HTTP/1.1 200) 5 headers in 177 bytes (1 switches on core 0)
Nov 29 22:52:04 user devstack@keystone.service[46323]: DEBUG keystone.server.flask.request_processing.middleware.auth_context [None req-3f0b0a14-5ee1-4783-b43c-4bb5c39d07c8 None admin] Authenticating user token {{(pid=46323) process_request /opt/stack/data/venv/lib/python3.10/site-packages/keystonemiddleware/auth_token/__init__.py:406}}
Nov 29 22:52:04 user devstack@keystone.service[46325]: DEBUG keystone.server.flask.request_processing.middleware.auth_context [None req-ebb7cba8-8777-4090-9e9e-88ac12900427 None admin] RBAC: auth_context: {'token': , 'domain_id': None, 'trust_id': None, 'trustor_id': None, 'trustee_id': None, 'domain_name': None, 'group_ids': [], 'user_id': 'cbaaddfe71e446c083bb34c394967b4f', 'user_domain_id': 'default', 'system_scope': 'all', 'project_id': None, 'project_domain_id': None, 'roles': ['admin', 'manager', 'member', 'reader'], 'is_admin_project': True, 'service_user_id': None, 'service_user_domain_id': None, 'service_project_id': None, 'service_project_domain_id': None, 'service_roles': []} {{(pid=46325) fill_context /opt/stack/keystone/keystone/server/flask/request_processing/middleware/auth_context.py:480}}
Nov 29 22:52:04 user devstack@keystone.service[46325]: DEBUG keystone.server.flask.request_processing.req_logging [None req-ebb7cba8-8777-4090-9e9e-88ac12900427 None admin] REQUEST_METHOD: `GET` {{(pid=46325) log_request_info /opt/stack/keystone/keystone/server/flask/request_processing/req_logging.py:27}}
Nov 29 22:52:04 user devstack@keystone.service[46325]: DEBUG keystone.server.flask.request_processing.req_logging [None req-ebb7cba8-8777-4090-9e9e-88ac12900427 None admin] SCRIPT_NAME: `/identity` {{(pid=46325) log_request_info /opt/stack/keystone/keystone/server/flask/request_processing/req_logging.py:28}}
Nov 29 22:52:04 user devstack@keystone.service[46325]: DEBUG keystone.server.flask.request_processing.req_logging [None req-ebb7cba8-8777-4090-9e9e-88ac12900427 None admin] PATH_INFO: `/v3/roles` {{(pid=46325) log_request_info /opt/stack/keystone/keystone/server/flask/request_processing/req_logging.py:29}}
Nov 29 22:52:04 user devstack@keystone.service[46325]: DEBUG keystone.common.rbac_enforcer.enforcer [None req-ebb7cba8-8777-4090-9e9e-88ac12900427 None admin] RBAC: Adding query filter params (name=member) {{(pid=46325) _extract_filter_values /opt/stack/keystone/keystone/common/rbac_enforcer/enforcer.py:167}}
Nov 29 22:52:04 user devstack@keystone.service[46325]: DEBUG keystone.common.rbac_enforcer.enforcer [None req-ebb7cba8-8777-4090-9e9e-88ac12900427 None admin] RBAC: Authorizing `identity:list_roles()` {{(pid=46325) enforce_call /opt/stack/keystone/keystone/common/rbac_enforcer/enforcer.py:449}}
Nov 29 22:52:04 user devstack@keystone.service[46325]: DEBUG keystone.common.rbac_enforcer.enforcer [None req-ebb7cba8-8777-4090-9e9e-88ac12900427 None admin] RBAC: Authorization granted {{(pid=46325) enforce_call /opt/stack/keystone/keystone/common/rbac_enforcer/enforcer.py:457}}
Nov 29 22:52:04 user devstack@keystone.service[46325]: [pid: 46325|app: 0|req: 71/236] 10.0.0.210 () {56 vars in 1096 bytes} [Wed Nov 29 22:52:04 2023] GET /identity/v3/roles?name=member => generated 339 bytes in 139 msecs (HTTP/1.1 200) 5 headers in 177 bytes (1 switches on core 0)
Nov 29 22:52:04 user devstack@keystone.service[46325]: DEBUG keystone.server.flask.request_processing.middleware.auth_context [None req-ebb7cba8-8777-4090-9e9e-88ac12900427 None admin] Authenticating user token {{(pid=46325) process_request /opt/stack/data/venv/lib/python3.10/site-packages/keystonemiddleware/auth_token/__init__.py:406}}
Nov 29 22:52:04 user devstack@keystone.service[46323]: DEBUG keystone.server.flask.request_processing.middleware.auth_context [None req-3f0b0a14-5ee1-4783-b43c-4bb5c39d07c8 None admin] Validating token access rules against request {{(pid=46323) validate_allowed_request /opt/stack/data/venv/lib/python3.10/site-packages/keystonemiddleware/auth_token/__init__.py:544}}
Nov 29 22:52:04 user devstack@keystone.service[46325]: DEBUG keystone.server.flask.request_processing.middleware.auth_context [None req-ebb7cba8-8777-4090-9e9e-88ac12900427 None admin] Validating token access rules against request {{(pid=46325) validate_allowed_request /opt/stack/data/venv/lib/python3.10/site-packages/keystonemiddleware/auth_token/__init__.py:544}}
Nov 29 22:52:04 user devstack@keystone.service[46324]: DEBUG keystone.server.flask.request_processing.middleware.auth_context [None req-39c8502b-15d9-4883-889f-69d2ece45952 None admin] Validating token access rules against request {{(pid=46324) validate_allowed_request /opt/stack/data/venv/lib/python3.10/site-packages/keystonemiddleware/auth_token/__init__.py:544}}
Nov 29 22:52:04 user devstack@keystone.service[46323]: DEBUG keystone.server.flask.request_processing.middleware.auth_context [None req-3918caf4-a854-4791-8885-c1c02255f07c None admin] RBAC: auth_context: {'token': , 'domain_id': None, 'trust_id': None, 'trustor_id': None, 'trustee_id': None, 'domain_name': None, 'group_ids': [], 'user_id': 'cbaaddfe71e446c083bb34c394967b4f', 'user_domain_id': 'default', 'system_scope': 'all', 'project_id': None, 'project_domain_id': None, 'roles': ['admin', 'manager', 'member', 'reader'], 'is_admin_project': True, 'service_user_id': None, 'service_user_domain_id': None, 'service_project_id': None, 'service_project_domain_id': None, 'service_roles': []} {{(pid=46323) fill_context /opt/stack/keystone/keystone/server/flask/request_processing/middleware/auth_context.py:480}}
Nov 29 22:52:04 user devstack@keystone.service[46323]: DEBUG keystone.server.flask.request_processing.req_logging [None req-3918caf4-a854-4791-8885-c1c02255f07c None admin] REQUEST_METHOD: `GET` {{(pid=46323) log_request_info /opt/stack/keystone/keystone/server/flask/request_processing/req_logging.py:27}}
Nov 29 22:52:04 user devstack@keystone.service[46323]: DEBUG keystone.server.flask.request_processing.req_logging [None req-3918caf4-a854-4791-8885-c1c02255f07c None admin] SCRIPT_NAME: `/identity` {{(pid=46323) log_request_info /opt/stack/keystone/keystone/server/flask/request_processing/req_logging.py:28}}
Nov 29 22:52:04 user devstack@keystone.service[46323]: DEBUG keystone.server.flask.request_processing.req_logging [None req-3918caf4-a854-4791-8885-c1c02255f07c None admin] PATH_INFO: `/v3/users/37ec44ab9e2b4d81891565d7eda05646` {{(pid=46323) log_request_info /opt/stack/keystone/keystone/server/flask/request_processing/req_logging.py:29}}
Nov 29 22:52:04 user devstack@keystone.service[46325]: DEBUG keystone.server.flask.request_processing.middleware.auth_context [None req-a00808d2-ec3b-4bae-889e-b3b48bc0b643 None admin] RBAC: auth_context: {'token': , 'domain_id': None, 'trust_id': None, 'trustor_id': None, 'trustee_id': None, 'domain_name': None, 'group_ids': [], 'user_id': 'cbaaddfe71e446c083bb34c394967b4f', 'user_domain_id': 'default', 'system_scope': 'all', 'project_id': None, 'project_domain_id': None, 'roles': ['admin', 'manager', 'member', 'reader'], 'is_admin_project': True, 'service_user_id': None, 'service_user_domain_id': None, 'service_project_id': None, 'service_project_domain_id': None, 'service_roles': []} {{(pid=46325) fill_context /opt/stack/keystone/keystone/server/flask/request_processing/middleware/auth_context.py:480}}
Nov 29 22:52:04 user devstack@keystone.service[46325]: DEBUG keystone.server.flask.request_processing.req_logging [None req-a00808d2-ec3b-4bae-889e-b3b48bc0b643 None admin] REQUEST_METHOD: `GET` {{(pid=46325) log_request_info /opt/stack/keystone/keystone/server/flask/request_processing/req_logging.py:27}}
Nov 29 22:52:04 user devstack@keystone.service[46325]: DEBUG keystone.server.flask.request_processing.req_logging [None req-a00808d2-ec3b-4bae-889e-b3b48bc0b643 None admin] SCRIPT_NAME: `/identity` {{(pid=46325) log_request_info /opt/stack/keystone/keystone/server/flask/request_processing/req_logging.py:28}}
Nov 29 22:52:04 user devstack@keystone.service[46325]: DEBUG keystone.server.flask.request_processing.req_logging [None req-a00808d2-ec3b-4bae-889e-b3b48bc0b643 None admin] PATH_INFO: `/v3/users/b9b79b712d14464a95106f7d6fd9f15f` {{(pid=46325) log_request_info /opt/stack/keystone/keystone/server/flask/request_processing/req_logging.py:29}}
Nov 29 22:52:04 user devstack@keystone.service[46323]: DEBUG keystone.common.rbac_enforcer.enforcer [None req-3918caf4-a854-4791-8885-c1c02255f07c None admin] RBAC: Authorizing `identity:get_user(user_id=37ec44ab9e2b4d81891565d7eda05646)` {{(pid=46323) enforce_call /opt/stack/keystone/keystone/common/rbac_enforcer/enforcer.py:449}}
Nov 29 22:52:04 user devstack@keystone.service[46325]: DEBUG keystone.common.rbac_enforcer.enforcer [None req-a00808d2-ec3b-4bae-889e-b3b48bc0b643 None admin] RBAC: Authorizing `identity:get_user(user_id=b9b79b712d14464a95106f7d6fd9f15f)` {{(pid=46325) enforce_call /opt/stack/keystone/keystone/common/rbac_enforcer/enforcer.py:449}}
Nov 29 22:52:04 user devstack@keystone.service[46323]: DEBUG keystone.common.rbac_enforcer.enforcer [None req-3918caf4-a854-4791-8885-c1c02255f07c None admin] RBAC: Authorization granted {{(pid=46323) enforce_call /opt/stack/keystone/keystone/common/rbac_enforcer/enforcer.py:457}}
Nov 29 22:52:04 user devstack@keystone.service[46325]: DEBUG keystone.common.rbac_enforcer.enforcer [None req-a00808d2-ec3b-4bae-889e-b3b48bc0b643 None admin] RBAC: Authorization granted {{(pid=46325) enforce_call /opt/stack/keystone/keystone/common/rbac_enforcer/enforcer.py:457}}
Nov 29 22:52:04 user devstack@keystone.service[46323]: [pid: 46323|app: 0|req: 85/237] 10.0.0.210 () {56 vars in 1172 bytes} [Wed Nov 29 22:52:04 2023] GET /identity/v3/users/37ec44ab9e2b4d81891565d7eda05646 => generated 292 bytes in 145 msecs (HTTP/1.1 200) 5 headers in 177 bytes (2 switches on core 0)
Nov 29 22:52:04 user devstack@keystone.service[46325]: [pid: 46325|app: 0|req: 72/238] 10.0.0.210 () {56 vars in 1172 bytes} [Wed Nov 29 22:52:04 2023] GET /identity/v3/users/b9b79b712d14464a95106f7d6fd9f15f => generated 292 bytes in 128 msecs (HTTP/1.1 200) 5 headers in 177 bytes (2 switches on core 0)
Nov 29 22:52:04 user devstack@keystone.service[46323]: DEBUG keystone.server.flask.request_processing.middleware.auth_context [None req-3918caf4-a854-4791-8885-c1c02255f07c None admin] Authenticating user token {{(pid=46323) process_request /opt/stack/data/venv/lib/python3.10/site-packages/keystonemiddleware/auth_token/__init__.py:406}}
Nov 29 22:52:04 user devstack@keystone.service[46325]: DEBUG keystone.server.flask.request_processing.middleware.auth_context [None req-a00808d2-ec3b-4bae-889e-b3b48bc0b643 None admin] Authenticating user token {{(pid=46325) process_request /opt/stack/data/venv/lib/python3.10/site-packages/keystonemiddleware/auth_token/__init__.py:406}}
Nov 29 22:52:04 user devstack@keystone.service[46324]: DEBUG keystone.server.flask.request_processing.middleware.auth_context [None req-ee6ae13f-d8aa-44e3-9d99-96bddd4285da None admin] RBAC: auth_context: {'token': , 'domain_id': None, 'trust_id': None, 'trustor_id': None, 'trustee_id': None, 'domain_name': None, 'group_ids': [], 'user_id': 'cbaaddfe71e446c083bb34c394967b4f', 'user_domain_id': 'default', 'system_scope': 'all', 'project_id': None, 'project_domain_id': None, 'roles': ['admin', 'manager', 'member', 'reader'], 'is_admin_project': True, 'service_user_id': None, 'service_user_domain_id': None, 'service_project_id': None, 'service_project_domain_id': None, 'service_roles': []} {{(pid=46324) fill_context /opt/stack/keystone/keystone/server/flask/request_processing/middleware/auth_context.py:480}}
Nov 29 22:52:04 user devstack@keystone.service[46324]: DEBUG keystone.server.flask.request_processing.req_logging [None req-ee6ae13f-d8aa-44e3-9d99-96bddd4285da None admin] REQUEST_METHOD: `POST` {{(pid=46324) log_request_info /opt/stack/keystone/keystone/server/flask/request_processing/req_logging.py:27}}
Nov 29 22:52:04 user devstack@keystone.service[46324]: DEBUG keystone.server.flask.request_processing.req_logging [None req-ee6ae13f-d8aa-44e3-9d99-96bddd4285da None admin] SCRIPT_NAME: `/identity` {{(pid=46324) log_request_info /opt/stack/keystone/keystone/server/flask/request_processing/req_logging.py:28}}
Nov 29 22:52:04 user devstack@keystone.service[46324]: DEBUG keystone.server.flask.request_processing.req_logging [None req-ee6ae13f-d8aa-44e3-9d99-96bddd4285da None admin] PATH_INFO: `/v3/groups` {{(pid=46324) log_request_info /opt/stack/keystone/keystone/server/flask/request_processing/req_logging.py:29}}
Nov 29 22:52:04 user devstack@keystone.service[46324]: DEBUG keystone.common.rbac_enforcer.enforcer [None req-ee6ae13f-d8aa-44e3-9d99-96bddd4285da None admin] RBAC: Authorizing `identity:create_group()` {{(pid=46324) enforce_call /opt/stack/keystone/keystone/common/rbac_enforcer/enforcer.py:449}}
Nov 29 22:52:04 user devstack@keystone.service[46324]: DEBUG keystone.common.rbac_enforcer.enforcer [None req-ee6ae13f-d8aa-44e3-9d99-96bddd4285da None admin] RBAC: Authorization granted {{(pid=46324) enforce_call /opt/stack/keystone/keystone/common/rbac_enforcer/enforcer.py:457}}
Nov 29 22:52:04 user devstack@keystone.service[46324]: [pid: 46324|app: 0|req: 82/239] 10.0.0.210 () {60 vars in 1129 bytes} [Wed Nov 29 22:52:04 2023] POST /identity/v3/groups => generated 228 bytes in 231 msecs (HTTP/1.1 201) 5 headers in 182 bytes (1 switches on core 0)
Nov 29 22:52:04 user devstack@keystone.service[46325]: DEBUG keystone.server.flask.request_processing.middleware.auth_context [None req-a00808d2-ec3b-4bae-889e-b3b48bc0b643 None admin] Validating token access rules against request {{(pid=46325) validate_allowed_request /opt/stack/data/venv/lib/python3.10/site-packages/keystonemiddleware/auth_token/__init__.py:544}}
Nov 29 22:52:04 user devstack@keystone.service[46323]: DEBUG keystone.server.flask.request_processing.middleware.auth_context [None req-3918caf4-a854-4791-8885-c1c02255f07c None admin] Validating token access rules against request {{(pid=46323) validate_allowed_request /opt/stack/data/venv/lib/python3.10/site-packages/keystonemiddleware/auth_token/__init__.py:544}}
Nov 29 22:52:04 user devstack@keystone.service[46325]: DEBUG keystone.server.flask.request_processing.middleware.auth_context [None req-fb7340ef-b158-4941-9424-ac19bbcfddb3 None admin] RBAC: auth_context: {'token': , 'domain_id': None, 'trust_id': None, 'trustor_id': None, 'trustee_id': None, 'domain_name': None, 'group_ids': [], 'user_id': 'cbaaddfe71e446c083bb34c394967b4f', 'user_domain_id': 'default', 'system_scope': 'all', 'project_id': None, 'project_domain_id': None, 'roles': ['admin', 'manager', 'member', 'reader'], 'is_admin_project': True, 'service_user_id': None, 'service_user_domain_id': None, 'service_project_id': None, 'service_project_domain_id': None, 'service_roles': []} {{(pid=46325) fill_context /opt/stack/keystone/keystone/server/flask/request_processing/middleware/auth_context.py:480}}
Nov 29 22:52:04 user devstack@keystone.service[46325]: DEBUG keystone.server.flask.request_processing.req_logging [None req-fb7340ef-b158-4941-9424-ac19bbcfddb3 None admin] REQUEST_METHOD: `PUT` {{(pid=46325) log_request_info /opt/stack/keystone/keystone/server/flask/request_processing/req_logging.py:27}}
Nov 29 22:52:04 user devstack@keystone.service[46325]: DEBUG keystone.server.flask.request_processing.req_logging [None req-fb7340ef-b158-4941-9424-ac19bbcfddb3 None admin] SCRIPT_NAME: `/identity` {{(pid=46325) log_request_info /opt/stack/keystone/keystone/server/flask/request_processing/req_logging.py:28}}
Nov 29 22:52:04 user devstack@keystone.service[46325]: DEBUG keystone.server.flask.request_processing.req_logging [None req-fb7340ef-b158-4941-9424-ac19bbcfddb3 None admin] PATH_INFO: `/v3/system/users/b9b79b712d14464a95106f7d6fd9f15f/roles/8878dde8f56248cb8f79439a32bcb9bd` {{(pid=46325) log_request_info /opt/stack/keystone/keystone/server/flask/request_processing/req_logging.py:29}}
Nov 29 22:52:04 user devstack@keystone.service[46325]: DEBUG keystone.common.rbac_enforcer.enforcer [None req-fb7340ef-b158-4941-9424-ac19bbcfddb3 None admin] RBAC: Authorizing `identity:create_system_grant_for_user(user_id=b9b79b712d14464a95106f7d6fd9f15f, role_id=8878dde8f56248cb8f79439a32bcb9bd)` {{(pid=46325) enforce_call /opt/stack/keystone/keystone/common/rbac_enforcer/enforcer.py:449}}
Nov 29 22:52:04 user devstack@keystone.service[46325]: DEBUG keystone.common.rbac_enforcer.enforcer [None req-fb7340ef-b158-4941-9424-ac19bbcfddb3 None admin] RBAC: Authorization granted {{(pid=46325) enforce_call /opt/stack/keystone/keystone/common/rbac_enforcer/enforcer.py:457}}
Nov 29 22:52:04 user devstack@keystone.service[46323]: DEBUG keystone.server.flask.request_processing.middleware.auth_context [None req-ba85f049-8fdd-494b-9359-83ee657b06af None admin] RBAC: auth_context: {'token': , 'domain_id': None, 'trust_id': None, 'trustor_id': None, 'trustee_id': None, 'domain_name': None, 'group_ids': [], 'user_id': 'cbaaddfe71e446c083bb34c394967b4f', 'user_domain_id': 'default', 'system_scope': 'all', 'project_id': None, 'project_domain_id': None, 'roles': ['admin', 'manager', 'member', 'reader'], 'is_admin_project': True, 'service_user_id': None, 'service_user_domain_id': None, 'service_project_id': None, 'service_project_domain_id': None, 'service_roles': []} {{(pid=46323) fill_context /opt/stack/keystone/keystone/server/flask/request_processing/middleware/auth_context.py:480}}
Nov 29 22:52:04 user devstack@keystone.service[46323]: DEBUG keystone.server.flask.request_processing.req_logging [None req-ba85f049-8fdd-494b-9359-83ee657b06af None admin] REQUEST_METHOD: `GET` {{(pid=46323) log_request_info /opt/stack/keystone/keystone/server/flask/request_processing/req_logging.py:27}}
Nov 29 22:52:04 user devstack@keystone.service[46323]: DEBUG keystone.server.flask.request_processing.req_logging [None req-ba85f049-8fdd-494b-9359-83ee657b06af None admin] SCRIPT_NAME: `/identity` {{(pid=46323) log_request_info /opt/stack/keystone/keystone/server/flask/request_processing/req_logging.py:28}}
Nov 29 22:52:04 user devstack@keystone.service[46323]: DEBUG keystone.server.flask.request_processing.req_logging [None req-ba85f049-8fdd-494b-9359-83ee657b06af None admin] PATH_INFO: `/v3/role_assignments` {{(pid=46323) log_request_info /opt/stack/keystone/keystone/server/flask/request_processing/req_logging.py:29}}
Nov 29 22:52:04 user devstack@keystone.service[46323]: DEBUG keystone.common.rbac_enforcer.enforcer [None req-ba85f049-8fdd-494b-9359-83ee657b06af None admin] RBAC: Adding query filter params (role.id=e691dd2a673249739870e71483e5b6bf, user.id=37ec44ab9e2b4d81891565d7eda05646, scope.system=all) {{(pid=46323) _extract_filter_values /opt/stack/keystone/keystone/common/rbac_enforcer/enforcer.py:167}}
Nov 29 22:52:04 user devstack@keystone.service[46323]: DEBUG keystone.common.rbac_enforcer.enforcer [None req-ba85f049-8fdd-494b-9359-83ee657b06af None admin] RBAC: Authorizing `identity:list_role_assignments()` {{(pid=46323) enforce_call /opt/stack/keystone/keystone/common/rbac_enforcer/enforcer.py:449}}
Nov 29 22:52:04 user devstack@keystone.service[46323]: DEBUG keystone.common.rbac_enforcer.enforcer [None req-ba85f049-8fdd-494b-9359-83ee657b06af None admin] RBAC: Authorization granted {{(pid=46323) enforce_call /opt/stack/keystone/keystone/common/rbac_enforcer/enforcer.py:457}}
Nov 29 22:52:04 user devstack@keystone.service[46325]: [pid: 46325|app: 0|req: 73/240] 10.0.0.210 () {58 vars in 1329 bytes} [Wed Nov 29 22:52:04 2023] PUT /identity/v3/system/users/b9b79b712d14464a95106f7d6fd9f15f/roles/8878dde8f56248cb8f79439a32bcb9bd => generated 0 bytes in 132 msecs (HTTP/1.1 204) 3 headers in 132 bytes (0 switches on core 0)
Nov 29 22:52:04 user devstack@keystone.service[46323]: [pid: 46323|app: 0|req: 86/241] 10.0.0.210 () {56 vars in 1303 bytes} [Wed Nov 29 22:52:04 2023] GET /identity/v3/role_assignments?user.id=37ec44ab9e2b4d81891565d7eda05646&scope.system=all&role.id=e691dd2a673249739870e71483e5b6bf => generated 225 bytes in 136 msecs (HTTP/1.1 200) 5 headers in 177 bytes (1 switches on core 0)
Nov 29 22:52:06 user devstack@keystone.service[46324]: DEBUG keystone.server.flask.request_processing.req_logging [None req-3f1085af-b139-4925-a85b-b7b1b9509402 None None] REQUEST_METHOD: `GET` {{(pid=46324) log_request_info /opt/stack/keystone/keystone/server/flask/request_processing/req_logging.py:27}}
Nov 29 22:52:06 user devstack@keystone.service[46324]: DEBUG keystone.server.flask.request_processing.req_logging [None req-3f1085af-b139-4925-a85b-b7b1b9509402 None None] SCRIPT_NAME: `/identity` {{(pid=46324) log_request_info /opt/stack/keystone/keystone/server/flask/request_processing/req_logging.py:28}}
Nov 29 22:52:06 user devstack@keystone.service[46324]: DEBUG keystone.server.flask.request_processing.req_logging [None req-3f1085af-b139-4925-a85b-b7b1b9509402 None None] PATH_INFO: `/` {{(pid=46324) log_request_info /opt/stack/keystone/keystone/server/flask/request_processing/req_logging.py:29}}
Nov 29 22:52:06 user devstack@keystone.service[46324]: [pid: 46324|app: 0|req: 83/242] 10.0.0.210 () {54 vars in 921 bytes} [Wed Nov 29 22:52:06 2023] GET /identity => generated 269 bytes in 4 msecs (HTTP/1.1 300) 6 headers in 233 bytes (1 switches on core 0)
Nov 29 22:52:06 user devstack@keystone.service[46325]: DEBUG keystone.server.flask.request_processing.req_logging [None req-17ee69c8-a8da-4793-8150-96d418b8b9c6 None None] REQUEST_METHOD: `POST` {{(pid=46325) log_request_info /opt/stack/keystone/keystone/server/flask/request_processing/req_logging.py:27}}
Nov 29 22:52:06 user devstack@keystone.service[46325]: DEBUG keystone.server.flask.request_processing.req_logging [None req-17ee69c8-a8da-4793-8150-96d418b8b9c6 None None] SCRIPT_NAME: `/identity` {{(pid=46325) log_request_info /opt/stack/keystone/keystone/server/flask/request_processing/req_logging.py:28}}
Nov 29 22:52:06 user devstack@keystone.service[46325]: DEBUG keystone.server.flask.request_processing.req_logging [None req-17ee69c8-a8da-4793-8150-96d418b8b9c6 None None] PATH_INFO: `/v3/auth/tokens` {{(pid=46325) log_request_info /opt/stack/keystone/keystone/server/flask/request_processing/req_logging.py:29}}
Nov 29 22:52:06 user devstack@keystone.service[46323]: DEBUG keystone.server.flask.request_processing.req_logging [None req-5115cd42-45a2-44d7-adfd-51a18d256905 None None] REQUEST_METHOD: `GET` {{(pid=46323) log_request_info /opt/stack/keystone/keystone/server/flask/request_processing/req_logging.py:27}}
Nov 29 22:52:06 user devstack@keystone.service[46323]: DEBUG keystone.server.flask.request_processing.req_logging [None req-5115cd42-45a2-44d7-adfd-51a18d256905 None None] SCRIPT_NAME: `/identity` {{(pid=46323) log_request_info /opt/stack/keystone/keystone/server/flask/request_processing/req_logging.py:28}}
Nov 29 22:52:06 user devstack@keystone.service[46323]: DEBUG keystone.server.flask.request_processing.req_logging [None req-5115cd42-45a2-44d7-adfd-51a18d256905 None None] PATH_INFO: `/` {{(pid=46323) log_request_info /opt/stack/keystone/keystone/server/flask/request_processing/req_logging.py:29}}
Nov 29 22:52:06 user devstack@keystone.service[46323]: [pid: 46323|app: 0|req: 87/243] 10.0.0.210 () {54 vars in 921 bytes} [Wed Nov 29 22:52:06 2023] GET /identity => generated 269 bytes in 3 msecs (HTTP/1.1 300) 6 headers in 233 bytes (1 switches on core 0)
Nov 29 22:52:06 user devstack@keystone.service[46325]: WARNING keystone.common.password_hashing [None req-17ee69c8-a8da-4793-8150-96d418b8b9c6 None None] Truncating password to algorithm specific maximum length 72 characters.
Nov 29 22:52:06 user devstack@keystone.service[46325]: DEBUG keystone.auth.core [None req-17ee69c8-a8da-4793-8150-96d418b8b9c6 None None] MFA Rules not processed for user `cbaaddfe71e446c083bb34c394967b4f`. Rule list: `[]` (Enabled: `True`). {{(pid=46325) check_auth_methods_against_rules /opt/stack/keystone/keystone/auth/core.py:438}}
Nov 29 22:52:06 user devstack@keystone.service[46325]: DEBUG keystone.common.fernet_utils [None req-17ee69c8-a8da-4793-8150-96d418b8b9c6 None None] Loaded 2 Fernet keys from /etc/keystone/fernet-keys/, but `[fernet_tokens] max_active_keys = 3`; perhaps there have not been enough key rotations to reach `max_active_keys` yet? {{(pid=46325) load_keys /opt/stack/keystone/keystone/common/fernet_utils.py:286}}
Nov 29 22:52:06 user devstack@keystone.service[46324]: DEBUG keystone.server.flask.request_processing.req_logging [None req-1356f092-a009-4cba-a26c-87459d15df3b None None] REQUEST_METHOD: `POST` {{(pid=46324) log_request_info /opt/stack/keystone/keystone/server/flask/request_processing/req_logging.py:27}}
Nov 29 22:52:06 user devstack@keystone.service[46324]: DEBUG keystone.server.flask.request_processing.req_logging [None req-1356f092-a009-4cba-a26c-87459d15df3b None None] SCRIPT_NAME: `/identity` {{(pid=46324) log_request_info /opt/stack/keystone/keystone/server/flask/request_processing/req_logging.py:28}}
Nov 29 22:52:06 user devstack@keystone.service[46324]: DEBUG keystone.server.flask.request_processing.req_logging [None req-1356f092-a009-4cba-a26c-87459d15df3b None None] PATH_INFO: `/v3/auth/tokens` {{(pid=46324) log_request_info /opt/stack/keystone/keystone/server/flask/request_processing/req_logging.py:29}}
Nov 29 22:52:06 user devstack@keystone.service[46323]: DEBUG keystone.server.flask.request_processing.req_logging [None req-9de06f4b-fc62-4b74-a326-72759e13e145 None None] REQUEST_METHOD: `GET` {{(pid=46323) log_request_info /opt/stack/keystone/keystone/server/flask/request_processing/req_logging.py:27}}
Nov 29 22:52:06 user devstack@keystone.service[46323]: DEBUG keystone.server.flask.request_processing.req_logging [None req-9de06f4b-fc62-4b74-a326-72759e13e145 None None] SCRIPT_NAME: `/identity` {{(pid=46323) log_request_info /opt/stack/keystone/keystone/server/flask/request_processing/req_logging.py:28}}
Nov 29 22:52:06 user devstack@keystone.service[46323]: DEBUG keystone.server.flask.request_processing.req_logging [None req-9de06f4b-fc62-4b74-a326-72759e13e145 None None] PATH_INFO: `/` {{(pid=46323) log_request_info /opt/stack/keystone/keystone/server/flask/request_processing/req_logging.py:29}}
Nov 29 22:52:06 user devstack@keystone.service[46323]: [pid: 46323|app: 0|req: 88/244] 10.0.0.210 () {54 vars in 921 bytes} [Wed Nov 29 22:52:06 2023] GET /identity => generated 269 bytes in 2 msecs (HTTP/1.1 300) 6 headers in 233 bytes (1 switches on core 0)
Nov 29 22:52:06 user devstack@keystone.service[46323]: DEBUG keystone.server.flask.request_processing.req_logging [None req-4296ad34-13ba-44bb-b332-165d67115721 None None] REQUEST_METHOD: `POST` {{(pid=46323) log_request_info /opt/stack/keystone/keystone/server/flask/request_processing/req_logging.py:27}}
Nov 29 22:52:06 user devstack@keystone.service[46323]: DEBUG keystone.server.flask.request_processing.req_logging [None req-4296ad34-13ba-44bb-b332-165d67115721 None None] SCRIPT_NAME: `/identity` {{(pid=46323) log_request_info /opt/stack/keystone/keystone/server/flask/request_processing/req_logging.py:28}}
Nov 29 22:52:06 user devstack@keystone.service[46323]: DEBUG keystone.server.flask.request_processing.req_logging [None req-4296ad34-13ba-44bb-b332-165d67115721 None None] PATH_INFO: `/v3/auth/tokens` {{(pid=46323) log_request_info /opt/stack/keystone/keystone/server/flask/request_processing/req_logging.py:29}}
Nov 29 22:52:06 user devstack@keystone.service[46324]: WARNING keystone.common.password_hashing [None req-1356f092-a009-4cba-a26c-87459d15df3b None None] Truncating password to algorithm specific maximum length 72 characters.
Nov 29 22:52:06 user devstack@keystone.service[46324]: DEBUG keystone.auth.core [None req-1356f092-a009-4cba-a26c-87459d15df3b None None] MFA Rules not processed for user `cbaaddfe71e446c083bb34c394967b4f`. Rule list: `[]` (Enabled: `True`). {{(pid=46324) check_auth_methods_against_rules /opt/stack/keystone/keystone/auth/core.py:438}}
Nov 29 22:52:06 user devstack@keystone.service[46323]: WARNING keystone.common.password_hashing [None req-4296ad34-13ba-44bb-b332-165d67115721 None None] Truncating password to algorithm specific maximum length 72 characters.
Nov 29 22:52:06 user devstack@keystone.service[46324]: DEBUG keystone.common.fernet_utils [None req-1356f092-a009-4cba-a26c-87459d15df3b None None] Loaded 2 Fernet keys from /etc/keystone/fernet-keys/, but `[fernet_tokens] max_active_keys = 3`; perhaps there have not been enough key rotations to reach `max_active_keys` yet? {{(pid=46324) load_keys /opt/stack/keystone/keystone/common/fernet_utils.py:286}}
Nov 29 22:52:06 user devstack@keystone.service[46323]: DEBUG keystone.auth.core [None req-4296ad34-13ba-44bb-b332-165d67115721 None None] MFA Rules not processed for user `cbaaddfe71e446c083bb34c394967b4f`. Rule list: `[]` (Enabled: `True`). {{(pid=46323) check_auth_methods_against_rules /opt/stack/keystone/keystone/auth/core.py:438}}
Nov 29 22:52:06 user devstack@keystone.service[46323]: DEBUG keystone.common.fernet_utils [None req-4296ad34-13ba-44bb-b332-165d67115721 None None] Loaded 2 Fernet keys from /etc/keystone/fernet-keys/, but `[fernet_tokens] max_active_keys = 3`; perhaps there have not been enough key rotations to reach `max_active_keys` yet? {{(pid=46323) load_keys /opt/stack/keystone/keystone/common/fernet_utils.py:286}}
Nov 29 22:52:06 user devstack@keystone.service[46325]: [pid: 46325|app: 0|req: 74/245] 10.0.0.210 () {58 vars in 1018 bytes} [Wed Nov 29 22:52:06 2023] POST /identity/v3/auth/tokens => generated 861 bytes in 82 msecs (HTTP/1.1 201) 6 headers in 363 bytes (1 switches on core 0)
Nov 29 22:52:06 user devstack@keystone.service[46324]: [pid: 46324|app: 0|req: 84/246] 10.0.0.210 () {58 vars in 1018 bytes} [Wed Nov 29 22:52:06 2023] POST /identity/v3/auth/tokens => generated 861 bytes in 88 msecs (HTTP/1.1 201) 6 headers in 363 bytes (1 switches on core 0)
Nov 29 22:52:06 user devstack@keystone.service[46323]: [pid: 46323|app: 0|req: 89/247] 10.0.0.210 () {58 vars in 1018 bytes} [Wed Nov 29 22:52:06 2023] POST /identity/v3/auth/tokens => generated 861 bytes in 83 msecs (HTTP/1.1 201) 6 headers in 363 bytes (1 switches on core 0)
Nov 29 22:52:06 user devstack@keystone.service[46325]: DEBUG keystone.server.flask.request_processing.middleware.auth_context [None req-17ee69c8-a8da-4793-8150-96d418b8b9c6 None None] Authenticating user token {{(pid=46325) process_request /opt/stack/data/venv/lib/python3.10/site-packages/keystonemiddleware/auth_token/__init__.py:406}}
Nov 29 22:52:06 user devstack@keystone.service[46324]: DEBUG keystone.server.flask.request_processing.middleware.auth_context [None req-1356f092-a009-4cba-a26c-87459d15df3b None None] Authenticating user token {{(pid=46324) process_request /opt/stack/data/venv/lib/python3.10/site-packages/keystonemiddleware/auth_token/__init__.py:406}}
Nov 29 22:52:06 user devstack@keystone.service[46323]: DEBUG keystone.server.flask.request_processing.middleware.auth_context [None req-4296ad34-13ba-44bb-b332-165d67115721 None None] Authenticating user token {{(pid=46323) process_request /opt/stack/data/venv/lib/python3.10/site-packages/keystonemiddleware/auth_token/__init__.py:406}}
Nov 29 22:52:06 user devstack@keystone.service[46325]: DEBUG keystone.server.flask.request_processing.middleware.auth_context [None req-17ee69c8-a8da-4793-8150-96d418b8b9c6 None None] Validating token access rules against request {{(pid=46325) validate_allowed_request /opt/stack/data/venv/lib/python3.10/site-packages/keystonemiddleware/auth_token/__init__.py:544}}
Nov 29 22:52:06 user devstack@keystone.service[46324]: DEBUG keystone.server.flask.request_processing.middleware.auth_context [None req-1356f092-a009-4cba-a26c-87459d15df3b None None] Validating token access rules against request {{(pid=46324) validate_allowed_request /opt/stack/data/venv/lib/python3.10/site-packages/keystonemiddleware/auth_token/__init__.py:544}}
Nov 29 22:52:06 user devstack@keystone.service[46323]: DEBUG keystone.server.flask.request_processing.middleware.auth_context [None req-4296ad34-13ba-44bb-b332-165d67115721 None None] Validating token access rules against request {{(pid=46323) validate_allowed_request /opt/stack/data/venv/lib/python3.10/site-packages/keystonemiddleware/auth_token/__init__.py:544}}
Nov 29 22:52:06 user devstack@keystone.service[46325]: DEBUG keystone.server.flask.request_processing.middleware.auth_context [None req-0ced0a15-cf35-4de9-a4c4-8331e22c0a03 None admin] RBAC: auth_context: {'token': , 'domain_id': None, 'trust_id': None, 'trustor_id': None, 'trustee_id': None, 'domain_name': None, 'group_ids': [], 'user_id': 'cbaaddfe71e446c083bb34c394967b4f', 'user_domain_id': 'default', 'system_scope': 'all', 'project_id': None, 'project_domain_id': None, 'roles': ['admin', 'manager', 'member', 'reader'], 'is_admin_project': True, 'service_user_id': None, 'service_user_domain_id': None, 'service_project_id': None, 'service_project_domain_id': None, 'service_roles': []} {{(pid=46325) fill_context /opt/stack/keystone/keystone/server/flask/request_processing/middleware/auth_context.py:480}}
Nov 29 22:52:06 user devstack@keystone.service[46325]: DEBUG keystone.server.flask.request_processing.req_logging [None req-0ced0a15-cf35-4de9-a4c4-8331e22c0a03 None admin] REQUEST_METHOD: `GET` {{(pid=46325) log_request_info /opt/stack/keystone/keystone/server/flask/request_processing/req_logging.py:27}}
Nov 29 22:52:06 user devstack@keystone.service[46325]: DEBUG keystone.server.flask.request_processing.req_logging [None req-0ced0a15-cf35-4de9-a4c4-8331e22c0a03 None admin] SCRIPT_NAME: `/identity` {{(pid=46325) log_request_info /opt/stack/keystone/keystone/server/flask/request_processing/req_logging.py:28}}
Nov 29 22:52:06 user devstack@keystone.service[46325]: DEBUG keystone.server.flask.request_processing.req_logging [None req-0ced0a15-cf35-4de9-a4c4-8331e22c0a03 None admin] PATH_INFO: `/v3/roles/member` {{(pid=46325) log_request_info /opt/stack/keystone/keystone/server/flask/request_processing/req_logging.py:29}}
Nov 29 22:52:06 user devstack@keystone.service[46325]: DEBUG keystone.common.rbac_enforcer.enforcer [None req-0ced0a15-cf35-4de9-a4c4-8331e22c0a03 None admin] Extracting inferred target data resulted in "NOT FOUND (404)". {{(pid=46325) enforce_call /opt/stack/keystone/keystone/common/rbac_enforcer/enforcer.py:409}}
Nov 29 22:52:06 user devstack@keystone.service[46325]: ERROR keystone.server.flask.application [None req-0ced0a15-cf35-4de9-a4c4-8331e22c0a03 None admin] Could not find role: member.: keystone.exception.RoleNotFound: Could not find role: member.
Nov 29 22:52:06 user devstack@keystone.service[46325]: ERROR keystone.server.flask.application
Traceback (most recent call last):
Nov 29 22:52:06 user devstack@keystone.service[46325]: ERROR keystone.server.flask.application
File "/opt/stack/data/venv/lib/python3.10/site-packages/flask/app.py", line 1823, in full_dispatch_request
Nov 29 22:52:06 user devstack@keystone.service[46325]: ERROR keystone.server.flask.application rv = self.dispatch_request()
Nov 29 22:52:06 user devstack@keystone.service[46325]: ERROR keystone.server.flask.application
File "/opt/stack/data/venv/lib/python3.10/site-packages/flask/app.py", line 1799, in dispatch_request
Nov 29 22:52:06 user devstack@keystone.service[46325]: ERROR keystone.server.flask.application return self.ensure_sync(self.view_functions[rule.endpoint])(**view_args)
Nov 29 22:52:06 user devstack@keystone.service[46325]: ERROR keystone.server.flask.application
File "/opt/stack/data/venv/lib/python3.10/site-packages/flask_restful/__init__.py", line 489, in wrapper
Nov 29 22:52:06 user devstack@keystone.service[46325]: ERROR keystone.server.flask.application resp = resource(*args, **kwargs)
Nov 29 22:52:06 user devstack@keystone.service[46325]: ERROR keystone.server.flask.application
File "/opt/stack/data/venv/lib/python3.10/site-packages/flask/views.py", line 107, in view
Nov 29 22:52:06 user devstack@keystone.service[46325]: ERROR keystone.server.flask.application return current_app.ensure_sync(self.dispatch_request)(**kwargs)
Nov 29 22:52:06 user devstack@keystone.service[46325]: ERROR keystone.server.flask.application
File "/opt/stack/data/venv/lib/python3.10/site-packages/flask_restful/__init__.py", line 604, in dispatch_request
Nov 29 22:52:06 user devstack@keystone.service[46325]: ERROR keystone.server.flask.application resp = meth(*args, **kwargs)
Nov 29 22:52:06 user devstack@keystone.service[46325]: ERROR keystone.server.flask.application
File "/opt/stack/keystone/keystone/api/roles.py", line 50, in get
Nov 29 22:52:06 user devstack@keystone.service[46325]: ERROR keystone.server.flask.application return self._get_role(role_id)
Nov 29 22:52:06 user devstack@keystone.service[46325]: ERROR keystone.server.flask.application
File "/opt/stack/keystone/keystone/api/roles.py", line 70, in _get_role
Nov 29 22:52:06 user devstack@keystone.service[46325]: ERROR keystone.server.flask.application ENFORCER.enforce_call(action='identity:get_role')
Nov 29 22:52:06 user devstack@keystone.service[46325]: ERROR keystone.server.flask.application
File "/opt/stack/keystone/keystone/common/rbac_enforcer/enforcer.py", line 402, in enforce_call
Nov 29 22:52:06 user devstack@keystone.service[46325]: ERROR keystone.server.flask.application policy_dict.update(cls._extract_member_target_data(
Nov 29 22:52:06 user devstack@keystone.service[46325]: ERROR keystone.server.flask.application
File "/opt/stack/keystone/keystone/common/rbac_enforcer/enforcer.py", line 234, in _extract_member_target_data
Nov 29 22:52:06 user devstack@keystone.service[46325]: ERROR keystone.server.flask.application member_name: func(flask.request.view_args[key])
Nov 29 22:52:06 user devstack@keystone.service[46325]: ERROR keystone.server.flask.application
File "/opt/stack/keystone/keystone/common/manager.py", line 115, in wrapped
Nov 29 22:52:06 user devstack@keystone.service[46325]: ERROR keystone.server.flask.application __ret_val = __f(*args, **kwargs)
Nov 29 22:52:06 user devstack@keystone.service[46325]: ERROR keystone.server.flask.application
File "/opt/stack/data/venv/lib/python3.10/site-packages/decorator.py", line 232, in fun
Nov 29 22:52:06 user devstack@keystone.service[46325]: ERROR keystone.server.flask.application return caller(func, *(extras + args), **kw)
Nov 29 22:52:06 user devstack@keystone.service[46325]: ERROR keystone.server.flask.application
File "/opt/stack/data/venv/lib/python3.10/site-packages/dogpile/cache/region.py", line 1594, in get_or_create_for_user_func
Nov 29 22:52:06 user devstack@keystone.service[46325]: ERROR keystone.server.flask.application return self.get_or_create(
Nov 29 22:52:06 user devstack@keystone.service[46325]: ERROR keystone.server.flask.application
File "/opt/stack/data/venv/lib/python3.10/site-packages/dogpile/cache/region.py", line 1054, in get_or_create
Nov 29 22:52:06 user devstack@keystone.service[46325]: ERROR keystone.server.flask.application with Lock(
Nov 29 22:52:06 user devstack@keystone.service[46325]: ERROR keystone.server.flask.application
File "/opt/stack/data/venv/lib/python3.10/site-packages/dogpile/lock.py", line 185, in __enter__
Nov 29 22:52:06 user devstack@keystone.service[46325]: ERROR keystone.server.flask.application return self._enter()
Nov 29 22:52:06 user devstack@keystone.service[46325]: ERROR keystone.server.flask.application
File "/opt/stack/data/venv/lib/python3.10/site-packages/dogpile/lock.py", line 94, in _enter
Nov 29 22:52:06 user devstack@keystone.service[46325]: ERROR keystone.server.flask.application generated = self._enter_create(value, createdtime)
Nov 29 22:52:06 user devstack@keystone.service[46325]: ERROR keystone.server.flask.application
File "/opt/stack/data/venv/lib/python3.10/site-packages/dogpile/lock.py", line 178, in _enter_create
Nov 29 22:52:06 user devstack@keystone.service[46325]: ERROR keystone.server.flask.application return self.creator()
Nov 29 22:52:06 user devstack@keystone.service[46325]: ERROR keystone.server.flask.application
File "/opt/stack/data/venv/lib/python3.10/site-packages/dogpile/cache/region.py", line 1007, in gen_value
Nov 29 22:52:06 user devstack@keystone.service[46325]: ERROR keystone.server.flask.application created_value = creator(
Nov 29 22:52:06 user devstack@keystone.service[46325]: ERROR keystone.server.flask.application
File "/opt/stack/keystone/keystone/assignment/core.py", line 1276, in get_role
Nov 29 22:52:06 user devstack@keystone.service[46325]: ERROR keystone.server.flask.application return self.driver.get_role(role_id)
Nov 29 22:52:06 user devstack@keystone.service[46325]: ERROR keystone.server.flask.application
File "/opt/stack/keystone/keystone/assignment/role_backends/sql.py", line 70, in get_role
Nov 29 22:52:06 user devstack@keystone.service[46325]: ERROR keystone.server.flask.application return self._get_role(session, role_id).to_dict()
Nov 29 22:52:06 user devstack@keystone.service[46325]: ERROR keystone.server.flask.application
File "/opt/stack/keystone/keystone/assignment/role_backends/sql.py", line 65, in _get_role
Nov 29 22:52:06 user devstack@keystone.service[46325]: ERROR keystone.server.flask.application raise exception.RoleNotFound(role_id=role_id)
Nov 29 22:52:06 user devstack@keystone.service[46325]: ERROR keystone.server.flask.application keystone.exception.RoleNotFound: Could not find role: member.
Nov 29 22:52:06 user devstack@keystone.service[46325]: ERROR keystone.server.flask.application
Nov 29 22:52:06 user devstack@keystone.service[46325]: [pid: 46325|app: 0|req: 75/248] 10.0.0.210 () {56 vars in 1094 bytes} [Wed Nov 29 22:52:06 2023] GET /identity/v3/roles/member => generated 84 bytes in 141 msecs (HTTP/1.1 404) 5 headers in 183 bytes (1 switches on core 0)
Nov 29 22:52:06 user devstack@keystone.service[46324]: DEBUG keystone.server.flask.request_processing.middleware.auth_context [None req-cd03a8c5-6019-4f63-b9cb-0f1129176c35 None admin] RBAC: auth_context: {'token': , 'domain_id': None, 'trust_id': None, 'trustor_id': None, 'trustee_id': None, 'domain_name': None, 'group_ids': [], 'user_id': 'cbaaddfe71e446c083bb34c394967b4f', 'user_domain_id': 'default', 'system_scope': 'all', 'project_id': None, 'project_domain_id': None, 'roles': ['admin', 'manager', 'member', 'reader'], 'is_admin_project': True, 'service_user_id': None, 'service_user_domain_id': None, 'service_project_id': None, 'service_project_domain_id': None, 'service_roles': []} {{(pid=46324) fill_context /opt/stack/keystone/keystone/server/flask/request_processing/middleware/auth_context.py:480}}
Nov 29 22:52:06 user devstack@keystone.service[46324]: DEBUG keystone.server.flask.request_processing.req_logging [None req-cd03a8c5-6019-4f63-b9cb-0f1129176c35 None admin] REQUEST_METHOD: `GET` {{(pid=46324) log_request_info /opt/stack/keystone/keystone/server/flask/request_processing/req_logging.py:27}}
Nov 29 22:52:06 user devstack@keystone.service[46324]: DEBUG keystone.server.flask.request_processing.req_logging [None req-cd03a8c5-6019-4f63-b9cb-0f1129176c35 None admin] SCRIPT_NAME: `/identity` {{(pid=46324) log_request_info /opt/stack/keystone/keystone/server/flask/request_processing/req_logging.py:28}}
Nov 29 22:52:06 user devstack@keystone.service[46324]: DEBUG keystone.server.flask.request_processing.req_logging [None req-cd03a8c5-6019-4f63-b9cb-0f1129176c35 None admin] PATH_INFO: `/v3/domains/default` {{(pid=46324) log_request_info /opt/stack/keystone/keystone/server/flask/request_processing/req_logging.py:29}}
Nov 29 22:52:06 user devstack@keystone.service[46324]: DEBUG keystone.common.rbac_enforcer.enforcer [None req-cd03a8c5-6019-4f63-b9cb-0f1129176c35 None admin] RBAC: Authorizing `identity:get_domain(domain_id=default)` {{(pid=46324) enforce_call /opt/stack/keystone/keystone/common/rbac_enforcer/enforcer.py:449}}
Nov 29 22:52:06 user devstack@keystone.service[46325]: DEBUG keystone.server.flask.request_processing.middleware.auth_context [None req-0ced0a15-cf35-4de9-a4c4-8331e22c0a03 None admin] Authenticating user token {{(pid=46325) process_request /opt/stack/data/venv/lib/python3.10/site-packages/keystonemiddleware/auth_token/__init__.py:406}}
Nov 29 22:52:06 user devstack@keystone.service[46324]: DEBUG keystone.common.rbac_enforcer.enforcer [None req-cd03a8c5-6019-4f63-b9cb-0f1129176c35 None admin] RBAC: Authorization granted {{(pid=46324) enforce_call /opt/stack/keystone/keystone/common/rbac_enforcer/enforcer.py:457}}
Nov 29 22:52:06 user devstack@keystone.service[46324]: [pid: 46324|app: 0|req: 85/249] 10.0.0.210 () {56 vars in 1103 bytes} [Wed Nov 29 22:52:06 2023] GET /identity/v3/domains/default => generated 198 bytes in 130 msecs (HTTP/1.1 200) 5 headers in 177 bytes (1 switches on core 0)
Nov 29 22:52:06 user devstack@keystone.service[46324]: DEBUG keystone.server.flask.request_processing.middleware.auth_context [None req-cd03a8c5-6019-4f63-b9cb-0f1129176c35 None admin] Authenticating user token {{(pid=46324) process_request /opt/stack/data/venv/lib/python3.10/site-packages/keystonemiddleware/auth_token/__init__.py:406}}
Nov 29 22:52:06 user devstack@keystone.service[46323]: DEBUG keystone.server.flask.request_processing.middleware.auth_context [None req-7e957fb8-8408-4cda-a790-4224aa9091ac None admin] RBAC: auth_context: {'token': , 'domain_id': None, 'trust_id': None, 'trustor_id': None, 'trustee_id': None, 'domain_name': None, 'group_ids': [], 'user_id': 'cbaaddfe71e446c083bb34c394967b4f', 'user_domain_id': 'default', 'system_scope': 'all', 'project_id': None, 'project_domain_id': None, 'roles': ['admin', 'manager', 'member', 'reader'], 'is_admin_project': True, 'service_user_id': None, 'service_user_domain_id': None, 'service_project_id': None, 'service_project_domain_id': None, 'service_roles': []} {{(pid=46323) fill_context /opt/stack/keystone/keystone/server/flask/request_processing/middleware/auth_context.py:480}}
Nov 29 22:52:06 user devstack@keystone.service[46323]: DEBUG keystone.server.flask.request_processing.req_logging [None req-7e957fb8-8408-4cda-a790-4224aa9091ac None admin] REQUEST_METHOD: `GET` {{(pid=46323) log_request_info /opt/stack/keystone/keystone/server/flask/request_processing/req_logging.py:27}}
Nov 29 22:52:06 user devstack@keystone.service[46323]: DEBUG keystone.server.flask.request_processing.req_logging [None req-7e957fb8-8408-4cda-a790-4224aa9091ac None admin] SCRIPT_NAME: `/identity` {{(pid=46323) log_request_info /opt/stack/keystone/keystone/server/flask/request_processing/req_logging.py:28}}
Nov 29 22:52:06 user devstack@keystone.service[46323]: DEBUG keystone.server.flask.request_processing.req_logging [None req-7e957fb8-8408-4cda-a790-4224aa9091ac None admin] PATH_INFO: `/v3/roles/reader` {{(pid=46323) log_request_info /opt/stack/keystone/keystone/server/flask/request_processing/req_logging.py:29}}
Nov 29 22:52:06 user devstack@keystone.service[46323]: DEBUG keystone.common.rbac_enforcer.enforcer [None req-7e957fb8-8408-4cda-a790-4224aa9091ac None admin] Extracting inferred target data resulted in "NOT FOUND (404)". {{(pid=46323) enforce_call /opt/stack/keystone/keystone/common/rbac_enforcer/enforcer.py:409}}
