Dec 01 16:55:59 user devstack@keystone.service[46996]: [pid: 46996|app: 0|req: 63/180] 10.0.0.210 () {56 vars in 1181 bytes} [Fri Dec 1 16:55:59 2023] GET /identity/v3/projects/be2a390d9d014531ac0339da8c561b0f => generated 301 bytes in 140 msecs (HTTP/1.1 200) 5 headers in 177 bytes (1 switches on core 0)
Dec 01 16:55:59 user devstack@keystone.service[46997]: DEBUG keystone.server.flask.request_processing.middleware.auth_context [None req-9b8d9cbc-edae-44a0-8c5c-36fc1ac45087 None admin] RBAC: auth_context: {'token': , 'domain_id': None, 'trust_id': None, 'trustor_id': None, 'trustee_id': None, 'domain_name': None, 'group_ids': [], 'user_id': '7c26e846435d43e9835388b485332d35', 'user_domain_id': 'default', 'system_scope': 'all', 'project_id': None, 'project_domain_id': None, 'roles': ['admin', 'manager', 'member', 'reader'], 'is_admin_project': True, 'service_user_id': None, 'service_user_domain_id': None, 'service_project_id': None, 'service_project_domain_id': None, 'service_roles': []} {{(pid=46997) fill_context /opt/stack/keystone/keystone/server/flask/request_processing/middleware/auth_context.py:480}}
Dec 01 16:55:59 user devstack@keystone.service[46997]: DEBUG keystone.server.flask.request_processing.req_logging [None req-9b8d9cbc-edae-44a0-8c5c-36fc1ac45087 None admin] REQUEST_METHOD: `GET` {{(pid=46997) log_request_info /opt/stack/keystone/keystone/server/flask/request_processing/req_logging.py:27}}
Dec 01 16:55:59 user devstack@keystone.service[46997]: DEBUG keystone.server.flask.request_processing.req_logging [None req-9b8d9cbc-edae-44a0-8c5c-36fc1ac45087 None admin] SCRIPT_NAME: `/identity` {{(pid=46997) log_request_info /opt/stack/keystone/keystone/server/flask/request_processing/req_logging.py:28}}
Dec 01 16:55:59 user devstack@keystone.service[46997]: DEBUG keystone.server.flask.request_processing.req_logging [None req-9b8d9cbc-edae-44a0-8c5c-36fc1ac45087 None admin] PATH_INFO: `/v3/users/4d482db7f8bc437ea1ac0596c9be59d7` {{(pid=46997) log_request_info /opt/stack/keystone/keystone/server/flask/request_processing/req_logging.py:29}}
Dec 01 16:55:59 user devstack@keystone.service[46997]: DEBUG keystone.common.rbac_enforcer.enforcer [None req-9b8d9cbc-edae-44a0-8c5c-36fc1ac45087 None admin] RBAC: Authorizing `identity:get_user(user_id=4d482db7f8bc437ea1ac0596c9be59d7)` {{(pid=46997) enforce_call /opt/stack/keystone/keystone/common/rbac_enforcer/enforcer.py:449}}
Dec 01 16:55:59 user devstack@keystone.service[46996]: DEBUG keystone.server.flask.request_processing.middleware.auth_context [None req-41b2e5dd-3f39-40ad-a480-fc2831c1d002 None admin] Authenticating user token {{(pid=46996) process_request /opt/stack/data/venv/lib/python3.10/site-packages/keystonemiddleware/auth_token/__init__.py:406}}
Dec 01 16:55:59 user devstack@keystone.service[46997]: DEBUG keystone.common.rbac_enforcer.enforcer [None req-9b8d9cbc-edae-44a0-8c5c-36fc1ac45087 None admin] RBAC: Authorization granted {{(pid=46997) enforce_call /opt/stack/keystone/keystone/common/rbac_enforcer/enforcer.py:457}}
Dec 01 16:55:59 user devstack@keystone.service[46997]: [pid: 46997|app: 0|req: 60/181] 10.0.0.210 () {56 vars in 1172 bytes} [Fri Dec 1 16:55:59 2023] GET /identity/v3/users/4d482db7f8bc437ea1ac0596c9be59d7 => generated 282 bytes in 143 msecs (HTTP/1.1 200) 5 headers in 177 bytes (2 switches on core 0)
Dec 01 16:55:59 user devstack@keystone.service[46997]: DEBUG keystone.server.flask.request_processing.middleware.auth_context [None req-9b8d9cbc-edae-44a0-8c5c-36fc1ac45087 None admin] Authenticating user token {{(pid=46997) process_request /opt/stack/data/venv/lib/python3.10/site-packages/keystonemiddleware/auth_token/__init__.py:406}}
Dec 01 16:55:59 user devstack@keystone.service[46998]: DEBUG keystone.server.flask.request_processing.middleware.auth_context [None req-5597a814-a19b-44ac-9c66-dcdcf20fc363 None admin] Validating token access rules against request {{(pid=46998) validate_allowed_request /opt/stack/data/venv/lib/python3.10/site-packages/keystonemiddleware/auth_token/__init__.py:544}}
Dec 01 16:55:59 user devstack@keystone.service[46996]: DEBUG keystone.server.flask.request_processing.middleware.auth_context [None req-41b2e5dd-3f39-40ad-a480-fc2831c1d002 None admin] Validating token access rules against request {{(pid=46996) validate_allowed_request /opt/stack/data/venv/lib/python3.10/site-packages/keystonemiddleware/auth_token/__init__.py:544}}
Dec 01 16:55:59 user devstack@keystone.service[46997]: DEBUG keystone.server.flask.request_processing.middleware.auth_context [None req-9b8d9cbc-edae-44a0-8c5c-36fc1ac45087 None admin] Validating token access rules against request {{(pid=46997) validate_allowed_request /opt/stack/data/venv/lib/python3.10/site-packages/keystonemiddleware/auth_token/__init__.py:544}}
Dec 01 16:55:59 user devstack@keystone.service[46998]: DEBUG keystone.server.flask.request_processing.middleware.auth_context [None req-10b12588-def3-43c4-87ea-3d12893314e0 None admin] RBAC: auth_context: {'token': , 'domain_id': None, 'trust_id': None, 'trustor_id': None, 'trustee_id': None, 'domain_name': None, 'group_ids': [], 'user_id': '7c26e846435d43e9835388b485332d35', 'user_domain_id': 'default', 'system_scope': 'all', 'project_id': None, 'project_domain_id': None, 'roles': ['admin', 'manager', 'member', 'reader'], 'is_admin_project': True, 'service_user_id': None, 'service_user_domain_id': None, 'service_project_id': None, 'service_project_domain_id': None, 'service_roles': []} {{(pid=46998) fill_context /opt/stack/keystone/keystone/server/flask/request_processing/middleware/auth_context.py:480}}
Dec 01 16:55:59 user devstack@keystone.service[46998]: DEBUG keystone.server.flask.request_processing.req_logging [None req-10b12588-def3-43c4-87ea-3d12893314e0 None admin] REQUEST_METHOD: `GET` {{(pid=46998) log_request_info /opt/stack/keystone/keystone/server/flask/request_processing/req_logging.py:27}}
Dec 01 16:55:59 user devstack@keystone.service[46998]: DEBUG keystone.server.flask.request_processing.req_logging [None req-10b12588-def3-43c4-87ea-3d12893314e0 None admin] SCRIPT_NAME: `/identity` {{(pid=46998) log_request_info /opt/stack/keystone/keystone/server/flask/request_processing/req_logging.py:28}}
Dec 01 16:55:59 user devstack@keystone.service[46998]: DEBUG keystone.server.flask.request_processing.req_logging [None req-10b12588-def3-43c4-87ea-3d12893314e0 None admin] PATH_INFO: `/v3/auth/tokens` {{(pid=46998) log_request_info /opt/stack/keystone/keystone/server/flask/request_processing/req_logging.py:29}}
Dec 01 16:55:59 user devstack@keystone.service[46996]: DEBUG keystone.server.flask.request_processing.middleware.auth_context [None req-2595b399-b2d4-4401-a8c5-656e90f2ead4 None admin] RBAC: auth_context: {'token': , 'domain_id': None, 'trust_id': None, 'trustor_id': None, 'trustee_id': None, 'domain_name': None, 'group_ids': [], 'user_id': '7c26e846435d43e9835388b485332d35', 'user_domain_id': 'default', 'system_scope': 'all', 'project_id': None, 'project_domain_id': None, 'roles': ['admin', 'manager', 'member', 'reader'], 'is_admin_project': True, 'service_user_id': None, 'service_user_domain_id': None, 'service_project_id': None, 'service_project_domain_id': None, 'service_roles': []} {{(pid=46996) fill_context /opt/stack/keystone/keystone/server/flask/request_processing/middleware/auth_context.py:480}}
Dec 01 16:55:59 user devstack@keystone.service[46996]: DEBUG keystone.server.flask.request_processing.req_logging [None req-2595b399-b2d4-4401-a8c5-656e90f2ead4 None admin] REQUEST_METHOD: `PUT` {{(pid=46996) log_request_info /opt/stack/keystone/keystone/server/flask/request_processing/req_logging.py:27}}
Dec 01 16:55:59 user devstack@keystone.service[46996]: DEBUG keystone.server.flask.request_processing.req_logging [None req-2595b399-b2d4-4401-a8c5-656e90f2ead4 None admin] SCRIPT_NAME: `/identity` {{(pid=46996) log_request_info /opt/stack/keystone/keystone/server/flask/request_processing/req_logging.py:28}}
Dec 01 16:55:59 user devstack@keystone.service[46996]: DEBUG keystone.server.flask.request_processing.req_logging [None req-2595b399-b2d4-4401-a8c5-656e90f2ead4 None admin] PATH_INFO: `/v3/projects/be2a390d9d014531ac0339da8c561b0f/users/60883b97472943b08a25e6fd61088bc4/roles/2c63c5d7b61e4ca693045bff1c90194f` {{(pid=46996) log_request_info /opt/stack/keystone/keystone/server/flask/request_processing/req_logging.py:29}}
Dec 01 16:55:59 user devstack@keystone.service[46996]: DEBUG keystone.common.rbac_enforcer.enforcer [None req-2595b399-b2d4-4401-a8c5-656e90f2ead4 None admin] RBAC: Authorizing `identity:create_grant(project_id=be2a390d9d014531ac0339da8c561b0f, user_id=60883b97472943b08a25e6fd61088bc4, role_id=2c63c5d7b61e4ca693045bff1c90194f)` {{(pid=46996) enforce_call /opt/stack/keystone/keystone/common/rbac_enforcer/enforcer.py:449}}
Dec 01 16:55:59 user devstack@keystone.service[46996]: DEBUG keystone.common.rbac_enforcer.enforcer [None req-2595b399-b2d4-4401-a8c5-656e90f2ead4 None admin] RBAC: Authorization granted {{(pid=46996) enforce_call /opt/stack/keystone/keystone/common/rbac_enforcer/enforcer.py:457}}
Dec 01 16:55:59 user devstack@keystone.service[46997]: DEBUG keystone.server.flask.request_processing.middleware.auth_context [None req-cdcc25cb-61ca-4e50-8b5c-52e7d1fc4ef3 None admin] RBAC: auth_context: {'token': , 'domain_id': None, 'trust_id': None, 'trustor_id': None, 'trustee_id': None, 'domain_name': None, 'group_ids': [], 'user_id': '7c26e846435d43e9835388b485332d35', 'user_domain_id': 'default', 'system_scope': 'all', 'project_id': None, 'project_domain_id': None, 'roles': ['admin', 'manager', 'member', 'reader'], 'is_admin_project': True, 'service_user_id': None, 'service_user_domain_id': None, 'service_project_id': None, 'service_project_domain_id': None, 'service_roles': []} {{(pid=46997) fill_context /opt/stack/keystone/keystone/server/flask/request_processing/middleware/auth_context.py:480}}
Dec 01 16:55:59 user devstack@keystone.service[46997]: DEBUG keystone.server.flask.request_processing.req_logging [None req-cdcc25cb-61ca-4e50-8b5c-52e7d1fc4ef3 None admin] REQUEST_METHOD: `GET` {{(pid=46997) log_request_info /opt/stack/keystone/keystone/server/flask/request_processing/req_logging.py:27}}
Dec 01 16:55:59 user devstack@keystone.service[46997]: DEBUG keystone.server.flask.request_processing.req_logging [None req-cdcc25cb-61ca-4e50-8b5c-52e7d1fc4ef3 None admin] SCRIPT_NAME: `/identity` {{(pid=46997) log_request_info /opt/stack/keystone/keystone/server/flask/request_processing/req_logging.py:28}}
Dec 01 16:55:59 user devstack@keystone.service[46997]: DEBUG keystone.server.flask.request_processing.req_logging [None req-cdcc25cb-61ca-4e50-8b5c-52e7d1fc4ef3 None admin] PATH_INFO: `/v3/auth/tokens` {{(pid=46997) log_request_info /opt/stack/keystone/keystone/server/flask/request_processing/req_logging.py:29}}
Dec 01 16:55:59 user devstack@keystone.service[46996]: [pid: 46996|app: 0|req: 64/182] 10.0.0.210 () {58 vars in 1434 bytes} [Fri Dec 1 16:55:59 2023] PUT /identity/v3/projects/be2a390d9d014531ac0339da8c561b0f/users/60883b97472943b08a25e6fd61088bc4/roles/2c63c5d7b61e4ca693045bff1c90194f => generated 0 bytes in 150 msecs (HTTP/1.1 204) 3 headers in 132 bytes (1 switches on core 0)
Dec 01 16:55:59 user devstack@keystone.service[46998]: DEBUG keystone.common.rbac_enforcer.enforcer [None req-10b12588-def3-43c4-87ea-3d12893314e0 None admin] RBAC: Authorizing `identity:validate_token()` {{(pid=46998) enforce_call /opt/stack/keystone/keystone/common/rbac_enforcer/enforcer.py:449}}
Dec 01 16:55:59 user devstack@keystone.service[46998]: DEBUG keystone.common.rbac_enforcer.enforcer [None req-10b12588-def3-43c4-87ea-3d12893314e0 None admin] RBAC: Authorization granted {{(pid=46998) enforce_call /opt/stack/keystone/keystone/common/rbac_enforcer/enforcer.py:457}}
Dec 01 16:55:59 user devstack@keystone.service[46997]: DEBUG keystone.common.rbac_enforcer.enforcer [None req-cdcc25cb-61ca-4e50-8b5c-52e7d1fc4ef3 None admin] RBAC: Authorizing `identity:validate_token()` {{(pid=46997) enforce_call /opt/stack/keystone/keystone/common/rbac_enforcer/enforcer.py:449}}
Dec 01 16:55:59 user devstack@keystone.service[46997]: DEBUG keystone.common.rbac_enforcer.enforcer [None req-cdcc25cb-61ca-4e50-8b5c-52e7d1fc4ef3 None admin] RBAC: Authorization granted {{(pid=46997) enforce_call /opt/stack/keystone/keystone/common/rbac_enforcer/enforcer.py:457}}
Dec 01 16:55:59 user devstack@keystone.service[46998]: [pid: 46998|app: 0|req: 59/183] 10.0.0.210 () {58 vars in 1277 bytes} [Fri Dec 1 16:55:59 2023] GET /identity/v3/auth/tokens => generated 861 bytes in 318 msecs (HTTP/1.1 200) 6 headers in 358 bytes (2 switches on core 0)
Dec 01 16:55:59 user devstack@keystone.service[46996]: DEBUG keystone.server.flask.request_processing.middleware.auth_context [None req-2595b399-b2d4-4401-a8c5-656e90f2ead4 None admin] Authenticating user token {{(pid=46996) process_request /opt/stack/data/venv/lib/python3.10/site-packages/keystonemiddleware/auth_token/__init__.py:406}}
Dec 01 16:55:59 user devstack@keystone.service[46997]: [pid: 46997|app: 0|req: 61/184] 10.0.0.210 () {58 vars in 1277 bytes} [Fri Dec 1 16:55:59 2023] GET /identity/v3/auth/tokens => generated 861 bytes in 310 msecs (HTTP/1.1 200) 6 headers in 358 bytes (1 switches on core 0)
Dec 01 16:55:59 user devstack@keystone.service[46998]: DEBUG keystone.server.flask.request_processing.middleware.auth_context [None req-10b12588-def3-43c4-87ea-3d12893314e0 None admin] Authenticating user token {{(pid=46998) process_request /opt/stack/data/venv/lib/python3.10/site-packages/keystonemiddleware/auth_token/__init__.py:406}}
Dec 01 16:55:59 user devstack@keystone.service[46996]: DEBUG keystone.server.flask.request_processing.middleware.auth_context [None req-2595b399-b2d4-4401-a8c5-656e90f2ead4 None admin] Validating token access rules against request {{(pid=46996) validate_allowed_request /opt/stack/data/venv/lib/python3.10/site-packages/keystonemiddleware/auth_token/__init__.py:544}}
Dec 01 16:55:59 user devstack@keystone.service[46998]: DEBUG keystone.server.flask.request_processing.middleware.auth_context [None req-10b12588-def3-43c4-87ea-3d12893314e0 None admin] Validating token access rules against request {{(pid=46998) validate_allowed_request /opt/stack/data/venv/lib/python3.10/site-packages/keystonemiddleware/auth_token/__init__.py:544}}
Dec 01 16:55:59 user devstack@keystone.service[46996]: DEBUG keystone.server.flask.request_processing.middleware.auth_context [None req-2bc48019-6af7-4b18-9c95-17b628e3b6ce None admin] RBAC: auth_context: {'token': , 'domain_id': None, 'trust_id': None, 'trustor_id': None, 'trustee_id': None, 'domain_name': None, 'group_ids': [], 'user_id': '7c26e846435d43e9835388b485332d35', 'user_domain_id': 'default', 'system_scope': 'all', 'project_id': None, 'project_domain_id': None, 'roles': ['admin', 'manager', 'member', 'reader'], 'is_admin_project': True, 'service_user_id': None, 'service_user_domain_id': None, 'service_project_id': None, 'service_project_domain_id': None, 'service_roles': []} {{(pid=46996) fill_context /opt/stack/keystone/keystone/server/flask/request_processing/middleware/auth_context.py:480}}
Dec 01 16:55:59 user devstack@keystone.service[46996]: DEBUG keystone.server.flask.request_processing.req_logging [None req-2bc48019-6af7-4b18-9c95-17b628e3b6ce None admin] REQUEST_METHOD: `GET` {{(pid=46996) log_request_info /opt/stack/keystone/keystone/server/flask/request_processing/req_logging.py:27}}
Dec 01 16:55:59 user devstack@keystone.service[46996]: DEBUG keystone.server.flask.request_processing.req_logging [None req-2bc48019-6af7-4b18-9c95-17b628e3b6ce None admin] SCRIPT_NAME: `/identity` {{(pid=46996) log_request_info /opt/stack/keystone/keystone/server/flask/request_processing/req_logging.py:28}}
Dec 01 16:55:59 user devstack@keystone.service[46996]: DEBUG keystone.server.flask.request_processing.req_logging [None req-2bc48019-6af7-4b18-9c95-17b628e3b6ce None admin] PATH_INFO: `/v3/projects/be2a390d9d014531ac0339da8c561b0f` {{(pid=46996) log_request_info /opt/stack/keystone/keystone/server/flask/request_processing/req_logging.py:29}}
Dec 01 16:55:59 user devstack@keystone.service[46996]: DEBUG keystone.common.rbac_enforcer.enforcer [None req-2bc48019-6af7-4b18-9c95-17b628e3b6ce None admin] RBAC: Authorizing `identity:get_project(project_id=be2a390d9d014531ac0339da8c561b0f)` {{(pid=46996) enforce_call /opt/stack/keystone/keystone/common/rbac_enforcer/enforcer.py:449}}
Dec 01 16:55:59 user devstack@keystone.service[46996]: DEBUG keystone.common.rbac_enforcer.enforcer [None req-2bc48019-6af7-4b18-9c95-17b628e3b6ce None admin] RBAC: Authorization granted {{(pid=46996) enforce_call /opt/stack/keystone/keystone/common/rbac_enforcer/enforcer.py:457}}
Dec 01 16:55:59 user devstack@keystone.service[46996]: [pid: 46996|app: 0|req: 65/185] 10.0.0.210 () {56 vars in 1181 bytes} [Fri Dec 1 16:55:59 2023] GET /identity/v3/projects/be2a390d9d014531ac0339da8c561b0f => generated 301 bytes in 144 msecs (HTTP/1.1 200) 5 headers in 177 bytes (1 switches on core 0)
Dec 01 16:55:59 user devstack@keystone.service[46997]: DEBUG keystone.server.flask.request_processing.middleware.auth_context [None req-cdcc25cb-61ca-4e50-8b5c-52e7d1fc4ef3 None admin] Authenticating user token {{(pid=46997) process_request /opt/stack/data/venv/lib/python3.10/site-packages/keystonemiddleware/auth_token/__init__.py:406}}
Dec 01 16:55:59 user devstack@keystone.service[46998]: DEBUG keystone.server.flask.request_processing.middleware.auth_context [None req-77b23118-2b0d-4fa4-b320-f5cce542820a None admin] RBAC: auth_context: {'token': , 'domain_id': None, 'trust_id': None, 'trustor_id': None, 'trustee_id': None, 'domain_name': None, 'group_ids': [], 'user_id': '7c26e846435d43e9835388b485332d35', 'user_domain_id': 'default', 'system_scope': 'all', 'project_id': None, 'project_domain_id': None, 'roles': ['admin', 'manager', 'member', 'reader'], 'is_admin_project': True, 'service_user_id': None, 'service_user_domain_id': None, 'service_project_id': None, 'service_project_domain_id': None, 'service_roles': []} {{(pid=46998) fill_context /opt/stack/keystone/keystone/server/flask/request_processing/middleware/auth_context.py:480}}
Dec 01 16:55:59 user devstack@keystone.service[46998]: DEBUG keystone.server.flask.request_processing.req_logging [None req-77b23118-2b0d-4fa4-b320-f5cce542820a None admin] REQUEST_METHOD: `GET` {{(pid=46998) log_request_info /opt/stack/keystone/keystone/server/flask/request_processing/req_logging.py:27}}
Dec 01 16:55:59 user devstack@keystone.service[46998]: DEBUG keystone.server.flask.request_processing.req_logging [None req-77b23118-2b0d-4fa4-b320-f5cce542820a None admin] SCRIPT_NAME: `/identity` {{(pid=46998) log_request_info /opt/stack/keystone/keystone/server/flask/request_processing/req_logging.py:28}}
Dec 01 16:55:59 user devstack@keystone.service[46998]: DEBUG keystone.server.flask.request_processing.req_logging [None req-77b23118-2b0d-4fa4-b320-f5cce542820a None admin] PATH_INFO: `/v3/projects/be2a390d9d014531ac0339da8c561b0f` {{(pid=46998) log_request_info /opt/stack/keystone/keystone/server/flask/request_processing/req_logging.py:29}}
Dec 01 16:55:59 user devstack@keystone.service[46998]: DEBUG keystone.common.rbac_enforcer.enforcer [None req-77b23118-2b0d-4fa4-b320-f5cce542820a None admin] RBAC: Authorizing `identity:get_project(project_id=be2a390d9d014531ac0339da8c561b0f)` {{(pid=46998) enforce_call /opt/stack/keystone/keystone/common/rbac_enforcer/enforcer.py:449}}
Dec 01 16:55:59 user devstack@keystone.service[46998]: DEBUG keystone.common.rbac_enforcer.enforcer [None req-77b23118-2b0d-4fa4-b320-f5cce542820a None admin] RBAC: Authorization granted {{(pid=46998) enforce_call /opt/stack/keystone/keystone/common/rbac_enforcer/enforcer.py:457}}
Dec 01 16:55:59 user devstack@keystone.service[46998]: [pid: 46998|app: 0|req: 60/186] 10.0.0.210 () {56 vars in 1181 bytes} [Fri Dec 1 16:55:59 2023] GET /identity/v3/projects/be2a390d9d014531ac0339da8c561b0f => generated 301 bytes in 147 msecs (HTTP/1.1 200) 5 headers in 177 bytes (1 switches on core 0)
Dec 01 16:55:59 user devstack@keystone.service[46996]: DEBUG keystone.server.flask.request_processing.middleware.auth_context [None req-2bc48019-6af7-4b18-9c95-17b628e3b6ce None admin] Authenticating user token {{(pid=46996) process_request /opt/stack/data/venv/lib/python3.10/site-packages/keystonemiddleware/auth_token/__init__.py:406}}
Dec 01 16:55:59 user devstack@keystone.service[46997]: DEBUG keystone.server.flask.request_processing.middleware.auth_context [None req-cdcc25cb-61ca-4e50-8b5c-52e7d1fc4ef3 None admin] Validating token access rules against request {{(pid=46997) validate_allowed_request /opt/stack/data/venv/lib/python3.10/site-packages/keystonemiddleware/auth_token/__init__.py:544}}
Dec 01 16:55:59 user devstack@keystone.service[46997]: DEBUG keystone.server.flask.request_processing.middleware.auth_context [None req-e8952ae7-cfa8-4e21-8b9d-1746b419fa19 None admin] RBAC: auth_context: {'token': , 'domain_id': None, 'trust_id': None, 'trustor_id': None, 'trustee_id': None, 'domain_name': None, 'group_ids': [], 'user_id': '7c26e846435d43e9835388b485332d35', 'user_domain_id': 'default', 'system_scope': 'all', 'project_id': None, 'project_domain_id': None, 'roles': ['admin', 'manager', 'member', 'reader'], 'is_admin_project': True, 'service_user_id': None, 'service_user_domain_id': None, 'service_project_id': None, 'service_project_domain_id': None, 'service_roles': []} {{(pid=46997) fill_context /opt/stack/keystone/keystone/server/flask/request_processing/middleware/auth_context.py:480}}
Dec 01 16:55:59 user devstack@keystone.service[46997]: DEBUG keystone.server.flask.request_processing.req_logging [None req-e8952ae7-cfa8-4e21-8b9d-1746b419fa19 None admin] REQUEST_METHOD: `GET` {{(pid=46997) log_request_info /opt/stack/keystone/keystone/server/flask/request_processing/req_logging.py:27}}
Dec 01 16:55:59 user devstack@keystone.service[46997]: DEBUG keystone.server.flask.request_processing.req_logging [None req-e8952ae7-cfa8-4e21-8b9d-1746b419fa19 None admin] SCRIPT_NAME: `/identity` {{(pid=46997) log_request_info /opt/stack/keystone/keystone/server/flask/request_processing/req_logging.py:28}}
Dec 01 16:55:59 user devstack@keystone.service[46997]: DEBUG keystone.server.flask.request_processing.req_logging [None req-e8952ae7-cfa8-4e21-8b9d-1746b419fa19 None admin] PATH_INFO: `/v3/role_assignments` {{(pid=46997) log_request_info /opt/stack/keystone/keystone/server/flask/request_processing/req_logging.py:29}}
Dec 01 16:55:59 user devstack@keystone.service[46997]: DEBUG keystone.common.rbac_enforcer.enforcer [None req-e8952ae7-cfa8-4e21-8b9d-1746b419fa19 None admin] RBAC: Adding query filter params (role.id=03bc6851ebab4457979bd723e70bc295, scope.project.id=be2a390d9d014531ac0339da8c561b0f, user.id=4d482db7f8bc437ea1ac0596c9be59d7) {{(pid=46997) _extract_filter_values /opt/stack/keystone/keystone/common/rbac_enforcer/enforcer.py:167}}
Dec 01 16:55:59 user devstack@keystone.service[46997]: DEBUG keystone.common.rbac_enforcer.enforcer [None req-e8952ae7-cfa8-4e21-8b9d-1746b419fa19 None admin] RBAC: Authorizing `identity:list_role_assignments()` {{(pid=46997) enforce_call /opt/stack/keystone/keystone/common/rbac_enforcer/enforcer.py:449}}
Dec 01 16:55:59 user devstack@keystone.service[46997]: DEBUG keystone.common.rbac_enforcer.enforcer [None req-e8952ae7-cfa8-4e21-8b9d-1746b419fa19 None admin] RBAC: Authorization granted {{(pid=46997) enforce_call /opt/stack/keystone/keystone/common/rbac_enforcer/enforcer.py:457}}
Dec 01 16:55:59 user devstack@keystone.service[46997]: [pid: 46997|app: 0|req: 62/187] 10.0.0.210 () {56 vars in 1369 bytes} [Fri Dec 1 16:55:59 2023] GET /identity/v3/role_assignments?user.id=4d482db7f8bc437ea1ac0596c9be59d7&scope.project.id=be2a390d9d014531ac0339da8c561b0f&role.id=03bc6851ebab4457979bd723e70bc295 => generated 606 bytes in 133 msecs (HTTP/1.1 200) 5 headers in 177 bytes (1 switches on core 0)
Dec 01 16:55:59 user devstack@keystone.service[46996]: DEBUG keystone.server.flask.request_processing.middleware.auth_context [None req-2bc48019-6af7-4b18-9c95-17b628e3b6ce None admin] Validating token access rules against request {{(pid=46996) validate_allowed_request /opt/stack/data/venv/lib/python3.10/site-packages/keystonemiddleware/auth_token/__init__.py:544}}
Dec 01 16:55:59 user devstack@keystone.service[46996]: DEBUG keystone.server.flask.request_processing.middleware.auth_context [None req-90bfa646-72d8-4940-ae57-eee576b149f9 None admin] RBAC: auth_context: {'token': , 'domain_id': None, 'trust_id': None, 'trustor_id': None, 'trustee_id': None, 'domain_name': None, 'group_ids': [], 'user_id': '7c26e846435d43e9835388b485332d35', 'user_domain_id': 'default', 'system_scope': 'all', 'project_id': None, 'project_domain_id': None, 'roles': ['admin', 'manager', 'member', 'reader'], 'is_admin_project': True, 'service_user_id': None, 'service_user_domain_id': None, 'service_project_id': None, 'service_project_domain_id': None, 'service_roles': []} {{(pid=46996) fill_context /opt/stack/keystone/keystone/server/flask/request_processing/middleware/auth_context.py:480}}
Dec 01 16:55:59 user devstack@keystone.service[46996]: DEBUG keystone.server.flask.request_processing.req_logging [None req-90bfa646-72d8-4940-ae57-eee576b149f9 None admin] REQUEST_METHOD: `GET` {{(pid=46996) log_request_info /opt/stack/keystone/keystone/server/flask/request_processing/req_logging.py:27}}
Dec 01 16:55:59 user devstack@keystone.service[46996]: DEBUG keystone.server.flask.request_processing.req_logging [None req-90bfa646-72d8-4940-ae57-eee576b149f9 None admin] SCRIPT_NAME: `/identity` {{(pid=46996) log_request_info /opt/stack/keystone/keystone/server/flask/request_processing/req_logging.py:28}}
Dec 01 16:55:59 user devstack@keystone.service[46996]: DEBUG keystone.server.flask.request_processing.req_logging [None req-90bfa646-72d8-4940-ae57-eee576b149f9 None admin] PATH_INFO: `/v3/role_assignments` {{(pid=46996) log_request_info /opt/stack/keystone/keystone/server/flask/request_processing/req_logging.py:29}}
Dec 01 16:55:59 user devstack@keystone.service[46996]: DEBUG keystone.common.rbac_enforcer.enforcer [None req-90bfa646-72d8-4940-ae57-eee576b149f9 None admin] RBAC: Adding query filter params (role.id=ef0413224c3141c6a06a5b0f5ae43cd6, scope.project.id=be2a390d9d014531ac0339da8c561b0f, user.id=4d482db7f8bc437ea1ac0596c9be59d7) {{(pid=46996) _extract_filter_values /opt/stack/keystone/keystone/common/rbac_enforcer/enforcer.py:167}}
Dec 01 16:55:59 user devstack@keystone.service[46996]: DEBUG keystone.common.rbac_enforcer.enforcer [None req-90bfa646-72d8-4940-ae57-eee576b149f9 None admin] RBAC: Authorizing `identity:list_role_assignments()` {{(pid=46996) enforce_call /opt/stack/keystone/keystone/common/rbac_enforcer/enforcer.py:449}}
Dec 01 16:55:59 user devstack@keystone.service[46996]: DEBUG keystone.common.rbac_enforcer.enforcer [None req-90bfa646-72d8-4940-ae57-eee576b149f9 None admin] RBAC: Authorization granted {{(pid=46996) enforce_call /opt/stack/keystone/keystone/common/rbac_enforcer/enforcer.py:457}}
Dec 01 16:55:59 user devstack@keystone.service[46996]: [pid: 46996|app: 0|req: 66/188] 10.0.0.210 () {56 vars in 1369 bytes} [Fri Dec 1 16:55:59 2023] GET /identity/v3/role_assignments?user.id=4d482db7f8bc437ea1ac0596c9be59d7&scope.project.id=be2a390d9d014531ac0339da8c561b0f&role.id=ef0413224c3141c6a06a5b0f5ae43cd6 => generated 606 bytes in 152 msecs (HTTP/1.1 200) 5 headers in 177 bytes (1 switches on core 0)
Dec 01 16:56:00 user devstack@keystone.service[46998]: DEBUG keystone.server.flask.request_processing.req_logging [None req-09e3586b-246c-41bc-b63e-e5b3d478c04d None None] REQUEST_METHOD: `GET` {{(pid=46998) log_request_info /opt/stack/keystone/keystone/server/flask/request_processing/req_logging.py:27}}
Dec 01 16:56:00 user devstack@keystone.service[46998]: DEBUG keystone.server.flask.request_processing.req_logging [None req-09e3586b-246c-41bc-b63e-e5b3d478c04d None None] SCRIPT_NAME: `/identity` {{(pid=46998) log_request_info /opt/stack/keystone/keystone/server/flask/request_processing/req_logging.py:28}}
Dec 01 16:56:00 user devstack@keystone.service[46998]: DEBUG keystone.server.flask.request_processing.req_logging [None req-09e3586b-246c-41bc-b63e-e5b3d478c04d None None] PATH_INFO: `/` {{(pid=46998) log_request_info /opt/stack/keystone/keystone/server/flask/request_processing/req_logging.py:29}}
Dec 01 16:56:00 user devstack@keystone.service[46998]: [pid: 46998|app: 0|req: 61/189] 10.0.0.210 () {54 vars in 921 bytes} [Fri Dec 1 16:56:00 2023] GET /identity => generated 269 bytes in 4 msecs (HTTP/1.1 300) 6 headers in 233 bytes (1 switches on core 0)
Dec 01 16:56:00 user devstack@keystone.service[46997]: DEBUG keystone.server.flask.request_processing.req_logging [None req-2ef351fa-27a8-4fa0-96fe-0a1f8523d731 None None] REQUEST_METHOD: `POST` {{(pid=46997) log_request_info /opt/stack/keystone/keystone/server/flask/request_processing/req_logging.py:27}}
Dec 01 16:56:00 user devstack@keystone.service[46997]: DEBUG keystone.server.flask.request_processing.req_logging [None req-2ef351fa-27a8-4fa0-96fe-0a1f8523d731 None None] SCRIPT_NAME: `/identity` {{(pid=46997) log_request_info /opt/stack/keystone/keystone/server/flask/request_processing/req_logging.py:28}}
Dec 01 16:56:00 user devstack@keystone.service[46997]: DEBUG keystone.server.flask.request_processing.req_logging [None req-2ef351fa-27a8-4fa0-96fe-0a1f8523d731 None None] PATH_INFO: `/v3/auth/tokens` {{(pid=46997) log_request_info /opt/stack/keystone/keystone/server/flask/request_processing/req_logging.py:29}}
Dec 01 16:56:00 user devstack@keystone.service[46997]: WARNING keystone.common.password_hashing [None req-2ef351fa-27a8-4fa0-96fe-0a1f8523d731 None None] Truncating password to algorithm specific maximum length 72 characters.
Dec 01 16:56:00 user devstack@keystone.service[46997]: DEBUG keystone.auth.core [None req-2ef351fa-27a8-4fa0-96fe-0a1f8523d731 None None] MFA Rules not processed for user `7c26e846435d43e9835388b485332d35`. Rule list: `[]` (Enabled: `True`). {{(pid=46997) check_auth_methods_against_rules /opt/stack/keystone/keystone/auth/core.py:438}}
Dec 01 16:56:00 user devstack@keystone.service[46997]: DEBUG keystone.common.fernet_utils [None req-2ef351fa-27a8-4fa0-96fe-0a1f8523d731 None None] Loaded 2 Fernet keys from /etc/keystone/fernet-keys/, but `[fernet_tokens] max_active_keys = 3`; perhaps there have not been enough key rotations to reach `max_active_keys` yet? {{(pid=46997) load_keys /opt/stack/keystone/keystone/common/fernet_utils.py:286}}
Dec 01 16:56:00 user devstack@keystone.service[46996]: DEBUG keystone.server.flask.request_processing.req_logging [None req-8f43c63c-5962-492d-a359-1c5cabd4cf56 None None] REQUEST_METHOD: `GET` {{(pid=46996) log_request_info /opt/stack/keystone/keystone/server/flask/request_processing/req_logging.py:27}}
Dec 01 16:56:00 user devstack@keystone.service[46996]: DEBUG keystone.server.flask.request_processing.req_logging [None req-8f43c63c-5962-492d-a359-1c5cabd4cf56 None None] SCRIPT_NAME: `/identity` {{(pid=46996) log_request_info /opt/stack/keystone/keystone/server/flask/request_processing/req_logging.py:28}}
Dec 01 16:56:00 user devstack@keystone.service[46996]: DEBUG keystone.server.flask.request_processing.req_logging [None req-8f43c63c-5962-492d-a359-1c5cabd4cf56 None None] PATH_INFO: `/` {{(pid=46996) log_request_info /opt/stack/keystone/keystone/server/flask/request_processing/req_logging.py:29}}
Dec 01 16:56:00 user devstack@keystone.service[46996]: [pid: 46996|app: 0|req: 67/190] 10.0.0.210 () {54 vars in 921 bytes} [Fri Dec 1 16:56:00 2023] GET /identity => generated 269 bytes in 3 msecs (HTTP/1.1 300) 6 headers in 233 bytes (1 switches on core 0)
Dec 01 16:56:00 user devstack@keystone.service[46998]: DEBUG keystone.server.flask.request_processing.req_logging [None req-324ab71a-a8c3-4174-ab00-8ce984e9c7ee None None] REQUEST_METHOD: `POST` {{(pid=46998) log_request_info /opt/stack/keystone/keystone/server/flask/request_processing/req_logging.py:27}}
Dec 01 16:56:00 user devstack@keystone.service[46998]: DEBUG keystone.server.flask.request_processing.req_logging [None req-324ab71a-a8c3-4174-ab00-8ce984e9c7ee None None] SCRIPT_NAME: `/identity` {{(pid=46998) log_request_info /opt/stack/keystone/keystone/server/flask/request_processing/req_logging.py:28}}
Dec 01 16:56:00 user devstack@keystone.service[46998]: DEBUG keystone.server.flask.request_processing.req_logging [None req-324ab71a-a8c3-4174-ab00-8ce984e9c7ee None None] PATH_INFO: `/v3/auth/tokens` {{(pid=46998) log_request_info /opt/stack/keystone/keystone/server/flask/request_processing/req_logging.py:29}}
Dec 01 16:56:00 user devstack@keystone.service[46998]: WARNING keystone.common.password_hashing [None req-324ab71a-a8c3-4174-ab00-8ce984e9c7ee None None] Truncating password to algorithm specific maximum length 72 characters.
Dec 01 16:56:00 user devstack@keystone.service[46998]: DEBUG keystone.auth.core [None req-324ab71a-a8c3-4174-ab00-8ce984e9c7ee None None] MFA Rules not processed for user `7c26e846435d43e9835388b485332d35`. Rule list: `[]` (Enabled: `True`). {{(pid=46998) check_auth_methods_against_rules /opt/stack/keystone/keystone/auth/core.py:438}}
Dec 01 16:56:00 user devstack@keystone.service[46998]: DEBUG keystone.common.fernet_utils [None req-324ab71a-a8c3-4174-ab00-8ce984e9c7ee None None] Loaded 2 Fernet keys from /etc/keystone/fernet-keys/, but `[fernet_tokens] max_active_keys = 3`; perhaps there have not been enough key rotations to reach `max_active_keys` yet? {{(pid=46998) load_keys /opt/stack/keystone/keystone/common/fernet_utils.py:286}}
Dec 01 16:56:00 user devstack@keystone.service[46997]: [pid: 46997|app: 0|req: 63/191] 10.0.0.210 () {58 vars in 1018 bytes} [Fri Dec 1 16:56:00 2023] POST /identity/v3/auth/tokens => generated 861 bytes in 136 msecs (HTTP/1.1 201) 6 headers in 363 bytes (1 switches on core 0)
Dec 01 16:56:00 user devstack@keystone.service[46998]: [pid: 46998|app: 0|req: 62/192] 10.0.0.210 () {58 vars in 1018 bytes} [Fri Dec 1 16:56:00 2023] POST /identity/v3/auth/tokens => generated 861 bytes in 118 msecs (HTTP/1.1 201) 6 headers in 363 bytes (1 switches on core 0)
Dec 01 16:56:01 user devstack@keystone.service[46996]: DEBUG keystone.server.flask.request_processing.middleware.auth_context [None req-8f43c63c-5962-492d-a359-1c5cabd4cf56 None None] Authenticating user token {{(pid=46996) process_request /opt/stack/data/venv/lib/python3.10/site-packages/keystonemiddleware/auth_token/__init__.py:406}}
Dec 01 16:56:01 user devstack@keystone.service[46997]: DEBUG keystone.server.flask.request_processing.req_logging [None req-caea6b47-7345-43c1-b1c6-7ec8be753c9a None None] REQUEST_METHOD: `GET` {{(pid=46997) log_request_info /opt/stack/keystone/keystone/server/flask/request_processing/req_logging.py:27}}
Dec 01 16:56:01 user devstack@keystone.service[46997]: DEBUG keystone.server.flask.request_processing.req_logging [None req-caea6b47-7345-43c1-b1c6-7ec8be753c9a None None] SCRIPT_NAME: `/identity` {{(pid=46997) log_request_info /opt/stack/keystone/keystone/server/flask/request_processing/req_logging.py:28}}
Dec 01 16:56:01 user devstack@keystone.service[46997]: DEBUG keystone.server.flask.request_processing.req_logging [None req-caea6b47-7345-43c1-b1c6-7ec8be753c9a None None] PATH_INFO: `/` {{(pid=46997) log_request_info /opt/stack/keystone/keystone/server/flask/request_processing/req_logging.py:29}}
Dec 01 16:56:01 user devstack@keystone.service[46997]: [pid: 46997|app: 0|req: 64/193] 10.0.0.210 () {54 vars in 921 bytes} [Fri Dec 1 16:56:01 2023] GET /identity => generated 269 bytes in 5 msecs (HTTP/1.1 300) 6 headers in 233 bytes (1 switches on core 0)
Dec 01 16:56:01 user devstack@keystone.service[46998]: DEBUG keystone.server.flask.request_processing.req_logging [None req-0782250a-bc69-4901-b89f-ac1257783a7e None None] REQUEST_METHOD: `POST` {{(pid=46998) log_request_info /opt/stack/keystone/keystone/server/flask/request_processing/req_logging.py:27}}
Dec 01 16:56:01 user devstack@keystone.service[46998]: DEBUG keystone.server.flask.request_processing.req_logging [None req-0782250a-bc69-4901-b89f-ac1257783a7e None None] SCRIPT_NAME: `/identity` {{(pid=46998) log_request_info /opt/stack/keystone/keystone/server/flask/request_processing/req_logging.py:28}}
Dec 01 16:56:01 user devstack@keystone.service[46998]: DEBUG keystone.server.flask.request_processing.req_logging [None req-0782250a-bc69-4901-b89f-ac1257783a7e None None] PATH_INFO: `/v3/auth/tokens` {{(pid=46998) log_request_info /opt/stack/keystone/keystone/server/flask/request_processing/req_logging.py:29}}
Dec 01 16:56:01 user devstack@keystone.service[46998]: WARNING keystone.common.password_hashing [None req-0782250a-bc69-4901-b89f-ac1257783a7e None None] Truncating password to algorithm specific maximum length 72 characters.
Dec 01 16:56:01 user devstack@keystone.service[46998]: DEBUG keystone.auth.core [None req-0782250a-bc69-4901-b89f-ac1257783a7e None None] MFA Rules not processed for user `7c26e846435d43e9835388b485332d35`. Rule list: `[]` (Enabled: `True`). {{(pid=46998) check_auth_methods_against_rules /opt/stack/keystone/keystone/auth/core.py:438}}
Dec 01 16:56:01 user devstack@keystone.service[46998]: DEBUG keystone.common.fernet_utils [None req-0782250a-bc69-4901-b89f-ac1257783a7e None None] Loaded 2 Fernet keys from /etc/keystone/fernet-keys/, but `[fernet_tokens] max_active_keys = 3`; perhaps there have not been enough key rotations to reach `max_active_keys` yet? {{(pid=46998) load_keys /opt/stack/keystone/keystone/common/fernet_utils.py:286}}
Dec 01 16:56:01 user devstack@keystone.service[46997]: DEBUG keystone.server.flask.request_processing.middleware.auth_context [None req-caea6b47-7345-43c1-b1c6-7ec8be753c9a None None] Authenticating user token {{(pid=46997) process_request /opt/stack/data/venv/lib/python3.10/site-packages/keystonemiddleware/auth_token/__init__.py:406}}
Dec 01 16:56:01 user devstack@keystone.service[46996]: DEBUG keystone.server.flask.request_processing.middleware.auth_context [None req-8f43c63c-5962-492d-a359-1c5cabd4cf56 None None] Validating token access rules against request {{(pid=46996) validate_allowed_request /opt/stack/data/venv/lib/python3.10/site-packages/keystonemiddleware/auth_token/__init__.py:544}}
Dec 01 16:56:01 user devstack@keystone.service[46996]: DEBUG keystone.server.flask.request_processing.middleware.auth_context [None req-bf2962db-57e5-482a-b68e-aaf4e7e09a80 None admin] RBAC: auth_context: {'token': , 'domain_id': None, 'trust_id': None, 'trustor_id': None, 'trustee_id': None, 'domain_name': None, 'group_ids': [], 'user_id': '7c26e846435d43e9835388b485332d35', 'user_domain_id': 'default', 'system_scope': 'all', 'project_id': None, 'project_domain_id': None, 'roles': ['admin', 'manager', 'member', 'reader'], 'is_admin_project': True, 'service_user_id': None, 'service_user_domain_id': None, 'service_project_id': None, 'service_project_domain_id': None, 'service_roles': []} {{(pid=46996) fill_context /opt/stack/keystone/keystone/server/flask/request_processing/middleware/auth_context.py:480}}
Dec 01 16:56:01 user devstack@keystone.service[46996]: DEBUG keystone.server.flask.request_processing.req_logging [None req-bf2962db-57e5-482a-b68e-aaf4e7e09a80 None admin] REQUEST_METHOD: `GET` {{(pid=46996) log_request_info /opt/stack/keystone/keystone/server/flask/request_processing/req_logging.py:27}}
Dec 01 16:56:01 user devstack@keystone.service[46996]: DEBUG keystone.server.flask.request_processing.req_logging [None req-bf2962db-57e5-482a-b68e-aaf4e7e09a80 None admin] SCRIPT_NAME: `/identity` {{(pid=46996) log_request_info /opt/stack/keystone/keystone/server/flask/request_processing/req_logging.py:28}}
Dec 01 16:56:01 user devstack@keystone.service[46996]: DEBUG keystone.server.flask.request_processing.req_logging [None req-bf2962db-57e5-482a-b68e-aaf4e7e09a80 None admin] PATH_INFO: `/v3/roles/reader` {{(pid=46996) log_request_info /opt/stack/keystone/keystone/server/flask/request_processing/req_logging.py:29}}
Dec 01 16:56:01 user devstack@keystone.service[46996]: DEBUG keystone.common.rbac_enforcer.enforcer [None req-bf2962db-57e5-482a-b68e-aaf4e7e09a80 None admin] Extracting inferred target data resulted in "NOT FOUND (404)". {{(pid=46996) enforce_call /opt/stack/keystone/keystone/common/rbac_enforcer/enforcer.py:409}}
Dec 01 16:56:01 user devstack@keystone.service[46998]: [pid: 46998|app: 0|req: 63/194] 10.0.0.210 () {58 vars in 1018 bytes} [Fri Dec 1 16:56:01 2023] POST /identity/v3/auth/tokens => generated 861 bytes in 101 msecs (HTTP/1.1 201) 6 headers in 363 bytes (1 switches on core 0)
Dec 01 16:56:01 user devstack@keystone.service[46996]: ERROR keystone.server.flask.application [None req-bf2962db-57e5-482a-b68e-aaf4e7e09a80 None admin] Could not find role: reader.: keystone.exception.RoleNotFound: Could not find role: reader.
Dec 01 16:56:01 user devstack@keystone.service[46996]: ERROR keystone.server.flask.application
Traceback (most recent call last):
Dec 01 16:56:01 user devstack@keystone.service[46996]: ERROR keystone.server.flask.application
File "/opt/stack/data/venv/lib/python3.10/site-packages/flask/app.py", line 1823, in full_dispatch_request
Dec 01 16:56:01 user devstack@keystone.service[46996]: ERROR keystone.server.flask.application rv = self.dispatch_request()
Dec 01 16:56:01 user devstack@keystone.service[46996]: ERROR keystone.server.flask.application
File "/opt/stack/data/venv/lib/python3.10/site-packages/flask/app.py", line 1799, in dispatch_request
Dec 01 16:56:01 user devstack@keystone.service[46996]: ERROR keystone.server.flask.application return self.ensure_sync(self.view_functions[rule.endpoint])(**view_args)
Dec 01 16:56:01 user devstack@keystone.service[46996]: ERROR keystone.server.flask.application
File "/opt/stack/data/venv/lib/python3.10/site-packages/flask_restful/__init__.py", line 489, in wrapper
Dec 01 16:56:01 user devstack@keystone.service[46996]: ERROR keystone.server.flask.application resp = resource(*args, **kwargs)
Dec 01 16:56:01 user devstack@keystone.service[46996]: ERROR keystone.server.flask.application
File "/opt/stack/data/venv/lib/python3.10/site-packages/flask/views.py", line 107, in view
Dec 01 16:56:01 user devstack@keystone.service[46996]: ERROR keystone.server.flask.application return current_app.ensure_sync(self.dispatch_request)(**kwargs)
Dec 01 16:56:01 user devstack@keystone.service[46996]: ERROR keystone.server.flask.application
File "/opt/stack/data/venv/lib/python3.10/site-packages/flask_restful/__init__.py", line 604, in dispatch_request
Dec 01 16:56:01 user devstack@keystone.service[46996]: ERROR keystone.server.flask.application resp = meth(*args, **kwargs)
Dec 01 16:56:01 user devstack@keystone.service[46996]: ERROR keystone.server.flask.application
File "/opt/stack/keystone/keystone/api/roles.py", line 50, in get
Dec 01 16:56:01 user devstack@keystone.service[46996]: ERROR keystone.server.flask.application return self._get_role(role_id)
Dec 01 16:56:01 user devstack@keystone.service[46996]: ERROR keystone.server.flask.application
File "/opt/stack/keystone/keystone/api/roles.py", line 70, in _get_role
Dec 01 16:56:01 user devstack@keystone.service[46996]: ERROR keystone.server.flask.application ENFORCER.enforce_call(action='identity:get_role')
Dec 01 16:56:01 user devstack@keystone.service[46996]: ERROR keystone.server.flask.application
File "/opt/stack/keystone/keystone/common/rbac_enforcer/enforcer.py", line 402, in enforce_call
Dec 01 16:56:01 user devstack@keystone.service[46996]: ERROR keystone.server.flask.application policy_dict.update(cls._extract_member_target_data(
Dec 01 16:56:01 user devstack@keystone.service[46996]: ERROR keystone.server.flask.application
File "/opt/stack/keystone/keystone/common/rbac_enforcer/enforcer.py", line 234, in _extract_member_target_data
Dec 01 16:56:01 user devstack@keystone.service[46996]: ERROR keystone.server.flask.application member_name: func(flask.request.view_args[key])
Dec 01 16:56:01 user devstack@keystone.service[46996]: ERROR keystone.server.flask.application
File "/opt/stack/keystone/keystone/common/manager.py", line 115, in wrapped
Dec 01 16:56:01 user devstack@keystone.service[46996]: ERROR keystone.server.flask.application __ret_val = __f(*args, **kwargs)
Dec 01 16:56:01 user devstack@keystone.service[46996]: ERROR keystone.server.flask.application
File "/opt/stack/data/venv/lib/python3.10/site-packages/decorator.py", line 232, in fun
Dec 01 16:56:01 user devstack@keystone.service[46996]: ERROR keystone.server.flask.application return caller(func, *(extras + args), **kw)
Dec 01 16:56:01 user devstack@keystone.service[46996]: ERROR keystone.server.flask.application
File "/opt/stack/data/venv/lib/python3.10/site-packages/dogpile/cache/region.py", line 1594, in get_or_create_for_user_func
Dec 01 16:56:01 user devstack@keystone.service[46996]: ERROR keystone.server.flask.application return self.get_or_create(
Dec 01 16:56:01 user devstack@keystone.service[46996]: ERROR keystone.server.flask.application
File "/opt/stack/data/venv/lib/python3.10/site-packages/dogpile/cache/region.py", line 1054, in get_or_create
Dec 01 16:56:01 user devstack@keystone.service[46996]: ERROR keystone.server.flask.application with Lock(
Dec 01 16:56:01 user devstack@keystone.service[46996]: ERROR keystone.server.flask.application
File "/opt/stack/data/venv/lib/python3.10/site-packages/dogpile/lock.py", line 185, in __enter__
Dec 01 16:56:01 user devstack@keystone.service[46996]: ERROR keystone.server.flask.application return self._enter()
Dec 01 16:56:01 user devstack@keystone.service[46996]: ERROR keystone.server.flask.application
File "/opt/stack/data/venv/lib/python3.10/site-packages/dogpile/lock.py", line 94, in _enter
Dec 01 16:56:01 user devstack@keystone.service[46996]: ERROR keystone.server.flask.application generated = self._enter_create(value, createdtime)
Dec 01 16:56:01 user devstack@keystone.service[46996]: ERROR keystone.server.flask.application
File "/opt/stack/data/venv/lib/python3.10/site-packages/dogpile/lock.py", line 178, in _enter_create
Dec 01 16:56:01 user devstack@keystone.service[46996]: ERROR keystone.server.flask.application return self.creator()
Dec 01 16:56:01 user devstack@keystone.service[46996]: ERROR keystone.server.flask.application
File "/opt/stack/data/venv/lib/python3.10/site-packages/dogpile/cache/region.py", line 1007, in gen_value
Dec 01 16:56:01 user devstack@keystone.service[46996]: ERROR keystone.server.flask.application created_value = creator(
Dec 01 16:56:01 user devstack@keystone.service[46996]: ERROR keystone.server.flask.application
File "/opt/stack/keystone/keystone/assignment/core.py", line 1276, in get_role
Dec 01 16:56:01 user devstack@keystone.service[46996]: ERROR keystone.server.flask.application return self.driver.get_role(role_id)
Dec 01 16:56:01 user devstack@keystone.service[46996]: ERROR keystone.server.flask.application
File "/opt/stack/keystone/keystone/assignment/role_backends/sql.py", line 70, in get_role
Dec 01 16:56:01 user devstack@keystone.service[46996]: ERROR keystone.server.flask.application return self._get_role(session, role_id).to_dict()
Dec 01 16:56:01 user devstack@keystone.service[46996]: ERROR keystone.server.flask.application
File "/opt/stack/keystone/keystone/assignment/role_backends/sql.py", line 65, in _get_role
Dec 01 16:56:01 user devstack@keystone.service[46996]: ERROR keystone.server.flask.application raise exception.RoleNotFound(role_id=role_id)
Dec 01 16:56:01 user devstack@keystone.service[46996]: ERROR keystone.server.flask.application keystone.exception.RoleNotFound: Could not find role: reader.
Dec 01 16:56:01 user devstack@keystone.service[46996]: ERROR keystone.server.flask.application
Dec 01 16:56:01 user devstack@keystone.service[46996]: [pid: 46996|app: 0|req: 68/195] 10.0.0.210 () {56 vars in 1094 bytes} [Fri Dec 1 16:56:01 2023] GET /identity/v3/roles/reader => generated 84 bytes in 158 msecs (HTTP/1.1 404) 5 headers in 183 bytes (1 switches on core 0)
Dec 01 16:56:01 user devstack@keystone.service[46998]: DEBUG keystone.server.flask.request_processing.middleware.auth_context [None req-0782250a-bc69-4901-b89f-ac1257783a7e None None] Authenticating user token {{(pid=46998) process_request /opt/stack/data/venv/lib/python3.10/site-packages/keystonemiddleware/auth_token/__init__.py:406}}
Dec 01 16:56:01 user devstack@keystone.service[46997]: DEBUG keystone.server.flask.request_processing.middleware.auth_context [None req-caea6b47-7345-43c1-b1c6-7ec8be753c9a None None] Validating token access rules against request {{(pid=46997) validate_allowed_request /opt/stack/data/venv/lib/python3.10/site-packages/keystonemiddleware/auth_token/__init__.py:544}}
Dec 01 16:56:01 user devstack@keystone.service[46997]: DEBUG keystone.server.flask.request_processing.middleware.auth_context [None req-ce1d7f4e-5790-45c8-bc1a-78fc6ff81e0c None admin] RBAC: auth_context: {'token': , 'domain_id': None, 'trust_id': None, 'trustor_id': None, 'trustee_id': None, 'domain_name': None, 'group_ids': [], 'user_id': '7c26e846435d43e9835388b485332d35', 'user_domain_id': 'default', 'system_scope': 'all', 'project_id': None, 'project_domain_id': None, 'roles': ['admin', 'manager', 'member', 'reader'], 'is_admin_project': True, 'service_user_id': None, 'service_user_domain_id': None, 'service_project_id': None, 'service_project_domain_id': None, 'service_roles': []} {{(pid=46997) fill_context /opt/stack/keystone/keystone/server/flask/request_processing/middleware/auth_context.py:480}}
Dec 01 16:56:01 user devstack@keystone.service[46997]: DEBUG keystone.server.flask.request_processing.req_logging [None req-ce1d7f4e-5790-45c8-bc1a-78fc6ff81e0c None admin] REQUEST_METHOD: `GET` {{(pid=46997) log_request_info /opt/stack/keystone/keystone/server/flask/request_processing/req_logging.py:27}}
