Apr 17 22:04:41 user devstack@n-api.service[61932]: [pid: 61932|app: 0|req: 5/11] 10.0.0.210 () {64 vars in 1276 bytes} [Mon Apr 17 22:04:41 2023] POST /compute/v2.1/flavors => generated 402 bytes in 75 msecs (HTTP/1.1 200) 9 headers in 359 bytes (1 switches on core 0)
Apr 17 22:04:41 user devstack@n-api.service[61930]: DEBUG nova.api.openstack.wsgi [None req-a8586215-555e-42f3-8930-95a6ced927bf admin admin] Action: 'create', calling method: >, body: {"extra_specs": {"hw_rng:allowed": "True"}} {{(pid=61930) _process_stack /opt/stack/nova/nova/api/openstack/wsgi.py:511}}
Apr 17 22:04:41 user devstack@n-api.service[61930]: INFO nova.api.openstack.requestlog [None req-a8586215-555e-42f3-8930-95a6ced927bf admin admin] 10.0.0.210 "POST /compute/v2.1/flavors/d2/os-extra_specs" status: 200 len: 43 microversion: 2.61 time: 0.028696
Apr 17 22:04:41 user devstack@n-api.service[61930]: [pid: 61930|app: 0|req: 4/12] 10.0.0.210 () {64 vars in 1329 bytes} [Mon Apr 17 22:04:41 2023] POST /compute/v2.1/flavors/d2/os-extra_specs => generated 43 bytes in 30 msecs (HTTP/1.1 200) 9 headers in 358 bytes (1 switches on core 0)
Apr 17 22:04:43 user devstack@n-api.service[61931]: DEBUG nova.api.openstack.wsgi [None req-4632dca4-3827-401c-bd7f-5fc660b051a5 None None] Calling method '>' {{(pid=61931) _process_stack /opt/stack/nova/nova/api/openstack/wsgi.py:513}}
Apr 17 22:04:43 user devstack@n-api.service[61931]: INFO nova.api.openstack.requestlog [None req-4632dca4-3827-401c-bd7f-5fc660b051a5 None None] 10.0.0.210 "GET /compute/v2.1" status: 200 len: 387 microversion: 2.1 time: 0.001305
Apr 17 22:04:43 user devstack@n-api.service[61931]: [pid: 61931|app: 0|req: 4/13] 10.0.0.210 () {54 vars in 924 bytes} [Mon Apr 17 22:04:43 2023] GET /compute/v2.1 => generated 387 bytes in 2 msecs (HTTP/1.1 200) 9 headers in 357 bytes (1 switches on core 0)
Apr 17 22:04:43 user devstack@n-api.service[61932]: DEBUG nova.api.openstack.wsgi [None req-352f6e4b-a08e-4721-998e-8219ac82c351 admin admin] Action: 'create', calling method: >, body: {"flavor": {"id": "d3", "os-flavor-access:is_public": true, "disk": 10, "vcpus": 2, "swap": 0, "ram": 2048, "OS-FLV-EXT-DATA:ephemeral": 0, "name": "ds2G", "rxtx_factor": 1.0}} {{(pid=61932) _process_stack /opt/stack/nova/nova/api/openstack/wsgi.py:511}}
Apr 17 22:04:43 user devstack@n-api.service[61932]: INFO nova.api.openstack.requestlog [None req-352f6e4b-a08e-4721-998e-8219ac82c351 admin admin] 10.0.0.210 "POST /compute/v2.1/flavors" status: 200 len: 402 microversion: 2.61 time: 0.064162
Apr 17 22:04:43 user devstack@n-api.service[61932]: [pid: 61932|app: 0|req: 6/14] 10.0.0.210 () {64 vars in 1276 bytes} [Mon Apr 17 22:04:43 2023] POST /compute/v2.1/flavors => generated 402 bytes in 65 msecs (HTTP/1.1 200) 9 headers in 359 bytes (1 switches on core 0)
Apr 17 22:04:43 user devstack@n-api.service[61930]: DEBUG nova.api.openstack.wsgi [None req-8dd52516-46f6-4bda-9a5d-56fd7e60dde4 admin admin] Action: 'create', calling method: >, body: {"extra_specs": {"hw_rng:allowed": "True"}} {{(pid=61930) _process_stack /opt/stack/nova/nova/api/openstack/wsgi.py:511}}
Apr 17 22:04:43 user devstack@n-api.service[61930]: INFO nova.api.openstack.requestlog [None req-8dd52516-46f6-4bda-9a5d-56fd7e60dde4 admin admin] 10.0.0.210 "POST /compute/v2.1/flavors/d3/os-extra_specs" status: 200 len: 43 microversion: 2.61 time: 0.024029
Apr 17 22:04:43 user devstack@n-api.service[61930]: [pid: 61930|app: 0|req: 5/15] 10.0.0.210 () {64 vars in 1329 bytes} [Mon Apr 17 22:04:43 2023] POST /compute/v2.1/flavors/d3/os-extra_specs => generated 43 bytes in 25 msecs (HTTP/1.1 200) 9 headers in 358 bytes (1 switches on core 0)
Apr 17 22:04:45 user devstack@n-api.service[61931]: DEBUG nova.api.openstack.wsgi [None req-4632dca4-3827-401c-bd7f-5fc660b051a5 None None] Calling method '>' {{(pid=61931) _process_stack /opt/stack/nova/nova/api/openstack/wsgi.py:513}}
Apr 17 22:04:45 user devstack@n-api.service[61931]: INFO nova.api.openstack.requestlog [None req-4632dca4-3827-401c-bd7f-5fc660b051a5 None None] 10.0.0.210 "GET /compute/v2.1" status: 200 len: 387 microversion: 2.1 time: 0.001706
Apr 17 22:04:45 user devstack@n-api.service[61931]: [pid: 61931|app: 0|req: 5/16] 10.0.0.210 () {54 vars in 924 bytes} [Mon Apr 17 22:04:45 2023] GET /compute/v2.1 => generated 387 bytes in 3 msecs (HTTP/1.1 200) 9 headers in 357 bytes (1 switches on core 0)
Apr 17 22:04:45 user devstack@n-api.service[61932]: DEBUG nova.api.openstack.wsgi [None req-99a86409-4b80-4d10-8125-45e39b913c7a admin admin] Action: 'create', calling method: >, body: {"flavor": {"os-flavor-access:is_public": true, "ram": 4096, "id": "d4", "disk": 20, "swap": 0, "vcpus": 4, "OS-FLV-EXT-DATA:ephemeral": 0, "name": "ds4G", "rxtx_factor": 1.0}} {{(pid=61932) _process_stack /opt/stack/nova/nova/api/openstack/wsgi.py:511}}
Apr 17 22:04:45 user devstack@n-api.service[61932]: INFO nova.api.openstack.requestlog [None req-99a86409-4b80-4d10-8125-45e39b913c7a admin admin] 10.0.0.210 "POST /compute/v2.1/flavors" status: 200 len: 402 microversion: 2.61 time: 0.059441
Apr 17 22:04:45 user devstack@n-api.service[61932]: [pid: 61932|app: 0|req: 7/17] 10.0.0.210 () {64 vars in 1276 bytes} [Mon Apr 17 22:04:45 2023] POST /compute/v2.1/flavors => generated 402 bytes in 61 msecs (HTTP/1.1 200) 9 headers in 359 bytes (1 switches on core 0)
Apr 17 22:04:45 user devstack@n-api.service[61930]: DEBUG nova.api.openstack.wsgi [None req-4edbcd97-a681-40ac-8ac8-118c7ff2649d admin admin] Action: 'create', calling method: >, body: {"extra_specs": {"hw_rng:allowed": "True"}} {{(pid=61930) _process_stack /opt/stack/nova/nova/api/openstack/wsgi.py:511}}
Apr 17 22:04:45 user devstack@n-api.service[61930]: INFO nova.api.openstack.requestlog [None req-4edbcd97-a681-40ac-8ac8-118c7ff2649d admin admin] 10.0.0.210 "POST /compute/v2.1/flavors/d4/os-extra_specs" status: 200 len: 43 microversion: 2.61 time: 0.023676
Apr 17 22:04:45 user devstack@n-api.service[61930]: [pid: 61930|app: 0|req: 6/18] 10.0.0.210 () {64 vars in 1329 bytes} [Mon Apr 17 22:04:45 2023] POST /compute/v2.1/flavors/d4/os-extra_specs => generated 43 bytes in 25 msecs (HTTP/1.1 200) 9 headers in 358 bytes (1 switches on core 0)
Apr 17 22:04:47 user devstack@n-api.service[61931]: DEBUG nova.api.openstack.wsgi [None req-4632dca4-3827-401c-bd7f-5fc660b051a5 None None] Calling method '>' {{(pid=61931) _process_stack /opt/stack/nova/nova/api/openstack/wsgi.py:513}}
Apr 17 22:04:47 user devstack@n-api.service[61931]: INFO nova.api.openstack.requestlog [None req-4632dca4-3827-401c-bd7f-5fc660b051a5 None None] 10.0.0.210 "GET /compute/v2.1" status: 200 len: 387 microversion: 2.1 time: 0.001624
Apr 17 22:04:47 user devstack@n-api.service[61931]: [pid: 61931|app: 0|req: 6/19] 10.0.0.210 () {54 vars in 924 bytes} [Mon Apr 17 22:04:47 2023] GET /compute/v2.1 => generated 387 bytes in 3 msecs (HTTP/1.1 200) 9 headers in 357 bytes (1 switches on core 0)
Apr 17 22:04:47 user devstack@n-api.service[61932]: DEBUG nova.api.openstack.wsgi [None req-a810a8c2-f8ba-48da-9ef8-a53fc33a26fc admin admin] Calling method '>' {{(pid=61932) _process_stack /opt/stack/nova/nova/api/openstack/wsgi.py:513}}
Apr 17 22:04:47 user devstack@n-api.service[61932]: INFO nova.api.openstack.requestlog [None req-a810a8c2-f8ba-48da-9ef8-a53fc33a26fc admin admin] 10.0.0.210 "GET /compute/v2.1/flavors/detail?is_public=True" status: 200 len: 2096 microversion: 2.61 time: 0.068137
Apr 17 22:04:47 user devstack@n-api.service[61932]: [pid: 61932|app: 0|req: 8/20] 10.0.0.210 () {60 vars in 1285 bytes} [Mon Apr 17 22:04:47 2023] GET /compute/v2.1/flavors/detail?is_public=True => generated 2096 bytes in 69 msecs (HTTP/1.1 200) 9 headers in 360 bytes (1 switches on core 0)
Apr 17 22:04:49 user devstack@n-api.service[61930]: DEBUG nova.api.openstack.wsgi [None req-4edbcd97-a681-40ac-8ac8-118c7ff2649d admin admin] Calling method '>' {{(pid=61930) _process_stack /opt/stack/nova/nova/api/openstack/wsgi.py:513}}
Apr 17 22:04:49 user devstack@n-api.service[61930]: INFO nova.api.openstack.requestlog [None req-4edbcd97-a681-40ac-8ac8-118c7ff2649d admin admin] 10.0.0.210 "GET /compute/v2.1" status: 200 len: 387 microversion: 2.1 time: 0.002243
Apr 17 22:04:49 user devstack@n-api.service[61930]: [pid: 61930|app: 0|req: 7/21] 10.0.0.210 () {54 vars in 924 bytes} [Mon Apr 17 22:04:49 2023] GET /compute/v2.1 => generated 387 bytes in 4 msecs (HTTP/1.1 200) 9 headers in 357 bytes (1 switches on core 0)
Apr 17 22:04:49 user devstack@n-api.service[61931]: DEBUG dbcounter [-] [61931] Writing DB stats nova_api:SELECT=3 {{(pid=61931) stat_writer /usr/local/lib/python3.10/dist-packages/dbcounter.py:117}}
Apr 17 22:04:49 user devstack@n-api.service[61931]: DEBUG dbcounter [-] [61931] Writing DB stats nova_cell0:SELECT=3 {{(pid=61931) stat_writer /usr/local/lib/python3.10/dist-packages/dbcounter.py:117}}
Apr 17 22:04:49 user devstack@n-api.service[61931]: DEBUG dbcounter [-] [61931] Writing DB stats nova_cell1:SELECT=3 {{(pid=61931) stat_writer /usr/local/lib/python3.10/dist-packages/dbcounter.py:117}}
Apr 17 22:04:49 user devstack@n-api.service[61931]: DEBUG dbcounter [-] [61931] Writing DB stats nova_cell0:SELECT=3 {{(pid=61931) stat_writer /usr/local/lib/python3.10/dist-packages/dbcounter.py:117}}
Apr 17 22:04:49 user devstack@n-api.service[61931]: DEBUG nova.api.openstack.wsgi [None req-bd01b1ff-ba9f-412c-a23b-6b4ee75cae8f admin admin] Action: 'create', calling method: >, body: {"flavor": {"name": "m1.tiny", "OS-FLV-EXT-DATA:ephemeral": 0, "vcpus": 1, "id": "1", "swap": 0, "os-flavor-access:is_public": true, "rxtx_factor": 1.0, "ram": 512, "disk": 1}} {{(pid=61931) _process_stack /opt/stack/nova/nova/api/openstack/wsgi.py:511}}
Apr 17 22:04:49 user devstack@n-api.service[61931]: INFO nova.api.openstack.requestlog [None req-bd01b1ff-ba9f-412c-a23b-6b4ee75cae8f admin admin] 10.0.0.210 "POST /compute/v2.1/flavors" status: 200 len: 400 microversion: 2.61 time: 0.326210
Apr 17 22:04:49 user devstack@n-api.service[61931]: [pid: 61931|app: 0|req: 7/22] 10.0.0.210 () {64 vars in 1276 bytes} [Mon Apr 17 22:04:49 2023] POST /compute/v2.1/flavors => generated 400 bytes in 327 msecs (HTTP/1.1 200) 9 headers in 359 bytes (2 switches on core 0)
Apr 17 22:04:49 user devstack@n-api.service[61932]: DEBUG nova.api.openstack.wsgi [None req-8a2ee6a9-43ac-4228-b702-7a6424a7f1bc admin admin] Action: 'create', calling method: >, body: {"extra_specs": {"hw_rng:allowed": "True"}} {{(pid=61932) _process_stack /opt/stack/nova/nova/api/openstack/wsgi.py:511}}
Apr 17 22:04:49 user devstack@n-api.service[61932]: INFO nova.api.openstack.requestlog [None req-8a2ee6a9-43ac-4228-b702-7a6424a7f1bc admin admin] 10.0.0.210 "POST /compute/v2.1/flavors/1/os-extra_specs" status: 200 len: 43 microversion: 2.61 time: 0.037801
Apr 17 22:04:49 user devstack@n-api.service[61932]: [pid: 61932|app: 0|req: 9/23] 10.0.0.210 () {64 vars in 1326 bytes} [Mon Apr 17 22:04:49 2023] POST /compute/v2.1/flavors/1/os-extra_specs => generated 43 bytes in 39 msecs (HTTP/1.1 200) 9 headers in 358 bytes (1 switches on core 0)
Apr 17 22:04:51 user devstack@n-api.service[61930]: DEBUG nova.api.openstack.wsgi [None req-4edbcd97-a681-40ac-8ac8-118c7ff2649d admin admin] Calling method '>' {{(pid=61930) _process_stack /opt/stack/nova/nova/api/openstack/wsgi.py:513}}
Apr 17 22:04:51 user devstack@n-api.service[61930]: INFO nova.api.openstack.requestlog [None req-4edbcd97-a681-40ac-8ac8-118c7ff2649d admin admin] 10.0.0.210 "GET /compute/v2.1" status: 200 len: 387 microversion: 2.1 time: 0.001708
Apr 17 22:04:51 user devstack@n-api.service[61930]: [pid: 61930|app: 0|req: 8/24] 10.0.0.210 () {54 vars in 924 bytes} [Mon Apr 17 22:04:51 2023] GET /compute/v2.1 => generated 387 bytes in 3 msecs (HTTP/1.1 200) 9 headers in 357 bytes (1 switches on core 0)
Apr 17 22:04:51 user devstack@n-api.service[61931]: DEBUG nova.api.openstack.wsgi [None req-6d181ccf-3773-4f72-8cf1-7d614010463c admin admin] Action: 'create', calling method: >, body: {"flavor": {"disk": 20, "name": "m1.small", "vcpus": 1, "rxtx_factor": 1.0, "ram": 2048, "OS-FLV-EXT-DATA:ephemeral": 0, "swap": 0, "id": "2", "os-flavor-access:is_public": true}} {{(pid=61931) _process_stack /opt/stack/nova/nova/api/openstack/wsgi.py:511}}
Apr 17 22:04:51 user devstack@n-api.service[61931]: INFO nova.api.openstack.requestlog [None req-6d181ccf-3773-4f72-8cf1-7d614010463c admin admin] 10.0.0.210 "POST /compute/v2.1/flavors" status: 200 len: 403 microversion: 2.61 time: 0.059082
Apr 17 22:04:51 user devstack@n-api.service[61931]: [pid: 61931|app: 0|req: 8/25] 10.0.0.210 () {64 vars in 1276 bytes} [Mon Apr 17 22:04:51 2023] POST /compute/v2.1/flavors => generated 403 bytes in 60 msecs (HTTP/1.1 200) 9 headers in 359 bytes (1 switches on core 0)
Apr 17 22:04:51 user devstack@n-api.service[61932]: DEBUG nova.api.openstack.wsgi [None req-8c6af61b-8d96-44a7-9d57-fb7685cbe8a8 admin admin] Action: 'create', calling method: >, body: {"extra_specs": {"hw_rng:allowed": "True"}} {{(pid=61932) _process_stack /opt/stack/nova/nova/api/openstack/wsgi.py:511}}
Apr 17 22:04:51 user devstack@n-api.service[61932]: INFO nova.api.openstack.requestlog [None req-8c6af61b-8d96-44a7-9d57-fb7685cbe8a8 admin admin] 10.0.0.210 "POST /compute/v2.1/flavors/2/os-extra_specs" status: 200 len: 43 microversion: 2.61 time: 0.025481
Apr 17 22:04:51 user devstack@n-api.service[61932]: [pid: 61932|app: 0|req: 10/26] 10.0.0.210 () {64 vars in 1326 bytes} [Mon Apr 17 22:04:51 2023] POST /compute/v2.1/flavors/2/os-extra_specs => generated 43 bytes in 27 msecs (HTTP/1.1 200) 9 headers in 358 bytes (1 switches on core 0)
Apr 17 22:04:53 user devstack@n-api.service[61930]: DEBUG nova.api.openstack.wsgi [None req-4edbcd97-a681-40ac-8ac8-118c7ff2649d admin admin] Calling method '>' {{(pid=61930) _process_stack /opt/stack/nova/nova/api/openstack/wsgi.py:513}}
Apr 17 22:04:53 user devstack@n-api.service[61930]: INFO nova.api.openstack.requestlog [None req-4edbcd97-a681-40ac-8ac8-118c7ff2649d admin admin] 10.0.0.210 "GET /compute/v2.1" status: 200 len: 387 microversion: 2.1 time: 0.001435
Apr 17 22:04:53 user devstack@n-api.service[61930]: [pid: 61930|app: 0|req: 9/27] 10.0.0.210 () {54 vars in 924 bytes} [Mon Apr 17 22:04:53 2023] GET /compute/v2.1 => generated 387 bytes in 2 msecs (HTTP/1.1 200) 9 headers in 357 bytes (1 switches on core 0)
Apr 17 22:04:53 user devstack@n-api.service[61931]: DEBUG nova.api.openstack.wsgi [None req-67f562c6-0393-47d7-82ac-1cb69308e671 admin admin] Action: 'create', calling method: >, body: {"flavor": {"rxtx_factor": 1.0, "os-flavor-access:is_public": true, "swap": 0, "ram": 4096, "OS-FLV-EXT-DATA:ephemeral": 0, "id": "3", "name": "m1.medium", "disk": 40, "vcpus": 2}} {{(pid=61931) _process_stack /opt/stack/nova/nova/api/openstack/wsgi.py:511}}
Apr 17 22:04:53 user devstack@n-api.service[61931]: INFO nova.api.openstack.requestlog [None req-67f562c6-0393-47d7-82ac-1cb69308e671 admin admin] 10.0.0.210 "POST /compute/v2.1/flavors" status: 200 len: 404 microversion: 2.61 time: 0.061060
Apr 17 22:04:53 user devstack@n-api.service[61931]: [pid: 61931|app: 0|req: 9/28] 10.0.0.210 () {64 vars in 1276 bytes} [Mon Apr 17 22:04:53 2023] POST /compute/v2.1/flavors => generated 404 bytes in 62 msecs (HTTP/1.1 200) 9 headers in 359 bytes (1 switches on core 0)
Apr 17 22:04:53 user devstack@n-api.service[61932]: DEBUG nova.api.openstack.wsgi [None req-643828d9-09fc-4c29-a995-40b72980d852 admin admin] Action: 'create', calling method: >, body: {"extra_specs": {"hw_rng:allowed": "True"}} {{(pid=61932) _process_stack /opt/stack/nova/nova/api/openstack/wsgi.py:511}}
Apr 17 22:04:53 user devstack@n-api.service[61932]: INFO nova.api.openstack.requestlog [None req-643828d9-09fc-4c29-a995-40b72980d852 admin admin] 10.0.0.210 "POST /compute/v2.1/flavors/3/os-extra_specs" status: 200 len: 43 microversion: 2.61 time: 0.025745
Apr 17 22:04:53 user devstack@n-api.service[61932]: [pid: 61932|app: 0|req: 11/29] 10.0.0.210 () {64 vars in 1326 bytes} [Mon Apr 17 22:04:53 2023] POST /compute/v2.1/flavors/3/os-extra_specs => generated 43 bytes in 27 msecs (HTTP/1.1 200) 9 headers in 358 bytes (1 switches on core 0)
Apr 17 22:04:55 user devstack@n-api.service[61930]: DEBUG nova.api.openstack.wsgi [None req-4edbcd97-a681-40ac-8ac8-118c7ff2649d admin admin] Calling method '>' {{(pid=61930) _process_stack /opt/stack/nova/nova/api/openstack/wsgi.py:513}}
Apr 17 22:04:55 user devstack@n-api.service[61930]: INFO nova.api.openstack.requestlog [None req-4edbcd97-a681-40ac-8ac8-118c7ff2649d admin admin] 10.0.0.210 "GET /compute/v2.1" status: 200 len: 387 microversion: 2.1 time: 0.001518
Apr 17 22:04:55 user devstack@n-api.service[61930]: [pid: 61930|app: 0|req: 10/30] 10.0.0.210 () {54 vars in 924 bytes} [Mon Apr 17 22:04:55 2023] GET /compute/v2.1 => generated 387 bytes in 2 msecs (HTTP/1.1 200) 9 headers in 357 bytes (1 switches on core 0)
Apr 17 22:04:55 user devstack@n-api.service[61931]: DEBUG nova.api.openstack.wsgi [None req-9519fe19-0c8c-408a-a6cf-f9ec1b3089a5 admin admin] Action: 'create', calling method: >, body: {"flavor": {"ram": 8192, "os-flavor-access:is_public": true, "disk": 80, "OS-FLV-EXT-DATA:ephemeral": 0, "swap": 0, "rxtx_factor": 1.0, "name": "m1.large", "vcpus": 4, "id": "4"}} {{(pid=61931) _process_stack /opt/stack/nova/nova/api/openstack/wsgi.py:511}}
Apr 17 22:04:55 user devstack@n-api.service[61931]: INFO nova.api.openstack.requestlog [None req-9519fe19-0c8c-408a-a6cf-f9ec1b3089a5 admin admin] 10.0.0.210 "POST /compute/v2.1/flavors" status: 200 len: 403 microversion: 2.61 time: 0.077573
Apr 17 22:04:55 user devstack@n-api.service[61931]: [pid: 61931|app: 0|req: 10/31] 10.0.0.210 () {64 vars in 1276 bytes} [Mon Apr 17 22:04:55 2023] POST /compute/v2.1/flavors => generated 403 bytes in 79 msecs (HTTP/1.1 200) 9 headers in 359 bytes (1 switches on core 0)
Apr 17 22:04:55 user devstack@n-api.service[61932]: DEBUG nova.api.openstack.wsgi [None req-51719cee-719b-42ca-98b1-1195b183b16c admin admin] Action: 'create', calling method: >, body: {"extra_specs": {"hw_rng:allowed": "True"}} {{(pid=61932) _process_stack /opt/stack/nova/nova/api/openstack/wsgi.py:511}}
Apr 17 22:04:55 user devstack@n-api.service[61932]: INFO nova.api.openstack.requestlog [None req-51719cee-719b-42ca-98b1-1195b183b16c admin admin] 10.0.0.210 "POST /compute/v2.1/flavors/4/os-extra_specs" status: 200 len: 43 microversion: 2.61 time: 0.033650
Apr 17 22:04:55 user devstack@n-api.service[61932]: [pid: 61932|app: 0|req: 12/32] 10.0.0.210 () {64 vars in 1326 bytes} [Mon Apr 17 22:04:55 2023] POST /compute/v2.1/flavors/4/os-extra_specs => generated 43 bytes in 36 msecs (HTTP/1.1 200) 9 headers in 358 bytes (1 switches on core 0)
Apr 17 22:04:57 user devstack@n-api.service[61930]: DEBUG nova.api.openstack.wsgi [None req-4edbcd97-a681-40ac-8ac8-118c7ff2649d admin admin] Calling method '>' {{(pid=61930) _process_stack /opt/stack/nova/nova/api/openstack/wsgi.py:513}}
Apr 17 22:04:57 user devstack@n-api.service[61930]: INFO nova.api.openstack.requestlog [None req-4edbcd97-a681-40ac-8ac8-118c7ff2649d admin admin] 10.0.0.210 "GET /compute/v2.1" status: 200 len: 387 microversion: 2.1 time: 0.001501
Apr 17 22:04:57 user devstack@n-api.service[61930]: [pid: 61930|app: 0|req: 11/33] 10.0.0.210 () {54 vars in 924 bytes} [Mon Apr 17 22:04:57 2023] GET /compute/v2.1 => generated 387 bytes in 2 msecs (HTTP/1.1 200) 9 headers in 357 bytes (1 switches on core 0)
Apr 17 22:04:57 user devstack@n-api.service[61931]: DEBUG nova.api.openstack.wsgi [None req-d5d02547-781b-46e3-9d4e-2ed7464ae606 admin admin] Action: 'create', calling method: >, body: {"flavor": {"ram": 16384, "disk": 160, "name": "m1.xlarge", "OS-FLV-EXT-DATA:ephemeral": 0, "os-flavor-access:is_public": true, "rxtx_factor": 1.0, "vcpus": 8, "swap": 0, "id": "5"}} {{(pid=61931) _process_stack /opt/stack/nova/nova/api/openstack/wsgi.py:511}}
Apr 17 22:04:57 user devstack@n-api.service[61931]: INFO nova.api.openstack.requestlog [None req-d5d02547-781b-46e3-9d4e-2ed7464ae606 admin admin] 10.0.0.210 "POST /compute/v2.1/flavors" status: 200 len: 406 microversion: 2.61 time: 0.059877
Apr 17 22:04:57 user devstack@n-api.service[61931]: [pid: 61931|app: 0|req: 11/34] 10.0.0.210 () {64 vars in 1276 bytes} [Mon Apr 17 22:04:57 2023] POST /compute/v2.1/flavors => generated 406 bytes in 61 msecs (HTTP/1.1 200) 9 headers in 359 bytes (1 switches on core 0)
Apr 17 22:04:57 user devstack@n-api.service[61932]: DEBUG nova.api.openstack.wsgi [None req-34475096-8053-4bc5-b349-06a9a5d3db35 admin admin] Action: 'create', calling method: >, body: {"extra_specs": {"hw_rng:allowed": "True"}} {{(pid=61932) _process_stack /opt/stack/nova/nova/api/openstack/wsgi.py:511}}
Apr 17 22:04:57 user devstack@n-api.service[61932]: INFO nova.api.openstack.requestlog [None req-34475096-8053-4bc5-b349-06a9a5d3db35 admin admin] 10.0.0.210 "POST /compute/v2.1/flavors/5/os-extra_specs" status: 200 len: 43 microversion: 2.61 time: 0.026603
Apr 17 22:04:57 user devstack@n-api.service[61932]: [pid: 61932|app: 0|req: 13/35] 10.0.0.210 () {64 vars in 1326 bytes} [Mon Apr 17 22:04:57 2023] POST /compute/v2.1/flavors/5/os-extra_specs => generated 43 bytes in 28 msecs (HTTP/1.1 200) 9 headers in 358 bytes (1 switches on core 0)
Apr 17 22:05:28 user devstack@n-api.service[61930]: DEBUG nova.api.openstack.wsgi [None req-4edbcd97-a681-40ac-8ac8-118c7ff2649d admin admin] Calling method '>' {{(pid=61930) _process_stack /opt/stack/nova/nova/api/openstack/wsgi.py:513}}
Apr 17 22:05:28 user devstack@n-api.service[61930]: INFO nova.api.openstack.requestlog [None req-4edbcd97-a681-40ac-8ac8-118c7ff2649d admin admin] 10.0.0.210 "GET /compute/v2.1" status: 200 len: 387 microversion: 2.1 time: 0.002382
Apr 17 22:05:28 user devstack@n-api.service[61930]: [pid: 61930|app: 0|req: 12/36] 10.0.0.210 () {58 vars in 1006 bytes} [Mon Apr 17 22:05:28 2023] GET /compute/v2.1 => generated 387 bytes in 4 msecs (HTTP/1.1 200) 9 headers in 357 bytes (1 switches on core 0)
Apr 17 22:05:28 user devstack@n-api.service[61931]: DEBUG dbcounter [-] [61931] Writing DB stats nova_api:SELECT=15,nova_api:INSERT=5 {{(pid=61931) stat_writer /usr/local/lib/python3.10/dist-packages/dbcounter.py:117}}
Apr 17 22:05:28 user devstack@n-api.service[61931]: DEBUG nova.api.openstack.wsgi [None req-1c25eb36-cc64-4fac-9733-ecaa5587b9ef admin admin] Calling method '>' {{(pid=61931) _process_stack /opt/stack/nova/nova/api/openstack/wsgi.py:513}}
Apr 17 22:05:28 user devstack@n-api.service[61931]: DEBUG oslo_concurrency.lockutils [None req-1c25eb36-cc64-4fac-9733-ecaa5587b9ef admin admin] Acquiring lock "00000000-0000-0000-0000-000000000000" by "nova.context.set_target_cell..get_or_set_cached_cell_and_set_connections" {{(pid=61931) inner /usr/local/lib/python3.10/dist-packages/oslo_concurrency/lockutils.py:404}}
Apr 17 22:05:28 user devstack@n-api.service[61931]: DEBUG oslo_concurrency.lockutils [None req-1c25eb36-cc64-4fac-9733-ecaa5587b9ef admin admin] Lock "00000000-0000-0000-0000-000000000000" acquired by "nova.context.set_target_cell..get_or_set_cached_cell_and_set_connections" :: waited 0.001s {{(pid=61931) inner /usr/local/lib/python3.10/dist-packages/oslo_concurrency/lockutils.py:409}}
Apr 17 22:05:28 user devstack@n-api.service[61931]: DEBUG oslo_concurrency.lockutils [None req-1c25eb36-cc64-4fac-9733-ecaa5587b9ef admin admin] Lock "00000000-0000-0000-0000-000000000000" "released" by "nova.context.set_target_cell..get_or_set_cached_cell_and_set_connections" :: held 0.001s {{(pid=61931) inner /usr/local/lib/python3.10/dist-packages/oslo_concurrency/lockutils.py:423}}
Apr 17 22:05:28 user devstack@n-api.service[61931]: DEBUG oslo_concurrency.lockutils [None req-1c25eb36-cc64-4fac-9733-ecaa5587b9ef admin admin] Acquiring lock "0c49d3e0-8924-4e24-9367-517a8dc661eb" by "nova.context.set_target_cell..get_or_set_cached_cell_and_set_connections" {{(pid=61931) inner /usr/local/lib/python3.10/dist-packages/oslo_concurrency/lockutils.py:404}}
Apr 17 22:05:28 user devstack@n-api.service[61931]: DEBUG oslo_concurrency.lockutils [None req-1c25eb36-cc64-4fac-9733-ecaa5587b9ef admin admin] Lock "0c49d3e0-8924-4e24-9367-517a8dc661eb" acquired by "nova.context.set_target_cell..get_or_set_cached_cell_and_set_connections" :: waited 0.000s {{(pid=61931) inner /usr/local/lib/python3.10/dist-packages/oslo_concurrency/lockutils.py:409}}
Apr 17 22:05:28 user devstack@n-api.service[61931]: DEBUG oslo_concurrency.lockutils [None req-1c25eb36-cc64-4fac-9733-ecaa5587b9ef admin admin] Lock "0c49d3e0-8924-4e24-9367-517a8dc661eb" "released" by "nova.context.set_target_cell..get_or_set_cached_cell_and_set_connections" :: held 0.000s {{(pid=61931) inner /usr/local/lib/python3.10/dist-packages/oslo_concurrency/lockutils.py:423}}
Apr 17 22:05:28 user devstack@n-api.service[61931]: INFO nova.api.openstack.requestlog [None req-1c25eb36-cc64-4fac-9733-ecaa5587b9ef admin admin] 10.0.0.210 "GET /compute/v2.1/os-services?binary=nova-compute&host=user" status: 200 len: 247 microversion: 2.69 time: 0.093317
Apr 17 22:05:28 user devstack@n-api.service[61931]: [pid: 61931|app: 0|req: 12/37] 10.0.0.210 () {64 vars in 1388 bytes} [Mon Apr 17 22:05:28 2023] GET /compute/v2.1/os-services?binary=nova-compute&host=user => generated 247 bytes in 94 msecs (HTTP/1.1 200) 9 headers in 359 bytes (2 switches on core 0)
Apr 17 22:05:59 user devstack@n-api.service[61932]: DEBUG nova.api.openstack.wsgi [None req-34475096-8053-4bc5-b349-06a9a5d3db35 admin admin] Calling method '>' {{(pid=61932) _process_stack /opt/stack/nova/nova/api/openstack/wsgi.py:513}}
Apr 17 22:05:59 user devstack@n-api.service[61932]: INFO nova.api.openstack.requestlog [None req-34475096-8053-4bc5-b349-06a9a5d3db35 admin admin] 10.0.0.210 "GET /compute/v2.1" status: 200 len: 387 microversion: 2.1 time: 0.001740
Apr 17 22:05:59 user devstack@n-api.service[61932]: [pid: 61932|app: 0|req: 14/38] 10.0.0.210 () {58 vars in 1006 bytes} [Mon Apr 17 22:05:59 2023] GET /compute/v2.1 => generated 387 bytes in 3 msecs (HTTP/1.1 200) 9 headers in 357 bytes (1 switches on core 0)
Apr 17 22:05:59 user devstack@n-api.service[61930]: DEBUG dbcounter [-] [61930] Writing DB stats nova_api:SELECT=32,nova_api:SAVEPOINT=5,nova_api:INSERT=5,nova_api:RELEASE=5 {{(pid=61930) stat_writer /usr/local/lib/python3.10/dist-packages/dbcounter.py:117}}
Apr 17 22:05:59 user devstack@n-api.service[61930]: DEBUG nova.api.openstack.wsgi [None req-93baab04-c0a9-4f8e-858b-6771ad76f99c admin admin] Calling method '>' {{(pid=61930) _process_stack /opt/stack/nova/nova/api/openstack/wsgi.py:513}}
Apr 17 22:05:59 user devstack@n-api.service[61930]: INFO nova.api.openstack.requestlog [None req-93baab04-c0a9-4f8e-858b-6771ad76f99c admin admin] 10.0.0.210 "GET /compute/v2.1/flavors/detail?is_public=True" status: 200 len: 4182 microversion: 2.61 time: 0.065625
Apr 17 22:05:59 user devstack@n-api.service[61930]: [pid: 61930|app: 0|req: 13/39] 10.0.0.210 () {64 vars in 1367 bytes} [Mon Apr 17 22:05:59 2023] GET /compute/v2.1/flavors/detail?is_public=True => generated 4182 bytes in 67 msecs (HTTP/1.1 200) 9 headers in 360 bytes (1 switches on core 0)
Apr 17 22:06:03 user devstack@n-api.service[61931]: DEBUG nova.api.openstack.wsgi [None req-1c25eb36-cc64-4fac-9733-ecaa5587b9ef admin admin] Calling method '>' {{(pid=61931) _process_stack /opt/stack/nova/nova/api/openstack/wsgi.py:513}}
Apr 17 22:06:03 user devstack@n-api.service[61931]: INFO nova.api.openstack.requestlog [None req-1c25eb36-cc64-4fac-9733-ecaa5587b9ef admin admin] 10.0.0.210 "GET /compute/v2.1" status: 200 len: 387 microversion: 2.1 time: 0.002168
Apr 17 22:06:03 user devstack@n-api.service[61931]: [pid: 61931|app: 0|req: 13/40] 10.0.0.210 () {58 vars in 1006 bytes} [Mon Apr 17 22:06:03 2023] GET /compute/v2.1 => generated 387 bytes in 4 msecs (HTTP/1.1 200) 9 headers in 357 bytes (1 switches on core 0)
Apr 17 22:06:03 user devstack@n-api.service[61932]: DEBUG dbcounter [-] [61932] Writing DB stats nova_api:SELECT=47,nova_api:INSERT=10,nova_api:SAVEPOINT=5,nova_api:RELEASE=5 {{(pid=61932) stat_writer /usr/local/lib/python3.10/dist-packages/dbcounter.py:117}}
Apr 17 22:06:03 user devstack@n-api.service[61932]: DEBUG nova.api.openstack.wsgi [None req-80b124c6-0090-4caa-867e-b92b1bbc7b09 admin admin] Action: 'create', calling method: >, body: {"flavor": {"name": "m1.nano", "rxtx_factor": 1.0, "ram": 128, "OS-FLV-EXT-DATA:ephemeral": 0, "disk": 1, "id": "42", "vcpus": 1, "os-flavor-access:is_public": true, "swap": 0}} {{(pid=61932) _process_stack /opt/stack/nova/nova/api/openstack/wsgi.py:511}}
Apr 17 22:06:03 user devstack@n-api.service[61932]: INFO nova.api.openstack.requestlog [None req-80b124c6-0090-4caa-867e-b92b1bbc7b09 admin admin] 10.0.0.210 "POST /compute/v2.1/flavors" status: 200 len: 403 microversion: 2.61 time: 0.068102
Apr 17 22:06:03 user devstack@n-api.service[61932]: [pid: 61932|app: 0|req: 15/41] 10.0.0.210 () {68 vars in 1358 bytes} [Mon Apr 17 22:06:03 2023] POST /compute/v2.1/flavors => generated 403 bytes in 69 msecs (HTTP/1.1 200) 9 headers in 359 bytes (1 switches on core 0)
Apr 17 22:06:03 user devstack@n-api.service[61930]: DEBUG nova.api.openstack.wsgi [None req-7069266e-7c39-437c-b331-00801f4cc17e admin admin] Action: 'create', calling method: >, body: {"extra_specs": {"hw_rng:allowed": "True"}} {{(pid=61930) _process_stack /opt/stack/nova/nova/api/openstack/wsgi.py:511}}
Apr 17 22:06:03 user devstack@n-api.service[61930]: INFO nova.api.openstack.requestlog [None req-7069266e-7c39-437c-b331-00801f4cc17e admin admin] 10.0.0.210 "POST /compute/v2.1/flavors/42/os-extra_specs" status: 200 len: 43 microversion: 2.61 time: 0.024504
Apr 17 22:06:03 user devstack@n-api.service[61930]: [pid: 61930|app: 0|req: 14/42] 10.0.0.210 () {68 vars in 1411 bytes} [Mon Apr 17 22:06:03 2023] POST /compute/v2.1/flavors/42/os-extra_specs => generated 43 bytes in 26 msecs (HTTP/1.1 200) 9 headers in 358 bytes (1 switches on core 0)
Apr 17 22:06:07 user devstack@n-api.service[61931]: DEBUG nova.api.openstack.wsgi [None req-1c25eb36-cc64-4fac-9733-ecaa5587b9ef admin admin] Calling method '>' {{(pid=61931) _process_stack /opt/stack/nova/nova/api/openstack/wsgi.py:513}}
Apr 17 22:06:07 user devstack@n-api.service[61931]: INFO nova.api.openstack.requestlog [None req-1c25eb36-cc64-4fac-9733-ecaa5587b9ef admin admin] 10.0.0.210 "GET /compute/v2.1" status: 200 len: 387 microversion: 2.1 time: 0.001294
Apr 17 22:06:07 user devstack@n-api.service[61931]: [pid: 61931|app: 0|req: 14/43] 10.0.0.210 () {58 vars in 1006 bytes} [Mon Apr 17 22:06:07 2023] GET /compute/v2.1 => generated 387 bytes in 2 msecs (HTTP/1.1 200) 9 headers in 357 bytes (1 switches on core 0)
Apr 17 22:06:07 user devstack@n-api.service[61932]: DEBUG nova.api.openstack.wsgi [None req-2b32bd3d-4f67-466e-ae6f-01777091fed1 admin admin] Action: 'create', calling method: >, body: {"flavor": {"rxtx_factor": 1.0, "disk": 1, "vcpus": 1, "OS-FLV-EXT-DATA:ephemeral": 0, "ram": 192, "id": "84", "os-flavor-access:is_public": true, "swap": 0, "name": "m1.micro"}} {{(pid=61932) _process_stack /opt/stack/nova/nova/api/openstack/wsgi.py:511}}
Apr 17 22:06:07 user devstack@n-api.service[61932]: INFO nova.api.openstack.requestlog [None req-2b32bd3d-4f67-466e-ae6f-01777091fed1 admin admin] 10.0.0.210 "POST /compute/v2.1/flavors" status: 200 len: 404 microversion: 2.61 time: 0.065855
Apr 17 22:06:07 user devstack@n-api.service[61932]: [pid: 61932|app: 0|req: 16/44] 10.0.0.210 () {68 vars in 1358 bytes} [Mon Apr 17 22:06:07 2023] POST /compute/v2.1/flavors => generated 404 bytes in 67 msecs (HTTP/1.1 200) 9 headers in 359 bytes (1 switches on core 0)
Apr 17 22:06:07 user devstack@n-api.service[61930]: DEBUG nova.api.openstack.wsgi [None req-32618537-f471-4626-9ff0-f7aebc5dd711 admin admin] Action: 'create', calling method: >, body: {"extra_specs": {"hw_rng:allowed": "True"}} {{(pid=61930) _process_stack /opt/stack/nova/nova/api/openstack/wsgi.py:511}}
Apr 17 22:06:07 user devstack@n-api.service[61930]: INFO nova.api.openstack.requestlog [None req-32618537-f471-4626-9ff0-f7aebc5dd711 admin admin] 10.0.0.210 "POST /compute/v2.1/flavors/84/os-extra_specs" status: 200 len: 43 microversion: 2.61 time: 0.024134
Apr 17 22:06:07 user devstack@n-api.service[61930]: [pid: 61930|app: 0|req: 15/45] 10.0.0.210 () {68 vars in 1411 bytes} [Mon Apr 17 22:06:07 2023] POST /compute/v2.1/flavors/84/os-extra_specs => generated 43 bytes in 25 msecs (HTTP/1.1 200) 9 headers in 358 bytes (1 switches on core 0)
Apr 17 22:08:42 user devstack@n-api.service[61931]: DEBUG dbcounter [-] [61931] Writing DB stats nova_cell0:SELECT=2 {{(pid=61931) stat_writer /usr/local/lib/python3.10/dist-packages/dbcounter.py:117}}
Apr 17 22:08:42 user devstack@n-api.service[61931]: DEBUG dbcounter [-] [61931] Writing DB stats nova_cell1:SELECT=2 {{(pid=61931) stat_writer /usr/local/lib/python3.10/dist-packages/dbcounter.py:117}}
Apr 17 22:08:42 user devstack@n-api.service[61931]: DEBUG dbcounter [-] [61931] Writing DB stats nova_api:SELECT=4 {{(pid=61931) stat_writer /usr/local/lib/python3.10/dist-packages/dbcounter.py:117}}
Apr 17 22:08:42 user devstack@n-api.service[61931]: DEBUG nova.api.openstack.wsgi [None req-d0687871-90a0-4874-a711-412a249dabd7 tempest-ServerActionsTestJSON-1322112249 tempest-ServerActionsTestJSON-1322112249-project-member] Action: 'create', calling method: .version_select at 0x7ffb1affd3f0>, body: {"keypair": {"name": "tempest-keypair-1204015820", "public_key": "ecdsa-sha2-nistp384 AAAAE2VjZHNhLXNoYTItbmlzdHAzODQAAAAIbmlzdHAzODQAAABhBMIJM6dCvYLXS8VGI2L2wG2Wl5w2/gW9spGN2iclkhvyAOdgyxFfXQNjna17ZfeIKWKVS3RLrdPtDvd/wHntS9qVvu9iFpd3o+fH4gutMbeRa70JnJhZgkKJB4XiFchpJA=="}} {{(pid=61931) _process_stack /opt/stack/nova/nova/api/openstack/wsgi.py:511}}
Apr 17 22:08:42 user devstack@n-api.service[61931]: DEBUG nova.quota [None req-d0687871-90a0-4874-a711-412a249dabd7 tempest-ServerActionsTestJSON-1322112249 tempest-ServerActionsTestJSON-1322112249-project-member] Getting quotas for project b99089f4e3074ee7a5c1ada03ceb8984. Resources: {'key_pairs'} {{(pid=61931) _get_quotas /opt/stack/nova/nova/quota.py:393}}
Apr 17 22:08:42 user devstack@n-api.service[61931]: DEBUG nova.quota [None req-d0687871-90a0-4874-a711-412a249dabd7 tempest-ServerActionsTestJSON-1322112249 tempest-ServerActionsTestJSON-1322112249-project-member] Getting quotas for user 9be63d1d20854fa28375599715a5ba74 and project b99089f4e3074ee7a5c1ada03ceb8984. Resources: {'key_pairs'} {{(pid=61931) _get_quotas /opt/stack/nova/nova/quota.py:383}}
Apr 17 22:08:42 user devstack@n-api.service[61931]: INFO nova.api.openstack.requestlog [None req-d0687871-90a0-4874-a711-412a249dabd7 tempest-ServerActionsTestJSON-1322112249 tempest-ServerActionsTestJSON-1322112249-project-member] 10.0.0.210 "POST /compute/v2.1/os-keypairs" status: 200 len: 386 microversion: 2.1 time: 0.199551
Apr 17 22:08:42 user devstack@n-api.service[61931]: [pid: 61931|app: 0|req: 15/46] 10.0.0.210 () {64 vars in 1236 bytes} [Mon Apr 17 22:08:42 2023] POST /compute/v2.1/os-keypairs => generated 386 bytes in 201 msecs (HTTP/1.1 200) 9 headers in 357 bytes (1 switches on core 0)
Apr 17 22:08:42 user devstack@n-api.service[61932]: DEBUG dbcounter [-] [61932] Writing DB stats nova_api:SELECT=6,nova_api:INSERT=2 {{(pid=61932) stat_writer /usr/local/lib/python3.10/dist-packages/dbcounter.py:117}}
Apr 17 22:08:42 user devstack@n-api.service[61932]: DEBUG nova.api.openstack.wsgi [None req-50c7a620-e595-498e-a529-c8dd25885be5 tempest-AttachVolumeNegativeTest-1678965362 tempest-AttachVolumeNegativeTest-1678965362-project-member] Action: 'create', calling method: .version_select at 0x7ffb1af93760>, body: {"keypair": {"name": "tempest-keypair-1969874175", "public_key": "ecdsa-sha2-nistp384 AAAAE2VjZHNhLXNoYTItbmlzdHAzODQAAAAIbmlzdHAzODQAAABhBCjQzi1kjZQeEQ1rYjOKbLcVcDCRQQIijtqR97gxYJ2Onb6dZq9Ac7P5Uos+0FwBhyMNkY6cGIDdtzKuXupShf31TiuVlUPJpGQ92/3ShzPqtsJ2m3VXUdv5ryHzD1eLpg=="}} {{(pid=61932) _process_stack /opt/stack/nova/nova/api/openstack/wsgi.py:511}}
Apr 17 22:08:42 user devstack@n-api.service[61932]: DEBUG nova.quota [None req-50c7a620-e595-498e-a529-c8dd25885be5 tempest-AttachVolumeNegativeTest-1678965362 tempest-AttachVolumeNegativeTest-1678965362-project-member] Getting quotas for project e52724ed9bc54905bd5eddd8504e4c77. Resources: {'key_pairs'} {{(pid=61932) _get_quotas /opt/stack/nova/nova/quota.py:393}}
Apr 17 22:08:42 user devstack@n-api.service[61932]: DEBUG nova.quota [None req-50c7a620-e595-498e-a529-c8dd25885be5 tempest-AttachVolumeNegativeTest-1678965362 tempest-AttachVolumeNegativeTest-1678965362-project-member] Getting quotas for user 52b3e35c03b54ae4b5dabfb1325886a9 and project e52724ed9bc54905bd5eddd8504e4c77. Resources: {'key_pairs'} {{(pid=61932) _get_quotas /opt/stack/nova/nova/quota.py:383}}
Apr 17 22:08:42 user devstack@n-api.service[61932]: INFO nova.api.openstack.requestlog [None req-50c7a620-e595-498e-a529-c8dd25885be5 tempest-AttachVolumeNegativeTest-1678965362 tempest-AttachVolumeNegativeTest-1678965362-project-member] 10.0.0.210 "POST /compute/v2.1/os-keypairs" status: 200 len: 386 microversion: 2.1 time: 0.205669
Apr 17 22:08:42 user devstack@n-api.service[61932]: [pid: 61932|app: 0|req: 17/47] 10.0.0.210 () {64 vars in 1236 bytes} [Mon Apr 17 22:08:42 2023] POST /compute/v2.1/os-keypairs => generated 386 bytes in 208 msecs (HTTP/1.1 200) 9 headers in 357 bytes (1 switches on core 0)
Apr 17 22:08:49 user devstack@n-api.service[61930]: DEBUG dbcounter [-] [61930] Writing DB stats nova_api:SELECT=14,nova_api:SAVEPOINT=2,nova_api:INSERT=2,nova_api:RELEASE=2 {{(pid=61930) stat_writer /usr/local/lib/python3.10/dist-packages/dbcounter.py:117}}
Apr 17 22:08:49 user devstack@n-api.service[61931]: DEBUG nova.api.openstack.wsgi [None req-47680b27-e388-4a06-999d-3da934699006 tempest-ServerActionsTestJSON-1322112249 tempest-ServerActionsTestJSON-1322112249-project-member] Action: 'create', calling method: >, body: {"server": {"name": "tempest-ServerActionsTestJSON-server-2094342662", "imageRef": "80deb4f3-99ac-4a4a-a04f-aa012f8a6b8f", "flavorRef": "42", "adminPass": "***", "networks": [{"uuid": "966f14e1-bfad-4b86-921c-0f8f5ad29a5a"}], "security_groups": [{"name": "tempest-securitygroup--1880551760"}], "key_name": "tempest-keypair-1204015820", "user_data": "}} {{(pid=61931) _process_stack /opt/stack/nova/nova/api/openstack/wsgi.py:511}}
Apr 17 22:08:49 user devstack@n-api.service[61930]: DEBUG nova.api.openstack.wsgi [None req-8c40e09b-919c-4b14-b8e6-e6a5b5ad50f6 tempest-ServersNegativeTestJSON-1844623378 tempest-ServersNegativeTestJSON-1844623378-project-member] Action: 'create', calling method: >, body: {"server": {"name": "tempest-ServersNegativeTestJSON-server-1710989635", "imageRef": "80deb4f3-99ac-4a4a-a04f-aa012f8a6b8f", "flavorRef": "42", "networks": [{"uuid": "3bbe159c-29cd-4095-9556-8169500b1716"}]}} {{(pid=61930) _process_stack /opt/stack/nova/nova/api/openstack/wsgi.py:511}}
Apr 17 22:08:49 user devstack@n-api.service[61930]: DEBUG nova.network.neutron [None req-8c40e09b-919c-4b14-b8e6-e6a5b5ad50f6 tempest-ServersNegativeTestJSON-1844623378 tempest-ServersNegativeTestJSON-1844623378-project-member] validate_networks() for [('3bbe159c-29cd-4095-9556-8169500b1716', None, None, None, None, None)] {{(pid=61930) validate_networks /opt/stack/nova/nova/network/neutron.py:2636}}
Apr 17 22:08:50 user devstack@n-api.service[61931]: DEBUG nova.network.neutron [None req-47680b27-e388-4a06-999d-3da934699006 tempest-ServerActionsTestJSON-1322112249 tempest-ServerActionsTestJSON-1322112249-project-member] validate_networks() for [('966f14e1-bfad-4b86-921c-0f8f5ad29a5a', None, None, None, None, None)] {{(pid=61931) validate_networks /opt/stack/nova/nova/network/neutron.py:2636}}
Apr 17 22:08:50 user devstack@n-api.service[61932]: DEBUG nova.api.openstack.wsgi [None req-d50e6e63-f521-462f-a105-96d46b203548 tempest-AttachVolumeShelveTestJSON-1051644628 tempest-AttachVolumeShelveTestJSON-1051644628-project-member] Action: 'create', calling method: .version_select at 0x7ffb1ae22dd0>, body: {"keypair": {"name": "tempest-keypair-1290889891", "public_key": "ecdsa-sha2-nistp384 AAAAE2VjZHNhLXNoYTItbmlzdHAzODQAAAAIbmlzdHAzODQAAABhBIUDw4oqZGwgHOlogieqsyzip0wW30jA5743bGk+uV3e5+U/R9yL7AS0GXvphtOuOOI4CmAsHcasbFw371H+sA0tPQYeuyAIlEJTYvj1WiabqMovvf1nFdGYtWBjTZP1Rw=="}} {{(pid=61932) _process_stack /opt/stack/nova/nova/api/openstack/wsgi.py:511}}
Apr 17 22:08:50 user devstack@n-api.service[61932]: DEBUG nova.quota [None req-d50e6e63-f521-462f-a105-96d46b203548 tempest-AttachVolumeShelveTestJSON-1051644628 tempest-AttachVolumeShelveTestJSON-1051644628-project-member] Getting quotas for project 9283fe3c9a094f9bbddb08e48973da44. Resources: {'key_pairs'} {{(pid=61932) _get_quotas /opt/stack/nova/nova/quota.py:393}}
Apr 17 22:08:50 user devstack@n-api.service[61932]: DEBUG nova.quota [None req-d50e6e63-f521-462f-a105-96d46b203548 tempest-AttachVolumeShelveTestJSON-1051644628 tempest-AttachVolumeShelveTestJSON-1051644628-project-member] Getting quotas for user a5ec05fe7d7244368c7eec3739a96c19 and project 9283fe3c9a094f9bbddb08e48973da44. Resources: {'key_pairs'} {{(pid=61932) _get_quotas /opt/stack/nova/nova/quota.py:383}}
Apr 17 22:08:50 user devstack@n-api.service[61932]: INFO nova.api.openstack.requestlog [None req-d50e6e63-f521-462f-a105-96d46b203548 tempest-AttachVolumeShelveTestJSON-1051644628 tempest-AttachVolumeShelveTestJSON-1051644628-project-member] 10.0.0.210 "POST /compute/v2.1/os-keypairs" status: 201 len: 401 microversion: 2.20 time: 0.100647
Apr 17 22:08:50 user devstack@n-api.service[61932]: [pid: 61932|app: 0|req: 18/48] 10.0.0.210 () {66 vars in 1277 bytes} [Mon Apr 17 22:08:50 2023] POST /compute/v2.1/os-keypairs => generated 401 bytes in 102 msecs (HTTP/1.1 201) 9 headers in 364 bytes (1 switches on core 0)
Apr 17 22:08:51 user devstack@n-api.service[61932]: DEBUG nova.api.openstack.wsgi [None req-b9d4d25b-efdf-40f3-b3a7-63e5eb9ef514 tempest-AttachVolumeNegativeTest-1678965362 tempest-AttachVolumeNegativeTest-1678965362-project-member] Action: 'create', calling method: >, body: {"server": {"name": "tempest-AttachVolumeNegativeTest-server-1530040262", "imageRef": "80deb4f3-99ac-4a4a-a04f-aa012f8a6b8f", "flavorRef": "42", "adminPass": "***", "networks": [{"uuid": "bd9d53b7-0e22-42c4-8b91-49575cadf44f"}], "security_groups": [{"name": "tempest-securitygroup--1642926262"}], "key_name": "tempest-keypair-1969874175", "user_data": "}} {{(pid=61932) _process_stack /opt/stack/nova/nova/api/openstack/wsgi.py:511}}
Apr 17 22:08:51 user devstack@n-api.service[61930]: DEBUG nova.virt.hardware [None req-8c40e09b-919c-4b14-b8e6-e6a5b5ad50f6 tempest-ServersNegativeTestJSON-1844623378 tempest-ServersNegativeTestJSON-1844623378-project-member] Flavor limits 0:0:0 {{(pid=61930) get_cpu_topology_constraints /opt/stack/nova/nova/virt/hardware.py:343}}
Apr 17 22:08:51 user devstack@n-api.service[61930]: DEBUG nova.virt.hardware [None req-8c40e09b-919c-4b14-b8e6-e6a5b5ad50f6 tempest-ServersNegativeTestJSON-1844623378 tempest-ServersNegativeTestJSON-1844623378-project-member] Image limits 0:0:0 {{(pid=61930) get_cpu_topology_constraints /opt/stack/nova/nova/virt/hardware.py:347}}
Apr 17 22:08:51 user devstack@n-api.service[61930]: DEBUG nova.virt.hardware [None req-8c40e09b-919c-4b14-b8e6-e6a5b5ad50f6 tempest-ServersNegativeTestJSON-1844623378 tempest-ServersNegativeTestJSON-1844623378-project-member] Flavor pref 0:0:0 {{(pid=61930) get_cpu_topology_constraints /opt/stack/nova/nova/virt/hardware.py:383}}
Apr 17 22:08:51 user devstack@n-api.service[61930]: DEBUG nova.virt.hardware [None req-8c40e09b-919c-4b14-b8e6-e6a5b5ad50f6 tempest-ServersNegativeTestJSON-1844623378 tempest-ServersNegativeTestJSON-1844623378-project-member] Image pref 0:0:0 {{(pid=61930) get_cpu_topology_constraints /opt/stack/nova/nova/virt/hardware.py:387}}
Apr 17 22:08:51 user devstack@n-api.service[61930]: DEBUG nova.virt.hardware [None req-8c40e09b-919c-4b14-b8e6-e6a5b5ad50f6 tempest-ServersNegativeTestJSON-1844623378 tempest-ServersNegativeTestJSON-1844623378-project-member] Chose sockets=0, cores=0, threads=0; limits were sockets=65536, cores=65536, threads=65536 {{(pid=61930) get_cpu_topology_constraints /opt/stack/nova/nova/virt/hardware.py:425}}
Apr 17 22:08:51 user devstack@n-api.service[61930]: DEBUG oslo_concurrency.lockutils [None req-8c40e09b-919c-4b14-b8e6-e6a5b5ad50f6 tempest-ServersNegativeTestJSON-1844623378 tempest-ServersNegativeTestJSON-1844623378-project-member] Acquiring lock "00000000-0000-0000-0000-000000000000" by "nova.context.set_target_cell..get_or_set_cached_cell_and_set_connections" {{(pid=61930) inner /usr/local/lib/python3.10/dist-packages/oslo_concurrency/lockutils.py:404}}
Apr 17 22:08:51 user devstack@n-api.service[61930]: DEBUG oslo_concurrency.lockutils [None req-8c40e09b-919c-4b14-b8e6-e6a5b5ad50f6 tempest-ServersNegativeTestJSON-1844623378 tempest-ServersNegativeTestJSON-1844623378-project-member] Lock "00000000-0000-0000-0000-000000000000" acquired by "nova.context.set_target_cell..get_or_set_cached_cell_and_set_connections" :: waited 0.001s {{(pid=61930) inner /usr/local/lib/python3.10/dist-packages/oslo_concurrency/lockutils.py:409}}
Apr 17 22:08:51 user devstack@n-api.service[61930]: DEBUG oslo_concurrency.lockutils [None req-8c40e09b-919c-4b14-b8e6-e6a5b5ad50f6 tempest-ServersNegativeTestJSON-1844623378 tempest-ServersNegativeTestJSON-1844623378-project-member] Lock "00000000-0000-0000-0000-000000000000" "released" by "nova.context.set_target_cell..get_or_set_cached_cell_and_set_connections" :: held 0.000s {{(pid=61930) inner /usr/local/lib/python3.10/dist-packages/oslo_concurrency/lockutils.py:423}}
Apr 17 22:08:51 user devstack@n-api.service[61930]: DEBUG oslo_concurrency.lockutils [None req-8c40e09b-919c-4b14-b8e6-e6a5b5ad50f6 tempest-ServersNegativeTestJSON-1844623378 tempest-ServersNegativeTestJSON-1844623378-project-member] Acquiring lock "0c49d3e0-8924-4e24-9367-517a8dc661eb" by "nova.context.set_target_cell..get_or_set_cached_cell_and_set_connections" {{(pid=61930) inner /usr/local/lib/python3.10/dist-packages/oslo_concurrency/lockutils.py:404}}
Apr 17 22:08:51 user devstack@n-api.service[61930]: DEBUG oslo_concurrency.lockutils [None req-8c40e09b-919c-4b14-b8e6-e6a5b5ad50f6 tempest-ServersNegativeTestJSON-1844623378 tempest-ServersNegativeTestJSON-1844623378-project-member] Lock "0c49d3e0-8924-4e24-9367-517a8dc661eb" acquired by "nova.context.set_target_cell..get_or_set_cached_cell_and_set_connections" :: waited 0.000s {{(pid=61930) inner /usr/local/lib/python3.10/dist-packages/oslo_concurrency/lockutils.py:409}}
Apr 17 22:08:51 user devstack@n-api.service[61930]: DEBUG oslo_concurrency.lockutils [None req-8c40e09b-919c-4b14-b8e6-e6a5b5ad50f6 tempest-ServersNegativeTestJSON-1844623378 tempest-ServersNegativeTestJSON-1844623378-project-member] Lock "0c49d3e0-8924-4e24-9367-517a8dc661eb" "released" by "nova.context.set_target_cell..get_or_set_cached_cell_and_set_connections" :: held 0.000s {{(pid=61930) inner /usr/local/lib/python3.10/dist-packages/oslo_concurrency/lockutils.py:423}}
Apr 17 22:08:51 user devstack@n-api.service[61932]: DEBUG nova.network.neutron [None req-b9d4d25b-efdf-40f3-b3a7-63e5eb9ef514 tempest-AttachVolumeNegativeTest-1678965362 tempest-AttachVolumeNegativeTest-1678965362-project-member] validate_networks() for [('bd9d53b7-0e22-42c4-8b91-49575cadf44f', None, None, None, None, None)] {{(pid=61932) validate_networks /opt/stack/nova/nova/network/neutron.py:2636}}
Apr 17 22:08:51 user devstack@n-api.service[61930]: DEBUG nova.quota [None req-8c40e09b-919c-4b14-b8e6-e6a5b5ad50f6 tempest-ServersNegativeTestJSON-1844623378 tempest-ServersNegativeTestJSON-1844623378-project-member] Getting quotas for project f21699c3400842d3a28e71b288a4aaff. Resources: {'cores', 'ram', 'instances'} {{(pid=61930) _get_quotas /opt/stack/nova/nova/quota.py:393}}
Apr 17 22:08:51 user devstack@n-api.service[61930]: DEBUG nova.quota [None req-8c40e09b-919c-4b14-b8e6-e6a5b5ad50f6 tempest-ServersNegativeTestJSON-1844623378 tempest-ServersNegativeTestJSON-1844623378-project-member] Getting quotas for user 51c0b269c97241d9ad122b23af3ca7ea and project f21699c3400842d3a28e71b288a4aaff. Resources: {'cores', 'ram', 'instances'} {{(pid=61930) _get_quotas /opt/stack/nova/nova/quota.py:383}}
Apr 17 22:08:51 user devstack@n-api.service[61930]: DEBUG nova.compute.api [None req-8c40e09b-919c-4b14-b8e6-e6a5b5ad50f6 tempest-ServersNegativeTestJSON-1844623378 tempest-ServersNegativeTestJSON-1844623378-project-member] Going to run 1 instances... {{(pid=61930) _provision_instances /opt/stack/nova/nova/compute/api.py:1403}}
Apr 17 22:08:51 user devstack@n-api.service[61930]: DEBUG nova.compute.api [None req-8c40e09b-919c-4b14-b8e6-e6a5b5ad50f6 tempest-ServersNegativeTestJSON-1844623378 tempest-ServersNegativeTestJSON-1844623378-project-member] [instance: 7bb0580b-727f-4168-9d56-56dcb4fa404e] block_device_mapping [BlockDeviceMapping(attachment_id=,boot_index=0,connection_info=None,created_at=,delete_on_termination=True,deleted=,deleted_at=,destination_type='local',device_name=None,device_type='disk',disk_bus=None,encrypted=False,encryption_format=None,encryption_options=None,encryption_secret_uuid=None,guest_format=None,id=,image_id='80deb4f3-99ac-4a4a-a04f-aa012f8a6b8f',instance=,instance_uuid=,no_device=False,snapshot_id=None,source_type='image',tag=None,updated_at=,uuid=,volume_id=None,volume_size=None,volume_type=None)] {{(pid=61930) _bdm_validate_set_size_and_instance /opt/stack/nova/nova/compute/api.py:1864}}
Apr 17 22:08:51 user devstack@n-api.service[61930]: INFO nova.api.openstack.requestlog [None req-8c40e09b-919c-4b14-b8e6-e6a5b5ad50f6 tempest-ServersNegativeTestJSON-1844623378 tempest-ServersNegativeTestJSON-1844623378-project-member] 10.0.0.210 "POST /compute/v2.1/servers" status: 202 len: 378 microversion: 2.1 time: 2.184984
