Jul 24 14:42:58 user devstack@keystone.service[41948]: ERROR keystone.server.flask.application return self.creator()
Jul 24 14:42:58 user devstack@keystone.service[41948]: ERROR keystone.server.flask.application
File "/usr/local/lib/python3.10/dist-packages/dogpile/cache/region.py", line 995, in gen_value
Jul 24 14:42:58 user devstack@keystone.service[41948]: ERROR keystone.server.flask.application created_value = creator(
Jul 24 14:42:58 user devstack@keystone.service[41948]: ERROR keystone.server.flask.application
File "/opt/stack/keystone/keystone/assignment/core.py", line 1276, in get_role
Jul 24 14:42:58 user devstack@keystone.service[41948]: ERROR keystone.server.flask.application return self.driver.get_role(role_id)
Jul 24 14:42:58 user devstack@keystone.service[41948]: ERROR keystone.server.flask.application
File "/opt/stack/keystone/keystone/assignment/role_backends/sql.py", line 70, in get_role
Jul 24 14:42:58 user devstack@keystone.service[41948]: ERROR keystone.server.flask.application return self._get_role(session, role_id).to_dict()
Jul 24 14:42:58 user devstack@keystone.service[41948]: ERROR keystone.server.flask.application
File "/opt/stack/keystone/keystone/assignment/role_backends/sql.py", line 65, in _get_role
Jul 24 14:42:58 user devstack@keystone.service[41948]: ERROR keystone.server.flask.application raise exception.RoleNotFound(role_id=role_id)
Jul 24 14:42:58 user devstack@keystone.service[41948]: ERROR keystone.server.flask.application keystone.exception.RoleNotFound: Could not find role: anotherrole.
Jul 24 14:42:58 user devstack@keystone.service[41948]: ERROR keystone.server.flask.application
Jul 24 14:42:58 user devstack@keystone.service[41948]: [pid: 41948|app: 0|req: 106/304] 10.0.0.210 () {56 vars in 1109 bytes} [Mon Jul 24 14:42:57 2023] GET /identity/v3/roles/anotherrole => generated 89 bytes in 147 msecs (HTTP/1.1 404) 5 headers in 183 bytes (2 switches on core 0)
Jul 24 14:42:58 user devstack@keystone.service[41947]: DEBUG keystone.server.flask.request_processing.middleware.auth_context [None req-a9423f3f-3c47-442d-ba32-df820194e34d None admin] Authenticating user token {{(pid=41947) process_request /usr/local/lib/python3.10/dist-packages/keystonemiddleware/auth_token/__init__.py:406}}
Jul 24 14:42:58 user devstack@keystone.service[41949]: DEBUG dbcounter [-] [41949] Writing DB stats keystone:SELECT=100 {{(pid=41949) stat_writer /usr/local/lib/python3.10/dist-packages/dbcounter.py:117}}
Jul 24 14:42:58 user devstack@keystone.service[41949]: DEBUG keystone.server.flask.request_processing.middleware.auth_context [None req-b0c67dd5-e50f-4a73-b02e-8f79ea5183aa None None] Validating token access rules against request {{(pid=41949) validate_allowed_request /usr/local/lib/python3.10/dist-packages/keystonemiddleware/auth_token/__init__.py:544}}
Jul 24 14:42:58 user devstack@keystone.service[41948]: DEBUG keystone.server.flask.request_processing.middleware.auth_context [None req-ee895e05-d236-49a9-aa08-08cf69ab15ab None admin] Authenticating user token {{(pid=41948) process_request /usr/local/lib/python3.10/dist-packages/keystonemiddleware/auth_token/__init__.py:406}}
Jul 24 14:42:58 user devstack@keystone.service[41949]: DEBUG keystone.server.flask.request_processing.middleware.auth_context [None req-5b40937f-34b3-4be0-b132-aa7504d15d47 None admin] RBAC: auth_context: {'token': , 'domain_id': None, 'trust_id': None, 'trustor_id': None, 'trustee_id': None, 'domain_name': None, 'group_ids': [], 'user_id': '8d50e22a6c224f668df879a05eef2a76', 'user_domain_id': 'default', 'system_scope': 'all', 'project_id': None, 'project_domain_id': None, 'roles': ['admin', 'member', 'reader'], 'is_admin_project': True, 'service_user_id': None, 'service_user_domain_id': None, 'service_project_id': None, 'service_project_domain_id': None, 'service_roles': []} {{(pid=41949) fill_context /opt/stack/keystone/keystone/server/flask/request_processing/middleware/auth_context.py:480}}
Jul 24 14:42:58 user devstack@keystone.service[41949]: DEBUG keystone.server.flask.request_processing.req_logging [None req-5b40937f-34b3-4be0-b132-aa7504d15d47 None admin] REQUEST_METHOD: `GET` {{(pid=41949) log_request_info /opt/stack/keystone/keystone/server/flask/request_processing/req_logging.py:27}}
Jul 24 14:42:58 user devstack@keystone.service[41949]: DEBUG keystone.server.flask.request_processing.req_logging [None req-5b40937f-34b3-4be0-b132-aa7504d15d47 None admin] SCRIPT_NAME: `/identity` {{(pid=41949) log_request_info /opt/stack/keystone/keystone/server/flask/request_processing/req_logging.py:28}}
Jul 24 14:42:58 user devstack@keystone.service[41949]: DEBUG keystone.server.flask.request_processing.req_logging [None req-5b40937f-34b3-4be0-b132-aa7504d15d47 None admin] PATH_INFO: `/v3/roles` {{(pid=41949) log_request_info /opt/stack/keystone/keystone/server/flask/request_processing/req_logging.py:29}}
Jul 24 14:42:58 user devstack@keystone.service[41949]: DEBUG keystone.common.rbac_enforcer.enforcer [None req-5b40937f-34b3-4be0-b132-aa7504d15d47 None admin] RBAC: Adding query filter params (name=member) {{(pid=41949) _extract_filter_values /opt/stack/keystone/keystone/common/rbac_enforcer/enforcer.py:167}}
Jul 24 14:42:58 user devstack@keystone.service[41949]: DEBUG keystone.common.rbac_enforcer.enforcer [None req-5b40937f-34b3-4be0-b132-aa7504d15d47 None admin] RBAC: Authorizing `identity:list_roles()` {{(pid=41949) enforce_call /opt/stack/keystone/keystone/common/rbac_enforcer/enforcer.py:449}}
Jul 24 14:42:58 user devstack@keystone.service[41949]: DEBUG keystone.common.rbac_enforcer.enforcer [None req-5b40937f-34b3-4be0-b132-aa7504d15d47 None admin] RBAC: Authorization granted {{(pid=41949) enforce_call /opt/stack/keystone/keystone/common/rbac_enforcer/enforcer.py:457}}
Jul 24 14:42:58 user devstack@keystone.service[41949]: [pid: 41949|app: 0|req: 96/305] 10.0.0.210 () {56 vars in 1096 bytes} [Mon Jul 24 14:42:57 2023] GET /identity/v3/roles?name=member => generated 339 bytes in 135 msecs (HTTP/1.1 200) 5 headers in 177 bytes (1 switches on core 0)
Jul 24 14:42:58 user devstack@keystone.service[41949]: DEBUG keystone.server.flask.request_processing.middleware.auth_context [None req-5b40937f-34b3-4be0-b132-aa7504d15d47 None admin] Authenticating user token {{(pid=41949) process_request /usr/local/lib/python3.10/dist-packages/keystonemiddleware/auth_token/__init__.py:406}}
Jul 24 14:42:58 user devstack@keystone.service[41947]: DEBUG keystone.server.flask.request_processing.middleware.auth_context [None req-a9423f3f-3c47-442d-ba32-df820194e34d None admin] Validating token access rules against request {{(pid=41947) validate_allowed_request /usr/local/lib/python3.10/dist-packages/keystonemiddleware/auth_token/__init__.py:544}}
Jul 24 14:42:58 user devstack@keystone.service[41947]: DEBUG keystone.server.flask.request_processing.middleware.auth_context [None req-88af2ef1-cfcc-4590-9f05-4338a5722531 None admin] RBAC: auth_context: {'token': , 'domain_id': None, 'trust_id': None, 'trustor_id': None, 'trustee_id': None, 'domain_name': None, 'group_ids': [], 'user_id': '8d50e22a6c224f668df879a05eef2a76', 'user_domain_id': 'default', 'system_scope': 'all', 'project_id': None, 'project_domain_id': None, 'roles': ['admin', 'member', 'reader'], 'is_admin_project': True, 'service_user_id': None, 'service_user_domain_id': None, 'service_project_id': None, 'service_project_domain_id': None, 'service_roles': []} {{(pid=41947) fill_context /opt/stack/keystone/keystone/server/flask/request_processing/middleware/auth_context.py:480}}
Jul 24 14:42:58 user devstack@keystone.service[41947]: DEBUG keystone.server.flask.request_processing.req_logging [None req-88af2ef1-cfcc-4590-9f05-4338a5722531 None admin] REQUEST_METHOD: `GET` {{(pid=41947) log_request_info /opt/stack/keystone/keystone/server/flask/request_processing/req_logging.py:27}}
Jul 24 14:42:58 user devstack@keystone.service[41947]: DEBUG keystone.server.flask.request_processing.req_logging [None req-88af2ef1-cfcc-4590-9f05-4338a5722531 None admin] SCRIPT_NAME: `/identity` {{(pid=41947) log_request_info /opt/stack/keystone/keystone/server/flask/request_processing/req_logging.py:28}}
Jul 24 14:42:58 user devstack@keystone.service[41947]: DEBUG keystone.server.flask.request_processing.req_logging [None req-88af2ef1-cfcc-4590-9f05-4338a5722531 None admin] PATH_INFO: `/v3/roles` {{(pid=41947) log_request_info /opt/stack/keystone/keystone/server/flask/request_processing/req_logging.py:29}}
Jul 24 14:42:58 user devstack@keystone.service[41947]: DEBUG keystone.common.rbac_enforcer.enforcer [None req-88af2ef1-cfcc-4590-9f05-4338a5722531 None admin] RBAC: Adding query filter params (name=anotherrole) {{(pid=41947) _extract_filter_values /opt/stack/keystone/keystone/common/rbac_enforcer/enforcer.py:167}}
Jul 24 14:42:58 user devstack@keystone.service[41947]: DEBUG keystone.common.rbac_enforcer.enforcer [None req-88af2ef1-cfcc-4590-9f05-4338a5722531 None admin] RBAC: Authorizing `identity:list_roles()` {{(pid=41947) enforce_call /opt/stack/keystone/keystone/common/rbac_enforcer/enforcer.py:449}}
Jul 24 14:42:58 user devstack@keystone.service[41947]: DEBUG keystone.common.rbac_enforcer.enforcer [None req-88af2ef1-cfcc-4590-9f05-4338a5722531 None admin] RBAC: Authorization granted {{(pid=41947) enforce_call /opt/stack/keystone/keystone/common/rbac_enforcer/enforcer.py:457}}
Jul 24 14:42:58 user devstack@keystone.service[41947]: [pid: 41947|app: 0|req: 104/306] 10.0.0.210 () {56 vars in 1106 bytes} [Mon Jul 24 14:42:58 2023] GET /identity/v3/roles?name=anotherrole => generated 332 bytes in 132 msecs (HTTP/1.1 200) 5 headers in 177 bytes (1 switches on core 0)
Jul 24 14:42:58 user devstack@keystone.service[41947]: DEBUG keystone.server.flask.request_processing.req_logging [None req-a5b72fb3-5822-48a1-a7a2-1247fc505f54 None None] REQUEST_METHOD: `GET` {{(pid=41947) log_request_info /opt/stack/keystone/keystone/server/flask/request_processing/req_logging.py:27}}
Jul 24 14:42:58 user devstack@keystone.service[41947]: DEBUG keystone.server.flask.request_processing.req_logging [None req-a5b72fb3-5822-48a1-a7a2-1247fc505f54 None None] SCRIPT_NAME: `/identity` {{(pid=41947) log_request_info /opt/stack/keystone/keystone/server/flask/request_processing/req_logging.py:28}}
Jul 24 14:42:58 user devstack@keystone.service[41947]: DEBUG keystone.server.flask.request_processing.req_logging [None req-a5b72fb3-5822-48a1-a7a2-1247fc505f54 None None] PATH_INFO: `/` {{(pid=41947) log_request_info /opt/stack/keystone/keystone/server/flask/request_processing/req_logging.py:29}}
Jul 24 14:42:58 user devstack@keystone.service[41947]: [pid: 41947|app: 0|req: 105/307] 10.0.0.210 () {54 vars in 920 bytes} [Mon Jul 24 14:42:58 2023] GET /identity => generated 269 bytes in 2 msecs (HTTP/1.1 300) 6 headers in 233 bytes (1 switches on core 0)
Jul 24 14:42:58 user devstack@keystone.service[41947]: DEBUG keystone.server.flask.request_processing.middleware.auth_context [None req-a5b72fb3-5822-48a1-a7a2-1247fc505f54 None None] Authenticating user token {{(pid=41947) process_request /usr/local/lib/python3.10/dist-packages/keystonemiddleware/auth_token/__init__.py:406}}
Jul 24 14:42:58 user devstack@keystone.service[41947]: DEBUG dbcounter [-] [41947] Writing DB stats keystone:SELECT=100 {{(pid=41947) stat_writer /usr/local/lib/python3.10/dist-packages/dbcounter.py:117}}
Jul 24 14:42:58 user devstack@keystone.service[41948]: DEBUG keystone.server.flask.request_processing.middleware.auth_context [None req-ee895e05-d236-49a9-aa08-08cf69ab15ab None admin] Validating token access rules against request {{(pid=41948) validate_allowed_request /usr/local/lib/python3.10/dist-packages/keystonemiddleware/auth_token/__init__.py:544}}
Jul 24 14:42:58 user devstack@keystone.service[41949]: DEBUG keystone.server.flask.request_processing.middleware.auth_context [None req-5b40937f-34b3-4be0-b132-aa7504d15d47 None admin] Validating token access rules against request {{(pid=41949) validate_allowed_request /usr/local/lib/python3.10/dist-packages/keystonemiddleware/auth_token/__init__.py:544}}
Jul 24 14:42:58 user devstack@keystone.service[41948]: DEBUG keystone.server.flask.request_processing.middleware.auth_context [None req-02e3afd2-c520-4fa9-8ff4-99c1f3270e9d None admin] RBAC: auth_context: {'token': , 'domain_id': None, 'trust_id': None, 'trustor_id': None, 'trustee_id': None, 'domain_name': None, 'group_ids': [], 'user_id': '8d50e22a6c224f668df879a05eef2a76', 'user_domain_id': 'default', 'system_scope': 'all', 'project_id': None, 'project_domain_id': None, 'roles': ['admin', 'member', 'reader'], 'is_admin_project': True, 'service_user_id': None, 'service_user_domain_id': None, 'service_project_id': None, 'service_project_domain_id': None, 'service_roles': []} {{(pid=41948) fill_context /opt/stack/keystone/keystone/server/flask/request_processing/middleware/auth_context.py:480}}
Jul 24 14:42:58 user devstack@keystone.service[41948]: DEBUG keystone.server.flask.request_processing.req_logging [None req-02e3afd2-c520-4fa9-8ff4-99c1f3270e9d None admin] REQUEST_METHOD: `GET` {{(pid=41948) log_request_info /opt/stack/keystone/keystone/server/flask/request_processing/req_logging.py:27}}
Jul 24 14:42:58 user devstack@keystone.service[41948]: DEBUG keystone.server.flask.request_processing.req_logging [None req-02e3afd2-c520-4fa9-8ff4-99c1f3270e9d None admin] SCRIPT_NAME: `/identity` {{(pid=41948) log_request_info /opt/stack/keystone/keystone/server/flask/request_processing/req_logging.py:28}}
Jul 24 14:42:58 user devstack@keystone.service[41948]: DEBUG keystone.server.flask.request_processing.req_logging [None req-02e3afd2-c520-4fa9-8ff4-99c1f3270e9d None admin] PATH_INFO: `/v3/roles/member` {{(pid=41948) log_request_info /opt/stack/keystone/keystone/server/flask/request_processing/req_logging.py:29}}
Jul 24 14:42:58 user devstack@keystone.service[41948]: DEBUG dbcounter [-] [41948] Writing DB stats keystone:SELECT=100 {{(pid=41948) stat_writer /usr/local/lib/python3.10/dist-packages/dbcounter.py:117}}
Jul 24 14:42:58 user devstack@keystone.service[41948]: DEBUG keystone.common.rbac_enforcer.enforcer [None req-02e3afd2-c520-4fa9-8ff4-99c1f3270e9d None admin] Extracting inferred target data resulted in "NOT FOUND (404)". {{(pid=41948) enforce_call /opt/stack/keystone/keystone/common/rbac_enforcer/enforcer.py:409}}
Jul 24 14:42:58 user devstack@keystone.service[41948]: ERROR keystone.server.flask.application [None req-02e3afd2-c520-4fa9-8ff4-99c1f3270e9d None admin] Could not find role: member.: keystone.exception.RoleNotFound: Could not find role: member.
Jul 24 14:42:58 user devstack@keystone.service[41948]: ERROR keystone.server.flask.application
Traceback (most recent call last):
Jul 24 14:42:58 user devstack@keystone.service[41948]: ERROR keystone.server.flask.application
File "/usr/local/lib/python3.10/dist-packages/flask/app.py", line 1823, in full_dispatch_request
Jul 24 14:42:58 user devstack@keystone.service[41948]: ERROR keystone.server.flask.application rv = self.dispatch_request()
Jul 24 14:42:58 user devstack@keystone.service[41948]: ERROR keystone.server.flask.application
File "/usr/local/lib/python3.10/dist-packages/flask/app.py", line 1799, in dispatch_request
Jul 24 14:42:58 user devstack@keystone.service[41948]: ERROR keystone.server.flask.application return self.ensure_sync(self.view_functions[rule.endpoint])(**view_args)
Jul 24 14:42:58 user devstack@keystone.service[41948]: ERROR keystone.server.flask.application
File "/usr/local/lib/python3.10/dist-packages/flask_restful/__init__.py", line 467, in wrapper
Jul 24 14:42:58 user devstack@keystone.service[41948]: ERROR keystone.server.flask.application resp = resource(*args, **kwargs)
Jul 24 14:42:58 user devstack@keystone.service[41948]: ERROR keystone.server.flask.application
File "/usr/local/lib/python3.10/dist-packages/flask/views.py", line 107, in view
Jul 24 14:42:58 user devstack@keystone.service[41948]: ERROR keystone.server.flask.application return current_app.ensure_sync(self.dispatch_request)(**kwargs)
Jul 24 14:42:58 user devstack@keystone.service[41948]: ERROR keystone.server.flask.application
File "/usr/local/lib/python3.10/dist-packages/flask_restful/__init__.py", line 582, in dispatch_request
Jul 24 14:42:58 user devstack@keystone.service[41948]: ERROR keystone.server.flask.application resp = meth(*args, **kwargs)
Jul 24 14:42:58 user devstack@keystone.service[41948]: ERROR keystone.server.flask.application
File "/opt/stack/keystone/keystone/api/roles.py", line 50, in get
Jul 24 14:42:58 user devstack@keystone.service[41948]: ERROR keystone.server.flask.application return self._get_role(role_id)
Jul 24 14:42:58 user devstack@keystone.service[41948]: ERROR keystone.server.flask.application
File "/opt/stack/keystone/keystone/api/roles.py", line 70, in _get_role
Jul 24 14:42:58 user devstack@keystone.service[41948]: ERROR keystone.server.flask.application ENFORCER.enforce_call(action='identity:get_role')
Jul 24 14:42:58 user devstack@keystone.service[41948]: ERROR keystone.server.flask.application
File "/opt/stack/keystone/keystone/common/rbac_enforcer/enforcer.py", line 402, in enforce_call
Jul 24 14:42:58 user devstack@keystone.service[41948]: ERROR keystone.server.flask.application policy_dict.update(cls._extract_member_target_data(
Jul 24 14:42:58 user devstack@keystone.service[41948]: ERROR keystone.server.flask.application
File "/opt/stack/keystone/keystone/common/rbac_enforcer/enforcer.py", line 234, in _extract_member_target_data
Jul 24 14:42:58 user devstack@keystone.service[41948]: ERROR keystone.server.flask.application member_name: func(flask.request.view_args[key])
Jul 24 14:42:58 user devstack@keystone.service[41948]: ERROR keystone.server.flask.application
File "/opt/stack/keystone/keystone/common/manager.py", line 115, in wrapped
Jul 24 14:42:58 user devstack@keystone.service[41948]: ERROR keystone.server.flask.application __ret_val = __f(*args, **kwargs)
Jul 24 14:42:58 user devstack@keystone.service[41948]: ERROR keystone.server.flask.application
File "/usr/local/lib/python3.10/dist-packages/decorator.py", line 232, in fun
Jul 24 14:42:58 user devstack@keystone.service[41948]: ERROR keystone.server.flask.application return caller(func, *(extras + args), **kw)
Jul 24 14:42:58 user devstack@keystone.service[41948]: ERROR keystone.server.flask.application
File "/usr/local/lib/python3.10/dist-packages/dogpile/cache/region.py", line 1577, in get_or_create_for_user_func
Jul 24 14:42:58 user devstack@keystone.service[41948]: ERROR keystone.server.flask.application return self.get_or_create(
Jul 24 14:42:58 user devstack@keystone.service[41948]: ERROR keystone.server.flask.application
File "/usr/local/lib/python3.10/dist-packages/dogpile/cache/region.py", line 1042, in get_or_create
Jul 24 14:42:58 user devstack@keystone.service[41948]: ERROR keystone.server.flask.application with Lock(
Jul 24 14:42:58 user devstack@keystone.service[41948]: ERROR keystone.server.flask.application
File "/usr/local/lib/python3.10/dist-packages/dogpile/lock.py", line 185, in __enter__
Jul 24 14:42:58 user devstack@keystone.service[41948]: ERROR keystone.server.flask.application return self._enter()
Jul 24 14:42:58 user devstack@keystone.service[41948]: ERROR keystone.server.flask.application
File "/usr/local/lib/python3.10/dist-packages/dogpile/lock.py", line 94, in _enter
Jul 24 14:42:58 user devstack@keystone.service[41948]: ERROR keystone.server.flask.application generated = self._enter_create(value, createdtime)
Jul 24 14:42:58 user devstack@keystone.service[41948]: ERROR keystone.server.flask.application
File "/usr/local/lib/python3.10/dist-packages/dogpile/lock.py", line 178, in _enter_create
Jul 24 14:42:58 user devstack@keystone.service[41948]: ERROR keystone.server.flask.application return self.creator()
Jul 24 14:42:58 user devstack@keystone.service[41948]: ERROR keystone.server.flask.application
File "/usr/local/lib/python3.10/dist-packages/dogpile/cache/region.py", line 995, in gen_value
Jul 24 14:42:58 user devstack@keystone.service[41948]: ERROR keystone.server.flask.application created_value = creator(
Jul 24 14:42:58 user devstack@keystone.service[41948]: ERROR keystone.server.flask.application
File "/opt/stack/keystone/keystone/assignment/core.py", line 1276, in get_role
Jul 24 14:42:58 user devstack@keystone.service[41948]: ERROR keystone.server.flask.application return self.driver.get_role(role_id)
Jul 24 14:42:58 user devstack@keystone.service[41948]: ERROR keystone.server.flask.application
File "/opt/stack/keystone/keystone/assignment/role_backends/sql.py", line 70, in get_role
Jul 24 14:42:58 user devstack@keystone.service[41948]: ERROR keystone.server.flask.application return self._get_role(session, role_id).to_dict()
Jul 24 14:42:58 user devstack@keystone.service[41948]: ERROR keystone.server.flask.application
File "/opt/stack/keystone/keystone/assignment/role_backends/sql.py", line 65, in _get_role
Jul 24 14:42:58 user devstack@keystone.service[41948]: ERROR keystone.server.flask.application raise exception.RoleNotFound(role_id=role_id)
Jul 24 14:42:58 user devstack@keystone.service[41948]: ERROR keystone.server.flask.application keystone.exception.RoleNotFound: Could not find role: member.
Jul 24 14:42:58 user devstack@keystone.service[41948]: ERROR keystone.server.flask.application
Jul 24 14:42:58 user devstack@keystone.service[41948]: [pid: 41948|app: 0|req: 107/308] 10.0.0.210 () {56 vars in 1094 bytes} [Mon Jul 24 14:42:58 2023] GET /identity/v3/roles/member => generated 84 bytes in 138 msecs (HTTP/1.1 404) 5 headers in 183 bytes (1 switches on core 0)
Jul 24 14:42:58 user devstack@keystone.service[41948]: DEBUG keystone.server.flask.request_processing.req_logging [None req-7f24bef2-0d06-48ca-9be4-2fe052bc6e6a None None] REQUEST_METHOD: `POST` {{(pid=41948) log_request_info /opt/stack/keystone/keystone/server/flask/request_processing/req_logging.py:27}}
Jul 24 14:42:58 user devstack@keystone.service[41948]: DEBUG keystone.server.flask.request_processing.req_logging [None req-7f24bef2-0d06-48ca-9be4-2fe052bc6e6a None None] SCRIPT_NAME: `/identity` {{(pid=41948) log_request_info /opt/stack/keystone/keystone/server/flask/request_processing/req_logging.py:28}}
Jul 24 14:42:58 user devstack@keystone.service[41948]: DEBUG keystone.server.flask.request_processing.req_logging [None req-7f24bef2-0d06-48ca-9be4-2fe052bc6e6a None None] PATH_INFO: `/v3/auth/tokens` {{(pid=41948) log_request_info /opt/stack/keystone/keystone/server/flask/request_processing/req_logging.py:29}}
Jul 24 14:42:58 user devstack@keystone.service[41949]: DEBUG keystone.server.flask.request_processing.middleware.auth_context [None req-119952d4-6319-4124-bdf6-5fa31ae6303f None admin] RBAC: auth_context: {'token': , 'domain_id': None, 'trust_id': None, 'trustor_id': None, 'trustee_id': None, 'domain_name': None, 'group_ids': [], 'user_id': '8d50e22a6c224f668df879a05eef2a76', 'user_domain_id': 'default', 'system_scope': 'all', 'project_id': None, 'project_domain_id': None, 'roles': ['admin', 'member', 'reader'], 'is_admin_project': True, 'service_user_id': None, 'service_user_domain_id': None, 'service_project_id': None, 'service_project_domain_id': None, 'service_roles': []} {{(pid=41949) fill_context /opt/stack/keystone/keystone/server/flask/request_processing/middleware/auth_context.py:480}}
Jul 24 14:42:58 user devstack@keystone.service[41949]: DEBUG keystone.server.flask.request_processing.req_logging [None req-119952d4-6319-4124-bdf6-5fa31ae6303f None admin] REQUEST_METHOD: `GET` {{(pid=41949) log_request_info /opt/stack/keystone/keystone/server/flask/request_processing/req_logging.py:27}}
Jul 24 14:42:58 user devstack@keystone.service[41949]: DEBUG keystone.server.flask.request_processing.req_logging [None req-119952d4-6319-4124-bdf6-5fa31ae6303f None admin] SCRIPT_NAME: `/identity` {{(pid=41949) log_request_info /opt/stack/keystone/keystone/server/flask/request_processing/req_logging.py:28}}
Jul 24 14:42:58 user devstack@keystone.service[41949]: DEBUG keystone.server.flask.request_processing.req_logging [None req-119952d4-6319-4124-bdf6-5fa31ae6303f None admin] PATH_INFO: `/v3/auth/tokens` {{(pid=41949) log_request_info /opt/stack/keystone/keystone/server/flask/request_processing/req_logging.py:29}}
Jul 24 14:42:58 user devstack@keystone.service[41948]: WARNING keystone.common.password_hashing [None req-7f24bef2-0d06-48ca-9be4-2fe052bc6e6a None None] Truncating password to algorithm specific maximum length 54 characters.
Jul 24 14:42:58 user devstack@keystone.service[41948]: DEBUG keystone.auth.core [None req-7f24bef2-0d06-48ca-9be4-2fe052bc6e6a None None] MFA Rules not processed for user `8d50e22a6c224f668df879a05eef2a76`. Rule list: `[]` (Enabled: `True`). {{(pid=41948) check_auth_methods_against_rules /opt/stack/keystone/keystone/auth/core.py:438}}
Jul 24 14:42:58 user devstack@keystone.service[41948]: DEBUG keystone.common.fernet_utils [None req-7f24bef2-0d06-48ca-9be4-2fe052bc6e6a None None] Loaded 2 Fernet keys from /etc/keystone/fernet-keys/, but `[fernet_tokens] max_active_keys = 3`; perhaps there have not been enough key rotations to reach `max_active_keys` yet? {{(pid=41948) load_keys /opt/stack/keystone/keystone/common/fernet_utils.py:286}}
Jul 24 14:42:58 user devstack@keystone.service[41947]: DEBUG keystone.server.flask.request_processing.middleware.auth_context [None req-a5b72fb3-5822-48a1-a7a2-1247fc505f54 None None] Validating token access rules against request {{(pid=41947) validate_allowed_request /usr/local/lib/python3.10/dist-packages/keystonemiddleware/auth_token/__init__.py:544}}
Jul 24 14:42:58 user devstack@keystone.service[41949]: DEBUG dbcounter [-] [41949] Writing DB stats keystone:SELECT=100 {{(pid=41949) stat_writer /usr/local/lib/python3.10/dist-packages/dbcounter.py:117}}
Jul 24 14:42:58 user devstack@keystone.service[41947]: DEBUG keystone.server.flask.request_processing.middleware.auth_context [None req-48689142-7261-4269-a274-677b38e27031 None admin] RBAC: auth_context: {'token': , 'domain_id': None, 'trust_id': None, 'trustor_id': None, 'trustee_id': None, 'domain_name': None, 'group_ids': [], 'user_id': '8d50e22a6c224f668df879a05eef2a76', 'user_domain_id': 'default', 'system_scope': 'all', 'project_id': None, 'project_domain_id': None, 'roles': ['admin', 'member', 'reader'], 'is_admin_project': True, 'service_user_id': None, 'service_user_domain_id': None, 'service_project_id': None, 'service_project_domain_id': None, 'service_roles': []} {{(pid=41947) fill_context /opt/stack/keystone/keystone/server/flask/request_processing/middleware/auth_context.py:480}}
Jul 24 14:42:58 user devstack@keystone.service[41947]: DEBUG keystone.server.flask.request_processing.req_logging [None req-48689142-7261-4269-a274-677b38e27031 None admin] REQUEST_METHOD: `GET` {{(pid=41947) log_request_info /opt/stack/keystone/keystone/server/flask/request_processing/req_logging.py:27}}
Jul 24 14:42:58 user devstack@keystone.service[41947]: DEBUG keystone.server.flask.request_processing.req_logging [None req-48689142-7261-4269-a274-677b38e27031 None admin] SCRIPT_NAME: `/identity` {{(pid=41947) log_request_info /opt/stack/keystone/keystone/server/flask/request_processing/req_logging.py:28}}
Jul 24 14:42:58 user devstack@keystone.service[41947]: DEBUG keystone.server.flask.request_processing.req_logging [None req-48689142-7261-4269-a274-677b38e27031 None admin] PATH_INFO: `/v3/auth/tokens` {{(pid=41947) log_request_info /opt/stack/keystone/keystone/server/flask/request_processing/req_logging.py:29}}
Jul 24 14:42:58 user devstack@keystone.service[41949]: DEBUG keystone.common.rbac_enforcer.enforcer [None req-119952d4-6319-4124-bdf6-5fa31ae6303f None admin] RBAC: Authorizing `identity:validate_token()` {{(pid=41949) enforce_call /opt/stack/keystone/keystone/common/rbac_enforcer/enforcer.py:449}}
Jul 24 14:42:58 user devstack@keystone.service[41949]: DEBUG keystone.common.rbac_enforcer.enforcer [None req-119952d4-6319-4124-bdf6-5fa31ae6303f None admin] RBAC: Authorization granted {{(pid=41949) enforce_call /opt/stack/keystone/keystone/common/rbac_enforcer/enforcer.py:457}}
Jul 24 14:42:58 user devstack@keystone.service[41948]: [pid: 41948|app: 0|req: 108/309] 10.0.0.210 () {58 vars in 1017 bytes} [Mon Jul 24 14:42:58 2023] POST /identity/v3/auth/tokens => generated 798 bytes in 77 msecs (HTTP/1.1 201) 6 headers in 363 bytes (1 switches on core 0)
Jul 24 14:42:58 user devstack@keystone.service[41948]: DEBUG keystone.server.flask.request_processing.req_logging [None req-959c4877-c2cf-4c5d-bd1f-8707efd782a2 None None] REQUEST_METHOD: `GET` {{(pid=41948) log_request_info /opt/stack/keystone/keystone/server/flask/request_processing/req_logging.py:27}}
Jul 24 14:42:58 user devstack@keystone.service[41948]: DEBUG keystone.server.flask.request_processing.req_logging [None req-959c4877-c2cf-4c5d-bd1f-8707efd782a2 None None] SCRIPT_NAME: `/identity` {{(pid=41948) log_request_info /opt/stack/keystone/keystone/server/flask/request_processing/req_logging.py:28}}
Jul 24 14:42:58 user devstack@keystone.service[41948]: DEBUG keystone.server.flask.request_processing.req_logging [None req-959c4877-c2cf-4c5d-bd1f-8707efd782a2 None None] PATH_INFO: `/` {{(pid=41948) log_request_info /opt/stack/keystone/keystone/server/flask/request_processing/req_logging.py:29}}
Jul 24 14:42:58 user devstack@keystone.service[41948]: [pid: 41948|app: 0|req: 109/310] 10.0.0.210 () {54 vars in 920 bytes} [Mon Jul 24 14:42:58 2023] GET /identity => generated 269 bytes in 2 msecs (HTTP/1.1 300) 6 headers in 233 bytes (1 switches on core 0)
Jul 24 14:42:58 user devstack@keystone.service[41948]: DEBUG keystone.server.flask.request_processing.middleware.auth_context [None req-959c4877-c2cf-4c5d-bd1f-8707efd782a2 None None] Authenticating user token {{(pid=41948) process_request /usr/local/lib/python3.10/dist-packages/keystonemiddleware/auth_token/__init__.py:406}}
Jul 24 14:42:58 user devstack@keystone.service[41947]: DEBUG keystone.common.rbac_enforcer.enforcer [None req-48689142-7261-4269-a274-677b38e27031 None admin] RBAC: Authorizing `identity:validate_token()` {{(pid=41947) enforce_call /opt/stack/keystone/keystone/common/rbac_enforcer/enforcer.py:449}}
Jul 24 14:42:58 user devstack@keystone.service[41947]: DEBUG keystone.common.rbac_enforcer.enforcer [None req-48689142-7261-4269-a274-677b38e27031 None admin] RBAC: Authorization granted {{(pid=41947) enforce_call /opt/stack/keystone/keystone/common/rbac_enforcer/enforcer.py:457}}
Jul 24 14:42:58 user devstack@keystone.service[41947]: DEBUG dbcounter [-] [41947] Writing DB stats keystone:SELECT=100 {{(pid=41947) stat_writer /usr/local/lib/python3.10/dist-packages/dbcounter.py:117}}
Jul 24 14:42:58 user devstack@keystone.service[41949]: [pid: 41949|app: 0|req: 97/311] 10.0.0.210 () {58 vars in 1277 bytes} [Mon Jul 24 14:42:58 2023] GET /identity/v3/auth/tokens => generated 798 bytes in 278 msecs (HTTP/1.1 200) 6 headers in 358 bytes (1 switches on core 0)
Jul 24 14:42:58 user devstack@keystone.service[41949]: DEBUG keystone.server.flask.request_processing.req_logging [None req-3a1b9cb0-cf80-4b3b-b412-07782cef5486 None None] REQUEST_METHOD: `POST` {{(pid=41949) log_request_info /opt/stack/keystone/keystone/server/flask/request_processing/req_logging.py:27}}
Jul 24 14:42:58 user devstack@keystone.service[41949]: DEBUG keystone.server.flask.request_processing.req_logging [None req-3a1b9cb0-cf80-4b3b-b412-07782cef5486 None None] SCRIPT_NAME: `/identity` {{(pid=41949) log_request_info /opt/stack/keystone/keystone/server/flask/request_processing/req_logging.py:28}}
Jul 24 14:42:58 user devstack@keystone.service[41949]: DEBUG keystone.server.flask.request_processing.req_logging [None req-3a1b9cb0-cf80-4b3b-b412-07782cef5486 None None] PATH_INFO: `/v3/auth/tokens` {{(pid=41949) log_request_info /opt/stack/keystone/keystone/server/flask/request_processing/req_logging.py:29}}
Jul 24 14:42:58 user devstack@keystone.service[41948]: DEBUG keystone.server.flask.request_processing.middleware.auth_context [None req-959c4877-c2cf-4c5d-bd1f-8707efd782a2 None None] Validating token access rules against request {{(pid=41948) validate_allowed_request /usr/local/lib/python3.10/dist-packages/keystonemiddleware/auth_token/__init__.py:544}}
Jul 24 14:42:58 user devstack@keystone.service[41949]: WARNING keystone.common.password_hashing [None req-3a1b9cb0-cf80-4b3b-b412-07782cef5486 None None] Truncating password to algorithm specific maximum length 54 characters.
Jul 24 14:42:58 user devstack@keystone.service[41949]: DEBUG keystone.auth.core [None req-3a1b9cb0-cf80-4b3b-b412-07782cef5486 None None] MFA Rules not processed for user `8d50e22a6c224f668df879a05eef2a76`. Rule list: `[]` (Enabled: `True`). {{(pid=41949) check_auth_methods_against_rules /opt/stack/keystone/keystone/auth/core.py:438}}
Jul 24 14:42:58 user devstack@keystone.service[41949]: DEBUG keystone.common.fernet_utils [None req-3a1b9cb0-cf80-4b3b-b412-07782cef5486 None None] Loaded 2 Fernet keys from /etc/keystone/fernet-keys/, but `[fernet_tokens] max_active_keys = 3`; perhaps there have not been enough key rotations to reach `max_active_keys` yet? {{(pid=41949) load_keys /opt/stack/keystone/keystone/common/fernet_utils.py:286}}
Jul 24 14:42:58 user devstack@keystone.service[41948]: DEBUG dbcounter [-] [41948] Writing DB stats keystone:SELECT=100 {{(pid=41948) stat_writer /usr/local/lib/python3.10/dist-packages/dbcounter.py:117}}
Jul 24 14:42:58 user devstack@keystone.service[41948]: DEBUG keystone.server.flask.request_processing.middleware.auth_context [None req-bd59b6e4-ab5e-4ef7-b56c-9e93e93a9803 None admin] RBAC: auth_context: {'token': , 'domain_id': None, 'trust_id': None, 'trustor_id': None, 'trustee_id': None, 'domain_name': None, 'group_ids': [], 'user_id': '8d50e22a6c224f668df879a05eef2a76', 'user_domain_id': 'default', 'system_scope': 'all', 'project_id': None, 'project_domain_id': None, 'roles': ['admin', 'member', 'reader'], 'is_admin_project': True, 'service_user_id': None, 'service_user_domain_id': None, 'service_project_id': None, 'service_project_domain_id': None, 'service_roles': []} {{(pid=41948) fill_context /opt/stack/keystone/keystone/server/flask/request_processing/middleware/auth_context.py:480}}
Jul 24 14:42:58 user devstack@keystone.service[41948]: DEBUG keystone.server.flask.request_processing.req_logging [None req-bd59b6e4-ab5e-4ef7-b56c-9e93e93a9803 None admin] REQUEST_METHOD: `GET` {{(pid=41948) log_request_info /opt/stack/keystone/keystone/server/flask/request_processing/req_logging.py:27}}
Jul 24 14:42:58 user devstack@keystone.service[41948]: DEBUG keystone.server.flask.request_processing.req_logging [None req-bd59b6e4-ab5e-4ef7-b56c-9e93e93a9803 None admin] SCRIPT_NAME: `/identity` {{(pid=41948) log_request_info /opt/stack/keystone/keystone/server/flask/request_processing/req_logging.py:28}}
Jul 24 14:42:58 user devstack@keystone.service[41948]: DEBUG keystone.server.flask.request_processing.req_logging [None req-bd59b6e4-ab5e-4ef7-b56c-9e93e93a9803 None admin] PATH_INFO: `/v3/roles` {{(pid=41948) log_request_info /opt/stack/keystone/keystone/server/flask/request_processing/req_logging.py:29}}
Jul 24 14:42:58 user devstack@keystone.service[41948]: DEBUG keystone.common.rbac_enforcer.enforcer [None req-bd59b6e4-ab5e-4ef7-b56c-9e93e93a9803 None admin] RBAC: Adding query filter params (name=member) {{(pid=41948) _extract_filter_values /opt/stack/keystone/keystone/common/rbac_enforcer/enforcer.py:167}}
Jul 24 14:42:58 user devstack@keystone.service[41948]: DEBUG keystone.common.rbac_enforcer.enforcer [None req-bd59b6e4-ab5e-4ef7-b56c-9e93e93a9803 None admin] RBAC: Authorizing `identity:list_roles()` {{(pid=41948) enforce_call /opt/stack/keystone/keystone/common/rbac_enforcer/enforcer.py:449}}
Jul 24 14:42:58 user devstack@keystone.service[41948]: DEBUG keystone.common.rbac_enforcer.enforcer [None req-bd59b6e4-ab5e-4ef7-b56c-9e93e93a9803 None admin] RBAC: Authorization granted {{(pid=41948) enforce_call /opt/stack/keystone/keystone/common/rbac_enforcer/enforcer.py:457}}
Jul 24 14:42:58 user devstack@keystone.service[41947]: [pid: 41947|app: 0|req: 106/312] 10.0.0.210 () {58 vars in 1277 bytes} [Mon Jul 24 14:42:58 2023] GET /identity/v3/auth/tokens => generated 798 bytes in 272 msecs (HTTP/1.1 200) 6 headers in 358 bytes (2 switches on core 0)
Jul 24 14:42:58 user devstack@keystone.service[41947]: DEBUG keystone.server.flask.request_processing.middleware.auth_context [None req-48689142-7261-4269-a274-677b38e27031 None admin] Authenticating user token {{(pid=41947) process_request /usr/local/lib/python3.10/dist-packages/keystonemiddleware/auth_token/__init__.py:406}}
Jul 24 14:42:58 user devstack@keystone.service[41948]: [pid: 41948|app: 0|req: 110/313] 10.0.0.210 () {56 vars in 1096 bytes} [Mon Jul 24 14:42:58 2023] GET /identity/v3/roles?name=member => generated 339 bytes in 125 msecs (HTTP/1.1 200) 5 headers in 177 bytes (1 switches on core 0)
Jul 24 14:42:58 user devstack@keystone.service[41948]: DEBUG keystone.server.flask.request_processing.middleware.auth_context [None req-bd59b6e4-ab5e-4ef7-b56c-9e93e93a9803 None admin] Authenticating user token {{(pid=41948) process_request /usr/local/lib/python3.10/dist-packages/keystonemiddleware/auth_token/__init__.py:406}}
Jul 24 14:42:58 user devstack@keystone.service[41949]: DEBUG dbcounter [-] [41949] Writing DB stats keystone:SELECT=100 {{(pid=41949) stat_writer /usr/local/lib/python3.10/dist-packages/dbcounter.py:117}}
Jul 24 14:42:58 user devstack@keystone.service[41949]: [pid: 41949|app: 0|req: 98/314] 10.0.0.210 () {58 vars in 1017 bytes} [Mon Jul 24 14:42:58 2023] POST /identity/v3/auth/tokens => generated 798 bytes in 78 msecs (HTTP/1.1 201) 6 headers in 363 bytes (1 switches on core 0)
Jul 24 14:42:58 user devstack@keystone.service[41949]: DEBUG keystone.server.flask.request_processing.middleware.auth_context [None req-3a1b9cb0-cf80-4b3b-b412-07782cef5486 None None] Authenticating user token {{(pid=41949) process_request /usr/local/lib/python3.10/dist-packages/keystonemiddleware/auth_token/__init__.py:406}}
Jul 24 14:42:58 user devstack@keystone.service[41947]: DEBUG keystone.server.flask.request_processing.middleware.auth_context [None req-48689142-7261-4269-a274-677b38e27031 None admin] Validating token access rules against request {{(pid=41947) validate_allowed_request /usr/local/lib/python3.10/dist-packages/keystonemiddleware/auth_token/__init__.py:544}}
Jul 24 14:42:58 user devstack@keystone.service[41948]: DEBUG keystone.server.flask.request_processing.middleware.auth_context [None req-bd59b6e4-ab5e-4ef7-b56c-9e93e93a9803 None admin] Validating token access rules against request {{(pid=41948) validate_allowed_request /usr/local/lib/python3.10/dist-packages/keystonemiddleware/auth_token/__init__.py:544}}
Jul 24 14:42:58 user devstack@keystone.service[41947]: DEBUG dbcounter [-] [41947] Writing DB stats keystone:SELECT=100 {{(pid=41947) stat_writer /usr/local/lib/python3.10/dist-packages/dbcounter.py:117}}
Jul 24 14:42:58 user devstack@keystone.service[41949]: DEBUG keystone.server.flask.request_processing.middleware.auth_context [None req-3a1b9cb0-cf80-4b3b-b412-07782cef5486 None None] Validating token access rules against request {{(pid=41949) validate_allowed_request /usr/local/lib/python3.10/dist-packages/keystonemiddleware/auth_token/__init__.py:544}}
Jul 24 14:42:58 user devstack@keystone.service[41947]: DEBUG keystone.server.flask.request_processing.middleware.auth_context [None req-219f571b-fa61-401e-b859-843055241f89 None admin] RBAC: auth_context: {'token': , 'domain_id': None, 'trust_id': None, 'trustor_id': None, 'trustee_id': None, 'domain_name': None, 'group_ids': [], 'user_id': '8d50e22a6c224f668df879a05eef2a76', 'user_domain_id': 'default', 'system_scope': 'all', 'project_id': None, 'project_domain_id': None, 'roles': ['admin', 'member', 'reader'], 'is_admin_project': True, 'service_user_id': None, 'service_user_domain_id': None, 'service_project_id': None, 'service_project_domain_id': None, 'service_roles': []} {{(pid=41947) fill_context /opt/stack/keystone/keystone/server/flask/request_processing/middleware/auth_context.py:480}}
Jul 24 14:42:58 user devstack@keystone.service[41947]: DEBUG keystone.server.flask.request_processing.req_logging [None req-219f571b-fa61-401e-b859-843055241f89 None admin] REQUEST_METHOD: `GET` {{(pid=41947) log_request_info /opt/stack/keystone/keystone/server/flask/request_processing/req_logging.py:27}}
Jul 24 14:42:58 user devstack@keystone.service[41947]: DEBUG keystone.server.flask.request_processing.req_logging [None req-219f571b-fa61-401e-b859-843055241f89 None admin] SCRIPT_NAME: `/identity` {{(pid=41947) log_request_info /opt/stack/keystone/keystone/server/flask/request_processing/req_logging.py:28}}
Jul 24 14:42:58 user devstack@keystone.service[41947]: DEBUG keystone.server.flask.request_processing.req_logging [None req-219f571b-fa61-401e-b859-843055241f89 None admin] PATH_INFO: `/v3/projects/4941be7e290b4db7ba8979355c9a8698` {{(pid=41947) log_request_info /opt/stack/keystone/keystone/server/flask/request_processing/req_logging.py:29}}
Jul 24 14:42:58 user devstack@keystone.service[41947]: DEBUG keystone.common.rbac_enforcer.enforcer [None req-219f571b-fa61-401e-b859-843055241f89 None admin] RBAC: Authorizing `identity:get_project(project_id=4941be7e290b4db7ba8979355c9a8698)` {{(pid=41947) enforce_call /opt/stack/keystone/keystone/common/rbac_enforcer/enforcer.py:449}}
Jul 24 14:42:58 user devstack@keystone.service[41948]: DEBUG keystone.server.flask.request_processing.middleware.auth_context [None req-580adc61-aa41-4450-873f-7622ec3730f4 None admin] RBAC: auth_context: {'token': , 'domain_id': None, 'trust_id': None, 'trustor_id': None, 'trustee_id': None, 'domain_name': None, 'group_ids': [], 'user_id': '8d50e22a6c224f668df879a05eef2a76', 'user_domain_id': 'default', 'system_scope': 'all', 'project_id': None, 'project_domain_id': None, 'roles': ['admin', 'member', 'reader'], 'is_admin_project': True, 'service_user_id': None, 'service_user_domain_id': None, 'service_project_id': None, 'service_project_domain_id': None, 'service_roles': []} {{(pid=41948) fill_context /opt/stack/keystone/keystone/server/flask/request_processing/middleware/auth_context.py:480}}
Jul 24 14:42:58 user devstack@keystone.service[41948]: DEBUG keystone.server.flask.request_processing.req_logging [None req-580adc61-aa41-4450-873f-7622ec3730f4 None admin] REQUEST_METHOD: `GET` {{(pid=41948) log_request_info /opt/stack/keystone/keystone/server/flask/request_processing/req_logging.py:27}}
Jul 24 14:42:58 user devstack@keystone.service[41948]: DEBUG keystone.server.flask.request_processing.req_logging [None req-580adc61-aa41-4450-873f-7622ec3730f4 None admin] SCRIPT_NAME: `/identity` {{(pid=41948) log_request_info /opt/stack/keystone/keystone/server/flask/request_processing/req_logging.py:28}}
Jul 24 14:42:58 user devstack@keystone.service[41948]: DEBUG keystone.server.flask.request_processing.req_logging [None req-580adc61-aa41-4450-873f-7622ec3730f4 None admin] PATH_INFO: `/v3/projects/4941be7e290b4db7ba8979355c9a8698` {{(pid=41948) log_request_info /opt/stack/keystone/keystone/server/flask/request_processing/req_logging.py:29}}
Jul 24 14:42:58 user devstack@keystone.service[41947]: DEBUG keystone.common.rbac_enforcer.enforcer [None req-219f571b-fa61-401e-b859-843055241f89 None admin] RBAC: Authorization granted {{(pid=41947) enforce_call /opt/stack/keystone/keystone/common/rbac_enforcer/enforcer.py:457}}
Jul 24 14:42:58 user devstack@keystone.service[41948]: DEBUG keystone.common.rbac_enforcer.enforcer [None req-580adc61-aa41-4450-873f-7622ec3730f4 None admin] RBAC: Authorizing `identity:get_project(project_id=4941be7e290b4db7ba8979355c9a8698)` {{(pid=41948) enforce_call /opt/stack/keystone/keystone/common/rbac_enforcer/enforcer.py:449}}
Jul 24 14:42:58 user devstack@keystone.service[41947]: [pid: 41947|app: 0|req: 107/315] 10.0.0.210 () {56 vars in 1181 bytes} [Mon Jul 24 14:42:58 2023] GET /identity/v3/projects/4941be7e290b4db7ba8979355c9a8698 => generated 297 bytes in 126 msecs (HTTP/1.1 200) 5 headers in 177 bytes (1 switches on core 0)
Jul 24 14:42:58 user devstack@keystone.service[41947]: DEBUG keystone.server.flask.request_processing.middleware.auth_context [None req-219f571b-fa61-401e-b859-843055241f89 None admin] Authenticating user token {{(pid=41947) process_request /usr/local/lib/python3.10/dist-packages/keystonemiddleware/auth_token/__init__.py:406}}
Jul 24 14:42:58 user devstack@keystone.service[41948]: DEBUG keystone.common.rbac_enforcer.enforcer [None req-580adc61-aa41-4450-873f-7622ec3730f4 None admin] RBAC: Authorization granted {{(pid=41948) enforce_call /opt/stack/keystone/keystone/common/rbac_enforcer/enforcer.py:457}}
Jul 24 14:42:58 user devstack@keystone.service[41948]: [pid: 41948|app: 0|req: 111/316] 10.0.0.210 () {56 vars in 1181 bytes} [Mon Jul 24 14:42:58 2023] GET /identity/v3/projects/4941be7e290b4db7ba8979355c9a8698 => generated 297 bytes in 124 msecs (HTTP/1.1 200) 5 headers in 177 bytes (1 switches on core 0)
Jul 24 14:42:58 user devstack@keystone.service[41948]: DEBUG keystone.server.flask.request_processing.middleware.auth_context [None req-580adc61-aa41-4450-873f-7622ec3730f4 None admin] Authenticating user token {{(pid=41948) process_request /usr/local/lib/python3.10/dist-packages/keystonemiddleware/auth_token/__init__.py:406}}
Jul 24 14:42:58 user devstack@keystone.service[41949]: DEBUG keystone.server.flask.request_processing.middleware.auth_context [None req-d21a18fb-cdda-40f5-ac3d-990b03a0ceb9 None admin] RBAC: auth_context: {'token': , 'domain_id': None, 'trust_id': None, 'trustor_id': None, 'trustee_id': None, 'domain_name': None, 'group_ids': [], 'user_id': '8d50e22a6c224f668df879a05eef2a76', 'user_domain_id': 'default', 'system_scope': 'all', 'project_id': None, 'project_domain_id': None, 'roles': ['admin', 'member', 'reader'], 'is_admin_project': True, 'service_user_id': None, 'service_user_domain_id': None, 'service_project_id': None, 'service_project_domain_id': None, 'service_roles': []} {{(pid=41949) fill_context /opt/stack/keystone/keystone/server/flask/request_processing/middleware/auth_context.py:480}}
Jul 24 14:42:58 user devstack@keystone.service[41949]: DEBUG keystone.server.flask.request_processing.req_logging [None req-d21a18fb-cdda-40f5-ac3d-990b03a0ceb9 None admin] REQUEST_METHOD: `GET` {{(pid=41949) log_request_info /opt/stack/keystone/keystone/server/flask/request_processing/req_logging.py:27}}
Jul 24 14:42:58 user devstack@keystone.service[41949]: DEBUG keystone.server.flask.request_processing.req_logging [None req-d21a18fb-cdda-40f5-ac3d-990b03a0ceb9 None admin] SCRIPT_NAME: `/identity` {{(pid=41949) log_request_info /opt/stack/keystone/keystone/server/flask/request_processing/req_logging.py:28}}
Jul 24 14:42:58 user devstack@keystone.service[41949]: DEBUG keystone.server.flask.request_processing.req_logging [None req-d21a18fb-cdda-40f5-ac3d-990b03a0ceb9 None admin] PATH_INFO: `/v3/auth/tokens` {{(pid=41949) log_request_info /opt/stack/keystone/keystone/server/flask/request_processing/req_logging.py:29}}
Jul 24 14:42:58 user devstack@keystone.service[41948]: DEBUG dbcounter [-] [41948] Writing DB stats keystone:SELECT=100 {{(pid=41948) stat_writer /usr/local/lib/python3.10/dist-packages/dbcounter.py:117}}
Jul 24 14:42:58 user devstack@keystone.service[41949]: DEBUG dbcounter [-] [41949] Writing DB stats keystone:SELECT=100 {{(pid=41949) stat_writer /usr/local/lib/python3.10/dist-packages/dbcounter.py:117}}
Jul 24 14:42:58 user devstack@keystone.service[41949]: DEBUG keystone.common.rbac_enforcer.enforcer [None req-d21a18fb-cdda-40f5-ac3d-990b03a0ceb9 None admin] RBAC: Authorizing `identity:validate_token()` {{(pid=41949) enforce_call /opt/stack/keystone/keystone/common/rbac_enforcer/enforcer.py:449}}
Jul 24 14:42:58 user devstack@keystone.service[41949]: DEBUG keystone.common.rbac_enforcer.enforcer [None req-d21a18fb-cdda-40f5-ac3d-990b03a0ceb9 None admin] RBAC: Authorization granted {{(pid=41949) enforce_call /opt/stack/keystone/keystone/common/rbac_enforcer/enforcer.py:457}}
Jul 24 14:42:58 user devstack@keystone.service[41947]: DEBUG keystone.server.flask.request_processing.middleware.auth_context [None req-219f571b-fa61-401e-b859-843055241f89 None admin] Validating token access rules against request {{(pid=41947) validate_allowed_request /usr/local/lib/python3.10/dist-packages/keystonemiddleware/auth_token/__init__.py:544}}
Jul 24 14:42:58 user devstack@keystone.service[41948]: DEBUG keystone.server.flask.request_processing.middleware.auth_context [None req-580adc61-aa41-4450-873f-7622ec3730f4 None admin] Validating token access rules against request {{(pid=41948) validate_allowed_request /usr/local/lib/python3.10/dist-packages/keystonemiddleware/auth_token/__init__.py:544}}
Jul 24 14:42:58 user devstack@keystone.service[41947]: DEBUG keystone.server.flask.request_processing.middleware.auth_context [None req-e82a1ced-c5e6-4ccc-85db-d8ac78fea6db None admin] RBAC: auth_context: {'token': , 'domain_id': None, 'trust_id': None, 'trustor_id': None, 'trustee_id': None, 'domain_name': None, 'group_ids': [], 'user_id': '8d50e22a6c224f668df879a05eef2a76', 'user_domain_id': 'default', 'system_scope': 'all', 'project_id': None, 'project_domain_id': None, 'roles': ['admin', 'member', 'reader'], 'is_admin_project': True, 'service_user_id': None, 'service_user_domain_id': None, 'service_project_id': None, 'service_project_domain_id': None, 'service_roles': []} {{(pid=41947) fill_context /opt/stack/keystone/keystone/server/flask/request_processing/middleware/auth_context.py:480}}
Jul 24 14:42:58 user devstack@keystone.service[41947]: DEBUG keystone.server.flask.request_processing.req_logging [None req-e82a1ced-c5e6-4ccc-85db-d8ac78fea6db None admin] REQUEST_METHOD: `GET` {{(pid=41947) log_request_info /opt/stack/keystone/keystone/server/flask/request_processing/req_logging.py:27}}
