Jul 24 14:42:59 user devstack@keystone.service[41949]: DEBUG keystone.common.rbac_enforcer.enforcer [None req-571690fd-2dc4-4232-b229-b9a0139d70b1 None admin] RBAC: Authorization granted {{(pid=41949) enforce_call /opt/stack/keystone/keystone/common/rbac_enforcer/enforcer.py:457}}
Jul 24 14:42:59 user devstack@keystone.service[41949]: [pid: 41949|app: 0|req: 102/327] 10.0.0.210 () {56 vars in 1175 bytes} [Mon Jul 24 14:42:59 2023] GET /identity/v3/groups/8a819f4bfe5347368dc7c3dadd54d900 => generated 225 bytes in 144 msecs (HTTP/1.1 200) 5 headers in 177 bytes (1 switches on core 0)
Jul 24 14:42:59 user devstack@keystone.service[41949]: DEBUG keystone.server.flask.request_processing.middleware.auth_context [None req-571690fd-2dc4-4232-b229-b9a0139d70b1 None admin] Authenticating user token {{(pid=41949) process_request /usr/local/lib/python3.10/dist-packages/keystonemiddleware/auth_token/__init__.py:406}}
Jul 24 14:42:59 user devstack@keystone.service[41947]: DEBUG keystone.common.rbac_enforcer.enforcer [None req-4a34d7c6-f631-4593-be2c-9df985b85182 None admin] RBAC: Authorizing `identity:validate_token()` {{(pid=41947) enforce_call /opt/stack/keystone/keystone/common/rbac_enforcer/enforcer.py:449}}
Jul 24 14:42:59 user devstack@keystone.service[41947]: DEBUG keystone.common.rbac_enforcer.enforcer [None req-4a34d7c6-f631-4593-be2c-9df985b85182 None admin] RBAC: Authorization granted {{(pid=41947) enforce_call /opt/stack/keystone/keystone/common/rbac_enforcer/enforcer.py:457}}
Jul 24 14:42:59 user devstack@keystone.service[41948]: DEBUG keystone.server.flask.request_processing.middleware.auth_context [None req-c8b3afff-5f98-4b53-ba25-16d513426b25 None admin] Validating token access rules against request {{(pid=41948) validate_allowed_request /usr/local/lib/python3.10/dist-packages/keystonemiddleware/auth_token/__init__.py:544}}
Jul 24 14:42:59 user devstack@keystone.service[41948]: DEBUG dbcounter [-] [41948] Writing DB stats keystone:SELECT=100 {{(pid=41948) stat_writer /usr/local/lib/python3.10/dist-packages/dbcounter.py:117}}
Jul 24 14:42:59 user devstack@keystone.service[41949]: DEBUG dbcounter [-] [41949] Writing DB stats keystone:SELECT=100 {{(pid=41949) stat_writer /usr/local/lib/python3.10/dist-packages/dbcounter.py:117}}
Jul 24 14:42:59 user devstack@keystone.service[41948]: DEBUG keystone.server.flask.request_processing.middleware.auth_context [None req-4c32bb5d-1130-4b20-a97a-f411cbf6e61c None admin] RBAC: auth_context: {'token': , 'domain_id': None, 'trust_id': None, 'trustor_id': None, 'trustee_id': None, 'domain_name': None, 'group_ids': [], 'user_id': '8d50e22a6c224f668df879a05eef2a76', 'user_domain_id': 'default', 'system_scope': 'all', 'project_id': None, 'project_domain_id': None, 'roles': ['admin', 'member', 'reader'], 'is_admin_project': True, 'service_user_id': None, 'service_user_domain_id': None, 'service_project_id': None, 'service_project_domain_id': None, 'service_roles': []} {{(pid=41948) fill_context /opt/stack/keystone/keystone/server/flask/request_processing/middleware/auth_context.py:480}}
Jul 24 14:42:59 user devstack@keystone.service[41948]: DEBUG keystone.server.flask.request_processing.req_logging [None req-4c32bb5d-1130-4b20-a97a-f411cbf6e61c None admin] REQUEST_METHOD: `GET` {{(pid=41948) log_request_info /opt/stack/keystone/keystone/server/flask/request_processing/req_logging.py:27}}
Jul 24 14:42:59 user devstack@keystone.service[41948]: DEBUG keystone.server.flask.request_processing.req_logging [None req-4c32bb5d-1130-4b20-a97a-f411cbf6e61c None admin] SCRIPT_NAME: `/identity` {{(pid=41948) log_request_info /opt/stack/keystone/keystone/server/flask/request_processing/req_logging.py:28}}
Jul 24 14:42:59 user devstack@keystone.service[41948]: DEBUG keystone.server.flask.request_processing.req_logging [None req-4c32bb5d-1130-4b20-a97a-f411cbf6e61c None admin] PATH_INFO: `/v3/auth/tokens` {{(pid=41948) log_request_info /opt/stack/keystone/keystone/server/flask/request_processing/req_logging.py:29}}
Jul 24 14:42:59 user devstack@keystone.service[41949]: DEBUG keystone.server.flask.request_processing.middleware.auth_context [None req-571690fd-2dc4-4232-b229-b9a0139d70b1 None admin] Validating token access rules against request {{(pid=41949) validate_allowed_request /usr/local/lib/python3.10/dist-packages/keystonemiddleware/auth_token/__init__.py:544}}
Jul 24 14:42:59 user devstack@keystone.service[41947]: [pid: 41947|app: 0|req: 111/328] 10.0.0.210 () {58 vars in 1277 bytes} [Mon Jul 24 14:42:58 2023] GET /identity/v3/auth/tokens => generated 798 bytes in 302 msecs (HTTP/1.1 200) 6 headers in 358 bytes (1 switches on core 0)
Jul 24 14:42:59 user devstack@keystone.service[41949]: DEBUG keystone.server.flask.request_processing.middleware.auth_context [None req-dc5edba7-e97e-4a65-ba77-233f11af81b2 None admin] RBAC: auth_context: {'token': , 'domain_id': None, 'trust_id': None, 'trustor_id': None, 'trustee_id': None, 'domain_name': None, 'group_ids': [], 'user_id': '8d50e22a6c224f668df879a05eef2a76', 'user_domain_id': 'default', 'system_scope': 'all', 'project_id': None, 'project_domain_id': None, 'roles': ['admin', 'member', 'reader'], 'is_admin_project': True, 'service_user_id': None, 'service_user_domain_id': None, 'service_project_id': None, 'service_project_domain_id': None, 'service_roles': []} {{(pid=41949) fill_context /opt/stack/keystone/keystone/server/flask/request_processing/middleware/auth_context.py:480}}
Jul 24 14:42:59 user devstack@keystone.service[41949]: DEBUG keystone.server.flask.request_processing.req_logging [None req-dc5edba7-e97e-4a65-ba77-233f11af81b2 None admin] REQUEST_METHOD: `GET` {{(pid=41949) log_request_info /opt/stack/keystone/keystone/server/flask/request_processing/req_logging.py:27}}
Jul 24 14:42:59 user devstack@keystone.service[41949]: DEBUG keystone.server.flask.request_processing.req_logging [None req-dc5edba7-e97e-4a65-ba77-233f11af81b2 None admin] SCRIPT_NAME: `/identity` {{(pid=41949) log_request_info /opt/stack/keystone/keystone/server/flask/request_processing/req_logging.py:28}}
Jul 24 14:42:59 user devstack@keystone.service[41949]: DEBUG keystone.server.flask.request_processing.req_logging [None req-dc5edba7-e97e-4a65-ba77-233f11af81b2 None admin] PATH_INFO: `/v3/role_assignments` {{(pid=41949) log_request_info /opt/stack/keystone/keystone/server/flask/request_processing/req_logging.py:29}}
Jul 24 14:42:59 user devstack@keystone.service[41949]: DEBUG keystone.common.rbac_enforcer.enforcer [None req-dc5edba7-e97e-4a65-ba77-233f11af81b2 None admin] RBAC: Adding query filter params (group.id=8a819f4bfe5347368dc7c3dadd54d900, role.id=3e7ab1fd447e411b8a1fc78dbe4dbd13, scope.project.id=b0183aad8fa7405bab6d4de8d0b9846d) {{(pid=41949) _extract_filter_values /opt/stack/keystone/keystone/common/rbac_enforcer/enforcer.py:167}}
Jul 24 14:42:59 user devstack@keystone.service[41949]: DEBUG keystone.common.rbac_enforcer.enforcer [None req-dc5edba7-e97e-4a65-ba77-233f11af81b2 None admin] RBAC: Authorizing `identity:list_role_assignments()` {{(pid=41949) enforce_call /opt/stack/keystone/keystone/common/rbac_enforcer/enforcer.py:449}}
Jul 24 14:42:59 user devstack@keystone.service[41947]: DEBUG keystone.server.flask.request_processing.middleware.auth_context [None req-4a34d7c6-f631-4593-be2c-9df985b85182 None admin] Authenticating user token {{(pid=41947) process_request /usr/local/lib/python3.10/dist-packages/keystonemiddleware/auth_token/__init__.py:406}}
Jul 24 14:42:59 user devstack@keystone.service[41949]: DEBUG keystone.common.rbac_enforcer.enforcer [None req-dc5edba7-e97e-4a65-ba77-233f11af81b2 None admin] RBAC: Authorization granted {{(pid=41949) enforce_call /opt/stack/keystone/keystone/common/rbac_enforcer/enforcer.py:457}}
Jul 24 14:42:59 user devstack@keystone.service[41949]: [pid: 41949|app: 0|req: 103/329] 10.0.0.210 () {56 vars in 1371 bytes} [Mon Jul 24 14:42:59 2023] GET /identity/v3/role_assignments?group.id=8a819f4bfe5347368dc7c3dadd54d900&scope.project.id=b0183aad8fa7405bab6d4de8d0b9846d&role.id=3e7ab1fd447e411b8a1fc78dbe4dbd13 => generated 609 bytes in 132 msecs (HTTP/1.1 200) 5 headers in 177 bytes (2 switches on core 0)
Jul 24 14:42:59 user devstack@keystone.service[41948]: DEBUG keystone.common.rbac_enforcer.enforcer [None req-4c32bb5d-1130-4b20-a97a-f411cbf6e61c None admin] RBAC: Authorizing `identity:validate_token()` {{(pid=41948) enforce_call /opt/stack/keystone/keystone/common/rbac_enforcer/enforcer.py:449}}
Jul 24 14:42:59 user devstack@keystone.service[41948]: DEBUG keystone.common.rbac_enforcer.enforcer [None req-4c32bb5d-1130-4b20-a97a-f411cbf6e61c None admin] RBAC: Authorization granted {{(pid=41948) enforce_call /opt/stack/keystone/keystone/common/rbac_enforcer/enforcer.py:457}}
Jul 24 14:42:59 user devstack@keystone.service[41947]: DEBUG dbcounter [-] [41947] Writing DB stats keystone:SELECT=100 {{(pid=41947) stat_writer /usr/local/lib/python3.10/dist-packages/dbcounter.py:117}}
Jul 24 14:42:59 user devstack@keystone.service[41947]: DEBUG keystone.server.flask.request_processing.middleware.auth_context [None req-4a34d7c6-f631-4593-be2c-9df985b85182 None admin] Validating token access rules against request {{(pid=41947) validate_allowed_request /usr/local/lib/python3.10/dist-packages/keystonemiddleware/auth_token/__init__.py:544}}
Jul 24 14:42:59 user devstack@keystone.service[41948]: [pid: 41948|app: 0|req: 116/330] 10.0.0.210 () {58 vars in 1277 bytes} [Mon Jul 24 14:42:59 2023] GET /identity/v3/auth/tokens => generated 798 bytes in 307 msecs (HTTP/1.1 200) 6 headers in 358 bytes (1 switches on core 0)
Jul 24 14:42:59 user devstack@keystone.service[41949]: DEBUG keystone.server.flask.request_processing.middleware.auth_context [None req-dc5edba7-e97e-4a65-ba77-233f11af81b2 None admin] Authenticating user token {{(pid=41949) process_request /usr/local/lib/python3.10/dist-packages/keystonemiddleware/auth_token/__init__.py:406}}
Jul 24 14:42:59 user devstack@keystone.service[41947]: DEBUG keystone.server.flask.request_processing.middleware.auth_context [None req-c9c47925-6829-4e30-9e7a-2d1c7754a193 None admin] RBAC: auth_context: {'token': , 'domain_id': None, 'trust_id': None, 'trustor_id': None, 'trustee_id': None, 'domain_name': None, 'group_ids': [], 'user_id': '8d50e22a6c224f668df879a05eef2a76', 'user_domain_id': 'default', 'system_scope': 'all', 'project_id': None, 'project_domain_id': None, 'roles': ['admin', 'member', 'reader'], 'is_admin_project': True, 'service_user_id': None, 'service_user_domain_id': None, 'service_project_id': None, 'service_project_domain_id': None, 'service_roles': []} {{(pid=41947) fill_context /opt/stack/keystone/keystone/server/flask/request_processing/middleware/auth_context.py:480}}
Jul 24 14:42:59 user devstack@keystone.service[41947]: DEBUG keystone.server.flask.request_processing.req_logging [None req-c9c47925-6829-4e30-9e7a-2d1c7754a193 None admin] REQUEST_METHOD: `GET` {{(pid=41947) log_request_info /opt/stack/keystone/keystone/server/flask/request_processing/req_logging.py:27}}
Jul 24 14:42:59 user devstack@keystone.service[41947]: DEBUG keystone.server.flask.request_processing.req_logging [None req-c9c47925-6829-4e30-9e7a-2d1c7754a193 None admin] SCRIPT_NAME: `/identity` {{(pid=41947) log_request_info /opt/stack/keystone/keystone/server/flask/request_processing/req_logging.py:28}}
Jul 24 14:42:59 user devstack@keystone.service[41947]: DEBUG keystone.server.flask.request_processing.req_logging [None req-c9c47925-6829-4e30-9e7a-2d1c7754a193 None admin] PATH_INFO: `/v3/projects/b0183aad8fa7405bab6d4de8d0b9846d` {{(pid=41947) log_request_info /opt/stack/keystone/keystone/server/flask/request_processing/req_logging.py:29}}
Jul 24 14:42:59 user devstack@keystone.service[41947]: DEBUG keystone.common.rbac_enforcer.enforcer [None req-c9c47925-6829-4e30-9e7a-2d1c7754a193 None admin] RBAC: Authorizing `identity:get_project(project_id=b0183aad8fa7405bab6d4de8d0b9846d)` {{(pid=41947) enforce_call /opt/stack/keystone/keystone/common/rbac_enforcer/enforcer.py:449}}
Jul 24 14:42:59 user devstack@keystone.service[41947]: DEBUG keystone.common.rbac_enforcer.enforcer [None req-c9c47925-6829-4e30-9e7a-2d1c7754a193 None admin] RBAC: Authorization granted {{(pid=41947) enforce_call /opt/stack/keystone/keystone/common/rbac_enforcer/enforcer.py:457}}
Jul 24 14:42:59 user devstack@keystone.service[41947]: [pid: 41947|app: 0|req: 112/331] 10.0.0.210 () {56 vars in 1181 bytes} [Mon Jul 24 14:42:59 2023] GET /identity/v3/projects/b0183aad8fa7405bab6d4de8d0b9846d => generated 301 bytes in 166 msecs (HTTP/1.1 200) 5 headers in 177 bytes (2 switches on core 0)
Jul 24 14:42:59 user devstack@keystone.service[41948]: DEBUG keystone.server.flask.request_processing.middleware.auth_context [None req-4c32bb5d-1130-4b20-a97a-f411cbf6e61c None admin] Authenticating user token {{(pid=41948) process_request /usr/local/lib/python3.10/dist-packages/keystonemiddleware/auth_token/__init__.py:406}}
Jul 24 14:42:59 user devstack@keystone.service[41948]: DEBUG dbcounter [-] [41948] Writing DB stats keystone:SELECT=100 {{(pid=41948) stat_writer /usr/local/lib/python3.10/dist-packages/dbcounter.py:117}}
Jul 24 14:42:59 user devstack@keystone.service[41949]: DEBUG keystone.server.flask.request_processing.middleware.auth_context [None req-dc5edba7-e97e-4a65-ba77-233f11af81b2 None admin] Validating token access rules against request {{(pid=41949) validate_allowed_request /usr/local/lib/python3.10/dist-packages/keystonemiddleware/auth_token/__init__.py:544}}
Jul 24 14:42:59 user devstack@keystone.service[41948]: DEBUG keystone.server.flask.request_processing.middleware.auth_context [None req-4c32bb5d-1130-4b20-a97a-f411cbf6e61c None admin] Validating token access rules against request {{(pid=41948) validate_allowed_request /usr/local/lib/python3.10/dist-packages/keystonemiddleware/auth_token/__init__.py:544}}
Jul 24 14:42:59 user devstack@keystone.service[41949]: DEBUG keystone.server.flask.request_processing.middleware.auth_context [None req-725a5211-c60e-4fda-a71c-6993a6952910 None admin] RBAC: auth_context: {'token': , 'domain_id': None, 'trust_id': None, 'trustor_id': None, 'trustee_id': None, 'domain_name': None, 'group_ids': [], 'user_id': '8d50e22a6c224f668df879a05eef2a76', 'user_domain_id': 'default', 'system_scope': 'all', 'project_id': None, 'project_domain_id': None, 'roles': ['admin', 'member', 'reader'], 'is_admin_project': True, 'service_user_id': None, 'service_user_domain_id': None, 'service_project_id': None, 'service_project_domain_id': None, 'service_roles': []} {{(pid=41949) fill_context /opt/stack/keystone/keystone/server/flask/request_processing/middleware/auth_context.py:480}}
Jul 24 14:42:59 user devstack@keystone.service[41949]: DEBUG keystone.server.flask.request_processing.req_logging [None req-725a5211-c60e-4fda-a71c-6993a6952910 None admin] REQUEST_METHOD: `GET` {{(pid=41949) log_request_info /opt/stack/keystone/keystone/server/flask/request_processing/req_logging.py:27}}
Jul 24 14:42:59 user devstack@keystone.service[41949]: DEBUG keystone.server.flask.request_processing.req_logging [None req-725a5211-c60e-4fda-a71c-6993a6952910 None admin] SCRIPT_NAME: `/identity` {{(pid=41949) log_request_info /opt/stack/keystone/keystone/server/flask/request_processing/req_logging.py:28}}
Jul 24 14:42:59 user devstack@keystone.service[41949]: DEBUG keystone.server.flask.request_processing.req_logging [None req-725a5211-c60e-4fda-a71c-6993a6952910 None admin] PATH_INFO: `/v3/projects/b65d0636576c475486adf5aa6fbed00f` {{(pid=41949) log_request_info /opt/stack/keystone/keystone/server/flask/request_processing/req_logging.py:29}}
Jul 24 14:42:59 user devstack@keystone.service[41949]: DEBUG keystone.common.rbac_enforcer.enforcer [None req-725a5211-c60e-4fda-a71c-6993a6952910 None admin] RBAC: Authorizing `identity:get_project(project_id=b65d0636576c475486adf5aa6fbed00f)` {{(pid=41949) enforce_call /opt/stack/keystone/keystone/common/rbac_enforcer/enforcer.py:449}}
Jul 24 14:42:59 user devstack@keystone.service[41949]: DEBUG keystone.common.rbac_enforcer.enforcer [None req-725a5211-c60e-4fda-a71c-6993a6952910 None admin] RBAC: Authorization granted {{(pid=41949) enforce_call /opt/stack/keystone/keystone/common/rbac_enforcer/enforcer.py:457}}
Jul 24 14:42:59 user devstack@keystone.service[41949]: [pid: 41949|app: 0|req: 104/332] 10.0.0.210 () {56 vars in 1181 bytes} [Mon Jul 24 14:42:59 2023] GET /identity/v3/projects/b65d0636576c475486adf5aa6fbed00f => generated 343 bytes in 140 msecs (HTTP/1.1 200) 5 headers in 177 bytes (1 switches on core 0)
Jul 24 14:42:59 user devstack@keystone.service[41947]: DEBUG keystone.server.flask.request_processing.middleware.auth_context [None req-c9c47925-6829-4e30-9e7a-2d1c7754a193 None admin] Authenticating user token {{(pid=41947) process_request /usr/local/lib/python3.10/dist-packages/keystonemiddleware/auth_token/__init__.py:406}}
Jul 24 14:42:59 user devstack@keystone.service[41948]: DEBUG keystone.server.flask.request_processing.middleware.auth_context [None req-7e296eee-1dd2-4c39-af99-db0288650f82 None admin] RBAC: auth_context: {'token': , 'domain_id': None, 'trust_id': None, 'trustor_id': None, 'trustee_id': None, 'domain_name': None, 'group_ids': [], 'user_id': '8d50e22a6c224f668df879a05eef2a76', 'user_domain_id': 'default', 'system_scope': 'all', 'project_id': None, 'project_domain_id': None, 'roles': ['admin', 'member', 'reader'], 'is_admin_project': True, 'service_user_id': None, 'service_user_domain_id': None, 'service_project_id': None, 'service_project_domain_id': None, 'service_roles': []} {{(pid=41948) fill_context /opt/stack/keystone/keystone/server/flask/request_processing/middleware/auth_context.py:480}}
Jul 24 14:42:59 user devstack@keystone.service[41948]: DEBUG keystone.server.flask.request_processing.req_logging [None req-7e296eee-1dd2-4c39-af99-db0288650f82 None admin] REQUEST_METHOD: `GET` {{(pid=41948) log_request_info /opt/stack/keystone/keystone/server/flask/request_processing/req_logging.py:27}}
Jul 24 14:42:59 user devstack@keystone.service[41948]: DEBUG keystone.server.flask.request_processing.req_logging [None req-7e296eee-1dd2-4c39-af99-db0288650f82 None admin] SCRIPT_NAME: `/identity` {{(pid=41948) log_request_info /opt/stack/keystone/keystone/server/flask/request_processing/req_logging.py:28}}
Jul 24 14:42:59 user devstack@keystone.service[41948]: DEBUG keystone.server.flask.request_processing.req_logging [None req-7e296eee-1dd2-4c39-af99-db0288650f82 None admin] PATH_INFO: `/v3/groups/8a819f4bfe5347368dc7c3dadd54d900` {{(pid=41948) log_request_info /opt/stack/keystone/keystone/server/flask/request_processing/req_logging.py:29}}
Jul 24 14:42:59 user devstack@keystone.service[41948]: DEBUG keystone.common.rbac_enforcer.enforcer [None req-7e296eee-1dd2-4c39-af99-db0288650f82 None admin] RBAC: Authorizing `identity:get_group(group_id=8a819f4bfe5347368dc7c3dadd54d900)` {{(pid=41948) enforce_call /opt/stack/keystone/keystone/common/rbac_enforcer/enforcer.py:449}}
Jul 24 14:42:59 user devstack@keystone.service[41948]: DEBUG keystone.common.rbac_enforcer.enforcer [None req-7e296eee-1dd2-4c39-af99-db0288650f82 None admin] RBAC: Authorization granted {{(pid=41948) enforce_call /opt/stack/keystone/keystone/common/rbac_enforcer/enforcer.py:457}}
Jul 24 14:42:59 user devstack@keystone.service[41948]: [pid: 41948|app: 0|req: 117/333] 10.0.0.210 () {56 vars in 1175 bytes} [Mon Jul 24 14:42:59 2023] GET /identity/v3/groups/8a819f4bfe5347368dc7c3dadd54d900 => generated 225 bytes in 143 msecs (HTTP/1.1 200) 5 headers in 177 bytes (1 switches on core 0)
Jul 24 14:42:59 user devstack@keystone.service[41949]: DEBUG keystone.server.flask.request_processing.middleware.auth_context [None req-725a5211-c60e-4fda-a71c-6993a6952910 None admin] Authenticating user token {{(pid=41949) process_request /usr/local/lib/python3.10/dist-packages/keystonemiddleware/auth_token/__init__.py:406}}
Jul 24 14:42:59 user devstack@keystone.service[41949]: DEBUG dbcounter [-] [41949] Writing DB stats keystone:SELECT=100 {{(pid=41949) stat_writer /usr/local/lib/python3.10/dist-packages/dbcounter.py:117}}
Jul 24 14:42:59 user devstack@keystone.service[41947]: DEBUG keystone.server.flask.request_processing.middleware.auth_context [None req-c9c47925-6829-4e30-9e7a-2d1c7754a193 None admin] Validating token access rules against request {{(pid=41947) validate_allowed_request /usr/local/lib/python3.10/dist-packages/keystonemiddleware/auth_token/__init__.py:544}}
Jul 24 14:42:59 user devstack@keystone.service[41949]: DEBUG keystone.server.flask.request_processing.middleware.auth_context [None req-725a5211-c60e-4fda-a71c-6993a6952910 None admin] Validating token access rules against request {{(pid=41949) validate_allowed_request /usr/local/lib/python3.10/dist-packages/keystonemiddleware/auth_token/__init__.py:544}}
Jul 24 14:42:59 user devstack@keystone.service[41949]: DEBUG keystone.server.flask.request_processing.middleware.auth_context [None req-4e3b6863-a76a-41ff-abe5-e31c863f7492 None admin] RBAC: auth_context: {'token': , 'domain_id': None, 'trust_id': None, 'trustor_id': None, 'trustee_id': None, 'domain_name': None, 'group_ids': [], 'user_id': '8d50e22a6c224f668df879a05eef2a76', 'user_domain_id': 'default', 'system_scope': 'all', 'project_id': None, 'project_domain_id': None, 'roles': ['admin', 'member', 'reader'], 'is_admin_project': True, 'service_user_id': None, 'service_user_domain_id': None, 'service_project_id': None, 'service_project_domain_id': None, 'service_roles': []} {{(pid=41949) fill_context /opt/stack/keystone/keystone/server/flask/request_processing/middleware/auth_context.py:480}}
Jul 24 14:42:59 user devstack@keystone.service[41949]: DEBUG keystone.server.flask.request_processing.req_logging [None req-4e3b6863-a76a-41ff-abe5-e31c863f7492 None admin] REQUEST_METHOD: `GET` {{(pid=41949) log_request_info /opt/stack/keystone/keystone/server/flask/request_processing/req_logging.py:27}}
Jul 24 14:42:59 user devstack@keystone.service[41949]: DEBUG keystone.server.flask.request_processing.req_logging [None req-4e3b6863-a76a-41ff-abe5-e31c863f7492 None admin] SCRIPT_NAME: `/identity` {{(pid=41949) log_request_info /opt/stack/keystone/keystone/server/flask/request_processing/req_logging.py:28}}
Jul 24 14:42:59 user devstack@keystone.service[41949]: DEBUG keystone.server.flask.request_processing.req_logging [None req-4e3b6863-a76a-41ff-abe5-e31c863f7492 None admin] PATH_INFO: `/v3/role_assignments` {{(pid=41949) log_request_info /opt/stack/keystone/keystone/server/flask/request_processing/req_logging.py:29}}
Jul 24 14:42:59 user devstack@keystone.service[41947]: DEBUG keystone.server.flask.request_processing.middleware.auth_context [None req-3b15698a-555e-4d69-ade1-e08ac6096d14 None admin] RBAC: auth_context: {'token': , 'domain_id': None, 'trust_id': None, 'trustor_id': None, 'trustee_id': None, 'domain_name': None, 'group_ids': [], 'user_id': '8d50e22a6c224f668df879a05eef2a76', 'user_domain_id': 'default', 'system_scope': 'all', 'project_id': None, 'project_domain_id': None, 'roles': ['admin', 'member', 'reader'], 'is_admin_project': True, 'service_user_id': None, 'service_user_domain_id': None, 'service_project_id': None, 'service_project_domain_id': None, 'service_roles': []} {{(pid=41947) fill_context /opt/stack/keystone/keystone/server/flask/request_processing/middleware/auth_context.py:480}}
Jul 24 14:42:59 user devstack@keystone.service[41949]: DEBUG keystone.common.rbac_enforcer.enforcer [None req-4e3b6863-a76a-41ff-abe5-e31c863f7492 None admin] RBAC: Adding query filter params (group.id=8a819f4bfe5347368dc7c3dadd54d900, role.id=f5b630756aa84095b755bfb301a0f91a, scope.project.id=b0183aad8fa7405bab6d4de8d0b9846d) {{(pid=41949) _extract_filter_values /opt/stack/keystone/keystone/common/rbac_enforcer/enforcer.py:167}}
Jul 24 14:42:59 user devstack@keystone.service[41949]: DEBUG keystone.common.rbac_enforcer.enforcer [None req-4e3b6863-a76a-41ff-abe5-e31c863f7492 None admin] RBAC: Authorizing `identity:list_role_assignments()` {{(pid=41949) enforce_call /opt/stack/keystone/keystone/common/rbac_enforcer/enforcer.py:449}}
Jul 24 14:42:59 user devstack@keystone.service[41947]: DEBUG keystone.server.flask.request_processing.req_logging [None req-3b15698a-555e-4d69-ade1-e08ac6096d14 None admin] REQUEST_METHOD: `GET` {{(pid=41947) log_request_info /opt/stack/keystone/keystone/server/flask/request_processing/req_logging.py:27}}
Jul 24 14:42:59 user devstack@keystone.service[41947]: DEBUG keystone.server.flask.request_processing.req_logging [None req-3b15698a-555e-4d69-ade1-e08ac6096d14 None admin] SCRIPT_NAME: `/identity` {{(pid=41947) log_request_info /opt/stack/keystone/keystone/server/flask/request_processing/req_logging.py:28}}
Jul 24 14:42:59 user devstack@keystone.service[41947]: DEBUG keystone.server.flask.request_processing.req_logging [None req-3b15698a-555e-4d69-ade1-e08ac6096d14 None admin] PATH_INFO: `/v3/groups/b01b8a8d63eb4bd8bb3623ae8b1bfa71` {{(pid=41947) log_request_info /opt/stack/keystone/keystone/server/flask/request_processing/req_logging.py:29}}
Jul 24 14:42:59 user devstack@keystone.service[41949]: DEBUG keystone.common.rbac_enforcer.enforcer [None req-4e3b6863-a76a-41ff-abe5-e31c863f7492 None admin] RBAC: Authorization granted {{(pid=41949) enforce_call /opt/stack/keystone/keystone/common/rbac_enforcer/enforcer.py:457}}
Jul 24 14:42:59 user devstack@keystone.service[41947]: DEBUG keystone.common.rbac_enforcer.enforcer [None req-3b15698a-555e-4d69-ade1-e08ac6096d14 None admin] RBAC: Authorizing `identity:get_group(group_id=b01b8a8d63eb4bd8bb3623ae8b1bfa71)` {{(pid=41947) enforce_call /opt/stack/keystone/keystone/common/rbac_enforcer/enforcer.py:449}}
Jul 24 14:42:59 user devstack@keystone.service[41947]: DEBUG keystone.common.rbac_enforcer.enforcer [None req-3b15698a-555e-4d69-ade1-e08ac6096d14 None admin] RBAC: Authorization granted {{(pid=41947) enforce_call /opt/stack/keystone/keystone/common/rbac_enforcer/enforcer.py:457}}
Jul 24 14:42:59 user devstack@keystone.service[41947]: [pid: 41947|app: 0|req: 113/334] 10.0.0.210 () {56 vars in 1175 bytes} [Mon Jul 24 14:42:59 2023] GET /identity/v3/groups/b01b8a8d63eb4bd8bb3623ae8b1bfa71 => generated 228 bytes in 151 msecs (HTTP/1.1 200) 5 headers in 177 bytes (1 switches on core 0)
Jul 24 14:42:59 user devstack@keystone.service[41949]: [pid: 41949|app: 0|req: 105/335] 10.0.0.210 () {56 vars in 1371 bytes} [Mon Jul 24 14:42:59 2023] GET /identity/v3/role_assignments?group.id=8a819f4bfe5347368dc7c3dadd54d900&scope.project.id=b0183aad8fa7405bab6d4de8d0b9846d&role.id=f5b630756aa84095b755bfb301a0f91a => generated 609 bytes in 126 msecs (HTTP/1.1 200) 5 headers in 177 bytes (1 switches on core 0)
Jul 24 14:42:59 user devstack@keystone.service[41948]: DEBUG keystone.server.flask.request_processing.middleware.auth_context [None req-7e296eee-1dd2-4c39-af99-db0288650f82 None admin] Authenticating user token {{(pid=41948) process_request /usr/local/lib/python3.10/dist-packages/keystonemiddleware/auth_token/__init__.py:406}}
Jul 24 14:42:59 user devstack@keystone.service[41948]: DEBUG dbcounter [-] [41948] Writing DB stats keystone:SELECT=100 {{(pid=41948) stat_writer /usr/local/lib/python3.10/dist-packages/dbcounter.py:117}}
Jul 24 14:42:59 user devstack@keystone.service[41948]: DEBUG keystone.server.flask.request_processing.middleware.auth_context [None req-7e296eee-1dd2-4c39-af99-db0288650f82 None admin] Validating token access rules against request {{(pid=41948) validate_allowed_request /usr/local/lib/python3.10/dist-packages/keystonemiddleware/auth_token/__init__.py:544}}
Jul 24 14:42:59 user devstack@keystone.service[41948]: DEBUG keystone.server.flask.request_processing.middleware.auth_context [None req-3eda8aba-b9de-43af-88d6-cc2272a69015 None admin] RBAC: auth_context: {'token': , 'domain_id': None, 'trust_id': None, 'trustor_id': None, 'trustee_id': None, 'domain_name': None, 'group_ids': [], 'user_id': '8d50e22a6c224f668df879a05eef2a76', 'user_domain_id': 'default', 'system_scope': 'all', 'project_id': None, 'project_domain_id': None, 'roles': ['admin', 'member', 'reader'], 'is_admin_project': True, 'service_user_id': None, 'service_user_domain_id': None, 'service_project_id': None, 'service_project_domain_id': None, 'service_roles': []} {{(pid=41948) fill_context /opt/stack/keystone/keystone/server/flask/request_processing/middleware/auth_context.py:480}}
Jul 24 14:42:59 user devstack@keystone.service[41948]: DEBUG keystone.server.flask.request_processing.req_logging [None req-3eda8aba-b9de-43af-88d6-cc2272a69015 None admin] REQUEST_METHOD: `GET` {{(pid=41948) log_request_info /opt/stack/keystone/keystone/server/flask/request_processing/req_logging.py:27}}
Jul 24 14:42:59 user devstack@keystone.service[41948]: DEBUG keystone.server.flask.request_processing.req_logging [None req-3eda8aba-b9de-43af-88d6-cc2272a69015 None admin] SCRIPT_NAME: `/identity` {{(pid=41948) log_request_info /opt/stack/keystone/keystone/server/flask/request_processing/req_logging.py:28}}
Jul 24 14:42:59 user devstack@keystone.service[41948]: DEBUG keystone.server.flask.request_processing.req_logging [None req-3eda8aba-b9de-43af-88d6-cc2272a69015 None admin] PATH_INFO: `/v3/role_assignments` {{(pid=41948) log_request_info /opt/stack/keystone/keystone/server/flask/request_processing/req_logging.py:29}}
Jul 24 14:42:59 user devstack@keystone.service[41948]: DEBUG keystone.common.rbac_enforcer.enforcer [None req-3eda8aba-b9de-43af-88d6-cc2272a69015 None admin] RBAC: Adding query filter params (group.id=b01b8a8d63eb4bd8bb3623ae8b1bfa71, role.id=f78f24538a68410e98d40748de006be1, scope.project.id=b65d0636576c475486adf5aa6fbed00f) {{(pid=41948) _extract_filter_values /opt/stack/keystone/keystone/common/rbac_enforcer/enforcer.py:167}}
Jul 24 14:42:59 user devstack@keystone.service[41948]: DEBUG keystone.common.rbac_enforcer.enforcer [None req-3eda8aba-b9de-43af-88d6-cc2272a69015 None admin] RBAC: Authorizing `identity:list_role_assignments()` {{(pid=41948) enforce_call /opt/stack/keystone/keystone/common/rbac_enforcer/enforcer.py:449}}
Jul 24 14:42:59 user devstack@keystone.service[41948]: DEBUG keystone.common.rbac_enforcer.enforcer [None req-3eda8aba-b9de-43af-88d6-cc2272a69015 None admin] RBAC: Authorization granted {{(pid=41948) enforce_call /opt/stack/keystone/keystone/common/rbac_enforcer/enforcer.py:457}}
Jul 24 14:42:59 user devstack@keystone.service[41948]: [pid: 41948|app: 0|req: 118/336] 10.0.0.210 () {56 vars in 1371 bytes} [Mon Jul 24 14:42:59 2023] GET /identity/v3/role_assignments?group.id=b01b8a8d63eb4bd8bb3623ae8b1bfa71&scope.project.id=b65d0636576c475486adf5aa6fbed00f&role.id=f78f24538a68410e98d40748de006be1 => generated 609 bytes in 137 msecs (HTTP/1.1 200) 5 headers in 177 bytes (1 switches on core 0)
Jul 24 14:43:02 user devstack@keystone.service[41947]: DEBUG keystone.server.flask.request_processing.req_logging [None req-11310acb-7897-4cc4-a6c0-1dd3f174d447 None None] REQUEST_METHOD: `GET` {{(pid=41947) log_request_info /opt/stack/keystone/keystone/server/flask/request_processing/req_logging.py:27}}
Jul 24 14:43:02 user devstack@keystone.service[41947]: DEBUG keystone.server.flask.request_processing.req_logging [None req-11310acb-7897-4cc4-a6c0-1dd3f174d447 None None] SCRIPT_NAME: `/identity` {{(pid=41947) log_request_info /opt/stack/keystone/keystone/server/flask/request_processing/req_logging.py:28}}
Jul 24 14:43:02 user devstack@keystone.service[41947]: DEBUG keystone.server.flask.request_processing.req_logging [None req-11310acb-7897-4cc4-a6c0-1dd3f174d447 None None] PATH_INFO: `/` {{(pid=41947) log_request_info /opt/stack/keystone/keystone/server/flask/request_processing/req_logging.py:29}}
Jul 24 14:43:02 user devstack@keystone.service[41947]: [pid: 41947|app: 0|req: 114/337] 10.0.0.210 () {54 vars in 920 bytes} [Mon Jul 24 14:43:02 2023] GET /identity => generated 269 bytes in 3 msecs (HTTP/1.1 300) 6 headers in 233 bytes (1 switches on core 0)
Jul 24 14:43:02 user devstack@keystone.service[41949]: DEBUG keystone.server.flask.request_processing.req_logging [None req-2a3f9fa9-eb9d-4c95-b6a5-2b4e90dd2a73 None None] REQUEST_METHOD: `POST` {{(pid=41949) log_request_info /opt/stack/keystone/keystone/server/flask/request_processing/req_logging.py:27}}
Jul 24 14:43:02 user devstack@keystone.service[41949]: DEBUG keystone.server.flask.request_processing.req_logging [None req-2a3f9fa9-eb9d-4c95-b6a5-2b4e90dd2a73 None None] SCRIPT_NAME: `/identity` {{(pid=41949) log_request_info /opt/stack/keystone/keystone/server/flask/request_processing/req_logging.py:28}}
Jul 24 14:43:02 user devstack@keystone.service[41949]: DEBUG keystone.server.flask.request_processing.req_logging [None req-2a3f9fa9-eb9d-4c95-b6a5-2b4e90dd2a73 None None] PATH_INFO: `/v3/auth/tokens` {{(pid=41949) log_request_info /opt/stack/keystone/keystone/server/flask/request_processing/req_logging.py:29}}
Jul 24 14:43:02 user devstack@keystone.service[41949]: WARNING keystone.common.password_hashing [None req-2a3f9fa9-eb9d-4c95-b6a5-2b4e90dd2a73 None None] Truncating password to algorithm specific maximum length 54 characters.
Jul 24 14:43:02 user devstack@keystone.service[41949]: DEBUG keystone.auth.core [None req-2a3f9fa9-eb9d-4c95-b6a5-2b4e90dd2a73 None None] MFA Rules not processed for user `8d50e22a6c224f668df879a05eef2a76`. Rule list: `[]` (Enabled: `True`). {{(pid=41949) check_auth_methods_against_rules /opt/stack/keystone/keystone/auth/core.py:438}}
Jul 24 14:43:02 user devstack@keystone.service[41949]: DEBUG keystone.common.fernet_utils [None req-2a3f9fa9-eb9d-4c95-b6a5-2b4e90dd2a73 None None] Loaded 2 Fernet keys from /etc/keystone/fernet-keys/, but `[fernet_tokens] max_active_keys = 3`; perhaps there have not been enough key rotations to reach `max_active_keys` yet? {{(pid=41949) load_keys /opt/stack/keystone/keystone/common/fernet_utils.py:286}}
Jul 24 14:43:02 user devstack@keystone.service[41949]: DEBUG dbcounter [-] [41949] Writing DB stats keystone:SELECT=100 {{(pid=41949) stat_writer /usr/local/lib/python3.10/dist-packages/dbcounter.py:117}}
Jul 24 14:43:02 user devstack@keystone.service[41949]: [pid: 41949|app: 0|req: 106/338] 10.0.0.210 () {58 vars in 1017 bytes} [Mon Jul 24 14:43:02 2023] POST /identity/v3/auth/tokens => generated 798 bytes in 78 msecs (HTTP/1.1 201) 6 headers in 363 bytes (1 switches on core 0)
Jul 24 14:43:02 user devstack@keystone.service[41948]: DEBUG keystone.server.flask.request_processing.middleware.auth_context [None req-3eda8aba-b9de-43af-88d6-cc2272a69015 None admin] Authenticating user token {{(pid=41948) process_request /usr/local/lib/python3.10/dist-packages/keystonemiddleware/auth_token/__init__.py:406}}
Jul 24 14:43:02 user devstack@keystone.service[41947]: DEBUG keystone.server.flask.request_processing.req_logging [None req-d379d1a0-4258-4cc2-b1af-eca5d76ac7e3 None None] REQUEST_METHOD: `GET` {{(pid=41947) log_request_info /opt/stack/keystone/keystone/server/flask/request_processing/req_logging.py:27}}
Jul 24 14:43:02 user devstack@keystone.service[41947]: DEBUG keystone.server.flask.request_processing.req_logging [None req-d379d1a0-4258-4cc2-b1af-eca5d76ac7e3 None None] SCRIPT_NAME: `/identity` {{(pid=41947) log_request_info /opt/stack/keystone/keystone/server/flask/request_processing/req_logging.py:28}}
Jul 24 14:43:02 user devstack@keystone.service[41947]: DEBUG keystone.server.flask.request_processing.req_logging [None req-d379d1a0-4258-4cc2-b1af-eca5d76ac7e3 None None] PATH_INFO: `/` {{(pid=41947) log_request_info /opt/stack/keystone/keystone/server/flask/request_processing/req_logging.py:29}}
Jul 24 14:43:02 user devstack@keystone.service[41947]: [pid: 41947|app: 0|req: 115/339] 10.0.0.210 () {54 vars in 920 bytes} [Mon Jul 24 14:43:02 2023] GET /identity => generated 269 bytes in 3 msecs (HTTP/1.1 300) 6 headers in 233 bytes (1 switches on core 0)
Jul 24 14:43:02 user devstack@keystone.service[41949]: DEBUG keystone.server.flask.request_processing.req_logging [None req-b6f7e078-6017-4a55-97c8-622e26da0398 None None] REQUEST_METHOD: `POST` {{(pid=41949) log_request_info /opt/stack/keystone/keystone/server/flask/request_processing/req_logging.py:27}}
Jul 24 14:43:02 user devstack@keystone.service[41949]: DEBUG keystone.server.flask.request_processing.req_logging [None req-b6f7e078-6017-4a55-97c8-622e26da0398 None None] SCRIPT_NAME: `/identity` {{(pid=41949) log_request_info /opt/stack/keystone/keystone/server/flask/request_processing/req_logging.py:28}}
Jul 24 14:43:02 user devstack@keystone.service[41949]: DEBUG keystone.server.flask.request_processing.req_logging [None req-b6f7e078-6017-4a55-97c8-622e26da0398 None None] PATH_INFO: `/v3/auth/tokens` {{(pid=41949) log_request_info /opt/stack/keystone/keystone/server/flask/request_processing/req_logging.py:29}}
Jul 24 14:43:02 user devstack@keystone.service[41949]: WARNING keystone.common.password_hashing [None req-b6f7e078-6017-4a55-97c8-622e26da0398 None None] Truncating password to algorithm specific maximum length 54 characters.
Jul 24 14:43:02 user devstack@keystone.service[41949]: DEBUG keystone.auth.core [None req-b6f7e078-6017-4a55-97c8-622e26da0398 None None] MFA Rules not processed for user `8d50e22a6c224f668df879a05eef2a76`. Rule list: `[]` (Enabled: `True`). {{(pid=41949) check_auth_methods_against_rules /opt/stack/keystone/keystone/auth/core.py:438}}
Jul 24 14:43:02 user devstack@keystone.service[41949]: DEBUG keystone.common.fernet_utils [None req-b6f7e078-6017-4a55-97c8-622e26da0398 None None] Loaded 2 Fernet keys from /etc/keystone/fernet-keys/, but `[fernet_tokens] max_active_keys = 3`; perhaps there have not been enough key rotations to reach `max_active_keys` yet? {{(pid=41949) load_keys /opt/stack/keystone/keystone/common/fernet_utils.py:286}}
Jul 24 14:43:02 user devstack@keystone.service[41948]: DEBUG keystone.server.flask.request_processing.middleware.auth_context [None req-3eda8aba-b9de-43af-88d6-cc2272a69015 None admin] Validating token access rules against request {{(pid=41948) validate_allowed_request /usr/local/lib/python3.10/dist-packages/keystonemiddleware/auth_token/__init__.py:544}}
Jul 24 14:43:02 user devstack@keystone.service[41948]: DEBUG keystone.server.flask.request_processing.middleware.auth_context [None req-f3977232-2d60-4d57-97e6-4e83e35f71af None admin] RBAC: auth_context: {'token': , 'domain_id': None, 'trust_id': None, 'trustor_id': None, 'trustee_id': None, 'domain_name': None, 'group_ids': [], 'user_id': '8d50e22a6c224f668df879a05eef2a76', 'user_domain_id': 'default', 'system_scope': 'all', 'project_id': None, 'project_domain_id': None, 'roles': ['admin', 'member', 'reader'], 'is_admin_project': True, 'service_user_id': None, 'service_user_domain_id': None, 'service_project_id': None, 'service_project_domain_id': None, 'service_roles': []} {{(pid=41948) fill_context /opt/stack/keystone/keystone/server/flask/request_processing/middleware/auth_context.py:480}}
Jul 24 14:43:02 user devstack@keystone.service[41948]: DEBUG keystone.server.flask.request_processing.req_logging [None req-f3977232-2d60-4d57-97e6-4e83e35f71af None admin] REQUEST_METHOD: `GET` {{(pid=41948) log_request_info /opt/stack/keystone/keystone/server/flask/request_processing/req_logging.py:27}}
Jul 24 14:43:02 user devstack@keystone.service[41948]: DEBUG keystone.server.flask.request_processing.req_logging [None req-f3977232-2d60-4d57-97e6-4e83e35f71af None admin] SCRIPT_NAME: `/identity` {{(pid=41948) log_request_info /opt/stack/keystone/keystone/server/flask/request_processing/req_logging.py:28}}
Jul 24 14:43:02 user devstack@keystone.service[41948]: DEBUG keystone.server.flask.request_processing.req_logging [None req-f3977232-2d60-4d57-97e6-4e83e35f71af None admin] PATH_INFO: `/v3/domains/Default` {{(pid=41948) log_request_info /opt/stack/keystone/keystone/server/flask/request_processing/req_logging.py:29}}
Jul 24 14:43:02 user devstack@keystone.service[41948]: DEBUG keystone.common.rbac_enforcer.enforcer [None req-f3977232-2d60-4d57-97e6-4e83e35f71af None admin] RBAC: Authorizing `identity:get_domain(domain_id=Default)` {{(pid=41948) enforce_call /opt/stack/keystone/keystone/common/rbac_enforcer/enforcer.py:449}}
Jul 24 14:43:02 user devstack@keystone.service[41948]: DEBUG keystone.common.rbac_enforcer.enforcer [None req-f3977232-2d60-4d57-97e6-4e83e35f71af None admin] RBAC: Authorization granted {{(pid=41948) enforce_call /opt/stack/keystone/keystone/common/rbac_enforcer/enforcer.py:457}}
Jul 24 14:43:02 user devstack@keystone.service[41949]: [pid: 41949|app: 0|req: 107/340] 10.0.0.210 () {58 vars in 1017 bytes} [Mon Jul 24 14:43:02 2023] POST /identity/v3/auth/tokens => generated 798 bytes in 83 msecs (HTTP/1.1 201) 6 headers in 363 bytes (1 switches on core 0)
Jul 24 14:43:02 user devstack@keystone.service[41948]: ERROR keystone.server.flask.application [None req-f3977232-2d60-4d57-97e6-4e83e35f71af None admin] Could not find domain: Default.: keystone.exception.DomainNotFound: Could not find domain: Default.
Jul 24 14:43:02 user devstack@keystone.service[41948]: ERROR keystone.server.flask.application
Traceback (most recent call last):
Jul 24 14:43:02 user devstack@keystone.service[41948]: ERROR keystone.server.flask.application
File "/usr/local/lib/python3.10/dist-packages/flask/app.py", line 1823, in full_dispatch_request
Jul 24 14:43:02 user devstack@keystone.service[41948]: ERROR keystone.server.flask.application rv = self.dispatch_request()
Jul 24 14:43:02 user devstack@keystone.service[41948]: ERROR keystone.server.flask.application
File "/usr/local/lib/python3.10/dist-packages/flask/app.py", line 1799, in dispatch_request
Jul 24 14:43:02 user devstack@keystone.service[41948]: ERROR keystone.server.flask.application return self.ensure_sync(self.view_functions[rule.endpoint])(**view_args)
Jul 24 14:43:02 user devstack@keystone.service[41948]: ERROR keystone.server.flask.application
File "/usr/local/lib/python3.10/dist-packages/flask_restful/__init__.py", line 467, in wrapper
Jul 24 14:43:02 user devstack@keystone.service[41948]: ERROR keystone.server.flask.application resp = resource(*args, **kwargs)
Jul 24 14:43:02 user devstack@keystone.service[41948]: ERROR keystone.server.flask.application
File "/usr/local/lib/python3.10/dist-packages/flask/views.py", line 107, in view
Jul 24 14:43:02 user devstack@keystone.service[41948]: ERROR keystone.server.flask.application return current_app.ensure_sync(self.dispatch_request)(**kwargs)
Jul 24 14:43:02 user devstack@keystone.service[41948]: ERROR keystone.server.flask.application
File "/usr/local/lib/python3.10/dist-packages/flask_restful/__init__.py", line 582, in dispatch_request
Jul 24 14:43:02 user devstack@keystone.service[41948]: ERROR keystone.server.flask.application resp = meth(*args, **kwargs)
Jul 24 14:43:02 user devstack@keystone.service[41948]: ERROR keystone.server.flask.application
File "/opt/stack/keystone/keystone/api/domains.py", line 89, in get
Jul 24 14:43:02 user devstack@keystone.service[41948]: ERROR keystone.server.flask.application return self._get_domain(domain_id)
Jul 24 14:43:02 user devstack@keystone.service[41948]: ERROR keystone.server.flask.application
File "/opt/stack/keystone/keystone/api/domains.py", line 97, in _get_domain
Jul 24 14:43:02 user devstack@keystone.service[41948]: ERROR keystone.server.flask.application domain = PROVIDERS.resource_api.get_domain(domain_id)
Jul 24 14:43:02 user devstack@keystone.service[41948]: ERROR keystone.server.flask.application
File "/opt/stack/keystone/keystone/common/manager.py", line 115, in wrapped
Jul 24 14:43:02 user devstack@keystone.service[41948]: ERROR keystone.server.flask.application __ret_val = __f(*args, **kwargs)
Jul 24 14:43:02 user devstack@keystone.service[41948]: ERROR keystone.server.flask.application
File "/usr/local/lib/python3.10/dist-packages/decorator.py", line 232, in fun
Jul 24 14:43:02 user devstack@keystone.service[41948]: ERROR keystone.server.flask.application return caller(func, *(extras + args), **kw)
Jul 24 14:43:02 user devstack@keystone.service[41948]: ERROR keystone.server.flask.application
File "/usr/local/lib/python3.10/dist-packages/dogpile/cache/region.py", line 1577, in get_or_create_for_user_func
Jul 24 14:43:02 user devstack@keystone.service[41948]: ERROR keystone.server.flask.application return self.get_or_create(
Jul 24 14:43:02 user devstack@keystone.service[41948]: ERROR keystone.server.flask.application
File "/usr/local/lib/python3.10/dist-packages/dogpile/cache/region.py", line 1042, in get_or_create
Jul 24 14:43:02 user devstack@keystone.service[41948]: ERROR keystone.server.flask.application with Lock(
Jul 24 14:43:02 user devstack@keystone.service[41948]: ERROR keystone.server.flask.application
File "/usr/local/lib/python3.10/dist-packages/dogpile/lock.py", line 185, in __enter__
Jul 24 14:43:02 user devstack@keystone.service[41948]: ERROR keystone.server.flask.application return self._enter()
Jul 24 14:43:02 user devstack@keystone.service[41948]: ERROR keystone.server.flask.application
File "/usr/local/lib/python3.10/dist-packages/dogpile/lock.py", line 94, in _enter
Jul 24 14:43:02 user devstack@keystone.service[41948]: ERROR keystone.server.flask.application generated = self._enter_create(value, createdtime)
Jul 24 14:43:02 user devstack@keystone.service[41948]: ERROR keystone.server.flask.application
File "/usr/local/lib/python3.10/dist-packages/dogpile/lock.py", line 178, in _enter_create
Jul 24 14:43:02 user devstack@keystone.service[41948]: ERROR keystone.server.flask.application return self.creator()
Jul 24 14:43:02 user devstack@keystone.service[41948]: ERROR keystone.server.flask.application
File "/usr/local/lib/python3.10/dist-packages/dogpile/cache/region.py", line 995, in gen_value
Jul 24 14:43:02 user devstack@keystone.service[41948]: ERROR keystone.server.flask.application created_value = creator(
Jul 24 14:43:02 user devstack@keystone.service[41948]: ERROR keystone.server.flask.application
File "/opt/stack/keystone/keystone/resource/core.py", line 716, in get_domain
Jul 24 14:43:02 user devstack@keystone.service[41948]: ERROR keystone.server.flask.application raise exception.DomainNotFound(domain_id=domain_id)
Jul 24 14:43:02 user devstack@keystone.service[41948]: ERROR keystone.server.flask.application keystone.exception.DomainNotFound: Could not find domain: Default.
Jul 24 14:43:02 user devstack@keystone.service[41948]: ERROR keystone.server.flask.application
Jul 24 14:43:02 user devstack@keystone.service[41948]: [pid: 41948|app: 0|req: 119/341] 10.0.0.210 () {56 vars in 1103 bytes} [Mon Jul 24 14:43:02 2023] GET /identity/v3/domains/Default => generated 87 bytes in 149 msecs (HTTP/1.1 404) 5 headers in 183 bytes (1 switches on core 0)
Jul 24 14:43:02 user devstack@keystone.service[41947]: DEBUG keystone.server.flask.request_processing.middleware.auth_context [None req-d379d1a0-4258-4cc2-b1af-eca5d76ac7e3 None None] Authenticating user token {{(pid=41947) process_request /usr/local/lib/python3.10/dist-packages/keystonemiddleware/auth_token/__init__.py:406}}
Jul 24 14:43:02 user devstack@keystone.service[41947]: DEBUG dbcounter [-] [41947] Writing DB stats keystone:SELECT=100 {{(pid=41947) stat_writer /usr/local/lib/python3.10/dist-packages/dbcounter.py:117}}
Jul 24 14:43:02 user devstack@keystone.service[41947]: DEBUG keystone.server.flask.request_processing.middleware.auth_context [None req-d379d1a0-4258-4cc2-b1af-eca5d76ac7e3 None None] Validating token access rules against request {{(pid=41947) validate_allowed_request /usr/local/lib/python3.10/dist-packages/keystonemiddleware/auth_token/__init__.py:544}}
Jul 24 14:43:02 user devstack@keystone.service[41947]: DEBUG keystone.server.flask.request_processing.middleware.auth_context [None req-da35d153-0d21-43b8-8c25-2df968497448 None admin] RBAC: auth_context: {'token': , 'domain_id': None, 'trust_id': None, 'trustor_id': None, 'trustee_id': None, 'domain_name': None, 'group_ids': [], 'user_id': '8d50e22a6c224f668df879a05eef2a76', 'user_domain_id': 'default', 'system_scope': 'all', 'project_id': None, 'project_domain_id': None, 'roles': ['admin', 'member', 'reader'], 'is_admin_project': True, 'service_user_id': None, 'service_user_domain_id': None, 'service_project_id': None, 'service_project_domain_id': None, 'service_roles': []} {{(pid=41947) fill_context /opt/stack/keystone/keystone/server/flask/request_processing/middleware/auth_context.py:480}}
Jul 24 14:43:02 user devstack@keystone.service[41947]: DEBUG keystone.server.flask.request_processing.req_logging [None req-da35d153-0d21-43b8-8c25-2df968497448 None admin] REQUEST_METHOD: `GET` {{(pid=41947) log_request_info /opt/stack/keystone/keystone/server/flask/request_processing/req_logging.py:27}}
Jul 24 14:43:02 user devstack@keystone.service[41947]: DEBUG keystone.server.flask.request_processing.req_logging [None req-da35d153-0d21-43b8-8c25-2df968497448 None admin] SCRIPT_NAME: `/identity` {{(pid=41947) log_request_info /opt/stack/keystone/keystone/server/flask/request_processing/req_logging.py:28}}
Jul 24 14:43:02 user devstack@keystone.service[41947]: DEBUG keystone.server.flask.request_processing.req_logging [None req-da35d153-0d21-43b8-8c25-2df968497448 None admin] PATH_INFO: `/v3/domains` {{(pid=41947) log_request_info /opt/stack/keystone/keystone/server/flask/request_processing/req_logging.py:29}}
Jul 24 14:43:02 user devstack@keystone.service[41947]: DEBUG keystone.common.rbac_enforcer.enforcer [None req-da35d153-0d21-43b8-8c25-2df968497448 None admin] RBAC: Adding query filter params (name=Default) {{(pid=41947) _extract_filter_values /opt/stack/keystone/keystone/common/rbac_enforcer/enforcer.py:167}}
Jul 24 14:43:02 user devstack@keystone.service[41947]: DEBUG keystone.common.rbac_enforcer.enforcer [None req-da35d153-0d21-43b8-8c25-2df968497448 None admin] RBAC: Authorizing `identity:list_domains()` {{(pid=41947) enforce_call /opt/stack/keystone/keystone/common/rbac_enforcer/enforcer.py:449}}
