Nov 13 09:49:56 user devstack@n-api.service[64567]: DEBUG nova.api.openstack.wsgi [None req-d38b0ff4-bc3e-4878-9a1f-9afcfa907917 admin admin] Action: 'create', calling method: >, body: {"flavor": {"disk": 160, "OS-FLV-EXT-DATA:ephemeral": 0, "swap": 0, "name": "m1.xlarge", "ram": 16384, "vcpus": 8, "rxtx_factor": 1.0, "id": "5", "os-flavor-access:is_public": true}} {{(pid=64567) _process_stack /opt/stack/nova/nova/api/openstack/wsgi.py:511}}
Nov 13 09:49:56 user devstack@n-api.service[64567]: INFO nova.api.openstack.requestlog [None req-d38b0ff4-bc3e-4878-9a1f-9afcfa907917 admin admin] 10.0.0.210 "POST /compute/v2.1/flavors" status: 200 len: 406 microversion: 2.61 time: 0.021402
Nov 13 09:49:56 user devstack@n-api.service[64567]: [pid: 64567|app: 0|req: 11/34] 10.0.0.210 () {64 vars in 1277 bytes} [Mon Nov 13 09:49:56 2023] POST /compute/v2.1/flavors => generated 406 bytes in 23 msecs (HTTP/1.1 200) 9 headers in 359 bytes (1 switches on core 0)
Nov 13 09:49:56 user devstack@n-api.service[64568]: DEBUG nova.api.openstack.wsgi [None req-0e182fa5-f76b-4f59-9b01-928e8a804318 admin admin] Action: 'create', calling method: >, body: {"extra_specs": {"hw_rng:allowed": "True"}} {{(pid=64568) _process_stack /opt/stack/nova/nova/api/openstack/wsgi.py:511}}
Nov 13 09:49:56 user devstack@n-api.service[64568]: INFO nova.api.openstack.requestlog [None req-0e182fa5-f76b-4f59-9b01-928e8a804318 admin admin] 10.0.0.210 "POST /compute/v2.1/flavors/5/os-extra_specs" status: 200 len: 43 microversion: 2.61 time: 0.023205
Nov 13 09:49:56 user devstack@n-api.service[64568]: [pid: 64568|app: 0|req: 13/35] 10.0.0.210 () {64 vars in 1327 bytes} [Mon Nov 13 09:49:56 2023] POST /compute/v2.1/flavors/5/os-extra_specs => generated 43 bytes in 24 msecs (HTTP/1.1 200) 9 headers in 358 bytes (1 switches on core 0)
Nov 13 09:50:29 user devstack@n-api.service[64566]: DEBUG nova.api.openstack.wsgi [None req-38e85cee-a35e-426c-b5e2-e97fca1e58b9 admin admin] Calling method '>' {{(pid=64566) _process_stack /opt/stack/nova/nova/api/openstack/wsgi.py:513}}
Nov 13 09:50:29 user devstack@n-api.service[64566]: INFO nova.api.openstack.requestlog [None req-38e85cee-a35e-426c-b5e2-e97fca1e58b9 admin admin] 10.0.0.210 "GET /compute/v2.1" status: 200 len: 387 microversion: 2.1 time: 0.001516
Nov 13 09:50:29 user devstack@n-api.service[64566]: [pid: 64566|app: 0|req: 12/36] 10.0.0.210 () {58 vars in 1007 bytes} [Mon Nov 13 09:50:29 2023] GET /compute/v2.1 => generated 387 bytes in 3 msecs (HTTP/1.1 200) 9 headers in 357 bytes (1 switches on core 0)
Nov 13 09:50:29 user devstack@n-api.service[64567]: DEBUG dbcounter [-] [64567] Writing DB stats nova_api:SELECT=15,nova_api:INSERT=5 {{(pid=64567) stat_writer /opt/stack/data/venv/lib/python3.10/site-packages/dbcounter.py:115}}
Nov 13 09:50:29 user devstack@n-api.service[64567]: DEBUG nova.api.openstack.wsgi [None req-61199782-4900-414f-9a92-66ff2b9f734d admin admin] Calling method '>' {{(pid=64567) _process_stack /opt/stack/nova/nova/api/openstack/wsgi.py:513}}
Nov 13 09:50:29 user devstack@n-api.service[64567]: DEBUG oslo_concurrency.lockutils [None req-61199782-4900-414f-9a92-66ff2b9f734d admin admin] Acquiring lock "00000000-0000-0000-0000-000000000000" by "nova.context.set_target_cell..get_or_set_cached_cell_and_set_connections" {{(pid=64567) inner /opt/stack/data/venv/lib/python3.10/site-packages/oslo_concurrency/lockutils.py:404}}
Nov 13 09:50:29 user devstack@n-api.service[64567]: DEBUG oslo_concurrency.lockutils [None req-61199782-4900-414f-9a92-66ff2b9f734d admin admin] Lock "00000000-0000-0000-0000-000000000000" acquired by "nova.context.set_target_cell..get_or_set_cached_cell_and_set_connections" :: waited 0.000s {{(pid=64567) inner /opt/stack/data/venv/lib/python3.10/site-packages/oslo_concurrency/lockutils.py:409}}
Nov 13 09:50:29 user devstack@n-api.service[64567]: DEBUG oslo_concurrency.lockutils [None req-61199782-4900-414f-9a92-66ff2b9f734d admin admin] Lock "00000000-0000-0000-0000-000000000000" "released" by "nova.context.set_target_cell..get_or_set_cached_cell_and_set_connections" :: held 0.000s {{(pid=64567) inner /opt/stack/data/venv/lib/python3.10/site-packages/oslo_concurrency/lockutils.py:423}}
Nov 13 09:50:29 user devstack@n-api.service[64567]: DEBUG oslo_concurrency.lockutils [None req-61199782-4900-414f-9a92-66ff2b9f734d admin admin] Acquiring lock "3878906a-cabc-4929-b1b0-8d68137f7e33" by "nova.context.set_target_cell..get_or_set_cached_cell_and_set_connections" {{(pid=64567) inner /opt/stack/data/venv/lib/python3.10/site-packages/oslo_concurrency/lockutils.py:404}}
Nov 13 09:50:29 user devstack@n-api.service[64567]: DEBUG oslo_concurrency.lockutils [None req-61199782-4900-414f-9a92-66ff2b9f734d admin admin] Lock "3878906a-cabc-4929-b1b0-8d68137f7e33" acquired by "nova.context.set_target_cell..get_or_set_cached_cell_and_set_connections" :: waited 0.000s {{(pid=64567) inner /opt/stack/data/venv/lib/python3.10/site-packages/oslo_concurrency/lockutils.py:409}}
Nov 13 09:50:29 user devstack@n-api.service[64567]: DEBUG oslo_concurrency.lockutils [None req-61199782-4900-414f-9a92-66ff2b9f734d admin admin] Lock "3878906a-cabc-4929-b1b0-8d68137f7e33" "released" by "nova.context.set_target_cell..get_or_set_cached_cell_and_set_connections" :: held 0.000s {{(pid=64567) inner /opt/stack/data/venv/lib/python3.10/site-packages/oslo_concurrency/lockutils.py:423}}
Nov 13 09:50:29 user devstack@n-api.service[64567]: INFO nova.api.openstack.requestlog [None req-61199782-4900-414f-9a92-66ff2b9f734d admin admin] 10.0.0.210 "GET /compute/v2.1/os-services?binary=nova-compute&host=user" status: 200 len: 247 microversion: 2.69 time: 0.047151
Nov 13 09:50:29 user devstack@n-api.service[64567]: [pid: 64567|app: 0|req: 12/37] 10.0.0.210 () {64 vars in 1389 bytes} [Mon Nov 13 09:50:29 2023] GET /compute/v2.1/os-services?binary=nova-compute&host=user => generated 247 bytes in 48 msecs (HTTP/1.1 200) 9 headers in 359 bytes (1 switches on core 0)
Nov 13 09:50:59 user devstack@n-api.service[64568]: DEBUG nova.api.openstack.wsgi [None req-0e182fa5-f76b-4f59-9b01-928e8a804318 admin admin] Calling method '>' {{(pid=64568) _process_stack /opt/stack/nova/nova/api/openstack/wsgi.py:513}}
Nov 13 09:50:59 user devstack@n-api.service[64568]: INFO nova.api.openstack.requestlog [None req-0e182fa5-f76b-4f59-9b01-928e8a804318 admin admin] 10.0.0.210 "GET /compute/v2.1" status: 200 len: 387 microversion: 2.1 time: 0.001925
Nov 13 09:50:59 user devstack@n-api.service[64568]: [pid: 64568|app: 0|req: 14/38] 10.0.0.210 () {58 vars in 1007 bytes} [Mon Nov 13 09:50:59 2023] GET /compute/v2.1 => generated 387 bytes in 3 msecs (HTTP/1.1 200) 9 headers in 357 bytes (1 switches on core 0)
Nov 13 09:50:59 user devstack@n-api.service[64566]: DEBUG dbcounter [-] [64566] Writing DB stats nova_api:SELECT=32,nova_api:SAVEPOINT=5,nova_api:INSERT=5,nova_api:RELEASE=5 {{(pid=64566) stat_writer /opt/stack/data/venv/lib/python3.10/site-packages/dbcounter.py:115}}
Nov 13 09:50:59 user devstack@n-api.service[64566]: DEBUG nova.api.openstack.wsgi [None req-5c5957ae-124d-4d48-9188-9421fd08c901 admin admin] Calling method '>' {{(pid=64566) _process_stack /opt/stack/nova/nova/api/openstack/wsgi.py:513}}
Nov 13 09:50:59 user devstack@n-api.service[64566]: INFO nova.api.openstack.requestlog [None req-5c5957ae-124d-4d48-9188-9421fd08c901 admin admin] 10.0.0.210 "GET /compute/v2.1/flavors/detail?is_public=True" status: 200 len: 4182 microversion: 2.61 time: 0.023051
Nov 13 09:50:59 user devstack@n-api.service[64566]: [pid: 64566|app: 0|req: 13/39] 10.0.0.210 () {64 vars in 1368 bytes} [Mon Nov 13 09:50:59 2023] GET /compute/v2.1/flavors/detail?is_public=True => generated 4182 bytes in 25 msecs (HTTP/1.1 200) 9 headers in 360 bytes (1 switches on core 0)
Nov 13 09:51:02 user devstack@n-api.service[64567]: DEBUG nova.api.openstack.wsgi [None req-61199782-4900-414f-9a92-66ff2b9f734d admin admin] Calling method '>' {{(pid=64567) _process_stack /opt/stack/nova/nova/api/openstack/wsgi.py:513}}
Nov 13 09:51:02 user devstack@n-api.service[64567]: INFO nova.api.openstack.requestlog [None req-61199782-4900-414f-9a92-66ff2b9f734d admin admin] 10.0.0.210 "GET /compute/v2.1" status: 200 len: 387 microversion: 2.1 time: 0.002522
Nov 13 09:51:02 user devstack@n-api.service[64567]: [pid: 64567|app: 0|req: 13/40] 10.0.0.210 () {58 vars in 1007 bytes} [Mon Nov 13 09:51:02 2023] GET /compute/v2.1 => generated 387 bytes in 4 msecs (HTTP/1.1 200) 9 headers in 357 bytes (1 switches on core 0)
Nov 13 09:51:02 user devstack@n-api.service[64568]: DEBUG dbcounter [-] [64568] Writing DB stats nova_api:SELECT=47,nova_api:INSERT=10,nova_api:SAVEPOINT=5,nova_api:RELEASE=5 {{(pid=64568) stat_writer /opt/stack/data/venv/lib/python3.10/site-packages/dbcounter.py:115}}
Nov 13 09:51:02 user devstack@n-api.service[64568]: DEBUG nova.api.openstack.wsgi [None req-58fcd1ee-2e74-4e5e-b238-94e0c973f478 admin admin] Calling method '>' {{(pid=64568) _process_stack /opt/stack/nova/nova/api/openstack/wsgi.py:513}}
Nov 13 09:51:02 user devstack@n-api.service[64568]: INFO nova.api.openstack.requestlog [None req-58fcd1ee-2e74-4e5e-b238-94e0c973f478 admin admin] 10.0.0.210 "GET /compute/v2.1/flavors/1" status: 200 len: 424 microversion: 2.61 time: 0.014808
Nov 13 09:51:02 user devstack@n-api.service[64568]: [pid: 64568|app: 0|req: 15/41] 10.0.0.210 () {64 vars in 1311 bytes} [Mon Nov 13 09:51:02 2023] GET /compute/v2.1/flavors/1 => generated 424 bytes in 16 msecs (HTTP/1.1 200) 9 headers in 359 bytes (1 switches on core 0)
Nov 13 09:51:04 user devstack@n-api.service[64566]: DEBUG nova.api.openstack.wsgi [None req-5c5957ae-124d-4d48-9188-9421fd08c901 admin admin] Calling method '>' {{(pid=64566) _process_stack /opt/stack/nova/nova/api/openstack/wsgi.py:513}}
Nov 13 09:51:04 user devstack@n-api.service[64566]: INFO nova.api.openstack.requestlog [None req-5c5957ae-124d-4d48-9188-9421fd08c901 admin admin] 10.0.0.210 "GET /compute/v2.1" status: 200 len: 387 microversion: 2.1 time: 0.002213
Nov 13 09:51:04 user devstack@n-api.service[64566]: [pid: 64566|app: 0|req: 14/42] 10.0.0.210 () {58 vars in 1007 bytes} [Mon Nov 13 09:51:04 2023] GET /compute/v2.1 => generated 387 bytes in 3 msecs (HTTP/1.1 200) 9 headers in 357 bytes (1 switches on core 0)
Nov 13 09:51:04 user devstack@n-api.service[64567]: DEBUG dbcounter [-] [64567] Writing DB stats nova_cell0:SELECT=2 {{(pid=64567) stat_writer /opt/stack/data/venv/lib/python3.10/site-packages/dbcounter.py:115}}
Nov 13 09:51:04 user devstack@n-api.service[64567]: DEBUG dbcounter [-] [64567] Writing DB stats nova_cell1:SELECT=2 {{(pid=64567) stat_writer /opt/stack/data/venv/lib/python3.10/site-packages/dbcounter.py:115}}
Nov 13 09:51:04 user devstack@n-api.service[64567]: DEBUG dbcounter [-] [64567] Writing DB stats nova_api:SELECT=4 {{(pid=64567) stat_writer /opt/stack/data/venv/lib/python3.10/site-packages/dbcounter.py:115}}
Nov 13 09:51:04 user devstack@n-api.service[64567]: DEBUG nova.api.openstack.wsgi [None req-cfd39335-c657-4bca-b7c6-c55220840636 admin admin] Calling method '>' {{(pid=64567) _process_stack /opt/stack/nova/nova/api/openstack/wsgi.py:513}}
Nov 13 09:51:04 user devstack@n-api.service[64567]: INFO nova.api.openstack.requestlog [None req-cfd39335-c657-4bca-b7c6-c55220840636 admin admin] 10.0.0.210 "GET /compute/v2.1/flavors/2" status: 200 len: 427 microversion: 2.61 time: 0.023527
Nov 13 09:51:04 user devstack@n-api.service[64567]: [pid: 64567|app: 0|req: 14/43] 10.0.0.210 () {64 vars in 1311 bytes} [Mon Nov 13 09:51:04 2023] GET /compute/v2.1/flavors/2 => generated 427 bytes in 25 msecs (HTTP/1.1 200) 9 headers in 359 bytes (1 switches on core 0)
Nov 13 09:53:35 user devstack@n-api.service[64568]: DEBUG nova.api.openstack.wsgi [None req-7b642bbe-012e-4a25-adbc-2c9e087c723c tempest-ServerRescueNegativeTestJSON-961432289 tempest-ServerRescueNegativeTestJSON-961432289-project-member] Action: 'create', calling method: >, body: {"server": {"name": "tempest-ServerRescueNegativeTestJSON-server-263488679", "imageRef": "b51f50a6-3c60-4450-bd2c-4073087acec9", "flavorRef": "1", "adminPass": "***", "networks": [{"uuid": "}]}} {{(pid=64568) _process_stack /opt/stack/nova/nova/api/openstack/wsgi.py:511}}
Nov 13 09:53:35 user devstack@n-api.service[64566]: DEBUG nova.api.openstack.wsgi [None req-2644e816-0414-4810-9ec4-e5278ecf5164 tempest-AttachVolumeShelveTestJSON-55203260 tempest-AttachVolumeShelveTestJSON-55203260-project-member] Action: 'create', calling method: .version_select at 0x7f554da4a950>, body: {"keypair": {"name": "tempest-keypair-1489015223", "public_key": "ecdsa-sha2-nistp384 AAAAE2VjZHNhLXNoYTItbmlzdHAzODQAAAAIbmlzdHAzODQAAABhBHsTret5b3iXWCuFDtJbfayGvRYlI07teJzdTCJFhqHq6mblu7HCq3e+QCXP3zDlNZ1sgvWyIl5dD63UFzJqtDj1HFz9fXZTyR+iHl22i4km+t7rGy8XkpvMx9Gjduo9mw=="}} {{(pid=64566) _process_stack /opt/stack/nova/nova/api/openstack/wsgi.py:511}}
Nov 13 09:53:35 user devstack@n-api.service[64566]: DEBUG nova.quota [None req-2644e816-0414-4810-9ec4-e5278ecf5164 tempest-AttachVolumeShelveTestJSON-55203260 tempest-AttachVolumeShelveTestJSON-55203260-project-member] Getting quotas for project d5a6f570a7e7404680bd5809be8b0378. Resources: {'key_pairs'} {{(pid=64566) _get_quotas /opt/stack/nova/nova/quota.py:393}}
Nov 13 09:53:35 user devstack@n-api.service[64566]: DEBUG nova.quota [None req-2644e816-0414-4810-9ec4-e5278ecf5164 tempest-AttachVolumeShelveTestJSON-55203260 tempest-AttachVolumeShelveTestJSON-55203260-project-member] Getting quotas for user 008616dff48b4bdeb2ea0f2be72a2934 and project d5a6f570a7e7404680bd5809be8b0378. Resources: {'key_pairs'} {{(pid=64566) _get_quotas /opt/stack/nova/nova/quota.py:383}}
Nov 13 09:53:35 user devstack@n-api.service[64568]: DEBUG nova.network.neutron [None req-7b642bbe-012e-4a25-adbc-2c9e087c723c tempest-ServerRescueNegativeTestJSON-961432289 tempest-ServerRescueNegativeTestJSON-961432289-project-member] validate_networks() for [('23113158-c507-4f70-8650-961e365d3dc3', None, None, None, None, None)] {{(pid=64568) validate_networks /opt/stack/nova/nova/network/neutron.py:2645}}
Nov 13 09:53:35 user devstack@n-api.service[64566]: INFO nova.api.openstack.requestlog [None req-2644e816-0414-4810-9ec4-e5278ecf5164 tempest-AttachVolumeShelveTestJSON-55203260 tempest-AttachVolumeShelveTestJSON-55203260-project-member] 10.0.0.210 "POST /compute/v2.1/os-keypairs" status: 201 len: 401 microversion: 2.20 time: 0.266636
Nov 13 09:53:35 user devstack@n-api.service[64566]: [pid: 64566|app: 0|req: 15/44] 10.0.0.210 () {66 vars in 1277 bytes} [Mon Nov 13 09:53:35 2023] POST /compute/v2.1/os-keypairs => generated 401 bytes in 268 msecs (HTTP/1.1 201) 9 headers in 364 bytes (1 switches on core 0)
Nov 13 09:53:36 user devstack@n-api.service[64567]: DEBUG dbcounter [-] [64567] Writing DB stats nova_api:SELECT=2 {{(pid=64567) stat_writer /opt/stack/data/venv/lib/python3.10/site-packages/dbcounter.py:115}}
Nov 13 09:53:36 user devstack@n-api.service[64567]: DEBUG nova.api.openstack.wsgi [None req-5a4da058-0886-4949-8463-acc650b763bd tempest-ServerBootFromVolumeStableRescueTest-182847603 tempest-ServerBootFromVolumeStableRescueTest-182847603-project-member] Action: 'create', calling method: >, body: {"server": {"name": "tempest-ServerBootFromVolumeStableRescueTest-server-806042334", "imageRef": "b51f50a6-3c60-4450-bd2c-4073087acec9", "flavorRef": "1", "networks": [{"uuid": "e717266b-de93-4986-bcbc-9d45655b44c8"}]}} {{(pid=64567) _process_stack /opt/stack/nova/nova/api/openstack/wsgi.py:511}}
Nov 13 09:53:36 user devstack@n-api.service[64567]: DEBUG nova.network.neutron [None req-5a4da058-0886-4949-8463-acc650b763bd tempest-ServerBootFromVolumeStableRescueTest-182847603 tempest-ServerBootFromVolumeStableRescueTest-182847603-project-member] validate_networks() for [('e717266b-de93-4986-bcbc-9d45655b44c8', None, None, None, None, None)] {{(pid=64567) validate_networks /opt/stack/nova/nova/network/neutron.py:2645}}
Nov 13 09:53:37 user devstack@n-api.service[64568]: DEBUG nova.virt.hardware [None req-7b642bbe-012e-4a25-adbc-2c9e087c723c tempest-ServerRescueNegativeTestJSON-961432289 tempest-ServerRescueNegativeTestJSON-961432289-project-member] Flavor limits 0:0:0 {{(pid=64568) get_cpu_topology_constraints /opt/stack/nova/nova/virt/hardware.py:348}}
Nov 13 09:53:37 user devstack@n-api.service[64568]: DEBUG nova.virt.hardware [None req-7b642bbe-012e-4a25-adbc-2c9e087c723c tempest-ServerRescueNegativeTestJSON-961432289 tempest-ServerRescueNegativeTestJSON-961432289-project-member] Image limits 0:0:0 {{(pid=64568) get_cpu_topology_constraints /opt/stack/nova/nova/virt/hardware.py:352}}
Nov 13 09:53:37 user devstack@n-api.service[64568]: DEBUG nova.virt.hardware [None req-7b642bbe-012e-4a25-adbc-2c9e087c723c tempest-ServerRescueNegativeTestJSON-961432289 tempest-ServerRescueNegativeTestJSON-961432289-project-member] Flavor pref 0:0:0 {{(pid=64568) get_cpu_topology_constraints /opt/stack/nova/nova/virt/hardware.py:388}}
Nov 13 09:53:37 user devstack@n-api.service[64568]: DEBUG nova.virt.hardware [None req-7b642bbe-012e-4a25-adbc-2c9e087c723c tempest-ServerRescueNegativeTestJSON-961432289 tempest-ServerRescueNegativeTestJSON-961432289-project-member] Image pref 0:0:0 {{(pid=64568) get_cpu_topology_constraints /opt/stack/nova/nova/virt/hardware.py:392}}
Nov 13 09:53:37 user devstack@n-api.service[64568]: DEBUG nova.virt.hardware [None req-7b642bbe-012e-4a25-adbc-2c9e087c723c tempest-ServerRescueNegativeTestJSON-961432289 tempest-ServerRescueNegativeTestJSON-961432289-project-member] Chose sockets=0, cores=0, threads=0; limits were sockets=65536, cores=65536, threads=65536 {{(pid=64568) get_cpu_topology_constraints /opt/stack/nova/nova/virt/hardware.py:430}}
Nov 13 09:53:37 user devstack@n-api.service[64568]: DEBUG oslo_concurrency.lockutils [None req-7b642bbe-012e-4a25-adbc-2c9e087c723c tempest-ServerRescueNegativeTestJSON-961432289 tempest-ServerRescueNegativeTestJSON-961432289-project-member] Acquiring lock "00000000-0000-0000-0000-000000000000" by "nova.context.set_target_cell..get_or_set_cached_cell_and_set_connections" {{(pid=64568) inner /opt/stack/data/venv/lib/python3.10/site-packages/oslo_concurrency/lockutils.py:404}}
Nov 13 09:53:37 user devstack@n-api.service[64568]: DEBUG oslo_concurrency.lockutils [None req-7b642bbe-012e-4a25-adbc-2c9e087c723c tempest-ServerRescueNegativeTestJSON-961432289 tempest-ServerRescueNegativeTestJSON-961432289-project-member] Lock "00000000-0000-0000-0000-000000000000" acquired by "nova.context.set_target_cell..get_or_set_cached_cell_and_set_connections" :: waited 0.001s {{(pid=64568) inner /opt/stack/data/venv/lib/python3.10/site-packages/oslo_concurrency/lockutils.py:409}}
Nov 13 09:53:37 user devstack@n-api.service[64568]: DEBUG oslo_concurrency.lockutils [None req-7b642bbe-012e-4a25-adbc-2c9e087c723c tempest-ServerRescueNegativeTestJSON-961432289 tempest-ServerRescueNegativeTestJSON-961432289-project-member] Lock "00000000-0000-0000-0000-000000000000" "released" by "nova.context.set_target_cell..get_or_set_cached_cell_and_set_connections" :: held 0.000s {{(pid=64568) inner /opt/stack/data/venv/lib/python3.10/site-packages/oslo_concurrency/lockutils.py:423}}
Nov 13 09:53:37 user devstack@n-api.service[64568]: DEBUG oslo_concurrency.lockutils [None req-7b642bbe-012e-4a25-adbc-2c9e087c723c tempest-ServerRescueNegativeTestJSON-961432289 tempest-ServerRescueNegativeTestJSON-961432289-project-member] Acquiring lock "3878906a-cabc-4929-b1b0-8d68137f7e33" by "nova.context.set_target_cell..get_or_set_cached_cell_and_set_connections" {{(pid=64568) inner /opt/stack/data/venv/lib/python3.10/site-packages/oslo_concurrency/lockutils.py:404}}
Nov 13 09:53:37 user devstack@n-api.service[64568]: DEBUG oslo_concurrency.lockutils [None req-7b642bbe-012e-4a25-adbc-2c9e087c723c tempest-ServerRescueNegativeTestJSON-961432289 tempest-ServerRescueNegativeTestJSON-961432289-project-member] Lock "3878906a-cabc-4929-b1b0-8d68137f7e33" acquired by "nova.context.set_target_cell..get_or_set_cached_cell_and_set_connections" :: waited 0.000s {{(pid=64568) inner /opt/stack/data/venv/lib/python3.10/site-packages/oslo_concurrency/lockutils.py:409}}
Nov 13 09:53:37 user devstack@n-api.service[64568]: DEBUG oslo_concurrency.lockutils [None req-7b642bbe-012e-4a25-adbc-2c9e087c723c tempest-ServerRescueNegativeTestJSON-961432289 tempest-ServerRescueNegativeTestJSON-961432289-project-member] Lock "3878906a-cabc-4929-b1b0-8d68137f7e33" "released" by "nova.context.set_target_cell..get_or_set_cached_cell_and_set_connections" :: held 0.000s {{(pid=64568) inner /opt/stack/data/venv/lib/python3.10/site-packages/oslo_concurrency/lockutils.py:423}}
Nov 13 09:53:37 user devstack@n-api.service[64568]: DEBUG nova.quota [None req-7b642bbe-012e-4a25-adbc-2c9e087c723c tempest-ServerRescueNegativeTestJSON-961432289 tempest-ServerRescueNegativeTestJSON-961432289-project-member] Getting quotas for project ae9ab18bb67e4db19e6c3366771ad218. Resources: {'instances', 'ram', 'cores'} {{(pid=64568) _get_quotas /opt/stack/nova/nova/quota.py:393}}
Nov 13 09:53:37 user devstack@n-api.service[64568]: DEBUG nova.quota [None req-7b642bbe-012e-4a25-adbc-2c9e087c723c tempest-ServerRescueNegativeTestJSON-961432289 tempest-ServerRescueNegativeTestJSON-961432289-project-member] Getting quotas for user 863471360be04ab5acb07ef3e99007c4 and project ae9ab18bb67e4db19e6c3366771ad218. Resources: {'instances', 'ram', 'cores'} {{(pid=64568) _get_quotas /opt/stack/nova/nova/quota.py:383}}
Nov 13 09:53:37 user devstack@n-api.service[64568]: DEBUG nova.compute.api [None req-7b642bbe-012e-4a25-adbc-2c9e087c723c tempest-ServerRescueNegativeTestJSON-961432289 tempest-ServerRescueNegativeTestJSON-961432289-project-member] Going to run 1 instances... {{(pid=64568) _provision_instances /opt/stack/nova/nova/compute/api.py:1404}}
Nov 13 09:53:37 user devstack@n-api.service[64568]: DEBUG nova.compute.api [None req-7b642bbe-012e-4a25-adbc-2c9e087c723c tempest-ServerRescueNegativeTestJSON-961432289 tempest-ServerRescueNegativeTestJSON-961432289-project-member] [instance: ccd219ab-ccdc-4eee-a7d4-484e3cc597c6] block_device_mapping [BlockDeviceMapping(attachment_id=,boot_index=0,connection_info=None,created_at=,delete_on_termination=True,deleted=,deleted_at=,destination_type='local',device_name=None,device_type='disk',disk_bus=None,encrypted=False,encryption_format=None,encryption_options=None,encryption_secret_uuid=None,guest_format=None,id=,image_id='b51f50a6-3c60-4450-bd2c-4073087acec9',instance=,instance_uuid=,no_device=False,snapshot_id=None,source_type='image',tag=None,updated_at=,uuid=,volume_id=None,volume_size=None,volume_type=None)] {{(pid=64568) _bdm_validate_set_size_and_instance /opt/stack/nova/nova/compute/api.py:1865}}
Nov 13 09:53:37 user devstack@n-api.service[64568]: INFO nova.api.openstack.requestlog [None req-7b642bbe-012e-4a25-adbc-2c9e087c723c tempest-ServerRescueNegativeTestJSON-961432289 tempest-ServerRescueNegativeTestJSON-961432289-project-member] 10.0.0.210 "POST /compute/v2.1/servers" status: 202 len: 381 microversion: 2.1 time: 2.259099
Nov 13 09:53:37 user devstack@n-api.service[64568]: [pid: 64568|app: 0|req: 16/45] 10.0.0.210 () {64 vars in 1224 bytes} [Mon Nov 13 09:53:34 2023] POST /compute/v2.1/servers => generated 381 bytes in 2262 msecs (HTTP/1.1 202) 10 headers in 450 bytes (1 switches on core 0)
Nov 13 09:53:37 user devstack@n-api.service[64566]: DEBUG nova.api.openstack.wsgi [None req-e6d5c55e-f9b8-4f10-a635-aad58c66dab9 tempest-ServerRescueNegativeTestJSON-961432289 tempest-ServerRescueNegativeTestJSON-961432289-project-member] Calling method '>' {{(pid=64566) _process_stack /opt/stack/nova/nova/api/openstack/wsgi.py:513}}
Nov 13 09:53:37 user devstack@n-api.service[64566]: DEBUG nova.compute.api [None req-e6d5c55e-f9b8-4f10-a635-aad58c66dab9 tempest-ServerRescueNegativeTestJSON-961432289 tempest-ServerRescueNegativeTestJSON-961432289-project-member] [instance: ccd219ab-ccdc-4eee-a7d4-484e3cc597c6] Fetching instance by UUID {{(pid=64566) get /opt/stack/nova/nova/compute/api.py:2978}}
Nov 13 09:53:37 user devstack@n-api.service[64566]: DEBUG nova.policy [None req-e6d5c55e-f9b8-4f10-a635-aad58c66dab9 tempest-ServerRescueNegativeTestJSON-961432289 tempest-ServerRescueNegativeTestJSON-961432289-project-member] Policy check for os_compute_api:os-extended-server-attributes failed with credentials {'is_admin': False, 'user_id': '863471360be04ab5acb07ef3e99007c4', 'user_domain_id': 'default', 'system_scope': None, 'domain_id': None, 'project_id': 'ae9ab18bb67e4db19e6c3366771ad218', 'project_domain_id': 'default', 'roles': ['member', 'reader'], 'is_admin_project': True, 'service_user_id': None, 'service_user_domain_id': None, 'service_project_id': None, 'service_project_domain_id': None, 'service_roles': []} {{(pid=64566) authorize /opt/stack/nova/nova/policy.py:203}}
Nov 13 09:53:37 user devstack@n-api.service[64566]: INFO nova.api.openstack.requestlog [None req-e6d5c55e-f9b8-4f10-a635-aad58c66dab9 tempest-ServerRescueNegativeTestJSON-961432289 tempest-ServerRescueNegativeTestJSON-961432289-project-member] 10.0.0.210 "GET /compute/v2.1/servers/ccd219ab-ccdc-4eee-a7d4-484e3cc597c6" status: 200 len: 1213 microversion: 2.1 time: 0.331595
Nov 13 09:53:37 user devstack@n-api.service[64566]: [pid: 64566|app: 0|req: 16/46] 10.0.0.210 () {62 vars in 1313 bytes} [Mon Nov 13 09:53:37 2023] GET /compute/v2.1/servers/ccd219ab-ccdc-4eee-a7d4-484e3cc597c6 => generated 1213 bytes in 333 msecs (HTTP/1.1 200) 9 headers in 358 bytes (1 switches on core 0)
Nov 13 09:53:37 user devstack@n-api.service[64568]: DEBUG nova.api.openstack.wsgi [None req-641a49e4-15ee-45a2-9b6d-1cb56adc2757 tempest-ServerRescueNegativeTestJSON-961432289 tempest-ServerRescueNegativeTestJSON-961432289-project-member] Action: 'create', calling method: >, body: {"server": {"name": "tempest-ServerRescueNegativeTestJSON-server-500108257", "imageRef": "b51f50a6-3c60-4450-bd2c-4073087acec9", "flavorRef": "1", "adminPass": "***", "networks": [{"uuid": "}]}} {{(pid=64568) _process_stack /opt/stack/nova/nova/api/openstack/wsgi.py:511}}
Nov 13 09:53:37 user devstack@n-api.service[64567]: DEBUG nova.virt.hardware [None req-5a4da058-0886-4949-8463-acc650b763bd tempest-ServerBootFromVolumeStableRescueTest-182847603 tempest-ServerBootFromVolumeStableRescueTest-182847603-project-member] Flavor limits 0:0:0 {{(pid=64567) get_cpu_topology_constraints /opt/stack/nova/nova/virt/hardware.py:348}}
Nov 13 09:53:37 user devstack@n-api.service[64567]: DEBUG nova.virt.hardware [None req-5a4da058-0886-4949-8463-acc650b763bd tempest-ServerBootFromVolumeStableRescueTest-182847603 tempest-ServerBootFromVolumeStableRescueTest-182847603-project-member] Image limits 0:0:0 {{(pid=64567) get_cpu_topology_constraints /opt/stack/nova/nova/virt/hardware.py:352}}
Nov 13 09:53:37 user devstack@n-api.service[64567]: DEBUG nova.virt.hardware [None req-5a4da058-0886-4949-8463-acc650b763bd tempest-ServerBootFromVolumeStableRescueTest-182847603 tempest-ServerBootFromVolumeStableRescueTest-182847603-project-member] Flavor pref 0:0:0 {{(pid=64567) get_cpu_topology_constraints /opt/stack/nova/nova/virt/hardware.py:388}}
Nov 13 09:53:37 user devstack@n-api.service[64567]: DEBUG nova.virt.hardware [None req-5a4da058-0886-4949-8463-acc650b763bd tempest-ServerBootFromVolumeStableRescueTest-182847603 tempest-ServerBootFromVolumeStableRescueTest-182847603-project-member] Image pref 0:0:0 {{(pid=64567) get_cpu_topology_constraints /opt/stack/nova/nova/virt/hardware.py:392}}
Nov 13 09:53:37 user devstack@n-api.service[64567]: DEBUG nova.virt.hardware [None req-5a4da058-0886-4949-8463-acc650b763bd tempest-ServerBootFromVolumeStableRescueTest-182847603 tempest-ServerBootFromVolumeStableRescueTest-182847603-project-member] Chose sockets=0, cores=0, threads=0; limits were sockets=65536, cores=65536, threads=65536 {{(pid=64567) get_cpu_topology_constraints /opt/stack/nova/nova/virt/hardware.py:430}}
Nov 13 09:53:38 user devstack@n-api.service[64567]: DEBUG oslo_concurrency.lockutils [None req-5a4da058-0886-4949-8463-acc650b763bd tempest-ServerBootFromVolumeStableRescueTest-182847603 tempest-ServerBootFromVolumeStableRescueTest-182847603-project-member] Acquiring lock "00000000-0000-0000-0000-000000000000" by "nova.context.set_target_cell..get_or_set_cached_cell_and_set_connections" {{(pid=64567) inner /opt/stack/data/venv/lib/python3.10/site-packages/oslo_concurrency/lockutils.py:404}}
Nov 13 09:53:38 user devstack@n-api.service[64567]: DEBUG oslo_concurrency.lockutils [None req-5a4da058-0886-4949-8463-acc650b763bd tempest-ServerBootFromVolumeStableRescueTest-182847603 tempest-ServerBootFromVolumeStableRescueTest-182847603-project-member] Lock "00000000-0000-0000-0000-000000000000" acquired by "nova.context.set_target_cell..get_or_set_cached_cell_and_set_connections" :: waited 0.001s {{(pid=64567) inner /opt/stack/data/venv/lib/python3.10/site-packages/oslo_concurrency/lockutils.py:409}}
Nov 13 09:53:38 user devstack@n-api.service[64567]: DEBUG oslo_concurrency.lockutils [None req-5a4da058-0886-4949-8463-acc650b763bd tempest-ServerBootFromVolumeStableRescueTest-182847603 tempest-ServerBootFromVolumeStableRescueTest-182847603-project-member] Lock "00000000-0000-0000-0000-000000000000" "released" by "nova.context.set_target_cell..get_or_set_cached_cell_and_set_connections" :: held 0.000s {{(pid=64567) inner /opt/stack/data/venv/lib/python3.10/site-packages/oslo_concurrency/lockutils.py:423}}
Nov 13 09:53:38 user devstack@n-api.service[64567]: DEBUG oslo_concurrency.lockutils [None req-5a4da058-0886-4949-8463-acc650b763bd tempest-ServerBootFromVolumeStableRescueTest-182847603 tempest-ServerBootFromVolumeStableRescueTest-182847603-project-member] Acquiring lock "3878906a-cabc-4929-b1b0-8d68137f7e33" by "nova.context.set_target_cell..get_or_set_cached_cell_and_set_connections" {{(pid=64567) inner /opt/stack/data/venv/lib/python3.10/site-packages/oslo_concurrency/lockutils.py:404}}
Nov 13 09:53:38 user devstack@n-api.service[64567]: DEBUG oslo_concurrency.lockutils [None req-5a4da058-0886-4949-8463-acc650b763bd tempest-ServerBootFromVolumeStableRescueTest-182847603 tempest-ServerBootFromVolumeStableRescueTest-182847603-project-member] Lock "3878906a-cabc-4929-b1b0-8d68137f7e33" acquired by "nova.context.set_target_cell..get_or_set_cached_cell_and_set_connections" :: waited 0.000s {{(pid=64567) inner /opt/stack/data/venv/lib/python3.10/site-packages/oslo_concurrency/lockutils.py:409}}
Nov 13 09:53:38 user devstack@n-api.service[64567]: DEBUG oslo_concurrency.lockutils [None req-5a4da058-0886-4949-8463-acc650b763bd tempest-ServerBootFromVolumeStableRescueTest-182847603 tempest-ServerBootFromVolumeStableRescueTest-182847603-project-member] Lock "3878906a-cabc-4929-b1b0-8d68137f7e33" "released" by "nova.context.set_target_cell..get_or_set_cached_cell_and_set_connections" :: held 0.000s {{(pid=64567) inner /opt/stack/data/venv/lib/python3.10/site-packages/oslo_concurrency/lockutils.py:423}}
Nov 13 09:53:38 user devstack@n-api.service[64567]: DEBUG nova.quota [None req-5a4da058-0886-4949-8463-acc650b763bd tempest-ServerBootFromVolumeStableRescueTest-182847603 tempest-ServerBootFromVolumeStableRescueTest-182847603-project-member] Getting quotas for project 83e3b3233a5b43d682200d91f29a80b4. Resources: {'instances', 'ram', 'cores'} {{(pid=64567) _get_quotas /opt/stack/nova/nova/quota.py:393}}
Nov 13 09:53:38 user devstack@n-api.service[64567]: DEBUG nova.quota [None req-5a4da058-0886-4949-8463-acc650b763bd tempest-ServerBootFromVolumeStableRescueTest-182847603 tempest-ServerBootFromVolumeStableRescueTest-182847603-project-member] Getting quotas for user 6bc911a5649643a6a3606d8b80e20eb0 and project 83e3b3233a5b43d682200d91f29a80b4. Resources: {'instances', 'ram', 'cores'} {{(pid=64567) _get_quotas /opt/stack/nova/nova/quota.py:383}}
Nov 13 09:53:38 user devstack@n-api.service[64567]: DEBUG nova.compute.api [None req-5a4da058-0886-4949-8463-acc650b763bd tempest-ServerBootFromVolumeStableRescueTest-182847603 tempest-ServerBootFromVolumeStableRescueTest-182847603-project-member] Going to run 1 instances... {{(pid=64567) _provision_instances /opt/stack/nova/nova/compute/api.py:1404}}
Nov 13 09:53:38 user devstack@n-api.service[64567]: DEBUG nova.compute.api [None req-5a4da058-0886-4949-8463-acc650b763bd tempest-ServerBootFromVolumeStableRescueTest-182847603 tempest-ServerBootFromVolumeStableRescueTest-182847603-project-member] [instance: f3716991-d8b9-47d3-bf7d-cfe1c6d0cd28] block_device_mapping [BlockDeviceMapping(attachment_id=,boot_index=0,connection_info=None,created_at=,delete_on_termination=True,deleted=,deleted_at=,destination_type='local',device_name=None,device_type='disk',disk_bus=None,encrypted=False,encryption_format=None,encryption_options=None,encryption_secret_uuid=None,guest_format=None,id=,image_id='b51f50a6-3c60-4450-bd2c-4073087acec9',instance=,instance_uuid=,no_device=False,snapshot_id=None,source_type='image',tag=None,updated_at=,uuid=,volume_id=None,volume_size=None,volume_type=None)] {{(pid=64567) _bdm_validate_set_size_and_instance /opt/stack/nova/nova/compute/api.py:1865}}
Nov 13 09:53:38 user devstack@n-api.service[64568]: DEBUG nova.network.neutron [None req-641a49e4-15ee-45a2-9b6d-1cb56adc2757 tempest-ServerRescueNegativeTestJSON-961432289 tempest-ServerRescueNegativeTestJSON-961432289-project-member] validate_networks() for [('23113158-c507-4f70-8650-961e365d3dc3', None, None, None, None, None)] {{(pid=64568) validate_networks /opt/stack/nova/nova/network/neutron.py:2645}}
Nov 13 09:53:38 user devstack@n-api.service[64567]: INFO nova.api.openstack.requestlog [None req-5a4da058-0886-4949-8463-acc650b763bd tempest-ServerBootFromVolumeStableRescueTest-182847603 tempest-ServerBootFromVolumeStableRescueTest-182847603-project-member] 10.0.0.210 "POST /compute/v2.1/servers" status: 202 len: 378 microversion: 2.87 time: 1.836692
Nov 13 09:53:38 user devstack@n-api.service[64567]: [pid: 64567|app: 0|req: 15/47] 10.0.0.210 () {66 vars in 1265 bytes} [Mon Nov 13 09:53:36 2023] POST /compute/v2.1/servers => generated 378 bytes in 1839 msecs (HTTP/1.1 202) 10 headers in 452 bytes (1 switches on core 0)
Nov 13 09:53:38 user devstack@n-api.service[64566]: DEBUG nova.api.openstack.wsgi [None req-b85f59bd-65fc-477d-b956-8f330c68ca59 tempest-ServerBootFromVolumeStableRescueTest-182847603 tempest-ServerBootFromVolumeStableRescueTest-182847603-project-member] Calling method '>' {{(pid=64566) _process_stack /opt/stack/nova/nova/api/openstack/wsgi.py:513}}
Nov 13 09:53:38 user devstack@n-api.service[64566]: DEBUG nova.compute.api [None req-b85f59bd-65fc-477d-b956-8f330c68ca59 tempest-ServerBootFromVolumeStableRescueTest-182847603 tempest-ServerBootFromVolumeStableRescueTest-182847603-project-member] [instance: f3716991-d8b9-47d3-bf7d-cfe1c6d0cd28] Fetching instance by UUID {{(pid=64566) get /opt/stack/nova/nova/compute/api.py:2978}}
Nov 13 09:53:38 user devstack@n-api.service[64566]: DEBUG nova.policy [None req-b85f59bd-65fc-477d-b956-8f330c68ca59 tempest-ServerBootFromVolumeStableRescueTest-182847603 tempest-ServerBootFromVolumeStableRescueTest-182847603-project-member] Policy check for os_compute_api:os-extended-server-attributes failed with credentials {'is_admin': False, 'user_id': '6bc911a5649643a6a3606d8b80e20eb0', 'user_domain_id': 'default', 'system_scope': None, 'domain_id': None, 'project_id': '83e3b3233a5b43d682200d91f29a80b4', 'project_domain_id': 'default', 'roles': ['member', 'reader'], 'is_admin_project': True, 'service_user_id': None, 'service_user_domain_id': None, 'service_project_id': None, 'service_project_domain_id': None, 'service_roles': []} {{(pid=64566) authorize /opt/stack/nova/nova/policy.py:203}}
Nov 13 09:53:38 user devstack@n-api.service[64566]: DEBUG nova.policy [None req-b85f59bd-65fc-477d-b956-8f330c68ca59 tempest-ServerBootFromVolumeStableRescueTest-182847603 tempest-ServerBootFromVolumeStableRescueTest-182847603-project-member] Policy check for os_compute_api:servers:show:host_status failed with credentials {'is_admin': False, 'user_id': '6bc911a5649643a6a3606d8b80e20eb0', 'user_domain_id': 'default', 'system_scope': None, 'domain_id': None, 'project_id': '83e3b3233a5b43d682200d91f29a80b4', 'project_domain_id': 'default', 'roles': ['member', 'reader'], 'is_admin_project': True, 'service_user_id': None, 'service_user_domain_id': None, 'service_project_id': None, 'service_project_domain_id': None, 'service_roles': []} {{(pid=64566) authorize /opt/stack/nova/nova/policy.py:203}}
Nov 13 09:53:38 user devstack@n-api.service[64566]: DEBUG nova.policy [None req-b85f59bd-65fc-477d-b956-8f330c68ca59 tempest-ServerBootFromVolumeStableRescueTest-182847603 tempest-ServerBootFromVolumeStableRescueTest-182847603-project-member] Policy check for os_compute_api:servers:show:host_status:unknown-only failed with credentials {'is_admin': False, 'user_id': '6bc911a5649643a6a3606d8b80e20eb0', 'user_domain_id': 'default', 'system_scope': None, 'domain_id': None, 'project_id': '83e3b3233a5b43d682200d91f29a80b4', 'project_domain_id': 'default', 'roles': ['member', 'reader'], 'is_admin_project': True, 'service_user_id': None, 'service_user_domain_id': None, 'service_project_id': None, 'service_project_domain_id': None, 'service_roles': []} {{(pid=64566) authorize /opt/stack/nova/nova/policy.py:203}}
Nov 13 09:53:38 user devstack@n-api.service[64566]: INFO nova.api.openstack.requestlog [None req-b85f59bd-65fc-477d-b956-8f330c68ca59 tempest-ServerBootFromVolumeStableRescueTest-182847603 tempest-ServerBootFromVolumeStableRescueTest-182847603-project-member] 10.0.0.210 "GET /compute/v2.1/servers/f3716991-d8b9-47d3-bf7d-cfe1c6d0cd28" status: 200 len: 1394 microversion: 2.87 time: 0.350513
Nov 13 09:53:38 user devstack@n-api.service[64566]: [pid: 64566|app: 0|req: 17/48] 10.0.0.210 () {64 vars in 1354 bytes} [Mon Nov 13 09:53:38 2023] GET /compute/v2.1/servers/f3716991-d8b9-47d3-bf7d-cfe1c6d0cd28 => generated 1394 bytes in 352 msecs (HTTP/1.1 200) 9 headers in 360 bytes (1 switches on core 0)
Nov 13 09:53:39 user devstack@n-api.service[64567]: DEBUG nova.api.openstack.wsgi [None req-ca52a637-82e5-4380-a8af-db8a35b85c63 tempest-AttachVolumeNegativeTest-1307038303 tempest-AttachVolumeNegativeTest-1307038303-project-member] Action: 'create', calling method: .version_select at 0x7f554d885f30>, body: {"keypair": {"name": "tempest-keypair-537423740", "public_key": "ecdsa-sha2-nistp384 AAAAE2VjZHNhLXNoYTItbmlzdHAzODQAAAAIbmlzdHAzODQAAABhBGW9OU854oBQK0ROYe3KE2gcm4kHgQGrTKE0dXsaLlu+wZxF8g9fFfjK971IoLjoM38zWAzX1pw8eMP/ejBzam7om+EuYqwAe6KTDLJdW+eS48xv5863cBvX5WRI5dMEEg=="}} {{(pid=64567) _process_stack /opt/stack/nova/nova/api/openstack/wsgi.py:511}}
Nov 13 09:53:39 user devstack@n-api.service[64567]: DEBUG nova.quota [None req-ca52a637-82e5-4380-a8af-db8a35b85c63 tempest-AttachVolumeNegativeTest-1307038303 tempest-AttachVolumeNegativeTest-1307038303-project-member] Getting quotas for project 1384599c1e484e54ae29b024377dbd04. Resources: {'key_pairs'} {{(pid=64567) _get_quotas /opt/stack/nova/nova/quota.py:393}}
Nov 13 09:53:39 user devstack@n-api.service[64567]: DEBUG nova.quota [None req-ca52a637-82e5-4380-a8af-db8a35b85c63 tempest-AttachVolumeNegativeTest-1307038303 tempest-AttachVolumeNegativeTest-1307038303-project-member] Getting quotas for user d93cfc3fb54b41ceb9f9657de0059043 and project 1384599c1e484e54ae29b024377dbd04. Resources: {'key_pairs'} {{(pid=64567) _get_quotas /opt/stack/nova/nova/quota.py:383}}
Nov 13 09:53:39 user devstack@n-api.service[64567]: INFO nova.api.openstack.requestlog [None req-ca52a637-82e5-4380-a8af-db8a35b85c63 tempest-AttachVolumeNegativeTest-1307038303 tempest-AttachVolumeNegativeTest-1307038303-project-member] 10.0.0.210 "POST /compute/v2.1/os-keypairs" status: 200 len: 385 microversion: 2.1 time: 0.137662
Nov 13 09:53:39 user devstack@n-api.service[64567]: [pid: 64567|app: 0|req: 16/49] 10.0.0.210 () {64 vars in 1236 bytes} [Mon Nov 13 09:53:39 2023] POST /compute/v2.1/os-keypairs => generated 385 bytes in 141 msecs (HTTP/1.1 200) 9 headers in 357 bytes (1 switches on core 0)
Nov 13 09:53:39 user devstack@n-api.service[64568]: DEBUG nova.virt.hardware [None req-641a49e4-15ee-45a2-9b6d-1cb56adc2757 tempest-ServerRescueNegativeTestJSON-961432289 tempest-ServerRescueNegativeTestJSON-961432289-project-member] Flavor limits 0:0:0 {{(pid=64568) get_cpu_topology_constraints /opt/stack/nova/nova/virt/hardware.py:348}}
Nov 13 09:53:39 user devstack@n-api.service[64568]: DEBUG nova.virt.hardware [None req-641a49e4-15ee-45a2-9b6d-1cb56adc2757 tempest-ServerRescueNegativeTestJSON-961432289 tempest-ServerRescueNegativeTestJSON-961432289-project-member] Image limits 0:0:0 {{(pid=64568) get_cpu_topology_constraints /opt/stack/nova/nova/virt/hardware.py:352}}
Nov 13 09:53:39 user devstack@n-api.service[64568]: DEBUG nova.virt.hardware [None req-641a49e4-15ee-45a2-9b6d-1cb56adc2757 tempest-ServerRescueNegativeTestJSON-961432289 tempest-ServerRescueNegativeTestJSON-961432289-project-member] Flavor pref 0:0:0 {{(pid=64568) get_cpu_topology_constraints /opt/stack/nova/nova/virt/hardware.py:388}}
Nov 13 09:53:39 user devstack@n-api.service[64568]: DEBUG nova.virt.hardware [None req-641a49e4-15ee-45a2-9b6d-1cb56adc2757 tempest-ServerRescueNegativeTestJSON-961432289 tempest-ServerRescueNegativeTestJSON-961432289-project-member] Image pref 0:0:0 {{(pid=64568) get_cpu_topology_constraints /opt/stack/nova/nova/virt/hardware.py:392}}
Nov 13 09:53:39 user devstack@n-api.service[64568]: DEBUG nova.virt.hardware [None req-641a49e4-15ee-45a2-9b6d-1cb56adc2757 tempest-ServerRescueNegativeTestJSON-961432289 tempest-ServerRescueNegativeTestJSON-961432289-project-member] Chose sockets=0, cores=0, threads=0; limits were sockets=65536, cores=65536, threads=65536 {{(pid=64568) get_cpu_topology_constraints /opt/stack/nova/nova/virt/hardware.py:430}}
Nov 13 09:53:39 user devstack@n-api.service[64568]: DEBUG oslo_concurrency.lockutils [None req-641a49e4-15ee-45a2-9b6d-1cb56adc2757 tempest-ServerRescueNegativeTestJSON-961432289 tempest-ServerRescueNegativeTestJSON-961432289-project-member] Acquiring lock "00000000-0000-0000-0000-000000000000" by "nova.context.set_target_cell..get_or_set_cached_cell_and_set_connections" {{(pid=64568) inner /opt/stack/data/venv/lib/python3.10/site-packages/oslo_concurrency/lockutils.py:404}}
Nov 13 09:53:39 user devstack@n-api.service[64568]: DEBUG oslo_concurrency.lockutils [None req-641a49e4-15ee-45a2-9b6d-1cb56adc2757 tempest-ServerRescueNegativeTestJSON-961432289 tempest-ServerRescueNegativeTestJSON-961432289-project-member] Lock "00000000-0000-0000-0000-000000000000" acquired by "nova.context.set_target_cell..get_or_set_cached_cell_and_set_connections" :: waited 0.001s {{(pid=64568) inner /opt/stack/data/venv/lib/python3.10/site-packages/oslo_concurrency/lockutils.py:409}}
Nov 13 09:53:39 user devstack@n-api.service[64568]: DEBUG oslo_concurrency.lockutils [None req-641a49e4-15ee-45a2-9b6d-1cb56adc2757 tempest-ServerRescueNegativeTestJSON-961432289 tempest-ServerRescueNegativeTestJSON-961432289-project-member] Lock "00000000-0000-0000-0000-000000000000" "released" by "nova.context.set_target_cell..get_or_set_cached_cell_and_set_connections" :: held 0.001s {{(pid=64568) inner /opt/stack/data/venv/lib/python3.10/site-packages/oslo_concurrency/lockutils.py:423}}
Nov 13 09:53:39 user devstack@n-api.service[64568]: DEBUG oslo_concurrency.lockutils [None req-641a49e4-15ee-45a2-9b6d-1cb56adc2757 tempest-ServerRescueNegativeTestJSON-961432289 tempest-ServerRescueNegativeTestJSON-961432289-project-member] Acquiring lock "3878906a-cabc-4929-b1b0-8d68137f7e33" by "nova.context.set_target_cell..get_or_set_cached_cell_and_set_connections" {{(pid=64568) inner /opt/stack/data/venv/lib/python3.10/site-packages/oslo_concurrency/lockutils.py:404}}
Nov 13 09:53:39 user devstack@n-api.service[64568]: DEBUG oslo_concurrency.lockutils [None req-641a49e4-15ee-45a2-9b6d-1cb56adc2757 tempest-ServerRescueNegativeTestJSON-961432289 tempest-ServerRescueNegativeTestJSON-961432289-project-member] Lock "3878906a-cabc-4929-b1b0-8d68137f7e33" acquired by "nova.context.set_target_cell..get_or_set_cached_cell_and_set_connections" :: waited 0.001s {{(pid=64568) inner /opt/stack/data/venv/lib/python3.10/site-packages/oslo_concurrency/lockutils.py:409}}
Nov 13 09:53:39 user devstack@n-api.service[64568]: DEBUG oslo_concurrency.lockutils [None req-641a49e4-15ee-45a2-9b6d-1cb56adc2757 tempest-ServerRescueNegativeTestJSON-961432289 tempest-ServerRescueNegativeTestJSON-961432289-project-member] Lock "3878906a-cabc-4929-b1b0-8d68137f7e33" "released" by "nova.context.set_target_cell..get_or_set_cached_cell_and_set_connections" :: held 0.000s {{(pid=64568) inner /opt/stack/data/venv/lib/python3.10/site-packages/oslo_concurrency/lockutils.py:423}}
Nov 13 09:53:39 user devstack@n-api.service[64568]: DEBUG nova.quota [None req-641a49e4-15ee-45a2-9b6d-1cb56adc2757 tempest-ServerRescueNegativeTestJSON-961432289 tempest-ServerRescueNegativeTestJSON-961432289-project-member] Getting quotas for project ae9ab18bb67e4db19e6c3366771ad218. Resources: {'instances', 'ram', 'cores'} {{(pid=64568) _get_quotas /opt/stack/nova/nova/quota.py:393}}
Nov 13 09:53:39 user devstack@n-api.service[64568]: DEBUG nova.quota [None req-641a49e4-15ee-45a2-9b6d-1cb56adc2757 tempest-ServerRescueNegativeTestJSON-961432289 tempest-ServerRescueNegativeTestJSON-961432289-project-member] Getting quotas for user 863471360be04ab5acb07ef3e99007c4 and project ae9ab18bb67e4db19e6c3366771ad218. Resources: {'instances', 'ram', 'cores'} {{(pid=64568) _get_quotas /opt/stack/nova/nova/quota.py:383}}
Nov 13 09:53:39 user devstack@n-api.service[64568]: DEBUG nova.compute.api [None req-641a49e4-15ee-45a2-9b6d-1cb56adc2757 tempest-ServerRescueNegativeTestJSON-961432289 tempest-ServerRescueNegativeTestJSON-961432289-project-member] Going to run 1 instances... {{(pid=64568) _provision_instances /opt/stack/nova/nova/compute/api.py:1404}}
Nov 13 09:53:39 user devstack@n-api.service[64568]: DEBUG nova.compute.api [None req-641a49e4-15ee-45a2-9b6d-1cb56adc2757 tempest-ServerRescueNegativeTestJSON-961432289 tempest-ServerRescueNegativeTestJSON-961432289-project-member] [instance: 85cb3adb-b2b3-49ec-92ab-c2b7a028241a] block_device_mapping [BlockDeviceMapping(attachment_id=,boot_index=0,connection_info=None,created_at=,delete_on_termination=True,deleted=,deleted_at=,destination_type='local',device_name=None,device_type='disk',disk_bus=None,encrypted=False,encryption_format=None,encryption_options=None,encryption_secret_uuid=None,guest_format=None,id=,image_id='b51f50a6-3c60-4450-bd2c-4073087acec9',instance=,instance_uuid=,no_device=False,snapshot_id=None,source_type='image',tag=None,updated_at=,uuid=,volume_id=None,volume_size=None,volume_type=None)] {{(pid=64568) _bdm_validate_set_size_and_instance /opt/stack/nova/nova/compute/api.py:1865}}
Nov 13 09:53:40 user devstack@n-api.service[64568]: INFO nova.api.openstack.requestlog [None req-641a49e4-15ee-45a2-9b6d-1cb56adc2757 tempest-ServerRescueNegativeTestJSON-961432289 tempest-ServerRescueNegativeTestJSON-961432289-project-member] 10.0.0.210 "POST /compute/v2.1/servers" status: 202 len: 381 microversion: 2.1 time: 2.320043
Nov 13 09:53:40 user devstack@n-api.service[64568]: [pid: 64568|app: 0|req: 17/50] 10.0.0.210 () {64 vars in 1224 bytes} [Mon Nov 13 09:53:37 2023] POST /compute/v2.1/servers => generated 381 bytes in 2322 msecs (HTTP/1.1 202) 10 headers in 450 bytes (1 switches on core 0)
Nov 13 09:53:40 user devstack@n-api.service[64566]: DEBUG nova.api.openstack.wsgi [None req-90de88a0-96f1-4c99-8417-229f78e09786 tempest-ServerRescueNegativeTestJSON-961432289 tempest-ServerRescueNegativeTestJSON-961432289-project-member] Calling method '>' {{(pid=64566) _process_stack /opt/stack/nova/nova/api/openstack/wsgi.py:513}}
Nov 13 09:53:40 user devstack@n-api.service[64566]: DEBUG nova.compute.api [None req-90de88a0-96f1-4c99-8417-229f78e09786 tempest-ServerRescueNegativeTestJSON-961432289 tempest-ServerRescueNegativeTestJSON-961432289-project-member] [instance: 85cb3adb-b2b3-49ec-92ab-c2b7a028241a] Fetching instance by UUID {{(pid=64566) get /opt/stack/nova/nova/compute/api.py:2978}}
Nov 13 09:53:40 user devstack@n-api.service[64566]: DEBUG nova.policy [None req-90de88a0-96f1-4c99-8417-229f78e09786 tempest-ServerRescueNegativeTestJSON-961432289 tempest-ServerRescueNegativeTestJSON-961432289-project-member] Policy check for os_compute_api:os-extended-server-attributes failed with credentials {'is_admin': False, 'user_id': '863471360be04ab5acb07ef3e99007c4', 'user_domain_id': 'default', 'system_scope': None, 'domain_id': None, 'project_id': 'ae9ab18bb67e4db19e6c3366771ad218', 'project_domain_id': 'default', 'roles': ['member', 'reader'], 'is_admin_project': True, 'service_user_id': None, 'service_user_domain_id': None, 'service_project_id': None, 'service_project_domain_id': None, 'service_roles': []} {{(pid=64566) authorize /opt/stack/nova/nova/policy.py:203}}
Nov 13 09:53:40 user devstack@n-api.service[64566]: INFO nova.api.openstack.requestlog [None req-90de88a0-96f1-4c99-8417-229f78e09786 tempest-ServerRescueNegativeTestJSON-961432289 tempest-ServerRescueNegativeTestJSON-961432289-project-member] 10.0.0.210 "GET /compute/v2.1/servers/85cb3adb-b2b3-49ec-92ab-c2b7a028241a" status: 200 len: 1213 microversion: 2.1 time: 0.153720
Nov 13 09:53:40 user devstack@n-api.service[64566]: [pid: 64566|app: 0|req: 18/51] 10.0.0.210 () {62 vars in 1313 bytes} [Mon Nov 13 09:53:40 2023] GET /compute/v2.1/servers/85cb3adb-b2b3-49ec-92ab-c2b7a028241a => generated 1213 bytes in 156 msecs (HTTP/1.1 200) 9 headers in 358 bytes (1 switches on core 0)
