Aug 10 01:21:40 user devstack@placement-api.service[67718]: INFO placement.requestlog [req-aa801339-9f3e-4cde-b7ca-a66b61502fac req-6c7719c3-9d8f-4452-9564-caf1c4903517 service placement] 10.0.0.210 "PUT /placement/allocations/64703aae-93b4-4173-80c8-7e39ab9cd667" status: 204 len: 0 microversion: 1.36
Aug 10 01:21:40 user devstack@placement-api.service[67718]: [pid: 67718|app: 0|req: 474/1417] 10.0.0.210 () {68 vars in 1511 bytes} [Thu Aug 10 01:21:40 2023] PUT /placement/allocations/64703aae-93b4-4173-80c8-7e39ab9cd667 => generated 0 bytes in 60 msecs (HTTP/1.1 204) 5 headers in 199 bytes (1 switches on core 0)
Aug 10 01:21:40 user devstack@placement-api.service[67717]: DEBUG placement.requestlog [req-aa801339-9f3e-4cde-b7ca-a66b61502fac req-8a1976a2-1d9d-4049-9c48-cfe5cb01b58e None None] Starting request: 10.0.0.210 "GET /placement/allocations/64703aae-93b4-4173-80c8-7e39ab9cd667" {{(pid=67717) __call__ /opt/stack/placement/placement/requestlog.py:55}}
Aug 10 01:21:40 user devstack@placement-api.service[67717]: INFO placement.requestlog [req-aa801339-9f3e-4cde-b7ca-a66b61502fac req-8a1976a2-1d9d-4049-9c48-cfe5cb01b58e service placement] 10.0.0.210 "GET /placement/allocations/64703aae-93b4-4173-80c8-7e39ab9cd667" status: 200 len: 258 microversion: 1.28
Aug 10 01:21:40 user devstack@placement-api.service[67717]: [pid: 67717|app: 0|req: 474/1418] 10.0.0.210 () {64 vars in 1456 bytes} [Thu Aug 10 01:21:40 2023] GET /placement/allocations/64703aae-93b4-4173-80c8-7e39ab9cd667 => generated 258 bytes in 16 msecs (HTTP/1.1 200) 8 headers in 296 bytes (1 switches on core 0)
Aug 10 01:21:40 user devstack@placement-api.service[67719]: DEBUG placement.requestlog [req-aa801339-9f3e-4cde-b7ca-a66b61502fac req-dae72ecf-055b-48a6-9110-fd98c71e8abc None None] Starting request: 10.0.0.210 "GET /placement/resource_providers/78a3d833-6e7b-46db-90d0-fe7329a0c19a/allocations" {{(pid=67719) __call__ /opt/stack/placement/placement/requestlog.py:55}}
Aug 10 01:21:40 user devstack@placement-api.service[67719]: INFO placement.requestlog [req-aa801339-9f3e-4cde-b7ca-a66b61502fac req-dae72ecf-055b-48a6-9110-fd98c71e8abc service placement] 10.0.0.210 "GET /placement/resource_providers/78a3d833-6e7b-46db-90d0-fe7329a0c19a/allocations" status: 200 len: 153 microversion: 1.0
Aug 10 01:21:40 user devstack@placement-api.service[67719]: [pid: 67719|app: 0|req: 471/1419] 10.0.0.210 () {62 vars in 1469 bytes} [Thu Aug 10 01:21:40 2023] GET /placement/resource_providers/78a3d833-6e7b-46db-90d0-fe7329a0c19a/allocations => generated 153 bytes in 19 msecs (HTTP/1.1 200) 6 headers in 224 bytes (1 switches on core 0)
Aug 10 01:21:40 user devstack@placement-api.service[67718]: DEBUG placement.requestlog [req-aa801339-9f3e-4cde-b7ca-a66b61502fac req-2aaa72c6-6c83-4122-8378-34da27f8210a None None] Starting request: 10.0.0.210 "GET /placement/allocations/64703aae-93b4-4173-80c8-7e39ab9cd667" {{(pid=67718) __call__ /opt/stack/placement/placement/requestlog.py:55}}
Aug 10 01:21:40 user devstack@placement-api.service[67718]: INFO placement.requestlog [req-aa801339-9f3e-4cde-b7ca-a66b61502fac req-2aaa72c6-6c83-4122-8378-34da27f8210a service placement] 10.0.0.210 "GET /placement/allocations/64703aae-93b4-4173-80c8-7e39ab9cd667" status: 200 len: 258 microversion: 1.28
Aug 10 01:21:40 user devstack@placement-api.service[67718]: [pid: 67718|app: 0|req: 475/1420] 10.0.0.210 () {64 vars in 1456 bytes} [Thu Aug 10 01:21:40 2023] GET /placement/allocations/64703aae-93b4-4173-80c8-7e39ab9cd667 => generated 258 bytes in 14 msecs (HTTP/1.1 200) 8 headers in 296 bytes (1 switches on core 0)
Aug 10 01:21:50 user devstack@placement-api.service[67717]: DEBUG dbcounter [-] [67717] Writing DB stats placement:SELECT=16 {{(pid=67717) stat_writer /usr/local/lib/python3.10/dist-packages/dbcounter.py:115}}
Aug 10 01:21:50 user devstack@placement-api.service[67719]: DEBUG dbcounter [-] [67719] Writing DB stats placement:SELECT=8 {{(pid=67719) stat_writer /usr/local/lib/python3.10/dist-packages/dbcounter.py:115}}
Aug 10 01:21:50 user devstack@placement-api.service[67718]: DEBUG dbcounter [-] [67718] Writing DB stats placement:SELECT=17,placement:INSERT=4,placement:DELETE=2,placement:UPDATE=2 {{(pid=67718) stat_writer /usr/local/lib/python3.10/dist-packages/dbcounter.py:115}}
Aug 10 01:21:59 user devstack@placement-api.service[67717]: DEBUG placement.requestlog [req-7c1456cc-b37d-4a28-a496-702f8fdf5fdd req-6eb22da7-2374-460c-921a-c7801f65955b None None] Starting request: 10.0.0.210 "GET /placement/resource_providers/78a3d833-6e7b-46db-90d0-fe7329a0c19a/allocations" {{(pid=67717) __call__ /opt/stack/placement/placement/requestlog.py:55}}
Aug 10 01:22:00 user devstack@placement-api.service[67717]: INFO placement.requestlog [req-7c1456cc-b37d-4a28-a496-702f8fdf5fdd req-6eb22da7-2374-460c-921a-c7801f65955b service placement] 10.0.0.210 "GET /placement/resource_providers/78a3d833-6e7b-46db-90d0-fe7329a0c19a/allocations" status: 200 len: 153 microversion: 1.0
Aug 10 01:22:00 user devstack@placement-api.service[67717]: [pid: 67717|app: 0|req: 475/1421] 10.0.0.210 () {62 vars in 1469 bytes} [Thu Aug 10 01:21:59 2023] GET /placement/resource_providers/78a3d833-6e7b-46db-90d0-fe7329a0c19a/allocations => generated 153 bytes in 160 msecs (HTTP/1.1 200) 6 headers in 224 bytes (1 switches on core 0)
Aug 10 01:22:00 user devstack@placement-api.service[67719]: DEBUG placement.requestlog [req-7c1456cc-b37d-4a28-a496-702f8fdf5fdd req-d4aad664-aa20-4bf3-97cf-4a858bf9d724 None None] Starting request: 10.0.0.210 "GET /placement/resource_providers?in_tree=78a3d833-6e7b-46db-90d0-fe7329a0c19a" {{(pid=67719) __call__ /opt/stack/placement/placement/requestlog.py:55}}
Aug 10 01:22:00 user devstack@placement-api.service[67719]: INFO placement.requestlog [req-7c1456cc-b37d-4a28-a496-702f8fdf5fdd req-d4aad664-aa20-4bf3-97cf-4a858bf9d724 service placement] 10.0.0.210 "GET /placement/resource_providers?in_tree=78a3d833-6e7b-46db-90d0-fe7329a0c19a" status: 200 len: 854 microversion: 1.14
Aug 10 01:22:00 user devstack@placement-api.service[67719]: [pid: 67719|app: 0|req: 472/1422] 10.0.0.210 () {64 vars in 1455 bytes} [Thu Aug 10 01:22:00 2023] GET /placement/resource_providers?in_tree=78a3d833-6e7b-46db-90d0-fe7329a0c19a => generated 854 bytes in 36 msecs (HTTP/1.1 200) 6 headers in 225 bytes (1 switches on core 0)
Aug 10 01:22:00 user devstack@placement-api.service[67718]: DEBUG placement.requestlog [req-7c1456cc-b37d-4a28-a496-702f8fdf5fdd req-24d10c6d-9e8b-478b-83d4-144f2f30f32f None None] Starting request: 10.0.0.210 "GET /placement/resource_providers/78a3d833-6e7b-46db-90d0-fe7329a0c19a/inventories" {{(pid=67718) __call__ /opt/stack/placement/placement/requestlog.py:55}}
Aug 10 01:22:00 user devstack@placement-api.service[67718]: INFO placement.requestlog [req-7c1456cc-b37d-4a28-a496-702f8fdf5fdd req-24d10c6d-9e8b-478b-83d4-144f2f30f32f service placement] 10.0.0.210 "GET /placement/resource_providers/78a3d833-6e7b-46db-90d0-fe7329a0c19a/inventories" status: 200 len: 399 microversion: 1.0
Aug 10 01:22:00 user devstack@placement-api.service[67718]: [pid: 67718|app: 0|req: 476/1423] 10.0.0.210 () {62 vars in 1469 bytes} [Thu Aug 10 01:22:00 2023] GET /placement/resource_providers/78a3d833-6e7b-46db-90d0-fe7329a0c19a/inventories => generated 399 bytes in 20 msecs (HTTP/1.1 200) 6 headers in 224 bytes (1 switches on core 0)
Aug 10 01:22:00 user devstack@placement-api.service[67717]: DEBUG placement.requestlog [req-7c1456cc-b37d-4a28-a496-702f8fdf5fdd req-c30e7542-0e3d-4beb-a7be-37450ebcfb85 None None] Starting request: 10.0.0.210 "GET /placement/resource_providers/78a3d833-6e7b-46db-90d0-fe7329a0c19a/aggregates" {{(pid=67717) __call__ /opt/stack/placement/placement/requestlog.py:55}}
Aug 10 01:22:00 user devstack@placement-api.service[67717]: INFO placement.requestlog [req-7c1456cc-b37d-4a28-a496-702f8fdf5fdd req-c30e7542-0e3d-4beb-a7be-37450ebcfb85 service placement] 10.0.0.210 "GET /placement/resource_providers/78a3d833-6e7b-46db-90d0-fe7329a0c19a/aggregates" status: 200 len: 54 microversion: 1.19
Aug 10 01:22:00 user devstack@placement-api.service[67717]: [pid: 67717|app: 0|req: 476/1424] 10.0.0.210 () {64 vars in 1510 bytes} [Thu Aug 10 01:22:00 2023] GET /placement/resource_providers/78a3d833-6e7b-46db-90d0-fe7329a0c19a/aggregates => generated 54 bytes in 16 msecs (HTTP/1.1 200) 8 headers in 295 bytes (1 switches on core 0)
Aug 10 01:22:00 user devstack@placement-api.service[67719]: DEBUG placement.requestlog [req-7c1456cc-b37d-4a28-a496-702f8fdf5fdd req-d2fd348b-2c16-45d3-96d2-85e76795428d None None] Starting request: 10.0.0.210 "GET /placement/resource_providers/78a3d833-6e7b-46db-90d0-fe7329a0c19a/traits" {{(pid=67719) __call__ /opt/stack/placement/placement/requestlog.py:55}}
Aug 10 01:22:00 user devstack@placement-api.service[67719]: INFO placement.requestlog [req-7c1456cc-b37d-4a28-a496-702f8fdf5fdd req-d2fd348b-2c16-45d3-96d2-85e76795428d service placement] 10.0.0.210 "GET /placement/resource_providers/78a3d833-6e7b-46db-90d0-fe7329a0c19a/traits" status: 200 len: 1379 microversion: 1.6
Aug 10 01:22:00 user devstack@placement-api.service[67719]: [pid: 67719|app: 0|req: 473/1425] 10.0.0.210 () {64 vars in 1497 bytes} [Thu Aug 10 01:22:00 2023] GET /placement/resource_providers/78a3d833-6e7b-46db-90d0-fe7329a0c19a/traits => generated 1379 bytes in 40 msecs (HTTP/1.1 200) 6 headers in 225 bytes (1 switches on core 0)
Aug 10 01:22:00 user devstack@placement-api.service[67718]: DEBUG placement.requestlog [req-7c1456cc-b37d-4a28-a496-702f8fdf5fdd req-6bb31285-504e-4c2a-8f26-ad0b769d71cb None None] Starting request: 10.0.0.210 "GET /placement/resource_providers/78a3d833-6e7b-46db-90d0-fe7329a0c19a/allocations" {{(pid=67718) __call__ /opt/stack/placement/placement/requestlog.py:55}}
Aug 10 01:22:00 user devstack@placement-api.service[67718]: INFO placement.requestlog [req-7c1456cc-b37d-4a28-a496-702f8fdf5fdd req-6bb31285-504e-4c2a-8f26-ad0b769d71cb service placement] 10.0.0.210 "GET /placement/resource_providers/78a3d833-6e7b-46db-90d0-fe7329a0c19a/allocations" status: 200 len: 153 microversion: 1.0
Aug 10 01:22:00 user devstack@placement-api.service[67718]: [pid: 67718|app: 0|req: 477/1426] 10.0.0.210 () {62 vars in 1469 bytes} [Thu Aug 10 01:22:00 2023] GET /placement/resource_providers/78a3d833-6e7b-46db-90d0-fe7329a0c19a/allocations => generated 153 bytes in 20 msecs (HTTP/1.1 200) 6 headers in 224 bytes (1 switches on core 0)
Aug 10 01:22:00 user devstack@placement-api.service[67717]: DEBUG placement.requestlog [req-7c1456cc-b37d-4a28-a496-702f8fdf5fdd req-85fd59cc-0874-41ae-97b8-125d6aa3335c None None] Starting request: 10.0.0.210 "GET /placement/allocations/64703aae-93b4-4173-80c8-7e39ab9cd667" {{(pid=67717) __call__ /opt/stack/placement/placement/requestlog.py:55}}
Aug 10 01:22:00 user devstack@placement-api.service[67717]: INFO placement.requestlog [req-7c1456cc-b37d-4a28-a496-702f8fdf5fdd req-85fd59cc-0874-41ae-97b8-125d6aa3335c service placement] 10.0.0.210 "GET /placement/allocations/64703aae-93b4-4173-80c8-7e39ab9cd667" status: 200 len: 258 microversion: 1.28
Aug 10 01:22:00 user devstack@placement-api.service[67717]: [pid: 67717|app: 0|req: 477/1427] 10.0.0.210 () {64 vars in 1456 bytes} [Thu Aug 10 01:22:00 2023] GET /placement/allocations/64703aae-93b4-4173-80c8-7e39ab9cd667 => generated 258 bytes in 18 msecs (HTTP/1.1 200) 8 headers in 296 bytes (1 switches on core 0)
Aug 10 01:22:00 user devstack@placement-api.service[67719]: DEBUG placement.requestlog [req-6b77405e-e9a8-45d1-bddd-8f3b2bcc0225 req-3acb710f-a080-4ceb-ac50-bd80983da255 None None] Starting request: 10.0.0.210 "GET /placement/allocation_candidates?limit=1000&resources=DISK_GB%3A1%2CMEMORY_MB%3A512%2CVCPU%3A1&root_required=%21COMPUTE_STATUS_DISABLED" {{(pid=67719) __call__ /opt/stack/placement/placement/requestlog.py:55}}
Aug 10 01:22:00 user devstack@placement-api.service[67719]: DEBUG placement.objects.research_context [req-6b77405e-e9a8-45d1-bddd-8f3b2bcc0225 req-3acb710f-a080-4ceb-ac50-bd80983da255 service placement] getting providers with 1 DISK_GB {{(pid=67719) __init__ /opt/stack/placement/placement/objects/research_context.py:136}}
Aug 10 01:22:00 user devstack@placement-api.service[67719]: DEBUG placement.objects.research_context [req-6b77405e-e9a8-45d1-bddd-8f3b2bcc0225 req-3acb710f-a080-4ceb-ac50-bd80983da255 service placement] getting providers with 512 MEMORY_MB {{(pid=67719) __init__ /opt/stack/placement/placement/objects/research_context.py:136}}
Aug 10 01:22:00 user devstack@placement-api.service[67719]: DEBUG placement.objects.research_context [req-6b77405e-e9a8-45d1-bddd-8f3b2bcc0225 req-3acb710f-a080-4ceb-ac50-bd80983da255 service placement] getting providers with 1 VCPU {{(pid=67719) __init__ /opt/stack/placement/placement/objects/research_context.py:136}}
Aug 10 01:22:00 user devstack@placement-api.service[67719]: DEBUG placement.objects.research_context [req-6b77405e-e9a8-45d1-bddd-8f3b2bcc0225 req-3acb710f-a080-4ceb-ac50-bd80983da255 service placement] found 1 providers with available 1 DISK_GB {{(pid=67719) get_provider_ids_matching /opt/stack/placement/placement/objects/research_context.py:563}}
Aug 10 01:22:00 user devstack@placement-api.service[67719]: DEBUG placement.objects.research_context [req-6b77405e-e9a8-45d1-bddd-8f3b2bcc0225 req-3acb710f-a080-4ceb-ac50-bd80983da255 service placement] found 1 providers with available 512 MEMORY_MB {{(pid=67719) get_provider_ids_matching /opt/stack/placement/placement/objects/research_context.py:563}}
Aug 10 01:22:00 user devstack@placement-api.service[67719]: DEBUG placement.objects.research_context [req-6b77405e-e9a8-45d1-bddd-8f3b2bcc0225 req-3acb710f-a080-4ceb-ac50-bd80983da255 service placement] found 1 providers after filtering by previous result {{(pid=67719) get_provider_ids_matching /opt/stack/placement/placement/objects/research_context.py:594}}
Aug 10 01:22:00 user devstack@placement-api.service[67719]: DEBUG placement.objects.research_context [req-6b77405e-e9a8-45d1-bddd-8f3b2bcc0225 req-3acb710f-a080-4ceb-ac50-bd80983da255 service placement] found 1 providers with available 1 VCPU {{(pid=67719) get_provider_ids_matching /opt/stack/placement/placement/objects/research_context.py:563}}
Aug 10 01:22:00 user devstack@placement-api.service[67719]: DEBUG placement.objects.research_context [req-6b77405e-e9a8-45d1-bddd-8f3b2bcc0225 req-3acb710f-a080-4ceb-ac50-bd80983da255 service placement] found 1 providers after filtering by previous result {{(pid=67719) get_provider_ids_matching /opt/stack/placement/placement/objects/research_context.py:594}}
Aug 10 01:22:00 user devstack@placement-api.service[67719]: DEBUG placement.objects.allocation_candidate [req-6b77405e-e9a8-45d1-bddd-8f3b2bcc0225 req-3acb710f-a080-4ceb-ac50-bd80983da255 service placement] RequestGroup(use_same_provider=False, resources={DISK_GB:1, MEMORY_MB:512, VCPU:1}, traits=(), aggregates=[]) (suffix '') returned 1 matches {{(pid=67719) _get_by_requests /opt/stack/placement/placement/objects/allocation_candidate.py:156}}
Aug 10 01:22:00 user devstack@placement-api.service[67719]: DEBUG placement.objects.allocation_candidate [req-6b77405e-e9a8-45d1-bddd-8f3b2bcc0225 req-3acb710f-a080-4ceb-ac50-bd80983da255 service placement] Merging candidates yields 1 allocation requests and 1 provider summaries {{(pid=67719) _merge_candidates /opt/stack/placement/placement/objects/allocation_candidate.py:809}}
Aug 10 01:22:00 user devstack@placement-api.service[67719]: INFO placement.requestlog [req-6b77405e-e9a8-45d1-bddd-8f3b2bcc0225 req-3acb710f-a080-4ceb-ac50-bd80983da255 service placement] 10.0.0.210 "GET /placement/allocation_candidates?limit=1000&resources=DISK_GB%3A1%2CMEMORY_MB%3A512%2CVCPU%3A1&root_required=%21COMPUTE_STATUS_DISABLED" status: 200 len: 1844 microversion: 1.36
Aug 10 01:22:00 user devstack@placement-api.service[67719]: [pid: 67719|app: 0|req: 474/1428] 10.0.0.210 () {64 vars in 1582 bytes} [Thu Aug 10 01:22:00 2023] GET /placement/allocation_candidates?limit=1000&resources=DISK_GB%3A1%2CMEMORY_MB%3A512%2CVCPU%3A1&root_required=%21COMPUTE_STATUS_DISABLED => generated 1844 bytes in 72 msecs (HTTP/1.1 200) 8 headers in 297 bytes (1 switches on core 0)
Aug 10 01:22:00 user devstack@placement-api.service[67718]: DEBUG placement.requestlog [req-6b77405e-e9a8-45d1-bddd-8f3b2bcc0225 req-049fafb2-94c6-41c7-b0e8-66260f5c2282 None None] Starting request: 10.0.0.210 "GET /placement/allocations/ca881c57-12a8-4cb9-9d07-6f839b158dc6" {{(pid=67718) __call__ /opt/stack/placement/placement/requestlog.py:55}}
Aug 10 01:22:00 user devstack@placement-api.service[67718]: INFO placement.requestlog [req-6b77405e-e9a8-45d1-bddd-8f3b2bcc0225 req-049fafb2-94c6-41c7-b0e8-66260f5c2282 service placement] 10.0.0.210 "GET /placement/allocations/ca881c57-12a8-4cb9-9d07-6f839b158dc6" status: 200 len: 19 microversion: 1.28
Aug 10 01:22:00 user devstack@placement-api.service[67718]: [pid: 67718|app: 0|req: 478/1429] 10.0.0.210 () {64 vars in 1458 bytes} [Thu Aug 10 01:22:00 2023] GET /placement/allocations/ca881c57-12a8-4cb9-9d07-6f839b158dc6 => generated 19 bytes in 11 msecs (HTTP/1.1 200) 8 headers in 295 bytes (1 switches on core 0)
Aug 10 01:22:00 user devstack@placement-api.service[67717]: DEBUG placement.requestlog [req-6b77405e-e9a8-45d1-bddd-8f3b2bcc0225 req-00b35cb4-27a6-415f-8a35-87d160bcb456 None None] Starting request: 10.0.0.210 "PUT /placement/allocations/ca881c57-12a8-4cb9-9d07-6f839b158dc6" {{(pid=67717) __call__ /opt/stack/placement/placement/requestlog.py:55}}
Aug 10 01:22:00 user devstack@placement-api.service[67717]: DEBUG placement.handlers.allocation [req-6b77405e-e9a8-45d1-bddd-8f3b2bcc0225 req-00b35cb4-27a6-415f-8a35-87d160bcb456 service placement] Successfully wrote allocations [, , ] {{(pid=67717) _update_consumers_and_create_allocations /opt/stack/placement/placement/handlers/allocation.py:462}}
Aug 10 01:22:00 user devstack@placement-api.service[67717]: INFO placement.requestlog [req-6b77405e-e9a8-45d1-bddd-8f3b2bcc0225 req-00b35cb4-27a6-415f-8a35-87d160bcb456 service placement] 10.0.0.210 "PUT /placement/allocations/ca881c57-12a8-4cb9-9d07-6f839b158dc6" status: 204 len: 0 microversion: 1.36
Aug 10 01:22:00 user devstack@placement-api.service[67717]: [pid: 67717|app: 0|req: 478/1430] 10.0.0.210 () {68 vars in 1511 bytes} [Thu Aug 10 01:22:00 2023] PUT /placement/allocations/ca881c57-12a8-4cb9-9d07-6f839b158dc6 => generated 0 bytes in 62 msecs (HTTP/1.1 204) 5 headers in 199 bytes (1 switches on core 0)
Aug 10 01:22:01 user devstack@placement-api.service[67719]: DEBUG placement.requestlog [req-6b77405e-e9a8-45d1-bddd-8f3b2bcc0225 req-8b94f5c8-b4ec-48d3-bf45-1d7824f97a48 None None] Starting request: 10.0.0.210 "GET /placement/allocations/ca881c57-12a8-4cb9-9d07-6f839b158dc6" {{(pid=67719) __call__ /opt/stack/placement/placement/requestlog.py:55}}
Aug 10 01:22:01 user devstack@placement-api.service[67719]: INFO placement.requestlog [req-6b77405e-e9a8-45d1-bddd-8f3b2bcc0225 req-8b94f5c8-b4ec-48d3-bf45-1d7824f97a48 service placement] 10.0.0.210 "GET /placement/allocations/ca881c57-12a8-4cb9-9d07-6f839b158dc6" status: 200 len: 258 microversion: 1.28
Aug 10 01:22:01 user devstack@placement-api.service[67719]: [pid: 67719|app: 0|req: 475/1431] 10.0.0.210 () {64 vars in 1456 bytes} [Thu Aug 10 01:22:01 2023] GET /placement/allocations/ca881c57-12a8-4cb9-9d07-6f839b158dc6 => generated 258 bytes in 17 msecs (HTTP/1.1 200) 8 headers in 296 bytes (1 switches on core 0)
Aug 10 01:22:01 user devstack@placement-api.service[67718]: DEBUG placement.requestlog [req-6b77405e-e9a8-45d1-bddd-8f3b2bcc0225 req-6c2802ae-a97a-46a4-aef1-160292cd470a None None] Starting request: 10.0.0.210 "GET /placement/resource_providers/78a3d833-6e7b-46db-90d0-fe7329a0c19a/allocations" {{(pid=67718) __call__ /opt/stack/placement/placement/requestlog.py:55}}
Aug 10 01:22:01 user devstack@placement-api.service[67718]: INFO placement.requestlog [req-6b77405e-e9a8-45d1-bddd-8f3b2bcc0225 req-6c2802ae-a97a-46a4-aef1-160292cd470a service placement] 10.0.0.210 "GET /placement/resource_providers/78a3d833-6e7b-46db-90d0-fe7329a0c19a/allocations" status: 200 len: 253 microversion: 1.0
Aug 10 01:22:01 user devstack@placement-api.service[67718]: [pid: 67718|app: 0|req: 479/1432] 10.0.0.210 () {62 vars in 1469 bytes} [Thu Aug 10 01:22:01 2023] GET /placement/resource_providers/78a3d833-6e7b-46db-90d0-fe7329a0c19a/allocations => generated 253 bytes in 22 msecs (HTTP/1.1 200) 6 headers in 224 bytes (1 switches on core 0)
Aug 10 01:22:01 user devstack@placement-api.service[67717]: DEBUG placement.requestlog [req-6b77405e-e9a8-45d1-bddd-8f3b2bcc0225 req-c8a5fd69-e83c-4585-971a-bd991eb46ef4 None None] Starting request: 10.0.0.210 "GET /placement/allocations/64703aae-93b4-4173-80c8-7e39ab9cd667" {{(pid=67717) __call__ /opt/stack/placement/placement/requestlog.py:55}}
Aug 10 01:22:01 user devstack@placement-api.service[67717]: INFO placement.requestlog [req-6b77405e-e9a8-45d1-bddd-8f3b2bcc0225 req-c8a5fd69-e83c-4585-971a-bd991eb46ef4 service placement] 10.0.0.210 "GET /placement/allocations/64703aae-93b4-4173-80c8-7e39ab9cd667" status: 200 len: 258 microversion: 1.28
Aug 10 01:22:01 user devstack@placement-api.service[67717]: [pid: 67717|app: 0|req: 479/1433] 10.0.0.210 () {64 vars in 1456 bytes} [Thu Aug 10 01:22:01 2023] GET /placement/allocations/64703aae-93b4-4173-80c8-7e39ab9cd667 => generated 258 bytes in 15 msecs (HTTP/1.1 200) 8 headers in 296 bytes (1 switches on core 0)
Aug 10 01:22:01 user devstack@placement-api.service[67719]: DEBUG placement.requestlog [req-6b77405e-e9a8-45d1-bddd-8f3b2bcc0225 req-addf6e37-945d-4550-8aba-cb075b8169de None None] Starting request: 10.0.0.210 "GET /placement/allocations/ca881c57-12a8-4cb9-9d07-6f839b158dc6" {{(pid=67719) __call__ /opt/stack/placement/placement/requestlog.py:55}}
Aug 10 01:22:01 user devstack@placement-api.service[67719]: INFO placement.requestlog [req-6b77405e-e9a8-45d1-bddd-8f3b2bcc0225 req-addf6e37-945d-4550-8aba-cb075b8169de service placement] 10.0.0.210 "GET /placement/allocations/ca881c57-12a8-4cb9-9d07-6f839b158dc6" status: 200 len: 258 microversion: 1.28
Aug 10 01:22:01 user devstack@placement-api.service[67719]: [pid: 67719|app: 0|req: 476/1434] 10.0.0.210 () {64 vars in 1456 bytes} [Thu Aug 10 01:22:01 2023] GET /placement/allocations/ca881c57-12a8-4cb9-9d07-6f839b158dc6 => generated 258 bytes in 15 msecs (HTTP/1.1 200) 8 headers in 296 bytes (1 switches on core 0)
Aug 10 01:22:11 user devstack@placement-api.service[67718]: DEBUG dbcounter [-] [67718] Writing DB stats placement:SELECT=20 {{(pid=67718) stat_writer /usr/local/lib/python3.10/dist-packages/dbcounter.py:115}}
Aug 10 01:22:11 user devstack@placement-api.service[67717]: DEBUG dbcounter [-] [67717] Writing DB stats placement:SELECT=31,placement:INSERT=4,placement:DELETE=2,placement:UPDATE=2 {{(pid=67717) stat_writer /usr/local/lib/python3.10/dist-packages/dbcounter.py:115}}
Aug 10 01:22:11 user devstack@placement-api.service[67719]: DEBUG dbcounter [-] [67719] Writing DB stats placement:SELECT=28 {{(pid=67719) stat_writer /usr/local/lib/python3.10/dist-packages/dbcounter.py:115}}
Aug 10 01:23:01 user devstack@placement-api.service[67718]: DEBUG placement.requestlog [req-50164b32-6461-48d9-a3e5-6cf474c4c51e req-4c08590b-68a4-4dce-b350-4a5f14ea5c0e None None] Starting request: 10.0.0.210 "GET /placement/resource_providers/78a3d833-6e7b-46db-90d0-fe7329a0c19a/allocations" {{(pid=67718) __call__ /opt/stack/placement/placement/requestlog.py:55}}
Aug 10 01:23:01 user devstack@placement-api.service[67718]: INFO placement.requestlog [req-50164b32-6461-48d9-a3e5-6cf474c4c51e req-4c08590b-68a4-4dce-b350-4a5f14ea5c0e service placement] 10.0.0.210 "GET /placement/resource_providers/78a3d833-6e7b-46db-90d0-fe7329a0c19a/allocations" status: 200 len: 253 microversion: 1.0
Aug 10 01:23:01 user devstack@placement-api.service[67718]: [pid: 67718|app: 0|req: 480/1435] 10.0.0.210 () {62 vars in 1469 bytes} [Thu Aug 10 01:23:01 2023] GET /placement/resource_providers/78a3d833-6e7b-46db-90d0-fe7329a0c19a/allocations => generated 253 bytes in 23 msecs (HTTP/1.1 200) 6 headers in 224 bytes (1 switches on core 0)
Aug 10 01:23:01 user devstack@placement-api.service[67717]: DEBUG placement.requestlog [req-50164b32-6461-48d9-a3e5-6cf474c4c51e req-3ab06a56-c484-43e1-8c47-6b51cdd5c5c1 None None] Starting request: 10.0.0.210 "GET /placement/resource_providers/78a3d833-6e7b-46db-90d0-fe7329a0c19a/allocations" {{(pid=67717) __call__ /opt/stack/placement/placement/requestlog.py:55}}
Aug 10 01:23:01 user devstack@placement-api.service[67717]: INFO placement.requestlog [req-50164b32-6461-48d9-a3e5-6cf474c4c51e req-3ab06a56-c484-43e1-8c47-6b51cdd5c5c1 service placement] 10.0.0.210 "GET /placement/resource_providers/78a3d833-6e7b-46db-90d0-fe7329a0c19a/allocations" status: 200 len: 253 microversion: 1.0
Aug 10 01:23:01 user devstack@placement-api.service[67717]: [pid: 67717|app: 0|req: 480/1436] 10.0.0.210 () {62 vars in 1469 bytes} [Thu Aug 10 01:23:01 2023] GET /placement/resource_providers/78a3d833-6e7b-46db-90d0-fe7329a0c19a/allocations => generated 253 bytes in 21 msecs (HTTP/1.1 200) 6 headers in 224 bytes (1 switches on core 0)
Aug 10 01:23:01 user devstack@placement-api.service[67719]: DEBUG placement.requestlog [req-50164b32-6461-48d9-a3e5-6cf474c4c51e req-9e20359e-b3eb-42c0-ab46-68fbc99f1160 None None] Starting request: 10.0.0.210 "GET /placement/allocations/64703aae-93b4-4173-80c8-7e39ab9cd667" {{(pid=67719) __call__ /opt/stack/placement/placement/requestlog.py:55}}
Aug 10 01:23:01 user devstack@placement-api.service[67719]: INFO placement.requestlog [req-50164b32-6461-48d9-a3e5-6cf474c4c51e req-9e20359e-b3eb-42c0-ab46-68fbc99f1160 service placement] 10.0.0.210 "GET /placement/allocations/64703aae-93b4-4173-80c8-7e39ab9cd667" status: 200 len: 258 microversion: 1.28
Aug 10 01:23:01 user devstack@placement-api.service[67719]: [pid: 67719|app: 0|req: 477/1437] 10.0.0.210 () {64 vars in 1456 bytes} [Thu Aug 10 01:23:01 2023] GET /placement/allocations/64703aae-93b4-4173-80c8-7e39ab9cd667 => generated 258 bytes in 18 msecs (HTTP/1.1 200) 8 headers in 296 bytes (1 switches on core 0)
Aug 10 01:23:01 user devstack@placement-api.service[67718]: DEBUG placement.requestlog [req-50164b32-6461-48d9-a3e5-6cf474c4c51e req-ae0afd25-98a6-467b-8bf3-930f1e4a7eed None None] Starting request: 10.0.0.210 "GET /placement/allocations/ca881c57-12a8-4cb9-9d07-6f839b158dc6" {{(pid=67718) __call__ /opt/stack/placement/placement/requestlog.py:55}}
Aug 10 01:23:01 user devstack@placement-api.service[67718]: INFO placement.requestlog [req-50164b32-6461-48d9-a3e5-6cf474c4c51e req-ae0afd25-98a6-467b-8bf3-930f1e4a7eed service placement] 10.0.0.210 "GET /placement/allocations/ca881c57-12a8-4cb9-9d07-6f839b158dc6" status: 200 len: 258 microversion: 1.28
Aug 10 01:23:01 user devstack@placement-api.service[67718]: [pid: 67718|app: 0|req: 481/1438] 10.0.0.210 () {64 vars in 1456 bytes} [Thu Aug 10 01:23:01 2023] GET /placement/allocations/ca881c57-12a8-4cb9-9d07-6f839b158dc6 => generated 258 bytes in 14 msecs (HTTP/1.1 200) 8 headers in 296 bytes (1 switches on core 0)
Aug 10 01:23:11 user devstack@placement-api.service[67717]: DEBUG dbcounter [-] [67717] Writing DB stats placement:SELECT=6 {{(pid=67717) stat_writer /usr/local/lib/python3.10/dist-packages/dbcounter.py:115}}
Aug 10 01:23:11 user devstack@placement-api.service[67719]: DEBUG dbcounter [-] [67719] Writing DB stats placement:SELECT=4 {{(pid=67719) stat_writer /usr/local/lib/python3.10/dist-packages/dbcounter.py:115}}
Aug 10 01:23:11 user devstack@placement-api.service[67718]: DEBUG dbcounter [-] [67718] Writing DB stats placement:SELECT=10 {{(pid=67718) stat_writer /usr/local/lib/python3.10/dist-packages/dbcounter.py:115}}
Aug 10 01:24:03 user devstack@placement-api.service[67717]: DEBUG placement.requestlog [req-c9fcb4c5-8cdb-4efb-a436-23c3846d15a0 req-b22e6751-7001-4bb6-8981-649bb2f860d6 None None] Starting request: 10.0.0.210 "GET /placement/resource_providers/78a3d833-6e7b-46db-90d0-fe7329a0c19a/allocations" {{(pid=67717) __call__ /opt/stack/placement/placement/requestlog.py:55}}
Aug 10 01:24:03 user devstack@placement-api.service[67717]: INFO placement.requestlog [req-c9fcb4c5-8cdb-4efb-a436-23c3846d15a0 req-b22e6751-7001-4bb6-8981-649bb2f860d6 service placement] 10.0.0.210 "GET /placement/resource_providers/78a3d833-6e7b-46db-90d0-fe7329a0c19a/allocations" status: 200 len: 253 microversion: 1.0
Aug 10 01:24:03 user devstack@placement-api.service[67717]: [pid: 67717|app: 0|req: 481/1439] 10.0.0.210 () {62 vars in 1469 bytes} [Thu Aug 10 01:24:03 2023] GET /placement/resource_providers/78a3d833-6e7b-46db-90d0-fe7329a0c19a/allocations => generated 253 bytes in 23 msecs (HTTP/1.1 200) 6 headers in 224 bytes (1 switches on core 0)
Aug 10 01:24:03 user devstack@placement-api.service[67719]: DEBUG placement.requestlog [req-c9fcb4c5-8cdb-4efb-a436-23c3846d15a0 req-2c59103f-9f3a-4e1f-b89b-9aca2307080f None None] Starting request: 10.0.0.210 "GET /placement/resource_providers/78a3d833-6e7b-46db-90d0-fe7329a0c19a/allocations" {{(pid=67719) __call__ /opt/stack/placement/placement/requestlog.py:55}}
Aug 10 01:24:03 user devstack@placement-api.service[67719]: INFO placement.requestlog [req-c9fcb4c5-8cdb-4efb-a436-23c3846d15a0 req-2c59103f-9f3a-4e1f-b89b-9aca2307080f service placement] 10.0.0.210 "GET /placement/resource_providers/78a3d833-6e7b-46db-90d0-fe7329a0c19a/allocations" status: 200 len: 253 microversion: 1.0
Aug 10 01:24:03 user devstack@placement-api.service[67719]: [pid: 67719|app: 0|req: 478/1440] 10.0.0.210 () {62 vars in 1469 bytes} [Thu Aug 10 01:24:03 2023] GET /placement/resource_providers/78a3d833-6e7b-46db-90d0-fe7329a0c19a/allocations => generated 253 bytes in 22 msecs (HTTP/1.1 200) 6 headers in 224 bytes (1 switches on core 0)
Aug 10 01:24:03 user devstack@placement-api.service[67718]: DEBUG placement.requestlog [req-c9fcb4c5-8cdb-4efb-a436-23c3846d15a0 req-8a5e8811-2873-4d8a-b1e1-4f913f9ea12f None None] Starting request: 10.0.0.210 "GET /placement/allocations/64703aae-93b4-4173-80c8-7e39ab9cd667" {{(pid=67718) __call__ /opt/stack/placement/placement/requestlog.py:55}}
Aug 10 01:24:03 user devstack@placement-api.service[67718]: INFO placement.requestlog [req-c9fcb4c5-8cdb-4efb-a436-23c3846d15a0 req-8a5e8811-2873-4d8a-b1e1-4f913f9ea12f service placement] 10.0.0.210 "GET /placement/allocations/64703aae-93b4-4173-80c8-7e39ab9cd667" status: 200 len: 258 microversion: 1.28
Aug 10 01:24:03 user devstack@placement-api.service[67718]: [pid: 67718|app: 0|req: 482/1441] 10.0.0.210 () {64 vars in 1456 bytes} [Thu Aug 10 01:24:03 2023] GET /placement/allocations/64703aae-93b4-4173-80c8-7e39ab9cd667 => generated 258 bytes in 16 msecs (HTTP/1.1 200) 8 headers in 296 bytes (1 switches on core 0)
Aug 10 01:24:03 user devstack@placement-api.service[67717]: DEBUG placement.requestlog [req-c9fcb4c5-8cdb-4efb-a436-23c3846d15a0 req-06d27bcd-aef4-4e3e-a679-9ff10b90321b None None] Starting request: 10.0.0.210 "GET /placement/allocations/ca881c57-12a8-4cb9-9d07-6f839b158dc6" {{(pid=67717) __call__ /opt/stack/placement/placement/requestlog.py:55}}
Aug 10 01:24:03 user devstack@placement-api.service[67717]: INFO placement.requestlog [req-c9fcb4c5-8cdb-4efb-a436-23c3846d15a0 req-06d27bcd-aef4-4e3e-a679-9ff10b90321b service placement] 10.0.0.210 "GET /placement/allocations/ca881c57-12a8-4cb9-9d07-6f839b158dc6" status: 200 len: 258 microversion: 1.28
Aug 10 01:24:03 user devstack@placement-api.service[67717]: [pid: 67717|app: 0|req: 482/1442] 10.0.0.210 () {64 vars in 1456 bytes} [Thu Aug 10 01:24:03 2023] GET /placement/allocations/ca881c57-12a8-4cb9-9d07-6f839b158dc6 => generated 258 bytes in 16 msecs (HTTP/1.1 200) 8 headers in 296 bytes (1 switches on core 0)
Aug 10 01:24:13 user devstack@placement-api.service[67719]: DEBUG dbcounter [-] [67719] Writing DB stats placement:SELECT=6 {{(pid=67719) stat_writer /usr/local/lib/python3.10/dist-packages/dbcounter.py:115}}
Aug 10 01:24:13 user devstack@placement-api.service[67718]: DEBUG dbcounter [-] [67718] Writing DB stats placement:SELECT=4 {{(pid=67718) stat_writer /usr/local/lib/python3.10/dist-packages/dbcounter.py:115}}
Aug 10 01:24:13 user devstack@placement-api.service[67717]: DEBUG dbcounter [-] [67717] Writing DB stats placement:SELECT=10 {{(pid=67717) stat_writer /usr/local/lib/python3.10/dist-packages/dbcounter.py:115}}
Aug 10 01:24:22 user devstack@placement-api.service[67719]: DEBUG placement.requestlog [req-c736c2a2-60b9-4695-8301-a76af9c40648 req-3d8b9bfb-92e5-4273-9904-21efc8273756 None None] Starting request: 10.0.0.210 "GET /placement/resource_providers/78a3d833-6e7b-46db-90d0-fe7329a0c19a/allocations" {{(pid=67719) __call__ /opt/stack/placement/placement/requestlog.py:55}}
Aug 10 01:24:22 user devstack@placement-api.service[67719]: INFO placement.requestlog [req-c736c2a2-60b9-4695-8301-a76af9c40648 req-3d8b9bfb-92e5-4273-9904-21efc8273756 service placement] 10.0.0.210 "GET /placement/resource_providers/78a3d833-6e7b-46db-90d0-fe7329a0c19a/allocations" status: 200 len: 253 microversion: 1.0
Aug 10 01:24:22 user devstack@placement-api.service[67719]: [pid: 67719|app: 0|req: 479/1443] 10.0.0.210 () {62 vars in 1469 bytes} [Thu Aug 10 01:24:22 2023] GET /placement/resource_providers/78a3d833-6e7b-46db-90d0-fe7329a0c19a/allocations => generated 253 bytes in 23 msecs (HTTP/1.1 200) 6 headers in 224 bytes (1 switches on core 0)
Aug 10 01:24:22 user devstack@placement-api.service[67718]: DEBUG placement.requestlog [req-c736c2a2-60b9-4695-8301-a76af9c40648 req-2a9886c8-ef18-410a-b354-287c43034d31 None None] Starting request: 10.0.0.210 "GET /placement/allocations/64703aae-93b4-4173-80c8-7e39ab9cd667" {{(pid=67718) __call__ /opt/stack/placement/placement/requestlog.py:55}}
Aug 10 01:24:22 user devstack@placement-api.service[67718]: INFO placement.requestlog [req-c736c2a2-60b9-4695-8301-a76af9c40648 req-2a9886c8-ef18-410a-b354-287c43034d31 service placement] 10.0.0.210 "GET /placement/allocations/64703aae-93b4-4173-80c8-7e39ab9cd667" status: 200 len: 258 microversion: 1.28
Aug 10 01:24:22 user devstack@placement-api.service[67718]: [pid: 67718|app: 0|req: 483/1444] 10.0.0.210 () {64 vars in 1456 bytes} [Thu Aug 10 01:24:22 2023] GET /placement/allocations/64703aae-93b4-4173-80c8-7e39ab9cd667 => generated 258 bytes in 15 msecs (HTTP/1.1 200) 8 headers in 296 bytes (1 switches on core 0)
Aug 10 01:24:22 user devstack@placement-api.service[67717]: DEBUG placement.requestlog [req-c736c2a2-60b9-4695-8301-a76af9c40648 req-5631fcbb-a20e-4984-af87-21ed349ab2e2 None None] Starting request: 10.0.0.210 "GET /placement/allocations/ca881c57-12a8-4cb9-9d07-6f839b158dc6" {{(pid=67717) __call__ /opt/stack/placement/placement/requestlog.py:55}}
Aug 10 01:24:22 user devstack@placement-api.service[67717]: INFO placement.requestlog [req-c736c2a2-60b9-4695-8301-a76af9c40648 req-5631fcbb-a20e-4984-af87-21ed349ab2e2 service placement] 10.0.0.210 "GET /placement/allocations/ca881c57-12a8-4cb9-9d07-6f839b158dc6" status: 200 len: 258 microversion: 1.28
Aug 10 01:24:22 user devstack@placement-api.service[67717]: [pid: 67717|app: 0|req: 483/1445] 10.0.0.210 () {64 vars in 1456 bytes} [Thu Aug 10 01:24:22 2023] GET /placement/allocations/ca881c57-12a8-4cb9-9d07-6f839b158dc6 => generated 258 bytes in 16 msecs (HTTP/1.1 200) 8 headers in 296 bytes (1 switches on core 0)
Aug 10 01:24:22 user devstack@placement-api.service[67719]: DEBUG placement.requestlog [req-c736c2a2-60b9-4695-8301-a76af9c40648 req-fafaeeb3-bdc4-4692-9f52-84f617244cdd None None] Starting request: 10.0.0.210 "DELETE /placement/allocations/64703aae-93b4-4173-80c8-7e39ab9cd667" {{(pid=67719) __call__ /opt/stack/placement/placement/requestlog.py:55}}
Aug 10 01:24:22 user devstack@placement-api.service[67719]: DEBUG placement.handlers.allocation [req-c736c2a2-60b9-4695-8301-a76af9c40648 req-fafaeeb3-bdc4-4692-9f52-84f617244cdd service placement] Successfully deleted allocations [, , ] {{(pid=67719) delete_allocations /opt/stack/placement/placement/handlers/allocation.py:627}}
Aug 10 01:24:22 user devstack@placement-api.service[67719]: INFO placement.requestlog [req-c736c2a2-60b9-4695-8301-a76af9c40648 req-fafaeeb3-bdc4-4692-9f52-84f617244cdd service placement] 10.0.0.210 "DELETE /placement/allocations/64703aae-93b4-4173-80c8-7e39ab9cd667" status: 204 len: 0 microversion: 1.0
Aug 10 01:24:22 user devstack@placement-api.service[67719]: [pid: 67719|app: 0|req: 480/1446] 10.0.0.210 () {64 vars in 1434 bytes} [Thu Aug 10 01:24:22 2023] DELETE /placement/allocations/64703aae-93b4-4173-80c8-7e39ab9cd667 => generated 0 bytes in 27 msecs (HTTP/1.1 204) 5 headers in 198 bytes (1 switches on core 0)
Aug 10 01:24:32 user devstack@placement-api.service[67718]: DEBUG dbcounter [-] [67718] Writing DB stats placement:SELECT=4 {{(pid=67718) stat_writer /usr/local/lib/python3.10/dist-packages/dbcounter.py:115}}
Aug 10 01:24:32 user devstack@placement-api.service[67717]: DEBUG dbcounter [-] [67717] Writing DB stats placement:SELECT=4 {{(pid=67717) stat_writer /usr/local/lib/python3.10/dist-packages/dbcounter.py:115}}
Aug 10 01:24:32 user devstack@placement-api.service[67719]: DEBUG dbcounter [-] [67719] Writing DB stats placement:SELECT=13,placement:DELETE=2 {{(pid=67719) stat_writer /usr/local/lib/python3.10/dist-packages/dbcounter.py:115}}
Aug 10 01:24:32 user devstack@placement-api.service[67718]: DEBUG placement.requestlog [req-4bb01654-3a94-4d85-b4e2-491306e3c0ab req-32e0c53e-a998-4a2f-8861-6e3a7bde8c7f None None] Starting request: 10.0.0.210 "GET /placement/resource_providers/78a3d833-6e7b-46db-90d0-fe7329a0c19a/allocations" {{(pid=67718) __call__ /opt/stack/placement/placement/requestlog.py:55}}
Aug 10 01:24:32 user devstack@placement-api.service[67718]: INFO placement.requestlog [req-4bb01654-3a94-4d85-b4e2-491306e3c0ab req-32e0c53e-a998-4a2f-8861-6e3a7bde8c7f service placement] 10.0.0.210 "GET /placement/resource_providers/78a3d833-6e7b-46db-90d0-fe7329a0c19a/allocations" status: 200 len: 153 microversion: 1.0
Aug 10 01:24:32 user devstack@placement-api.service[67718]: [pid: 67718|app: 0|req: 484/1447] 10.0.0.210 () {62 vars in 1469 bytes} [Thu Aug 10 01:24:32 2023] GET /placement/resource_providers/78a3d833-6e7b-46db-90d0-fe7329a0c19a/allocations => generated 153 bytes in 21 msecs (HTTP/1.1 200) 6 headers in 224 bytes (1 switches on core 0)
Aug 10 01:24:32 user devstack@placement-api.service[67717]: DEBUG placement.requestlog [req-4bb01654-3a94-4d85-b4e2-491306e3c0ab req-1e409c6e-801f-485e-8e43-743859eb7eb4 None None] Starting request: 10.0.0.210 "GET /placement/allocations/ca881c57-12a8-4cb9-9d07-6f839b158dc6" {{(pid=67717) __call__ /opt/stack/placement/placement/requestlog.py:55}}
Aug 10 01:24:32 user devstack@placement-api.service[67717]: INFO placement.requestlog [req-4bb01654-3a94-4d85-b4e2-491306e3c0ab req-1e409c6e-801f-485e-8e43-743859eb7eb4 service placement] 10.0.0.210 "GET /placement/allocations/ca881c57-12a8-4cb9-9d07-6f839b158dc6" status: 200 len: 258 microversion: 1.28
Aug 10 01:24:32 user devstack@placement-api.service[67717]: [pid: 67717|app: 0|req: 484/1448] 10.0.0.210 () {64 vars in 1456 bytes} [Thu Aug 10 01:24:32 2023] GET /placement/allocations/ca881c57-12a8-4cb9-9d07-6f839b158dc6 => generated 258 bytes in 15 msecs (HTTP/1.1 200) 8 headers in 296 bytes (1 switches on core 0)
Aug 10 01:24:33 user devstack@placement-api.service[67719]: DEBUG placement.requestlog [req-4bb01654-3a94-4d85-b4e2-491306e3c0ab req-15111d51-1f78-4f8c-a728-d56d0ca7e1a0 None None] Starting request: 10.0.0.210 "DELETE /placement/allocations/ca881c57-12a8-4cb9-9d07-6f839b158dc6" {{(pid=67719) __call__ /opt/stack/placement/placement/requestlog.py:55}}
Aug 10 01:24:33 user devstack@placement-api.service[67719]: DEBUG placement.handlers.allocation [req-4bb01654-3a94-4d85-b4e2-491306e3c0ab req-15111d51-1f78-4f8c-a728-d56d0ca7e1a0 service placement] Successfully deleted allocations [, , ] {{(pid=67719) delete_allocations /opt/stack/placement/placement/handlers/allocation.py:627}}
Aug 10 01:24:33 user devstack@placement-api.service[67719]: INFO placement.requestlog [req-4bb01654-3a94-4d85-b4e2-491306e3c0ab req-15111d51-1f78-4f8c-a728-d56d0ca7e1a0 service placement] 10.0.0.210 "DELETE /placement/allocations/ca881c57-12a8-4cb9-9d07-6f839b158dc6" status: 204 len: 0 microversion: 1.0
Aug 10 01:24:33 user devstack@placement-api.service[67719]: [pid: 67719|app: 0|req: 481/1449] 10.0.0.210 () {64 vars in 1434 bytes} [Thu Aug 10 01:24:33 2023] DELETE /placement/allocations/ca881c57-12a8-4cb9-9d07-6f839b158dc6 => generated 0 bytes in 25 msecs (HTTP/1.1 204) 5 headers in 198 bytes (1 switches on core 0)
Aug 10 01:24:42 user devstack@placement-api.service[67718]: DEBUG dbcounter [-] [67718] Writing DB stats placement:SELECT=6 {{(pid=67718) stat_writer /usr/local/lib/python3.10/dist-packages/dbcounter.py:115}}
Aug 10 01:24:42 user devstack@placement-api.service[67717]: DEBUG dbcounter [-] [67717] Writing DB stats placement:SELECT=4 {{(pid=67717) stat_writer /usr/local/lib/python3.10/dist-packages/dbcounter.py:115}}
Aug 10 01:24:43 user devstack@placement-api.service[67719]: DEBUG dbcounter [-] [67719] Writing DB stats placement:SELECT=7,placement:DELETE=2 {{(pid=67719) stat_writer /usr/local/lib/python3.10/dist-packages/dbcounter.py:115}}
Aug 10 01:25:03 user devstack@placement-api.service[67718]: DEBUG placement.requestlog [req-e7a22ae7-373d-4386-b329-cf9a51711066 req-6c6926b9-9cca-4d95-8d95-d20270abb9e6 None None] Starting request: 10.0.0.210 "GET /placement/resource_providers/78a3d833-6e7b-46db-90d0-fe7329a0c19a/allocations" {{(pid=67718) __call__ /opt/stack/placement/placement/requestlog.py:55}}
Aug 10 01:25:03 user devstack@placement-api.service[67718]: INFO placement.requestlog [req-e7a22ae7-373d-4386-b329-cf9a51711066 req-6c6926b9-9cca-4d95-8d95-d20270abb9e6 service placement] 10.0.0.210 "GET /placement/resource_providers/78a3d833-6e7b-46db-90d0-fe7329a0c19a/allocations" status: 200 len: 55 microversion: 1.0
Aug 10 01:25:03 user devstack@placement-api.service[67718]: [pid: 67718|app: 0|req: 485/1450] 10.0.0.210 () {62 vars in 1469 bytes} [Thu Aug 10 01:25:03 2023] GET /placement/resource_providers/78a3d833-6e7b-46db-90d0-fe7329a0c19a/allocations => generated 55 bytes in 19 msecs (HTTP/1.1 200) 6 headers in 223 bytes (1 switches on core 0)
Aug 10 01:25:03 user devstack@placement-api.service[67717]: DEBUG placement.requestlog [req-e7a22ae7-373d-4386-b329-cf9a51711066 req-425a367e-4b64-4453-b076-88bc0185ecd8 None None] Starting request: 10.0.0.210 "GET /placement/resource_providers/78a3d833-6e7b-46db-90d0-fe7329a0c19a/allocations" {{(pid=67717) __call__ /opt/stack/placement/placement/requestlog.py:55}}
Aug 10 01:25:03 user devstack@placement-api.service[67717]: INFO placement.requestlog [req-e7a22ae7-373d-4386-b329-cf9a51711066 req-425a367e-4b64-4453-b076-88bc0185ecd8 service placement] 10.0.0.210 "GET /placement/resource_providers/78a3d833-6e7b-46db-90d0-fe7329a0c19a/allocations" status: 200 len: 55 microversion: 1.0
Aug 10 01:25:03 user devstack@placement-api.service[67717]: [pid: 67717|app: 0|req: 485/1451] 10.0.0.210 () {62 vars in 1469 bytes} [Thu Aug 10 01:25:03 2023] GET /placement/resource_providers/78a3d833-6e7b-46db-90d0-fe7329a0c19a/allocations => generated 55 bytes in 19 msecs (HTTP/1.1 200) 6 headers in 223 bytes (1 switches on core 0)
Aug 10 01:25:13 user devstack@placement-api.service[67718]: DEBUG dbcounter [-] [67718] Writing DB stats placement:SELECT=4 {{(pid=67718) stat_writer /usr/local/lib/python3.10/dist-packages/dbcounter.py:115}}
Aug 10 01:25:13 user devstack@placement-api.service[67717]: DEBUG dbcounter [-] [67717] Writing DB stats placement:SELECT=4 {{(pid=67717) stat_writer /usr/local/lib/python3.10/dist-packages/dbcounter.py:115}}
Aug 10 01:25:43 user devstack@placement-api.service[67719]: DEBUG placement.requestlog [None req-cc6f5416-2ac6-444e-a0da-a23cb735f73a None None] Starting request: 10.0.0.210 "GET /placement/resource_providers/791ed4c5-9bd3-40fd-a3ee-aaceff529799/aggregates" {{(pid=67719) __call__ /opt/stack/placement/placement/requestlog.py:55}}
Aug 10 01:25:43 user devstack@placement-api.service[67719]: INFO placement.requestlog [None req-cc6f5416-2ac6-444e-a0da-a23cb735f73a service placement] 10.0.0.210 "GET /placement/resource_providers/791ed4c5-9bd3-40fd-a3ee-aaceff529799/aggregates" status: 404 len: 235 microversion: 1.1
Aug 10 01:25:43 user devstack@placement-api.service[67719]: [pid: 67719|app: 0|req: 482/1452] 10.0.0.210 () {62 vars in 1440 bytes} [Thu Aug 10 01:25:43 2023] GET /placement/resource_providers/791ed4c5-9bd3-40fd-a3ee-aaceff529799/aggregates => generated 235 bytes in 121 msecs (HTTP/1.1 404) 5 headers in 202 bytes (1 switches on core 0)
Aug 10 01:25:43 user devstack@placement-api.service[67718]: DEBUG placement.requestlog [None req-a21e38f3-cc9f-4423-9e1b-dafba7c61517 None None] Starting request: 10.0.0.210 "DELETE /placement/resource_providers/791ed4c5-9bd3-40fd-a3ee-aaceff529799" {{(pid=67718) __call__ /opt/stack/placement/placement/requestlog.py:55}}
Aug 10 01:25:43 user devstack@placement-api.service[67718]: DEBUG placement.wsgi_wrapper [None req-a21e38f3-cc9f-4423-9e1b-dafba7c61517 service placement] Placement API returning an error response: No resource provider with uuid 791ed4c5-9bd3-40fd-a3ee-aaceff529799 found for delete {{(pid=67718) call_func /opt/stack/placement/placement/wsgi_wrapper.py:31}}
Aug 10 01:25:43 user devstack@placement-api.service[67718]: INFO placement.requestlog [None req-a21e38f3-cc9f-4423-9e1b-dafba7c61517 service placement] 10.0.0.210 "DELETE /placement/resource_providers/791ed4c5-9bd3-40fd-a3ee-aaceff529799" status: 404 len: 246 microversion: 1.1
Aug 10 01:25:43 user devstack@placement-api.service[67718]: [pid: 67718|app: 0|req: 486/1453] 10.0.0.210 () {64 vars in 1429 bytes} [Thu Aug 10 01:25:43 2023] DELETE /placement/resource_providers/791ed4c5-9bd3-40fd-a3ee-aaceff529799 => generated 246 bytes in 19 msecs (HTTP/1.1 404) 6 headers in 231 bytes (1 switches on core 0)
Aug 10 01:25:53 user devstack@placement-api.service[67719]: DEBUG dbcounter [-] [67719] Writing DB stats placement:SELECT=2 {{(pid=67719) stat_writer /usr/local/lib/python3.10/dist-packages/dbcounter.py:115}}
Aug 10 01:25:53 user devstack@placement-api.service[67718]: DEBUG dbcounter [-] [67718] Writing DB stats placement:SELECT=2 {{(pid=67718) stat_writer /usr/local/lib/python3.10/dist-packages/dbcounter.py:115}}
Aug 10 01:26:05 user devstack@placement-api.service[67717]: DEBUG placement.requestlog [req-43315a2d-ae9d-47be-bba3-3db675a089dd req-4caf0776-854d-4d65-93f1-cc0ae711cc1b None None] Starting request: 10.0.0.210 "GET /placement/resource_providers/78a3d833-6e7b-46db-90d0-fe7329a0c19a/allocations" {{(pid=67717) __call__ /opt/stack/placement/placement/requestlog.py:55}}
Aug 10 01:26:05 user devstack@placement-api.service[67717]: INFO placement.requestlog [req-43315a2d-ae9d-47be-bba3-3db675a089dd req-4caf0776-854d-4d65-93f1-cc0ae711cc1b service placement] 10.0.0.210 "GET /placement/resource_providers/78a3d833-6e7b-46db-90d0-fe7329a0c19a/allocations" status: 200 len: 55 microversion: 1.0
Aug 10 01:26:05 user devstack@placement-api.service[67717]: [pid: 67717|app: 0|req: 486/1454] 10.0.0.210 () {62 vars in 1469 bytes} [Thu Aug 10 01:26:05 2023] GET /placement/resource_providers/78a3d833-6e7b-46db-90d0-fe7329a0c19a/allocations => generated 55 bytes in 17 msecs (HTTP/1.1 200) 6 headers in 223 bytes (1 switches on core 0)
Aug 10 01:26:05 user devstack@placement-api.service[67719]: DEBUG placement.requestlog [req-43315a2d-ae9d-47be-bba3-3db675a089dd req-b1f9b11d-21e3-4ce5-a66f-77490a6d9c1d None None] Starting request: 10.0.0.210 "GET /placement/resource_providers/78a3d833-6e7b-46db-90d0-fe7329a0c19a/allocations" {{(pid=67719) __call__ /opt/stack/placement/placement/requestlog.py:55}}
Aug 10 01:26:05 user devstack@placement-api.service[67719]: INFO placement.requestlog [req-43315a2d-ae9d-47be-bba3-3db675a089dd req-b1f9b11d-21e3-4ce5-a66f-77490a6d9c1d service placement] 10.0.0.210 "GET /placement/resource_providers/78a3d833-6e7b-46db-90d0-fe7329a0c19a/allocations" status: 200 len: 55 microversion: 1.0
Aug 10 01:26:05 user devstack@placement-api.service[67719]: [pid: 67719|app: 0|req: 483/1455] 10.0.0.210 () {62 vars in 1469 bytes} [Thu Aug 10 01:26:05 2023] GET /placement/resource_providers/78a3d833-6e7b-46db-90d0-fe7329a0c19a/allocations => generated 55 bytes in 15 msecs (HTTP/1.1 200) 6 headers in 223 bytes (1 switches on core 0)
Aug 10 01:26:15 user devstack@placement-api.service[67717]: DEBUG dbcounter [-] [67717] Writing DB stats placement:SELECT=4 {{(pid=67717) stat_writer /usr/local/lib/python3.10/dist-packages/dbcounter.py:115}}
Aug 10 01:26:15 user devstack@placement-api.service[67719]: DEBUG dbcounter [-] [67719] Writing DB stats placement:SELECT=4 {{(pid=67719) stat_writer /usr/local/lib/python3.10/dist-packages/dbcounter.py:115}}
Aug 10 01:26:25 user devstack@placement-api.service[67718]: DEBUG placement.requestlog [None req-3ad65b28-b546-441b-b780-00be8f3ac0a1 None None] Starting request: 10.0.0.210 "GET /placement/resource_providers/6eb89dad-8b66-4eb8-8898-69f0c030f679/aggregates" {{(pid=67718) __call__ /opt/stack/placement/placement/requestlog.py:55}}
Aug 10 01:26:25 user devstack@placement-api.service[67718]: INFO placement.requestlog [None req-3ad65b28-b546-441b-b780-00be8f3ac0a1 service placement] 10.0.0.210 "GET /placement/resource_providers/6eb89dad-8b66-4eb8-8898-69f0c030f679/aggregates" status: 404 len: 235 microversion: 1.1
Aug 10 01:26:25 user devstack@placement-api.service[67718]: [pid: 67718|app: 0|req: 487/1456] 10.0.0.210 () {62 vars in 1440 bytes} [Thu Aug 10 01:26:25 2023] GET /placement/resource_providers/6eb89dad-8b66-4eb8-8898-69f0c030f679/aggregates => generated 235 bytes in 160 msecs (HTTP/1.1 404) 5 headers in 202 bytes (1 switches on core 0)
