Oct 15 19:28:38 user devstack@keystone.service[45631]: DEBUG keystone.server.flask.request_processing.middleware.auth_context [None req-1a0cd2cf-940c-44bb-b1ae-0d1e77f06771 None admin] RBAC: auth_context: {'token': , 'domain_id': None, 'trust_id': None, 'trustor_id': None, 'trustee_id': None, 'domain_name': None, 'group_ids': [], 'user_id': 'f2092e8499a747468bbc54a1dab16f70', 'user_domain_id': 'default', 'system_scope': 'all', 'project_id': None, 'project_domain_id': None, 'roles': ['admin', 'manager', 'member', 'reader'], 'is_admin_project': True, 'service_user_id': None, 'service_user_domain_id': None, 'service_project_id': None, 'service_project_domain_id': None, 'service_roles': []} {{(pid=45631) fill_context /opt/stack/keystone/keystone/server/flask/request_processing/middleware/auth_context.py:480}}
Oct 15 19:28:38 user devstack@keystone.service[45631]: DEBUG keystone.server.flask.request_processing.req_logging [None req-1a0cd2cf-940c-44bb-b1ae-0d1e77f06771 None admin] REQUEST_METHOD: `GET` {{(pid=45631) log_request_info /opt/stack/keystone/keystone/server/flask/request_processing/req_logging.py:27}}
Oct 15 19:28:38 user devstack@keystone.service[45631]: DEBUG keystone.server.flask.request_processing.req_logging [None req-1a0cd2cf-940c-44bb-b1ae-0d1e77f06771 None admin] SCRIPT_NAME: `/identity` {{(pid=45631) log_request_info /opt/stack/keystone/keystone/server/flask/request_processing/req_logging.py:28}}
Oct 15 19:28:38 user devstack@keystone.service[45631]: DEBUG keystone.server.flask.request_processing.req_logging [None req-1a0cd2cf-940c-44bb-b1ae-0d1e77f06771 None admin] PATH_INFO: `/v3/roles` {{(pid=45631) log_request_info /opt/stack/keystone/keystone/server/flask/request_processing/req_logging.py:29}}
Oct 15 19:28:38 user devstack@keystone.service[45631]: DEBUG keystone.common.rbac_enforcer.enforcer [None req-1a0cd2cf-940c-44bb-b1ae-0d1e77f06771 None admin] RBAC: Adding query filter params (name=reader) {{(pid=45631) _extract_filter_values /opt/stack/keystone/keystone/common/rbac_enforcer/enforcer.py:167}}
Oct 15 19:28:38 user devstack@keystone.service[45631]: DEBUG keystone.common.rbac_enforcer.enforcer [None req-1a0cd2cf-940c-44bb-b1ae-0d1e77f06771 None admin] RBAC: Authorizing `identity:list_roles()` {{(pid=45631) enforce_call /opt/stack/keystone/keystone/common/rbac_enforcer/enforcer.py:449}}
Oct 15 19:28:38 user devstack@keystone.service[45631]: DEBUG keystone.common.rbac_enforcer.enforcer [None req-1a0cd2cf-940c-44bb-b1ae-0d1e77f06771 None admin] RBAC: Authorization granted {{(pid=45631) enforce_call /opt/stack/keystone/keystone/common/rbac_enforcer/enforcer.py:457}}
Oct 15 19:28:38 user devstack@keystone.service[45632]: DEBUG keystone.server.flask.request_processing.middleware.auth_context [None req-6073f7a1-10c2-4727-a570-b6f4b32c0bb9 None admin] RBAC: auth_context: {'token': , 'domain_id': None, 'trust_id': None, 'trustor_id': None, 'trustee_id': None, 'domain_name': None, 'group_ids': [], 'user_id': 'f2092e8499a747468bbc54a1dab16f70', 'user_domain_id': 'default', 'system_scope': 'all', 'project_id': None, 'project_domain_id': None, 'roles': ['admin', 'manager', 'member', 'reader'], 'is_admin_project': True, 'service_user_id': None, 'service_user_domain_id': None, 'service_project_id': None, 'service_project_domain_id': None, 'service_roles': []} {{(pid=45632) fill_context /opt/stack/keystone/keystone/server/flask/request_processing/middleware/auth_context.py:480}}
Oct 15 19:28:38 user devstack@keystone.service[45632]: DEBUG keystone.server.flask.request_processing.req_logging [None req-6073f7a1-10c2-4727-a570-b6f4b32c0bb9 None admin] REQUEST_METHOD: `GET` {{(pid=45632) log_request_info /opt/stack/keystone/keystone/server/flask/request_processing/req_logging.py:27}}
Oct 15 19:28:38 user devstack@keystone.service[45632]: DEBUG keystone.server.flask.request_processing.req_logging [None req-6073f7a1-10c2-4727-a570-b6f4b32c0bb9 None admin] SCRIPT_NAME: `/identity` {{(pid=45632) log_request_info /opt/stack/keystone/keystone/server/flask/request_processing/req_logging.py:28}}
Oct 15 19:28:38 user devstack@keystone.service[45632]: DEBUG keystone.server.flask.request_processing.req_logging [None req-6073f7a1-10c2-4727-a570-b6f4b32c0bb9 None admin] PATH_INFO: `/v3/domains/default` {{(pid=45632) log_request_info /opt/stack/keystone/keystone/server/flask/request_processing/req_logging.py:29}}
Oct 15 19:28:38 user devstack@keystone.service[45632]: DEBUG keystone.common.rbac_enforcer.enforcer [None req-6073f7a1-10c2-4727-a570-b6f4b32c0bb9 None admin] RBAC: Authorizing `identity:get_domain(domain_id=default)` {{(pid=45632) enforce_call /opt/stack/keystone/keystone/common/rbac_enforcer/enforcer.py:449}}
Oct 15 19:28:38 user devstack@keystone.service[45632]: DEBUG keystone.common.rbac_enforcer.enforcer [None req-6073f7a1-10c2-4727-a570-b6f4b32c0bb9 None admin] RBAC: Authorization granted {{(pid=45632) enforce_call /opt/stack/keystone/keystone/common/rbac_enforcer/enforcer.py:457}}
Oct 15 19:28:38 user devstack@keystone.service[45631]: [pid: 45631|app: 0|req: 67/196] 10.0.0.210 () {56 vars in 1096 bytes} [Sun Oct 15 19:28:38 2023] GET /identity/v3/roles?name=reader => generated 339 bytes in 138 msecs (HTTP/1.1 200) 5 headers in 177 bytes (1 switches on core 0)
Oct 15 19:28:38 user devstack@keystone.service[45632]: [pid: 45632|app: 0|req: 65/197] 10.0.0.210 () {56 vars in 1103 bytes} [Sun Oct 15 19:28:38 2023] GET /identity/v3/domains/default => generated 198 bytes in 138 msecs (HTTP/1.1 200) 5 headers in 177 bytes (1 switches on core 0)
Oct 15 19:28:38 user devstack@keystone.service[45629]: DEBUG keystone.server.flask.request_processing.middleware.auth_context [None req-7ecc0588-d5ac-459d-94bd-328f05ec3dfd None None] Authenticating user token {{(pid=45629) process_request /opt/stack/data/venv/lib/python3.10/site-packages/keystonemiddleware/auth_token/__init__.py:406}}
Oct 15 19:28:38 user devstack@keystone.service[45631]: DEBUG keystone.server.flask.request_processing.middleware.auth_context [None req-1a0cd2cf-940c-44bb-b1ae-0d1e77f06771 None admin] Authenticating user token {{(pid=45631) process_request /opt/stack/data/venv/lib/python3.10/site-packages/keystonemiddleware/auth_token/__init__.py:406}}
Oct 15 19:28:38 user devstack@keystone.service[45629]: DEBUG keystone.server.flask.request_processing.middleware.auth_context [None req-7ecc0588-d5ac-459d-94bd-328f05ec3dfd None None] Validating token access rules against request {{(pid=45629) validate_allowed_request /opt/stack/data/venv/lib/python3.10/site-packages/keystonemiddleware/auth_token/__init__.py:544}}
Oct 15 19:28:38 user devstack@keystone.service[45631]: DEBUG keystone.server.flask.request_processing.middleware.auth_context [None req-1a0cd2cf-940c-44bb-b1ae-0d1e77f06771 None admin] Validating token access rules against request {{(pid=45631) validate_allowed_request /opt/stack/data/venv/lib/python3.10/site-packages/keystonemiddleware/auth_token/__init__.py:544}}
Oct 15 19:28:38 user devstack@keystone.service[45631]: DEBUG keystone.server.flask.request_processing.middleware.auth_context [None req-893be6a2-d618-4492-8d44-6c8c4289cb8a None admin] RBAC: auth_context: {'token': , 'domain_id': None, 'trust_id': None, 'trustor_id': None, 'trustee_id': None, 'domain_name': None, 'group_ids': [], 'user_id': 'f2092e8499a747468bbc54a1dab16f70', 'user_domain_id': 'default', 'system_scope': 'all', 'project_id': None, 'project_domain_id': None, 'roles': ['admin', 'manager', 'member', 'reader'], 'is_admin_project': True, 'service_user_id': None, 'service_user_domain_id': None, 'service_project_id': None, 'service_project_domain_id': None, 'service_roles': []} {{(pid=45631) fill_context /opt/stack/keystone/keystone/server/flask/request_processing/middleware/auth_context.py:480}}
Oct 15 19:28:38 user devstack@keystone.service[45629]: DEBUG keystone.server.flask.request_processing.middleware.auth_context [None req-8e7404e6-37a7-4c5a-8fc7-477a39f2ce59 None admin] RBAC: auth_context: {'token': , 'domain_id': None, 'trust_id': None, 'trustor_id': None, 'trustee_id': None, 'domain_name': None, 'group_ids': [], 'user_id': 'f2092e8499a747468bbc54a1dab16f70', 'user_domain_id': 'default', 'system_scope': 'all', 'project_id': None, 'project_domain_id': None, 'roles': ['admin', 'manager', 'member', 'reader'], 'is_admin_project': True, 'service_user_id': None, 'service_user_domain_id': None, 'service_project_id': None, 'service_project_domain_id': None, 'service_roles': []} {{(pid=45629) fill_context /opt/stack/keystone/keystone/server/flask/request_processing/middleware/auth_context.py:480}}
Oct 15 19:28:38 user devstack@keystone.service[45631]: DEBUG keystone.server.flask.request_processing.req_logging [None req-893be6a2-d618-4492-8d44-6c8c4289cb8a None admin] REQUEST_METHOD: `POST` {{(pid=45631) log_request_info /opt/stack/keystone/keystone/server/flask/request_processing/req_logging.py:27}}
Oct 15 19:28:38 user devstack@keystone.service[45631]: DEBUG keystone.server.flask.request_processing.req_logging [None req-893be6a2-d618-4492-8d44-6c8c4289cb8a None admin] SCRIPT_NAME: `/identity` {{(pid=45631) log_request_info /opt/stack/keystone/keystone/server/flask/request_processing/req_logging.py:28}}
Oct 15 19:28:38 user devstack@keystone.service[45629]: DEBUG keystone.server.flask.request_processing.req_logging [None req-8e7404e6-37a7-4c5a-8fc7-477a39f2ce59 None admin] REQUEST_METHOD: `GET` {{(pid=45629) log_request_info /opt/stack/keystone/keystone/server/flask/request_processing/req_logging.py:27}}
Oct 15 19:28:38 user devstack@keystone.service[45629]: DEBUG keystone.server.flask.request_processing.req_logging [None req-8e7404e6-37a7-4c5a-8fc7-477a39f2ce59 None admin] SCRIPT_NAME: `/identity` {{(pid=45629) log_request_info /opt/stack/keystone/keystone/server/flask/request_processing/req_logging.py:28}}
Oct 15 19:28:38 user devstack@keystone.service[45631]: DEBUG keystone.server.flask.request_processing.req_logging [None req-893be6a2-d618-4492-8d44-6c8c4289cb8a None admin] PATH_INFO: `/v3/users` {{(pid=45631) log_request_info /opt/stack/keystone/keystone/server/flask/request_processing/req_logging.py:29}}
Oct 15 19:28:38 user devstack@keystone.service[45629]: DEBUG keystone.server.flask.request_processing.req_logging [None req-8e7404e6-37a7-4c5a-8fc7-477a39f2ce59 None admin] PATH_INFO: `/v3/users/e897672634b64509a3f3ca12af2ab751` {{(pid=45629) log_request_info /opt/stack/keystone/keystone/server/flask/request_processing/req_logging.py:29}}
Oct 15 19:28:38 user devstack@keystone.service[45631]: DEBUG keystone.common.rbac_enforcer.enforcer [None req-893be6a2-d618-4492-8d44-6c8c4289cb8a None admin] RBAC: Authorizing `identity:create_user()` {{(pid=45631) enforce_call /opt/stack/keystone/keystone/common/rbac_enforcer/enforcer.py:449}}
Oct 15 19:28:38 user devstack@keystone.service[45631]: DEBUG keystone.common.rbac_enforcer.enforcer [None req-893be6a2-d618-4492-8d44-6c8c4289cb8a None admin] RBAC: Authorization granted {{(pid=45631) enforce_call /opt/stack/keystone/keystone/common/rbac_enforcer/enforcer.py:457}}
Oct 15 19:28:38 user devstack@keystone.service[45631]: WARNING keystone.common.password_hashing [None req-893be6a2-d618-4492-8d44-6c8c4289cb8a None admin] Truncating password to algorithm specific maximum length 72 characters.
Oct 15 19:28:38 user devstack@keystone.service[45632]: DEBUG keystone.server.flask.request_processing.middleware.auth_context [None req-6073f7a1-10c2-4727-a570-b6f4b32c0bb9 None admin] Authenticating user token {{(pid=45632) process_request /opt/stack/data/venv/lib/python3.10/site-packages/keystonemiddleware/auth_token/__init__.py:406}}
Oct 15 19:28:38 user devstack@keystone.service[45629]: DEBUG keystone.common.rbac_enforcer.enforcer [None req-8e7404e6-37a7-4c5a-8fc7-477a39f2ce59 None admin] RBAC: Authorizing `identity:get_user(user_id=e897672634b64509a3f3ca12af2ab751)` {{(pid=45629) enforce_call /opt/stack/keystone/keystone/common/rbac_enforcer/enforcer.py:449}}
Oct 15 19:28:38 user devstack@keystone.service[45629]: DEBUG keystone.common.rbac_enforcer.enforcer [None req-8e7404e6-37a7-4c5a-8fc7-477a39f2ce59 None admin] RBAC: Authorization granted {{(pid=45629) enforce_call /opt/stack/keystone/keystone/common/rbac_enforcer/enforcer.py:457}}
Oct 15 19:28:38 user devstack@keystone.service[45629]: [pid: 45629|app: 0|req: 66/198] 10.0.0.210 () {56 vars in 1172 bytes} [Sun Oct 15 19:28:38 2023] GET /identity/v3/users/e897672634b64509a3f3ca12af2ab751 => generated 296 bytes in 144 msecs (HTTP/1.1 200) 5 headers in 177 bytes (1 switches on core 0)
Oct 15 19:28:38 user devstack@keystone.service[45629]: DEBUG keystone.server.flask.request_processing.middleware.auth_context [None req-8e7404e6-37a7-4c5a-8fc7-477a39f2ce59 None admin] Authenticating user token {{(pid=45629) process_request /opt/stack/data/venv/lib/python3.10/site-packages/keystonemiddleware/auth_token/__init__.py:406}}
Oct 15 19:28:38 user devstack@keystone.service[45631]: [pid: 45631|app: 0|req: 68/199] 10.0.0.210 () {60 vars in 1127 bytes} [Sun Oct 15 19:28:38 2023] POST /identity/v3/users => generated 292 bytes in 153 msecs (HTTP/1.1 201) 5 headers in 182 bytes (1 switches on core 0)
Oct 15 19:28:38 user devstack@keystone.service[45629]: DEBUG keystone.server.flask.request_processing.middleware.auth_context [None req-8e7404e6-37a7-4c5a-8fc7-477a39f2ce59 None admin] Validating token access rules against request {{(pid=45629) validate_allowed_request /opt/stack/data/venv/lib/python3.10/site-packages/keystonemiddleware/auth_token/__init__.py:544}}
Oct 15 19:28:38 user devstack@keystone.service[45632]: DEBUG keystone.server.flask.request_processing.middleware.auth_context [None req-6073f7a1-10c2-4727-a570-b6f4b32c0bb9 None admin] Validating token access rules against request {{(pid=45632) validate_allowed_request /opt/stack/data/venv/lib/python3.10/site-packages/keystonemiddleware/auth_token/__init__.py:544}}
Oct 15 19:28:38 user devstack@keystone.service[45629]: DEBUG keystone.server.flask.request_processing.middleware.auth_context [None req-d58e42ff-492b-40ca-9070-67773baeebc9 None admin] RBAC: auth_context: {'token': , 'domain_id': None, 'trust_id': None, 'trustor_id': None, 'trustee_id': None, 'domain_name': None, 'group_ids': [], 'user_id': 'f2092e8499a747468bbc54a1dab16f70', 'user_domain_id': 'default', 'system_scope': 'all', 'project_id': None, 'project_domain_id': None, 'roles': ['admin', 'manager', 'member', 'reader'], 'is_admin_project': True, 'service_user_id': None, 'service_user_domain_id': None, 'service_project_id': None, 'service_project_domain_id': None, 'service_roles': []} {{(pid=45629) fill_context /opt/stack/keystone/keystone/server/flask/request_processing/middleware/auth_context.py:480}}
Oct 15 19:28:38 user devstack@keystone.service[45632]: DEBUG keystone.server.flask.request_processing.middleware.auth_context [None req-9862f578-6ec4-47b2-b4c9-ccf93fa3b947 None admin] RBAC: auth_context: {'token': , 'domain_id': None, 'trust_id': None, 'trustor_id': None, 'trustee_id': None, 'domain_name': None, 'group_ids': [], 'user_id': 'f2092e8499a747468bbc54a1dab16f70', 'user_domain_id': 'default', 'system_scope': 'all', 'project_id': None, 'project_domain_id': None, 'roles': ['admin', 'manager', 'member', 'reader'], 'is_admin_project': True, 'service_user_id': None, 'service_user_domain_id': None, 'service_project_id': None, 'service_project_domain_id': None, 'service_roles': []} {{(pid=45632) fill_context /opt/stack/keystone/keystone/server/flask/request_processing/middleware/auth_context.py:480}}
Oct 15 19:28:38 user devstack@keystone.service[45632]: DEBUG keystone.server.flask.request_processing.req_logging [None req-9862f578-6ec4-47b2-b4c9-ccf93fa3b947 None admin] REQUEST_METHOD: `GET` {{(pid=45632) log_request_info /opt/stack/keystone/keystone/server/flask/request_processing/req_logging.py:27}}
Oct 15 19:28:38 user devstack@keystone.service[45629]: DEBUG keystone.server.flask.request_processing.req_logging [None req-d58e42ff-492b-40ca-9070-67773baeebc9 None admin] REQUEST_METHOD: `GET` {{(pid=45629) log_request_info /opt/stack/keystone/keystone/server/flask/request_processing/req_logging.py:27}}
Oct 15 19:28:38 user devstack@keystone.service[45632]: DEBUG keystone.server.flask.request_processing.req_logging [None req-9862f578-6ec4-47b2-b4c9-ccf93fa3b947 None admin] SCRIPT_NAME: `/identity` {{(pid=45632) log_request_info /opt/stack/keystone/keystone/server/flask/request_processing/req_logging.py:28}}
Oct 15 19:28:38 user devstack@keystone.service[45632]: DEBUG keystone.server.flask.request_processing.req_logging [None req-9862f578-6ec4-47b2-b4c9-ccf93fa3b947 None admin] PATH_INFO: `/v3/roles/member` {{(pid=45632) log_request_info /opt/stack/keystone/keystone/server/flask/request_processing/req_logging.py:29}}
Oct 15 19:28:38 user devstack@keystone.service[45629]: DEBUG keystone.server.flask.request_processing.req_logging [None req-d58e42ff-492b-40ca-9070-67773baeebc9 None admin] SCRIPT_NAME: `/identity` {{(pid=45629) log_request_info /opt/stack/keystone/keystone/server/flask/request_processing/req_logging.py:28}}
Oct 15 19:28:38 user devstack@keystone.service[45629]: DEBUG keystone.server.flask.request_processing.req_logging [None req-d58e42ff-492b-40ca-9070-67773baeebc9 None admin] PATH_INFO: `/v3/projects/cd936a495c4943f5955b7361bef83931` {{(pid=45629) log_request_info /opt/stack/keystone/keystone/server/flask/request_processing/req_logging.py:29}}
Oct 15 19:28:38 user devstack@keystone.service[45629]: DEBUG keystone.common.rbac_enforcer.enforcer [None req-d58e42ff-492b-40ca-9070-67773baeebc9 None admin] RBAC: Authorizing `identity:get_project(project_id=cd936a495c4943f5955b7361bef83931)` {{(pid=45629) enforce_call /opt/stack/keystone/keystone/common/rbac_enforcer/enforcer.py:449}}
Oct 15 19:28:38 user devstack@keystone.service[45629]: DEBUG keystone.common.rbac_enforcer.enforcer [None req-d58e42ff-492b-40ca-9070-67773baeebc9 None admin] RBAC: Authorization granted {{(pid=45629) enforce_call /opt/stack/keystone/keystone/common/rbac_enforcer/enforcer.py:457}}
Oct 15 19:28:38 user devstack@keystone.service[45629]: [pid: 45629|app: 0|req: 67/200] 10.0.0.210 () {56 vars in 1181 bytes} [Sun Oct 15 19:28:38 2023] GET /identity/v3/projects/cd936a495c4943f5955b7361bef83931 => generated 301 bytes in 141 msecs (HTTP/1.1 200) 5 headers in 177 bytes (1 switches on core 0)
Oct 15 19:28:38 user devstack@keystone.service[45632]: DEBUG keystone.common.rbac_enforcer.enforcer [None req-9862f578-6ec4-47b2-b4c9-ccf93fa3b947 None admin] Extracting inferred target data resulted in "NOT FOUND (404)". {{(pid=45632) enforce_call /opt/stack/keystone/keystone/common/rbac_enforcer/enforcer.py:409}}
Oct 15 19:28:38 user devstack@keystone.service[45631]: DEBUG keystone.server.flask.request_processing.middleware.auth_context [None req-893be6a2-d618-4492-8d44-6c8c4289cb8a None admin] Authenticating user token {{(pid=45631) process_request /opt/stack/data/venv/lib/python3.10/site-packages/keystonemiddleware/auth_token/__init__.py:406}}
Oct 15 19:28:38 user devstack@keystone.service[45632]: ERROR keystone.server.flask.application [None req-9862f578-6ec4-47b2-b4c9-ccf93fa3b947 None admin] Could not find role: member.: keystone.exception.RoleNotFound: Could not find role: member.
Oct 15 19:28:38 user devstack@keystone.service[45632]: ERROR keystone.server.flask.application
Traceback (most recent call last):
Oct 15 19:28:38 user devstack@keystone.service[45632]: ERROR keystone.server.flask.application
File "/opt/stack/data/venv/lib/python3.10/site-packages/flask/app.py", line 1823, in full_dispatch_request
Oct 15 19:28:38 user devstack@keystone.service[45632]: ERROR keystone.server.flask.application rv = self.dispatch_request()
Oct 15 19:28:38 user devstack@keystone.service[45632]: ERROR keystone.server.flask.application
File "/opt/stack/data/venv/lib/python3.10/site-packages/flask/app.py", line 1799, in dispatch_request
Oct 15 19:28:38 user devstack@keystone.service[45632]: ERROR keystone.server.flask.application return self.ensure_sync(self.view_functions[rule.endpoint])(**view_args)
Oct 15 19:28:38 user devstack@keystone.service[45632]: ERROR keystone.server.flask.application
File "/opt/stack/data/venv/lib/python3.10/site-packages/flask_restful/__init__.py", line 489, in wrapper
Oct 15 19:28:38 user devstack@keystone.service[45632]: ERROR keystone.server.flask.application resp = resource(*args, **kwargs)
Oct 15 19:28:38 user devstack@keystone.service[45632]: ERROR keystone.server.flask.application
File "/opt/stack/data/venv/lib/python3.10/site-packages/flask/views.py", line 107, in view
Oct 15 19:28:38 user devstack@keystone.service[45632]: ERROR keystone.server.flask.application return current_app.ensure_sync(self.dispatch_request)(**kwargs)
Oct 15 19:28:38 user devstack@keystone.service[45632]: ERROR keystone.server.flask.application
File "/opt/stack/data/venv/lib/python3.10/site-packages/flask_restful/__init__.py", line 604, in dispatch_request
Oct 15 19:28:38 user devstack@keystone.service[45632]: ERROR keystone.server.flask.application resp = meth(*args, **kwargs)
Oct 15 19:28:38 user devstack@keystone.service[45632]: ERROR keystone.server.flask.application
File "/opt/stack/keystone/keystone/api/roles.py", line 50, in get
Oct 15 19:28:38 user devstack@keystone.service[45632]: ERROR keystone.server.flask.application return self._get_role(role_id)
Oct 15 19:28:38 user devstack@keystone.service[45632]: ERROR keystone.server.flask.application
File "/opt/stack/keystone/keystone/api/roles.py", line 70, in _get_role
Oct 15 19:28:38 user devstack@keystone.service[45632]: ERROR keystone.server.flask.application ENFORCER.enforce_call(action='identity:get_role')
Oct 15 19:28:38 user devstack@keystone.service[45632]: ERROR keystone.server.flask.application
File "/opt/stack/keystone/keystone/common/rbac_enforcer/enforcer.py", line 402, in enforce_call
Oct 15 19:28:38 user devstack@keystone.service[45632]: ERROR keystone.server.flask.application policy_dict.update(cls._extract_member_target_data(
Oct 15 19:28:38 user devstack@keystone.service[45632]: ERROR keystone.server.flask.application
File "/opt/stack/keystone/keystone/common/rbac_enforcer/enforcer.py", line 234, in _extract_member_target_data
Oct 15 19:28:38 user devstack@keystone.service[45632]: ERROR keystone.server.flask.application member_name: func(flask.request.view_args[key])
Oct 15 19:28:38 user devstack@keystone.service[45632]: ERROR keystone.server.flask.application
File "/opt/stack/keystone/keystone/common/manager.py", line 115, in wrapped
Oct 15 19:28:38 user devstack@keystone.service[45632]: ERROR keystone.server.flask.application __ret_val = __f(*args, **kwargs)
Oct 15 19:28:38 user devstack@keystone.service[45632]: ERROR keystone.server.flask.application
File "/opt/stack/data/venv/lib/python3.10/site-packages/decorator.py", line 232, in fun
Oct 15 19:28:38 user devstack@keystone.service[45632]: ERROR keystone.server.flask.application return caller(func, *(extras + args), **kw)
Oct 15 19:28:38 user devstack@keystone.service[45632]: ERROR keystone.server.flask.application
File "/opt/stack/data/venv/lib/python3.10/site-packages/dogpile/cache/region.py", line 1594, in get_or_create_for_user_func
Oct 15 19:28:38 user devstack@keystone.service[45632]: ERROR keystone.server.flask.application return self.get_or_create(
Oct 15 19:28:38 user devstack@keystone.service[45632]: ERROR keystone.server.flask.application
File "/opt/stack/data/venv/lib/python3.10/site-packages/dogpile/cache/region.py", line 1054, in get_or_create
Oct 15 19:28:38 user devstack@keystone.service[45632]: ERROR keystone.server.flask.application with Lock(
Oct 15 19:28:38 user devstack@keystone.service[45632]: ERROR keystone.server.flask.application
File "/opt/stack/data/venv/lib/python3.10/site-packages/dogpile/lock.py", line 185, in __enter__
Oct 15 19:28:38 user devstack@keystone.service[45632]: ERROR keystone.server.flask.application return self._enter()
Oct 15 19:28:38 user devstack@keystone.service[45632]: ERROR keystone.server.flask.application
File "/opt/stack/data/venv/lib/python3.10/site-packages/dogpile/lock.py", line 94, in _enter
Oct 15 19:28:38 user devstack@keystone.service[45632]: ERROR keystone.server.flask.application generated = self._enter_create(value, createdtime)
Oct 15 19:28:38 user devstack@keystone.service[45632]: ERROR keystone.server.flask.application
File "/opt/stack/data/venv/lib/python3.10/site-packages/dogpile/lock.py", line 178, in _enter_create
Oct 15 19:28:38 user devstack@keystone.service[45632]: ERROR keystone.server.flask.application return self.creator()
Oct 15 19:28:38 user devstack@keystone.service[45632]: ERROR keystone.server.flask.application
File "/opt/stack/data/venv/lib/python3.10/site-packages/dogpile/cache/region.py", line 1007, in gen_value
Oct 15 19:28:38 user devstack@keystone.service[45632]: ERROR keystone.server.flask.application created_value = creator(
Oct 15 19:28:38 user devstack@keystone.service[45632]: ERROR keystone.server.flask.application
File "/opt/stack/keystone/keystone/assignment/core.py", line 1276, in get_role
Oct 15 19:28:38 user devstack@keystone.service[45632]: ERROR keystone.server.flask.application return self.driver.get_role(role_id)
Oct 15 19:28:38 user devstack@keystone.service[45632]: ERROR keystone.server.flask.application
File "/opt/stack/keystone/keystone/assignment/role_backends/sql.py", line 70, in get_role
Oct 15 19:28:38 user devstack@keystone.service[45632]: ERROR keystone.server.flask.application return self._get_role(session, role_id).to_dict()
Oct 15 19:28:38 user devstack@keystone.service[45632]: ERROR keystone.server.flask.application
File "/opt/stack/keystone/keystone/assignment/role_backends/sql.py", line 65, in _get_role
Oct 15 19:28:38 user devstack@keystone.service[45632]: ERROR keystone.server.flask.application raise exception.RoleNotFound(role_id=role_id)
Oct 15 19:28:38 user devstack@keystone.service[45632]: ERROR keystone.server.flask.application keystone.exception.RoleNotFound: Could not find role: member.
Oct 15 19:28:38 user devstack@keystone.service[45632]: ERROR keystone.server.flask.application
Oct 15 19:28:38 user devstack@keystone.service[45632]: [pid: 45632|app: 0|req: 66/201] 10.0.0.210 () {56 vars in 1094 bytes} [Sun Oct 15 19:28:38 2023] GET /identity/v3/roles/member => generated 84 bytes in 163 msecs (HTTP/1.1 404) 5 headers in 183 bytes (1 switches on core 0)
Oct 15 19:28:38 user devstack@keystone.service[45629]: DEBUG keystone.server.flask.request_processing.middleware.auth_context [None req-d58e42ff-492b-40ca-9070-67773baeebc9 None admin] Authenticating user token {{(pid=45629) process_request /opt/stack/data/venv/lib/python3.10/site-packages/keystonemiddleware/auth_token/__init__.py:406}}
Oct 15 19:28:38 user devstack@keystone.service[45631]: DEBUG keystone.server.flask.request_processing.middleware.auth_context [None req-893be6a2-d618-4492-8d44-6c8c4289cb8a None admin] Validating token access rules against request {{(pid=45631) validate_allowed_request /opt/stack/data/venv/lib/python3.10/site-packages/keystonemiddleware/auth_token/__init__.py:544}}
Oct 15 19:28:38 user devstack@keystone.service[45629]: DEBUG keystone.server.flask.request_processing.middleware.auth_context [None req-d58e42ff-492b-40ca-9070-67773baeebc9 None admin] Validating token access rules against request {{(pid=45629) validate_allowed_request /opt/stack/data/venv/lib/python3.10/site-packages/keystonemiddleware/auth_token/__init__.py:544}}
Oct 15 19:28:38 user devstack@keystone.service[45631]: DEBUG keystone.server.flask.request_processing.middleware.auth_context [None req-af4a64c9-81be-4ddb-a54b-117e93bbcc42 None admin] RBAC: auth_context: {'token': , 'domain_id': None, 'trust_id': None, 'trustor_id': None, 'trustee_id': None, 'domain_name': None, 'group_ids': [], 'user_id': 'f2092e8499a747468bbc54a1dab16f70', 'user_domain_id': 'default', 'system_scope': 'all', 'project_id': None, 'project_domain_id': None, 'roles': ['admin', 'manager', 'member', 'reader'], 'is_admin_project': True, 'service_user_id': None, 'service_user_domain_id': None, 'service_project_id': None, 'service_project_domain_id': None, 'service_roles': []} {{(pid=45631) fill_context /opt/stack/keystone/keystone/server/flask/request_processing/middleware/auth_context.py:480}}
Oct 15 19:28:38 user devstack@keystone.service[45631]: DEBUG keystone.server.flask.request_processing.req_logging [None req-af4a64c9-81be-4ddb-a54b-117e93bbcc42 None admin] REQUEST_METHOD: `PUT` {{(pid=45631) log_request_info /opt/stack/keystone/keystone/server/flask/request_processing/req_logging.py:27}}
Oct 15 19:28:38 user devstack@keystone.service[45631]: DEBUG keystone.server.flask.request_processing.req_logging [None req-af4a64c9-81be-4ddb-a54b-117e93bbcc42 None admin] SCRIPT_NAME: `/identity` {{(pid=45631) log_request_info /opt/stack/keystone/keystone/server/flask/request_processing/req_logging.py:28}}
Oct 15 19:28:38 user devstack@keystone.service[45631]: DEBUG keystone.server.flask.request_processing.req_logging [None req-af4a64c9-81be-4ddb-a54b-117e93bbcc42 None admin] PATH_INFO: `/v3/projects/cd936a495c4943f5955b7361bef83931/users/e897672634b64509a3f3ca12af2ab751/roles/64ede7c7bf0240458acde3d454b86d5b` {{(pid=45631) log_request_info /opt/stack/keystone/keystone/server/flask/request_processing/req_logging.py:29}}
Oct 15 19:28:38 user devstack@keystone.service[45631]: DEBUG keystone.common.rbac_enforcer.enforcer [None req-af4a64c9-81be-4ddb-a54b-117e93bbcc42 None admin] RBAC: Authorizing `identity:create_grant(project_id=cd936a495c4943f5955b7361bef83931, user_id=e897672634b64509a3f3ca12af2ab751, role_id=64ede7c7bf0240458acde3d454b86d5b)` {{(pid=45631) enforce_call /opt/stack/keystone/keystone/common/rbac_enforcer/enforcer.py:449}}
Oct 15 19:28:38 user devstack@keystone.service[45631]: DEBUG keystone.common.rbac_enforcer.enforcer [None req-af4a64c9-81be-4ddb-a54b-117e93bbcc42 None admin] RBAC: Authorization granted {{(pid=45631) enforce_call /opt/stack/keystone/keystone/common/rbac_enforcer/enforcer.py:457}}
Oct 15 19:28:38 user devstack@keystone.service[45629]: DEBUG keystone.server.flask.request_processing.middleware.auth_context [None req-61d0f96b-3fcc-4e3b-9881-d7e83bc9feff None admin] RBAC: auth_context: {'token': , 'domain_id': None, 'trust_id': None, 'trustor_id': None, 'trustee_id': None, 'domain_name': None, 'group_ids': [], 'user_id': 'f2092e8499a747468bbc54a1dab16f70', 'user_domain_id': 'default', 'system_scope': 'all', 'project_id': None, 'project_domain_id': None, 'roles': ['admin', 'manager', 'member', 'reader'], 'is_admin_project': True, 'service_user_id': None, 'service_user_domain_id': None, 'service_project_id': None, 'service_project_domain_id': None, 'service_roles': []} {{(pid=45629) fill_context /opt/stack/keystone/keystone/server/flask/request_processing/middleware/auth_context.py:480}}
Oct 15 19:28:38 user devstack@keystone.service[45629]: DEBUG keystone.server.flask.request_processing.req_logging [None req-61d0f96b-3fcc-4e3b-9881-d7e83bc9feff None admin] REQUEST_METHOD: `GET` {{(pid=45629) log_request_info /opt/stack/keystone/keystone/server/flask/request_processing/req_logging.py:27}}
Oct 15 19:28:38 user devstack@keystone.service[45629]: DEBUG keystone.server.flask.request_processing.req_logging [None req-61d0f96b-3fcc-4e3b-9881-d7e83bc9feff None admin] SCRIPT_NAME: `/identity` {{(pid=45629) log_request_info /opt/stack/keystone/keystone/server/flask/request_processing/req_logging.py:28}}
Oct 15 19:28:38 user devstack@keystone.service[45629]: DEBUG keystone.server.flask.request_processing.req_logging [None req-61d0f96b-3fcc-4e3b-9881-d7e83bc9feff None admin] PATH_INFO: `/v3/roles` {{(pid=45629) log_request_info /opt/stack/keystone/keystone/server/flask/request_processing/req_logging.py:29}}
Oct 15 19:28:38 user devstack@keystone.service[45629]: DEBUG keystone.common.rbac_enforcer.enforcer [None req-61d0f96b-3fcc-4e3b-9881-d7e83bc9feff None admin] RBAC: Adding query filter params (name=member) {{(pid=45629) _extract_filter_values /opt/stack/keystone/keystone/common/rbac_enforcer/enforcer.py:167}}
Oct 15 19:28:38 user devstack@keystone.service[45629]: DEBUG keystone.common.rbac_enforcer.enforcer [None req-61d0f96b-3fcc-4e3b-9881-d7e83bc9feff None admin] RBAC: Authorizing `identity:list_roles()` {{(pid=45629) enforce_call /opt/stack/keystone/keystone/common/rbac_enforcer/enforcer.py:449}}
Oct 15 19:28:38 user devstack@keystone.service[45631]: [pid: 45631|app: 0|req: 69/202] 10.0.0.210 () {58 vars in 1434 bytes} [Sun Oct 15 19:28:38 2023] PUT /identity/v3/projects/cd936a495c4943f5955b7361bef83931/users/e897672634b64509a3f3ca12af2ab751/roles/64ede7c7bf0240458acde3d454b86d5b => generated 0 bytes in 149 msecs (HTTP/1.1 204) 3 headers in 132 bytes (0 switches on core 0)
Oct 15 19:28:38 user devstack@keystone.service[45629]: DEBUG keystone.common.rbac_enforcer.enforcer [None req-61d0f96b-3fcc-4e3b-9881-d7e83bc9feff None admin] RBAC: Authorization granted {{(pid=45629) enforce_call /opt/stack/keystone/keystone/common/rbac_enforcer/enforcer.py:457}}
Oct 15 19:28:39 user devstack@keystone.service[45629]: [pid: 45629|app: 0|req: 68/203] 10.0.0.210 () {56 vars in 1096 bytes} [Sun Oct 15 19:28:38 2023] GET /identity/v3/roles?name=member => generated 339 bytes in 150 msecs (HTTP/1.1 200) 5 headers in 177 bytes (1 switches on core 0)
Oct 15 19:28:39 user devstack@keystone.service[45632]: DEBUG keystone.server.flask.request_processing.middleware.auth_context [None req-9862f578-6ec4-47b2-b4c9-ccf93fa3b947 None admin] Authenticating user token {{(pid=45632) process_request /opt/stack/data/venv/lib/python3.10/site-packages/keystonemiddleware/auth_token/__init__.py:406}}
Oct 15 19:28:39 user devstack@keystone.service[45632]: DEBUG keystone.server.flask.request_processing.middleware.auth_context [None req-9862f578-6ec4-47b2-b4c9-ccf93fa3b947 None admin] Validating token access rules against request {{(pid=45632) validate_allowed_request /opt/stack/data/venv/lib/python3.10/site-packages/keystonemiddleware/auth_token/__init__.py:544}}
Oct 15 19:28:39 user devstack@keystone.service[45632]: DEBUG keystone.server.flask.request_processing.middleware.auth_context [None req-a426f3b3-b5c1-4da2-9b41-6199ab750703 None admin] RBAC: auth_context: {'token': , 'domain_id': None, 'trust_id': None, 'trustor_id': None, 'trustee_id': None, 'domain_name': None, 'group_ids': [], 'user_id': 'f2092e8499a747468bbc54a1dab16f70', 'user_domain_id': 'default', 'system_scope': 'all', 'project_id': None, 'project_domain_id': None, 'roles': ['admin', 'manager', 'member', 'reader'], 'is_admin_project': True, 'service_user_id': None, 'service_user_domain_id': None, 'service_project_id': None, 'service_project_domain_id': None, 'service_roles': []} {{(pid=45632) fill_context /opt/stack/keystone/keystone/server/flask/request_processing/middleware/auth_context.py:480}}
Oct 15 19:28:39 user devstack@keystone.service[45632]: DEBUG keystone.server.flask.request_processing.req_logging [None req-a426f3b3-b5c1-4da2-9b41-6199ab750703 None admin] REQUEST_METHOD: `GET` {{(pid=45632) log_request_info /opt/stack/keystone/keystone/server/flask/request_processing/req_logging.py:27}}
Oct 15 19:28:39 user devstack@keystone.service[45632]: DEBUG keystone.server.flask.request_processing.req_logging [None req-a426f3b3-b5c1-4da2-9b41-6199ab750703 None admin] SCRIPT_NAME: `/identity` {{(pid=45632) log_request_info /opt/stack/keystone/keystone/server/flask/request_processing/req_logging.py:28}}
Oct 15 19:28:39 user devstack@keystone.service[45632]: DEBUG keystone.server.flask.request_processing.req_logging [None req-a426f3b3-b5c1-4da2-9b41-6199ab750703 None admin] PATH_INFO: `/v3/users/a7344392de6241ababb6e7bd93889144` {{(pid=45632) log_request_info /opt/stack/keystone/keystone/server/flask/request_processing/req_logging.py:29}}
Oct 15 19:28:39 user devstack@keystone.service[45632]: DEBUG keystone.common.rbac_enforcer.enforcer [None req-a426f3b3-b5c1-4da2-9b41-6199ab750703 None admin] RBAC: Authorizing `identity:get_user(user_id=a7344392de6241ababb6e7bd93889144)` {{(pid=45632) enforce_call /opt/stack/keystone/keystone/common/rbac_enforcer/enforcer.py:449}}
Oct 15 19:28:39 user devstack@keystone.service[45632]: DEBUG keystone.common.rbac_enforcer.enforcer [None req-a426f3b3-b5c1-4da2-9b41-6199ab750703 None admin] RBAC: Authorization granted {{(pid=45632) enforce_call /opt/stack/keystone/keystone/common/rbac_enforcer/enforcer.py:457}}
Oct 15 19:28:39 user devstack@keystone.service[45632]: [pid: 45632|app: 0|req: 67/204] 10.0.0.210 () {56 vars in 1172 bytes} [Sun Oct 15 19:28:39 2023] GET /identity/v3/users/a7344392de6241ababb6e7bd93889144 => generated 296 bytes in 183 msecs (HTTP/1.1 200) 5 headers in 177 bytes (1 switches on core 0)
Oct 15 19:28:39 user devstack@keystone.service[45631]: DEBUG keystone.server.flask.request_processing.middleware.auth_context [None req-af4a64c9-81be-4ddb-a54b-117e93bbcc42 None admin] Authenticating user token {{(pid=45631) process_request /opt/stack/data/venv/lib/python3.10/site-packages/keystonemiddleware/auth_token/__init__.py:406}}
Oct 15 19:28:39 user devstack@keystone.service[45631]: DEBUG keystone.server.flask.request_processing.middleware.auth_context [None req-af4a64c9-81be-4ddb-a54b-117e93bbcc42 None admin] Validating token access rules against request {{(pid=45631) validate_allowed_request /opt/stack/data/venv/lib/python3.10/site-packages/keystonemiddleware/auth_token/__init__.py:544}}
Oct 15 19:28:39 user devstack@keystone.service[45631]: DEBUG keystone.server.flask.request_processing.middleware.auth_context [None req-d0529e7a-0636-437c-90ba-0bcb389adaed None admin] RBAC: auth_context: {'token': , 'domain_id': None, 'trust_id': None, 'trustor_id': None, 'trustee_id': None, 'domain_name': None, 'group_ids': [], 'user_id': 'f2092e8499a747468bbc54a1dab16f70', 'user_domain_id': 'default', 'system_scope': 'all', 'project_id': None, 'project_domain_id': None, 'roles': ['admin', 'manager', 'member', 'reader'], 'is_admin_project': True, 'service_user_id': None, 'service_user_domain_id': None, 'service_project_id': None, 'service_project_domain_id': None, 'service_roles': []} {{(pid=45631) fill_context /opt/stack/keystone/keystone/server/flask/request_processing/middleware/auth_context.py:480}}
Oct 15 19:28:39 user devstack@keystone.service[45631]: DEBUG keystone.server.flask.request_processing.req_logging [None req-d0529e7a-0636-437c-90ba-0bcb389adaed None admin] REQUEST_METHOD: `GET` {{(pid=45631) log_request_info /opt/stack/keystone/keystone/server/flask/request_processing/req_logging.py:27}}
Oct 15 19:28:39 user devstack@keystone.service[45631]: DEBUG keystone.server.flask.request_processing.req_logging [None req-d0529e7a-0636-437c-90ba-0bcb389adaed None admin] SCRIPT_NAME: `/identity` {{(pid=45631) log_request_info /opt/stack/keystone/keystone/server/flask/request_processing/req_logging.py:28}}
Oct 15 19:28:39 user devstack@keystone.service[45631]: DEBUG keystone.server.flask.request_processing.req_logging [None req-d0529e7a-0636-437c-90ba-0bcb389adaed None admin] PATH_INFO: `/v3/auth/tokens` {{(pid=45631) log_request_info /opt/stack/keystone/keystone/server/flask/request_processing/req_logging.py:29}}
Oct 15 19:28:39 user devstack@keystone.service[45631]: DEBUG keystone.common.rbac_enforcer.enforcer [None req-d0529e7a-0636-437c-90ba-0bcb389adaed None admin] RBAC: Authorizing `identity:validate_token()` {{(pid=45631) enforce_call /opt/stack/keystone/keystone/common/rbac_enforcer/enforcer.py:449}}
Oct 15 19:28:39 user devstack@keystone.service[45631]: DEBUG keystone.common.rbac_enforcer.enforcer [None req-d0529e7a-0636-437c-90ba-0bcb389adaed None admin] RBAC: Authorization granted {{(pid=45631) enforce_call /opt/stack/keystone/keystone/common/rbac_enforcer/enforcer.py:457}}
Oct 15 19:28:39 user devstack@keystone.service[45631]: [pid: 45631|app: 0|req: 70/205] 10.0.0.210 () {58 vars in 1277 bytes} [Sun Oct 15 19:28:39 2023] GET /identity/v3/auth/tokens => generated 861 bytes in 292 msecs (HTTP/1.1 200) 6 headers in 358 bytes (1 switches on core 0)
Oct 15 19:28:39 user devstack@keystone.service[45629]: DEBUG keystone.server.flask.request_processing.middleware.auth_context [None req-61d0f96b-3fcc-4e3b-9881-d7e83bc9feff None admin] Authenticating user token {{(pid=45629) process_request /opt/stack/data/venv/lib/python3.10/site-packages/keystonemiddleware/auth_token/__init__.py:406}}
Oct 15 19:28:39 user devstack@keystone.service[45629]: DEBUG keystone.server.flask.request_processing.middleware.auth_context [None req-61d0f96b-3fcc-4e3b-9881-d7e83bc9feff None admin] Validating token access rules against request {{(pid=45629) validate_allowed_request /opt/stack/data/venv/lib/python3.10/site-packages/keystonemiddleware/auth_token/__init__.py:544}}
Oct 15 19:28:39 user devstack@keystone.service[45629]: DEBUG keystone.server.flask.request_processing.middleware.auth_context [None req-4165264e-46c8-4884-b0c7-43f6750eddb3 None admin] RBAC: auth_context: {'token': , 'domain_id': None, 'trust_id': None, 'trustor_id': None, 'trustee_id': None, 'domain_name': None, 'group_ids': [], 'user_id': 'f2092e8499a747468bbc54a1dab16f70', 'user_domain_id': 'default', 'system_scope': 'all', 'project_id': None, 'project_domain_id': None, 'roles': ['admin', 'manager', 'member', 'reader'], 'is_admin_project': True, 'service_user_id': None, 'service_user_domain_id': None, 'service_project_id': None, 'service_project_domain_id': None, 'service_roles': []} {{(pid=45629) fill_context /opt/stack/keystone/keystone/server/flask/request_processing/middleware/auth_context.py:480}}
Oct 15 19:28:39 user devstack@keystone.service[45629]: DEBUG keystone.server.flask.request_processing.req_logging [None req-4165264e-46c8-4884-b0c7-43f6750eddb3 None admin] REQUEST_METHOD: `GET` {{(pid=45629) log_request_info /opt/stack/keystone/keystone/server/flask/request_processing/req_logging.py:27}}
Oct 15 19:28:39 user devstack@keystone.service[45629]: DEBUG keystone.server.flask.request_processing.req_logging [None req-4165264e-46c8-4884-b0c7-43f6750eddb3 None admin] SCRIPT_NAME: `/identity` {{(pid=45629) log_request_info /opt/stack/keystone/keystone/server/flask/request_processing/req_logging.py:28}}
Oct 15 19:28:39 user devstack@keystone.service[45629]: DEBUG keystone.server.flask.request_processing.req_logging [None req-4165264e-46c8-4884-b0c7-43f6750eddb3 None admin] PATH_INFO: `/v3/projects/cd936a495c4943f5955b7361bef83931` {{(pid=45629) log_request_info /opt/stack/keystone/keystone/server/flask/request_processing/req_logging.py:29}}
Oct 15 19:28:39 user devstack@keystone.service[45629]: DEBUG keystone.common.rbac_enforcer.enforcer [None req-4165264e-46c8-4884-b0c7-43f6750eddb3 None admin] RBAC: Authorizing `identity:get_project(project_id=cd936a495c4943f5955b7361bef83931)` {{(pid=45629) enforce_call /opt/stack/keystone/keystone/common/rbac_enforcer/enforcer.py:449}}
Oct 15 19:28:39 user devstack@keystone.service[45629]: DEBUG keystone.common.rbac_enforcer.enforcer [None req-4165264e-46c8-4884-b0c7-43f6750eddb3 None admin] RBAC: Authorization granted {{(pid=45629) enforce_call /opt/stack/keystone/keystone/common/rbac_enforcer/enforcer.py:457}}
Oct 15 19:28:39 user devstack@keystone.service[45629]: [pid: 45629|app: 0|req: 69/206] 10.0.0.210 () {56 vars in 1181 bytes} [Sun Oct 15 19:28:39 2023] GET /identity/v3/projects/cd936a495c4943f5955b7361bef83931 => generated 301 bytes in 147 msecs (HTTP/1.1 200) 5 headers in 177 bytes (1 switches on core 0)
Oct 15 19:28:39 user devstack@keystone.service[45632]: DEBUG keystone.server.flask.request_processing.middleware.auth_context [None req-a426f3b3-b5c1-4da2-9b41-6199ab750703 None admin] Authenticating user token {{(pid=45632) process_request /opt/stack/data/venv/lib/python3.10/site-packages/keystonemiddleware/auth_token/__init__.py:406}}
Oct 15 19:28:39 user devstack@keystone.service[45632]: DEBUG keystone.server.flask.request_processing.middleware.auth_context [None req-a426f3b3-b5c1-4da2-9b41-6199ab750703 None admin] Validating token access rules against request {{(pid=45632) validate_allowed_request /opt/stack/data/venv/lib/python3.10/site-packages/keystonemiddleware/auth_token/__init__.py:544}}
Oct 15 19:28:39 user devstack@keystone.service[45632]: DEBUG keystone.server.flask.request_processing.middleware.auth_context [None req-110119f4-87cf-43c3-813c-16a02b427131 None admin] RBAC: auth_context: {'token': , 'domain_id': None, 'trust_id': None, 'trustor_id': None, 'trustee_id': None, 'domain_name': None, 'group_ids': [], 'user_id': 'f2092e8499a747468bbc54a1dab16f70', 'user_domain_id': 'default', 'system_scope': 'all', 'project_id': None, 'project_domain_id': None, 'roles': ['admin', 'manager', 'member', 'reader'], 'is_admin_project': True, 'service_user_id': None, 'service_user_domain_id': None, 'service_project_id': None, 'service_project_domain_id': None, 'service_roles': []} {{(pid=45632) fill_context /opt/stack/keystone/keystone/server/flask/request_processing/middleware/auth_context.py:480}}
Oct 15 19:28:39 user devstack@keystone.service[45632]: DEBUG keystone.server.flask.request_processing.req_logging [None req-110119f4-87cf-43c3-813c-16a02b427131 None admin] REQUEST_METHOD: `GET` {{(pid=45632) log_request_info /opt/stack/keystone/keystone/server/flask/request_processing/req_logging.py:27}}
Oct 15 19:28:39 user devstack@keystone.service[45632]: DEBUG keystone.server.flask.request_processing.req_logging [None req-110119f4-87cf-43c3-813c-16a02b427131 None admin] SCRIPT_NAME: `/identity` {{(pid=45632) log_request_info /opt/stack/keystone/keystone/server/flask/request_processing/req_logging.py:28}}
Oct 15 19:28:39 user devstack@keystone.service[45632]: DEBUG keystone.server.flask.request_processing.req_logging [None req-110119f4-87cf-43c3-813c-16a02b427131 None admin] PATH_INFO: `/v3/role_assignments` {{(pid=45632) log_request_info /opt/stack/keystone/keystone/server/flask/request_processing/req_logging.py:29}}
Oct 15 19:28:39 user devstack@keystone.service[45632]: DEBUG keystone.common.rbac_enforcer.enforcer [None req-110119f4-87cf-43c3-813c-16a02b427131 None admin] RBAC: Adding query filter params (role.id=c012b33f44574e4f9f3e6bd8780ca69c, scope.project.id=cd936a495c4943f5955b7361bef83931, user.id=a7344392de6241ababb6e7bd93889144) {{(pid=45632) _extract_filter_values /opt/stack/keystone/keystone/common/rbac_enforcer/enforcer.py:167}}
Oct 15 19:28:39 user devstack@keystone.service[45632]: DEBUG keystone.common.rbac_enforcer.enforcer [None req-110119f4-87cf-43c3-813c-16a02b427131 None admin] RBAC: Authorizing `identity:list_role_assignments()` {{(pid=45632) enforce_call /opt/stack/keystone/keystone/common/rbac_enforcer/enforcer.py:449}}
Oct 15 19:28:39 user devstack@keystone.service[45632]: DEBUG keystone.common.rbac_enforcer.enforcer [None req-110119f4-87cf-43c3-813c-16a02b427131 None admin] RBAC: Authorization granted {{(pid=45632) enforce_call /opt/stack/keystone/keystone/common/rbac_enforcer/enforcer.py:457}}
Oct 15 19:28:39 user devstack@keystone.service[45632]: [pid: 45632|app: 0|req: 68/207] 10.0.0.210 () {56 vars in 1369 bytes} [Sun Oct 15 19:28:39 2023] GET /identity/v3/role_assignments?user.id=a7344392de6241ababb6e7bd93889144&scope.project.id=cd936a495c4943f5955b7361bef83931&role.id=c012b33f44574e4f9f3e6bd8780ca69c => generated 606 bytes in 137 msecs (HTTP/1.1 200) 5 headers in 177 bytes (1 switches on core 0)
Oct 15 19:28:40 user devstack@keystone.service[45631]: DEBUG keystone.server.flask.request_processing.req_logging [None req-586d7928-279b-4cc5-80ef-e1198a9c989c None None] REQUEST_METHOD: `GET` {{(pid=45631) log_request_info /opt/stack/keystone/keystone/server/flask/request_processing/req_logging.py:27}}
Oct 15 19:28:40 user devstack@keystone.service[45631]: DEBUG keystone.server.flask.request_processing.req_logging [None req-586d7928-279b-4cc5-80ef-e1198a9c989c None None] SCRIPT_NAME: `/identity` {{(pid=45631) log_request_info /opt/stack/keystone/keystone/server/flask/request_processing/req_logging.py:28}}
Oct 15 19:28:40 user devstack@keystone.service[45631]: DEBUG keystone.server.flask.request_processing.req_logging [None req-586d7928-279b-4cc5-80ef-e1198a9c989c None None] PATH_INFO: `/` {{(pid=45631) log_request_info /opt/stack/keystone/keystone/server/flask/request_processing/req_logging.py:29}}
Oct 15 19:28:40 user devstack@keystone.service[45631]: [pid: 45631|app: 0|req: 71/208] 10.0.0.210 () {54 vars in 921 bytes} [Sun Oct 15 19:28:40 2023] GET /identity => generated 269 bytes in 3 msecs (HTTP/1.1 300) 6 headers in 233 bytes (1 switches on core 0)
Oct 15 19:28:40 user devstack@keystone.service[45629]: DEBUG keystone.server.flask.request_processing.req_logging [None req-6cf69739-b8df-4950-8790-32aafc47fca9 None None] REQUEST_METHOD: `POST` {{(pid=45629) log_request_info /opt/stack/keystone/keystone/server/flask/request_processing/req_logging.py:27}}
Oct 15 19:28:40 user devstack@keystone.service[45629]: DEBUG keystone.server.flask.request_processing.req_logging [None req-6cf69739-b8df-4950-8790-32aafc47fca9 None None] SCRIPT_NAME: `/identity` {{(pid=45629) log_request_info /opt/stack/keystone/keystone/server/flask/request_processing/req_logging.py:28}}
Oct 15 19:28:40 user devstack@keystone.service[45629]: DEBUG keystone.server.flask.request_processing.req_logging [None req-6cf69739-b8df-4950-8790-32aafc47fca9 None None] PATH_INFO: `/v3/auth/tokens` {{(pid=45629) log_request_info /opt/stack/keystone/keystone/server/flask/request_processing/req_logging.py:29}}
Oct 15 19:28:40 user devstack@keystone.service[45629]: WARNING keystone.common.password_hashing [None req-6cf69739-b8df-4950-8790-32aafc47fca9 None None] Truncating password to algorithm specific maximum length 72 characters.
