Aug 14 15:02:42 user devstack@placement-api.service[67813]: INFO placement.requestlog [req-149ce0f8-7d0d-4698-abd1-9e8ae017f1bf req-202b878c-8eba-4728-8b97-de0cc0a0c68e service placement] 10.0.0.210 "GET /placement/allocations/0674641b-1cd6-43ba-9970-f3cdd88a2b59" status: 200 len: 244 microversion: 1.28
Aug 14 15:02:42 user devstack@placement-api.service[67813]: [pid: 67813|app: 0|req: 128/383] 10.0.0.210 () {64 vars in 1456 bytes} [Mon Aug 14 15:02:42 2023] GET /placement/allocations/0674641b-1cd6-43ba-9970-f3cdd88a2b59 => generated 244 bytes in 34 msecs (HTTP/1.1 200) 8 headers in 296 bytes (1 switches on core 0)
Aug 14 15:02:42 user devstack@placement-api.service[67811]: DEBUG placement.requestlog [req-149ce0f8-7d0d-4698-abd1-9e8ae017f1bf req-49afedeb-f85a-40e3-b9df-4c6aef5af4ed None None] Starting request: 10.0.0.210 "GET /placement/allocations/01e4cd7e-3fd9-47fe-870e-31fcd457e263" {{(pid=67811) __call__ /opt/stack/placement/placement/requestlog.py:55}}
Aug 14 15:02:42 user devstack@placement-api.service[67811]: INFO placement.requestlog [req-149ce0f8-7d0d-4698-abd1-9e8ae017f1bf req-49afedeb-f85a-40e3-b9df-4c6aef5af4ed service placement] 10.0.0.210 "GET /placement/allocations/01e4cd7e-3fd9-47fe-870e-31fcd457e263" status: 200 len: 258 microversion: 1.28
Aug 14 15:02:42 user devstack@placement-api.service[67811]: [pid: 67811|app: 0|req: 129/384] 10.0.0.210 () {64 vars in 1456 bytes} [Mon Aug 14 15:02:42 2023] GET /placement/allocations/01e4cd7e-3fd9-47fe-870e-31fcd457e263 => generated 258 bytes in 24 msecs (HTTP/1.1 200) 8 headers in 296 bytes (2 switches on core 0)
Aug 14 15:02:42 user devstack@placement-api.service[67812]: DEBUG placement.requestlog [req-149ce0f8-7d0d-4698-abd1-9e8ae017f1bf req-be76270e-ed09-4476-bd67-d2e12a2f85e0 None None] Starting request: 10.0.0.210 "GET /placement/allocations/fe35bcec-a10d-4554-8cd7-1a9d1a72f484" {{(pid=67812) __call__ /opt/stack/placement/placement/requestlog.py:55}}
Aug 14 15:02:42 user devstack@placement-api.service[67812]: INFO placement.requestlog [req-149ce0f8-7d0d-4698-abd1-9e8ae017f1bf req-be76270e-ed09-4476-bd67-d2e12a2f85e0 service placement] 10.0.0.210 "GET /placement/allocations/fe35bcec-a10d-4554-8cd7-1a9d1a72f484" status: 200 len: 258 microversion: 1.28
Aug 14 15:02:42 user devstack@placement-api.service[67812]: [pid: 67812|app: 0|req: 128/385] 10.0.0.210 () {64 vars in 1456 bytes} [Mon Aug 14 15:02:42 2023] GET /placement/allocations/fe35bcec-a10d-4554-8cd7-1a9d1a72f484 => generated 258 bytes in 17 msecs (HTTP/1.1 200) 8 headers in 296 bytes (1 switches on core 0)
Aug 14 15:02:42 user devstack@placement-api.service[67813]: DEBUG placement.requestlog [req-149ce0f8-7d0d-4698-abd1-9e8ae017f1bf req-b9993917-d76d-497d-bdfc-7d109b2ae2e9 None None] Starting request: 10.0.0.210 "GET /placement/allocations/0110dafc-b336-45bd-aade-0eb9ba632a05" {{(pid=67813) __call__ /opt/stack/placement/placement/requestlog.py:55}}
Aug 14 15:02:42 user devstack@placement-api.service[67813]: INFO placement.requestlog [req-149ce0f8-7d0d-4698-abd1-9e8ae017f1bf req-b9993917-d76d-497d-bdfc-7d109b2ae2e9 service placement] 10.0.0.210 "GET /placement/allocations/0110dafc-b336-45bd-aade-0eb9ba632a05" status: 200 len: 260 microversion: 1.28
Aug 14 15:02:42 user devstack@placement-api.service[67813]: [pid: 67813|app: 0|req: 129/386] 10.0.0.210 () {64 vars in 1456 bytes} [Mon Aug 14 15:02:42 2023] GET /placement/allocations/0110dafc-b336-45bd-aade-0eb9ba632a05 => generated 260 bytes in 29 msecs (HTTP/1.1 200) 8 headers in 296 bytes (1 switches on core 0)
Aug 14 15:02:42 user devstack@placement-api.service[67811]: DEBUG placement.requestlog [req-149ce0f8-7d0d-4698-abd1-9e8ae017f1bf req-8cf18f5d-a390-4dc6-b28c-95b9f83b2faa None None] Starting request: 10.0.0.210 "GET /placement/allocations/16996b6c-6d6e-4b51-88f3-0ca024e95639" {{(pid=67811) __call__ /opt/stack/placement/placement/requestlog.py:55}}
Aug 14 15:02:42 user devstack@placement-api.service[67811]: INFO placement.requestlog [req-149ce0f8-7d0d-4698-abd1-9e8ae017f1bf req-8cf18f5d-a390-4dc6-b28c-95b9f83b2faa service placement] 10.0.0.210 "GET /placement/allocations/16996b6c-6d6e-4b51-88f3-0ca024e95639" status: 200 len: 258 microversion: 1.28
Aug 14 15:02:42 user devstack@placement-api.service[67811]: [pid: 67811|app: 0|req: 130/387] 10.0.0.210 () {64 vars in 1456 bytes} [Mon Aug 14 15:02:42 2023] GET /placement/allocations/16996b6c-6d6e-4b51-88f3-0ca024e95639 => generated 258 bytes in 18 msecs (HTTP/1.1 200) 8 headers in 296 bytes (1 switches on core 0)
Aug 14 15:02:42 user devstack@placement-api.service[67812]: DEBUG placement.requestlog [req-149ce0f8-7d0d-4698-abd1-9e8ae017f1bf req-338cbbc5-d42d-41a9-92f7-26ffce99fc04 None None] Starting request: 10.0.0.210 "GET /placement/allocations/81b7d46d-1e0f-4f42-9210-7fbcf6a41cd7" {{(pid=67812) __call__ /opt/stack/placement/placement/requestlog.py:55}}
Aug 14 15:02:42 user devstack@placement-api.service[67812]: INFO placement.requestlog [req-149ce0f8-7d0d-4698-abd1-9e8ae017f1bf req-338cbbc5-d42d-41a9-92f7-26ffce99fc04 service placement] 10.0.0.210 "GET /placement/allocations/81b7d46d-1e0f-4f42-9210-7fbcf6a41cd7" status: 200 len: 258 microversion: 1.28
Aug 14 15:02:42 user devstack@placement-api.service[67812]: [pid: 67812|app: 0|req: 129/388] 10.0.0.210 () {64 vars in 1456 bytes} [Mon Aug 14 15:02:42 2023] GET /placement/allocations/81b7d46d-1e0f-4f42-9210-7fbcf6a41cd7 => generated 258 bytes in 28 msecs (HTTP/1.1 200) 8 headers in 296 bytes (1 switches on core 0)
Aug 14 15:02:42 user devstack@placement-api.service[67813]: DEBUG placement.requestlog [req-149ce0f8-7d0d-4698-abd1-9e8ae017f1bf req-9dc3b2df-9518-484c-b679-77dfd8fa8e90 None None] Starting request: 10.0.0.210 "GET /placement/allocations/2d7ac783-716a-4c23-9466-fa7d5eae73a8" {{(pid=67813) __call__ /opt/stack/placement/placement/requestlog.py:55}}
Aug 14 15:02:42 user devstack@placement-api.service[67813]: INFO placement.requestlog [req-149ce0f8-7d0d-4698-abd1-9e8ae017f1bf req-9dc3b2df-9518-484c-b679-77dfd8fa8e90 service placement] 10.0.0.210 "GET /placement/allocations/2d7ac783-716a-4c23-9466-fa7d5eae73a8" status: 200 len: 258 microversion: 1.28
Aug 14 15:02:42 user devstack@placement-api.service[67813]: [pid: 67813|app: 0|req: 130/389] 10.0.0.210 () {64 vars in 1456 bytes} [Mon Aug 14 15:02:42 2023] GET /placement/allocations/2d7ac783-716a-4c23-9466-fa7d5eae73a8 => generated 258 bytes in 24 msecs (HTTP/1.1 200) 8 headers in 296 bytes (1 switches on core 0)
Aug 14 15:02:42 user devstack@placement-api.service[67811]: DEBUG placement.requestlog [req-149ce0f8-7d0d-4698-abd1-9e8ae017f1bf req-4527476d-8674-410b-963d-21cc4b621047 None None] Starting request: 10.0.0.210 "GET /placement/allocations/73803036-4ad2-42b7-8d7e-40d2a97880fe" {{(pid=67811) __call__ /opt/stack/placement/placement/requestlog.py:55}}
Aug 14 15:02:42 user devstack@placement-api.service[67811]: INFO placement.requestlog [req-149ce0f8-7d0d-4698-abd1-9e8ae017f1bf req-4527476d-8674-410b-963d-21cc4b621047 service placement] 10.0.0.210 "GET /placement/allocations/73803036-4ad2-42b7-8d7e-40d2a97880fe" status: 200 len: 258 microversion: 1.28
Aug 14 15:02:42 user devstack@placement-api.service[67811]: [pid: 67811|app: 0|req: 131/390] 10.0.0.210 () {64 vars in 1456 bytes} [Mon Aug 14 15:02:42 2023] GET /placement/allocations/73803036-4ad2-42b7-8d7e-40d2a97880fe => generated 258 bytes in 18 msecs (HTTP/1.1 200) 8 headers in 296 bytes (1 switches on core 0)
Aug 14 15:02:43 user devstack@placement-api.service[67812]: DEBUG placement.requestlog [req-149ce0f8-7d0d-4698-abd1-9e8ae017f1bf req-1180e509-d830-40b7-83a7-630940e96074 None None] Starting request: 10.0.0.210 "GET /placement/allocations/da915cb7-8ab5-4c65-928f-70e94811dd4e" {{(pid=67812) __call__ /opt/stack/placement/placement/requestlog.py:55}}
Aug 14 15:02:43 user devstack@placement-api.service[67812]: INFO placement.requestlog [req-149ce0f8-7d0d-4698-abd1-9e8ae017f1bf req-1180e509-d830-40b7-83a7-630940e96074 service placement] 10.0.0.210 "GET /placement/allocations/da915cb7-8ab5-4c65-928f-70e94811dd4e" status: 200 len: 258 microversion: 1.28
Aug 14 15:02:43 user devstack@placement-api.service[67812]: [pid: 67812|app: 0|req: 130/391] 10.0.0.210 () {64 vars in 1456 bytes} [Mon Aug 14 15:02:43 2023] GET /placement/allocations/da915cb7-8ab5-4c65-928f-70e94811dd4e => generated 258 bytes in 18 msecs (HTTP/1.1 200) 8 headers in 296 bytes (1 switches on core 0)
Aug 14 15:02:43 user devstack@placement-api.service[67813]: DEBUG placement.requestlog [req-149ce0f8-7d0d-4698-abd1-9e8ae017f1bf req-84f84ee1-c946-4914-a42b-3578300be793 None None] Starting request: 10.0.0.210 "GET /placement/allocations/8c8f7735-76f7-4cdc-afeb-42761e7e9014" {{(pid=67813) __call__ /opt/stack/placement/placement/requestlog.py:55}}
Aug 14 15:02:43 user devstack@placement-api.service[67813]: INFO placement.requestlog [req-149ce0f8-7d0d-4698-abd1-9e8ae017f1bf req-84f84ee1-c946-4914-a42b-3578300be793 service placement] 10.0.0.210 "GET /placement/allocations/8c8f7735-76f7-4cdc-afeb-42761e7e9014" status: 200 len: 258 microversion: 1.28
Aug 14 15:02:43 user devstack@placement-api.service[67813]: [pid: 67813|app: 0|req: 131/392] 10.0.0.210 () {64 vars in 1456 bytes} [Mon Aug 14 15:02:43 2023] GET /placement/allocations/8c8f7735-76f7-4cdc-afeb-42761e7e9014 => generated 258 bytes in 17 msecs (HTTP/1.1 200) 8 headers in 296 bytes (1 switches on core 0)
Aug 14 15:02:43 user devstack@placement-api.service[67811]: DEBUG placement.requestlog [req-149ce0f8-7d0d-4698-abd1-9e8ae017f1bf req-ce406340-4e45-4087-a2e3-24c465733abc None None] Starting request: 10.0.0.210 "GET /placement/allocations/4b878d88-e5f3-41b9-a399-c2da1806e1fc" {{(pid=67811) __call__ /opt/stack/placement/placement/requestlog.py:55}}
Aug 14 15:02:43 user devstack@placement-api.service[67811]: INFO placement.requestlog [req-149ce0f8-7d0d-4698-abd1-9e8ae017f1bf req-ce406340-4e45-4087-a2e3-24c465733abc service placement] 10.0.0.210 "GET /placement/allocations/4b878d88-e5f3-41b9-a399-c2da1806e1fc" status: 200 len: 258 microversion: 1.28
Aug 14 15:02:43 user devstack@placement-api.service[67811]: [pid: 67811|app: 0|req: 132/393] 10.0.0.210 () {64 vars in 1456 bytes} [Mon Aug 14 15:02:43 2023] GET /placement/allocations/4b878d88-e5f3-41b9-a399-c2da1806e1fc => generated 258 bytes in 22 msecs (HTTP/1.1 200) 8 headers in 296 bytes (1 switches on core 0)
Aug 14 15:02:43 user devstack@placement-api.service[67812]: DEBUG placement.requestlog [req-149ce0f8-7d0d-4698-abd1-9e8ae017f1bf req-7fcd0c71-7274-4638-9a88-b98d8d1fdcf1 None None] Starting request: 10.0.0.210 "GET /placement/allocations/06fb12cd-0594-4480-ac26-2b30861395f6" {{(pid=67812) __call__ /opt/stack/placement/placement/requestlog.py:55}}
Aug 14 15:02:43 user devstack@placement-api.service[67812]: INFO placement.requestlog [req-149ce0f8-7d0d-4698-abd1-9e8ae017f1bf req-7fcd0c71-7274-4638-9a88-b98d8d1fdcf1 service placement] 10.0.0.210 "GET /placement/allocations/06fb12cd-0594-4480-ac26-2b30861395f6" status: 200 len: 244 microversion: 1.28
Aug 14 15:02:43 user devstack@placement-api.service[67812]: [pid: 67812|app: 0|req: 131/394] 10.0.0.210 () {64 vars in 1456 bytes} [Mon Aug 14 15:02:43 2023] GET /placement/allocations/06fb12cd-0594-4480-ac26-2b30861395f6 => generated 244 bytes in 23 msecs (HTTP/1.1 200) 8 headers in 296 bytes (1 switches on core 0)
Aug 14 15:02:43 user devstack@placement-api.service[67813]: DEBUG placement.requestlog [req-149ce0f8-7d0d-4698-abd1-9e8ae017f1bf req-2b34f195-96ea-4076-a1ef-732e74a6dba4 None None] Starting request: 10.0.0.210 "DELETE /placement/allocations/0674641b-1cd6-43ba-9970-f3cdd88a2b59" {{(pid=67813) __call__ /opt/stack/placement/placement/requestlog.py:55}}
Aug 14 15:02:43 user devstack@placement-api.service[67813]: DEBUG placement.handlers.allocation [req-149ce0f8-7d0d-4698-abd1-9e8ae017f1bf req-2b34f195-96ea-4076-a1ef-732e74a6dba4 service placement] Successfully deleted allocations [, ] {{(pid=67813) delete_allocations /opt/stack/placement/placement/handlers/allocation.py:627}}
Aug 14 15:02:43 user devstack@placement-api.service[67813]: INFO placement.requestlog [req-149ce0f8-7d0d-4698-abd1-9e8ae017f1bf req-2b34f195-96ea-4076-a1ef-732e74a6dba4 service placement] 10.0.0.210 "DELETE /placement/allocations/0674641b-1cd6-43ba-9970-f3cdd88a2b59" status: 204 len: 0 microversion: 1.0
Aug 14 15:02:43 user devstack@placement-api.service[67813]: [pid: 67813|app: 0|req: 132/395] 10.0.0.210 () {64 vars in 1434 bytes} [Mon Aug 14 15:02:43 2023] DELETE /placement/allocations/0674641b-1cd6-43ba-9970-f3cdd88a2b59 => generated 0 bytes in 31 msecs (HTTP/1.1 204) 5 headers in 198 bytes (1 switches on core 0)
Aug 14 15:02:53 user devstack@placement-api.service[67811]: DEBUG dbcounter [-] [67811] Writing DB stats placement:SELECT=46 {{(pid=67811) stat_writer /opt/stack/data/venv/lib/python3.10/site-packages/dbcounter.py:115}}
Aug 14 15:02:53 user devstack@placement-api.service[67812]: DEBUG dbcounter [-] [67812] Writing DB stats placement:SELECT=59,placement:INSERT=5,placement:DELETE=2,placement:UPDATE=2 {{(pid=67812) stat_writer /opt/stack/data/venv/lib/python3.10/site-packages/dbcounter.py:115}}
Aug 14 15:02:53 user devstack@placement-api.service[67813]: DEBUG dbcounter [-] [67813] Writing DB stats placement:SELECT=62,placement:DELETE=2 {{(pid=67813) stat_writer /opt/stack/data/venv/lib/python3.10/site-packages/dbcounter.py:115}}
Aug 14 15:02:53 user devstack@placement-api.service[67811]: DEBUG placement.requestlog [req-abb8b384-603d-4f8b-8764-0430dc843f01 req-90dfdeb5-78d0-4dc3-991a-ac8dc6c1652b None None] Starting request: 10.0.0.210 "GET /placement/allocation_candidates?limit=1000&resources=DISK_GB%3A1%2CMEMORY_MB%3A512%2CVCPU%3A1&root_required=%21COMPUTE_STATUS_DISABLED" {{(pid=67811) __call__ /opt/stack/placement/placement/requestlog.py:55}}
Aug 14 15:02:53 user devstack@placement-api.service[67811]: DEBUG placement.objects.research_context [req-abb8b384-603d-4f8b-8764-0430dc843f01 req-90dfdeb5-78d0-4dc3-991a-ac8dc6c1652b service placement] getting providers with 1 DISK_GB {{(pid=67811) __init__ /opt/stack/placement/placement/objects/research_context.py:136}}
Aug 14 15:02:53 user devstack@placement-api.service[67811]: DEBUG placement.objects.research_context [req-abb8b384-603d-4f8b-8764-0430dc843f01 req-90dfdeb5-78d0-4dc3-991a-ac8dc6c1652b service placement] getting providers with 512 MEMORY_MB {{(pid=67811) __init__ /opt/stack/placement/placement/objects/research_context.py:136}}
Aug 14 15:02:53 user devstack@placement-api.service[67811]: DEBUG placement.objects.research_context [req-abb8b384-603d-4f8b-8764-0430dc843f01 req-90dfdeb5-78d0-4dc3-991a-ac8dc6c1652b service placement] getting providers with 1 VCPU {{(pid=67811) __init__ /opt/stack/placement/placement/objects/research_context.py:136}}
Aug 14 15:02:53 user devstack@placement-api.service[67811]: DEBUG placement.objects.research_context [req-abb8b384-603d-4f8b-8764-0430dc843f01 req-90dfdeb5-78d0-4dc3-991a-ac8dc6c1652b service placement] found 1 providers with available 1 DISK_GB {{(pid=67811) get_provider_ids_matching /opt/stack/placement/placement/objects/research_context.py:563}}
Aug 14 15:02:53 user devstack@placement-api.service[67811]: DEBUG placement.objects.research_context [req-abb8b384-603d-4f8b-8764-0430dc843f01 req-90dfdeb5-78d0-4dc3-991a-ac8dc6c1652b service placement] found 1 providers with available 512 MEMORY_MB {{(pid=67811) get_provider_ids_matching /opt/stack/placement/placement/objects/research_context.py:563}}
Aug 14 15:02:53 user devstack@placement-api.service[67811]: DEBUG placement.objects.research_context [req-abb8b384-603d-4f8b-8764-0430dc843f01 req-90dfdeb5-78d0-4dc3-991a-ac8dc6c1652b service placement] found 1 providers after filtering by previous result {{(pid=67811) get_provider_ids_matching /opt/stack/placement/placement/objects/research_context.py:594}}
Aug 14 15:02:53 user devstack@placement-api.service[67811]: DEBUG placement.objects.research_context [req-abb8b384-603d-4f8b-8764-0430dc843f01 req-90dfdeb5-78d0-4dc3-991a-ac8dc6c1652b service placement] found 1 providers with available 1 VCPU {{(pid=67811) get_provider_ids_matching /opt/stack/placement/placement/objects/research_context.py:563}}
Aug 14 15:02:53 user devstack@placement-api.service[67811]: DEBUG placement.objects.research_context [req-abb8b384-603d-4f8b-8764-0430dc843f01 req-90dfdeb5-78d0-4dc3-991a-ac8dc6c1652b service placement] found 1 providers after filtering by previous result {{(pid=67811) get_provider_ids_matching /opt/stack/placement/placement/objects/research_context.py:594}}
Aug 14 15:02:53 user devstack@placement-api.service[67811]: DEBUG placement.objects.allocation_candidate [req-abb8b384-603d-4f8b-8764-0430dc843f01 req-90dfdeb5-78d0-4dc3-991a-ac8dc6c1652b service placement] RequestGroup(use_same_provider=False, resources={DISK_GB:1, MEMORY_MB:512, VCPU:1}, traits=(), aggregates=[]) (suffix '') returned 1 matches {{(pid=67811) _get_by_requests /opt/stack/placement/placement/objects/allocation_candidate.py:156}}
Aug 14 15:02:53 user devstack@placement-api.service[67811]: DEBUG placement.objects.allocation_candidate [req-abb8b384-603d-4f8b-8764-0430dc843f01 req-90dfdeb5-78d0-4dc3-991a-ac8dc6c1652b service placement] Merging candidates yields 1 allocation requests and 1 provider summaries {{(pid=67811) _merge_candidates /opt/stack/placement/placement/objects/allocation_candidate.py:809}}
Aug 14 15:02:53 user devstack@placement-api.service[67811]: INFO placement.requestlog [req-abb8b384-603d-4f8b-8764-0430dc843f01 req-90dfdeb5-78d0-4dc3-991a-ac8dc6c1652b service placement] 10.0.0.210 "GET /placement/allocation_candidates?limit=1000&resources=DISK_GB%3A1%2CMEMORY_MB%3A512%2CVCPU%3A1&root_required=%21COMPUTE_STATUS_DISABLED" status: 200 len: 1847 microversion: 1.36
Aug 14 15:02:53 user devstack@placement-api.service[67811]: [pid: 67811|app: 0|req: 133/396] 10.0.0.210 () {64 vars in 1582 bytes} [Mon Aug 14 15:02:53 2023] GET /placement/allocation_candidates?limit=1000&resources=DISK_GB%3A1%2CMEMORY_MB%3A512%2CVCPU%3A1&root_required=%21COMPUTE_STATUS_DISABLED => generated 1847 bytes in 131 msecs (HTTP/1.1 200) 8 headers in 297 bytes (1 switches on core 0)
Aug 14 15:02:53 user devstack@placement-api.service[67812]: DEBUG placement.requestlog [req-abb8b384-603d-4f8b-8764-0430dc843f01 req-50fd858d-6922-42b3-bf3a-d17338da4668 None None] Starting request: 10.0.0.210 "GET /placement/allocations/81ebd5b0-2b15-4dcd-801f-12f89938794c" {{(pid=67812) __call__ /opt/stack/placement/placement/requestlog.py:55}}
Aug 14 15:02:53 user devstack@placement-api.service[67812]: INFO placement.requestlog [req-abb8b384-603d-4f8b-8764-0430dc843f01 req-50fd858d-6922-42b3-bf3a-d17338da4668 service placement] 10.0.0.210 "GET /placement/allocations/81ebd5b0-2b15-4dcd-801f-12f89938794c" status: 200 len: 19 microversion: 1.28
Aug 14 15:02:53 user devstack@placement-api.service[67812]: [pid: 67812|app: 0|req: 132/397] 10.0.0.210 () {64 vars in 1458 bytes} [Mon Aug 14 15:02:53 2023] GET /placement/allocations/81ebd5b0-2b15-4dcd-801f-12f89938794c => generated 19 bytes in 13 msecs (HTTP/1.1 200) 8 headers in 295 bytes (1 switches on core 0)
Aug 14 15:02:53 user devstack@placement-api.service[67813]: DEBUG placement.requestlog [req-abb8b384-603d-4f8b-8764-0430dc843f01 req-5cfafd1b-3d5e-4529-add6-bf8d9e7fee21 None None] Starting request: 10.0.0.210 "PUT /placement/allocations/81ebd5b0-2b15-4dcd-801f-12f89938794c" {{(pid=67813) __call__ /opt/stack/placement/placement/requestlog.py:55}}
Aug 14 15:02:53 user devstack@placement-api.service[67813]: DEBUG placement.handlers.allocation [req-abb8b384-603d-4f8b-8764-0430dc843f01 req-5cfafd1b-3d5e-4529-add6-bf8d9e7fee21 service placement] Successfully wrote allocations [, , ] {{(pid=67813) _update_consumers_and_create_allocations /opt/stack/placement/placement/handlers/allocation.py:462}}
Aug 14 15:02:53 user devstack@placement-api.service[67813]: INFO placement.requestlog [req-abb8b384-603d-4f8b-8764-0430dc843f01 req-5cfafd1b-3d5e-4529-add6-bf8d9e7fee21 service placement] 10.0.0.210 "PUT /placement/allocations/81ebd5b0-2b15-4dcd-801f-12f89938794c" status: 204 len: 0 microversion: 1.36
Aug 14 15:02:53 user devstack@placement-api.service[67813]: [pid: 67813|app: 0|req: 133/398] 10.0.0.210 () {68 vars in 1511 bytes} [Mon Aug 14 15:02:53 2023] PUT /placement/allocations/81ebd5b0-2b15-4dcd-801f-12f89938794c => generated 0 bytes in 82 msecs (HTTP/1.1 204) 5 headers in 199 bytes (1 switches on core 0)
Aug 14 15:02:54 user devstack@placement-api.service[67811]: DEBUG placement.requestlog [req-abb8b384-603d-4f8b-8764-0430dc843f01 req-9f09d0f5-5fb4-4947-9895-c24c26ae8019 None None] Starting request: 10.0.0.210 "GET /placement/allocations/81ebd5b0-2b15-4dcd-801f-12f89938794c" {{(pid=67811) __call__ /opt/stack/placement/placement/requestlog.py:55}}
Aug 14 15:02:54 user devstack@placement-api.service[67811]: INFO placement.requestlog [req-abb8b384-603d-4f8b-8764-0430dc843f01 req-9f09d0f5-5fb4-4947-9895-c24c26ae8019 service placement] 10.0.0.210 "GET /placement/allocations/81ebd5b0-2b15-4dcd-801f-12f89938794c" status: 200 len: 258 microversion: 1.28
Aug 14 15:02:54 user devstack@placement-api.service[67811]: [pid: 67811|app: 0|req: 134/399] 10.0.0.210 () {64 vars in 1456 bytes} [Mon Aug 14 15:02:54 2023] GET /placement/allocations/81ebd5b0-2b15-4dcd-801f-12f89938794c => generated 258 bytes in 23 msecs (HTTP/1.1 200) 8 headers in 296 bytes (1 switches on core 0)
Aug 14 15:02:54 user devstack@placement-api.service[67812]: DEBUG placement.requestlog [req-abb8b384-603d-4f8b-8764-0430dc843f01 req-ab5c66b4-357f-4733-ba5f-f79faad8612b None None] Starting request: 10.0.0.210 "GET /placement/resource_providers/18d9725d-e260-4cf1-bc72-a3b274e87bc7/allocations" {{(pid=67812) __call__ /opt/stack/placement/placement/requestlog.py:55}}
Aug 14 15:02:54 user devstack@placement-api.service[67812]: INFO placement.requestlog [req-abb8b384-603d-4f8b-8764-0430dc843f01 req-ab5c66b4-357f-4733-ba5f-f79faad8612b service placement] 10.0.0.210 "GET /placement/resource_providers/18d9725d-e260-4cf1-bc72-a3b274e87bc7/allocations" status: 200 len: 1241 microversion: 1.0
Aug 14 15:02:54 user devstack@placement-api.service[67812]: [pid: 67812|app: 0|req: 133/400] 10.0.0.210 () {62 vars in 1469 bytes} [Mon Aug 14 15:02:54 2023] GET /placement/resource_providers/18d9725d-e260-4cf1-bc72-a3b274e87bc7/allocations => generated 1241 bytes in 29 msecs (HTTP/1.1 200) 6 headers in 225 bytes (1 switches on core 0)
Aug 14 15:02:54 user devstack@placement-api.service[67813]: DEBUG placement.requestlog [req-abb8b384-603d-4f8b-8764-0430dc843f01 req-7713cdd6-f7b4-4909-adc7-4cf11d64bc10 None None] Starting request: 10.0.0.210 "GET /placement/allocations/81ebd5b0-2b15-4dcd-801f-12f89938794c" {{(pid=67813) __call__ /opt/stack/placement/placement/requestlog.py:55}}
Aug 14 15:02:54 user devstack@placement-api.service[67813]: INFO placement.requestlog [req-abb8b384-603d-4f8b-8764-0430dc843f01 req-7713cdd6-f7b4-4909-adc7-4cf11d64bc10 service placement] 10.0.0.210 "GET /placement/allocations/81ebd5b0-2b15-4dcd-801f-12f89938794c" status: 200 len: 258 microversion: 1.28
Aug 14 15:02:54 user devstack@placement-api.service[67813]: [pid: 67813|app: 0|req: 134/401] 10.0.0.210 () {64 vars in 1456 bytes} [Mon Aug 14 15:02:54 2023] GET /placement/allocations/81ebd5b0-2b15-4dcd-801f-12f89938794c => generated 258 bytes in 20 msecs (HTTP/1.1 200) 8 headers in 296 bytes (1 switches on core 0)
Aug 14 15:02:54 user devstack@placement-api.service[67811]: DEBUG placement.requestlog [req-abb8b384-603d-4f8b-8764-0430dc843f01 req-6d85f53c-ef2b-403a-9576-5dacea92d284 None None] Starting request: 10.0.0.210 "GET /placement/allocations/fe35bcec-a10d-4554-8cd7-1a9d1a72f484" {{(pid=67811) __call__ /opt/stack/placement/placement/requestlog.py:55}}
Aug 14 15:02:54 user devstack@placement-api.service[67811]: INFO placement.requestlog [req-abb8b384-603d-4f8b-8764-0430dc843f01 req-6d85f53c-ef2b-403a-9576-5dacea92d284 service placement] 10.0.0.210 "GET /placement/allocations/fe35bcec-a10d-4554-8cd7-1a9d1a72f484" status: 200 len: 258 microversion: 1.28
Aug 14 15:02:54 user devstack@placement-api.service[67811]: [pid: 67811|app: 0|req: 135/402] 10.0.0.210 () {64 vars in 1456 bytes} [Mon Aug 14 15:02:54 2023] GET /placement/allocations/fe35bcec-a10d-4554-8cd7-1a9d1a72f484 => generated 258 bytes in 19 msecs (HTTP/1.1 200) 8 headers in 296 bytes (1 switches on core 0)
Aug 14 15:02:54 user devstack@placement-api.service[67812]: DEBUG placement.requestlog [req-abb8b384-603d-4f8b-8764-0430dc843f01 req-702ec196-a671-4781-849e-957f64723554 None None] Starting request: 10.0.0.210 "GET /placement/allocations/16996b6c-6d6e-4b51-88f3-0ca024e95639" {{(pid=67812) __call__ /opt/stack/placement/placement/requestlog.py:55}}
Aug 14 15:02:54 user devstack@placement-api.service[67812]: INFO placement.requestlog [req-abb8b384-603d-4f8b-8764-0430dc843f01 req-702ec196-a671-4781-849e-957f64723554 service placement] 10.0.0.210 "GET /placement/allocations/16996b6c-6d6e-4b51-88f3-0ca024e95639" status: 200 len: 258 microversion: 1.28
Aug 14 15:02:54 user devstack@placement-api.service[67812]: [pid: 67812|app: 0|req: 134/403] 10.0.0.210 () {64 vars in 1456 bytes} [Mon Aug 14 15:02:54 2023] GET /placement/allocations/16996b6c-6d6e-4b51-88f3-0ca024e95639 => generated 258 bytes in 28 msecs (HTTP/1.1 200) 8 headers in 296 bytes (1 switches on core 0)
Aug 14 15:02:54 user devstack@placement-api.service[67813]: DEBUG placement.requestlog [req-abb8b384-603d-4f8b-8764-0430dc843f01 req-ae1ebaa9-7af2-481e-90a5-cf0920e73832 None None] Starting request: 10.0.0.210 "GET /placement/allocations/01e4cd7e-3fd9-47fe-870e-31fcd457e263" {{(pid=67813) __call__ /opt/stack/placement/placement/requestlog.py:55}}
Aug 14 15:02:54 user devstack@placement-api.service[67811]: DEBUG placement.requestlog [req-23f88685-36c6-4940-90e0-2910929ccd3a req-850c3c4b-be5d-4b52-9a6b-80afcacf3a69 None None] Starting request: 10.0.0.210 "GET /placement/allocation_candidates?limit=1000&resources=DISK_GB%3A1%2CMEMORY_MB%3A512%2CVCPU%3A1&root_required=%21COMPUTE_STATUS_DISABLED" {{(pid=67811) __call__ /opt/stack/placement/placement/requestlog.py:55}}
Aug 14 15:02:54 user devstack@placement-api.service[67813]: INFO placement.requestlog [req-abb8b384-603d-4f8b-8764-0430dc843f01 req-ae1ebaa9-7af2-481e-90a5-cf0920e73832 service placement] 10.0.0.210 "GET /placement/allocations/01e4cd7e-3fd9-47fe-870e-31fcd457e263" status: 200 len: 258 microversion: 1.28
Aug 14 15:02:54 user devstack@placement-api.service[67813]: [pid: 67813|app: 0|req: 135/404] 10.0.0.210 () {64 vars in 1456 bytes} [Mon Aug 14 15:02:54 2023] GET /placement/allocations/01e4cd7e-3fd9-47fe-870e-31fcd457e263 => generated 258 bytes in 29 msecs (HTTP/1.1 200) 8 headers in 296 bytes (1 switches on core 0)
Aug 14 15:02:54 user devstack@placement-api.service[67812]: DEBUG placement.requestlog [req-abb8b384-603d-4f8b-8764-0430dc843f01 req-40b018fc-cbe8-418c-9932-0d27c0e43b80 None None] Starting request: 10.0.0.210 "GET /placement/allocations/0110dafc-b336-45bd-aade-0eb9ba632a05" {{(pid=67812) __call__ /opt/stack/placement/placement/requestlog.py:55}}
Aug 14 15:02:54 user devstack@placement-api.service[67811]: DEBUG placement.objects.research_context [req-23f88685-36c6-4940-90e0-2910929ccd3a req-850c3c4b-be5d-4b52-9a6b-80afcacf3a69 service placement] getting providers with 1 DISK_GB {{(pid=67811) __init__ /opt/stack/placement/placement/objects/research_context.py:136}}
Aug 14 15:02:54 user devstack@placement-api.service[67811]: DEBUG placement.objects.research_context [req-23f88685-36c6-4940-90e0-2910929ccd3a req-850c3c4b-be5d-4b52-9a6b-80afcacf3a69 service placement] getting providers with 512 MEMORY_MB {{(pid=67811) __init__ /opt/stack/placement/placement/objects/research_context.py:136}}
Aug 14 15:02:54 user devstack@placement-api.service[67812]: INFO placement.requestlog [req-abb8b384-603d-4f8b-8764-0430dc843f01 req-40b018fc-cbe8-418c-9932-0d27c0e43b80 service placement] 10.0.0.210 "GET /placement/allocations/0110dafc-b336-45bd-aade-0eb9ba632a05" status: 200 len: 260 microversion: 1.28
Aug 14 15:02:54 user devstack@placement-api.service[67812]: [pid: 67812|app: 0|req: 135/405] 10.0.0.210 () {64 vars in 1456 bytes} [Mon Aug 14 15:02:54 2023] GET /placement/allocations/0110dafc-b336-45bd-aade-0eb9ba632a05 => generated 260 bytes in 38 msecs (HTTP/1.1 200) 8 headers in 296 bytes (1 switches on core 0)
Aug 14 15:02:54 user devstack@placement-api.service[67813]: DEBUG placement.requestlog [req-abb8b384-603d-4f8b-8764-0430dc843f01 req-fa369aaf-143d-4abb-ab7b-5f508d27dee9 None None] Starting request: 10.0.0.210 "GET /placement/allocations/81b7d46d-1e0f-4f42-9210-7fbcf6a41cd7" {{(pid=67813) __call__ /opt/stack/placement/placement/requestlog.py:55}}
Aug 14 15:02:54 user devstack@placement-api.service[67811]: DEBUG placement.objects.research_context [req-23f88685-36c6-4940-90e0-2910929ccd3a req-850c3c4b-be5d-4b52-9a6b-80afcacf3a69 service placement] getting providers with 1 VCPU {{(pid=67811) __init__ /opt/stack/placement/placement/objects/research_context.py:136}}
Aug 14 15:02:54 user devstack@placement-api.service[67811]: DEBUG placement.objects.research_context [req-23f88685-36c6-4940-90e0-2910929ccd3a req-850c3c4b-be5d-4b52-9a6b-80afcacf3a69 service placement] found 1 providers with available 1 DISK_GB {{(pid=67811) get_provider_ids_matching /opt/stack/placement/placement/objects/research_context.py:563}}
Aug 14 15:02:54 user devstack@placement-api.service[67811]: DEBUG placement.objects.research_context [req-23f88685-36c6-4940-90e0-2910929ccd3a req-850c3c4b-be5d-4b52-9a6b-80afcacf3a69 service placement] found 1 providers with available 512 MEMORY_MB {{(pid=67811) get_provider_ids_matching /opt/stack/placement/placement/objects/research_context.py:563}}
Aug 14 15:02:54 user devstack@placement-api.service[67811]: DEBUG placement.objects.research_context [req-23f88685-36c6-4940-90e0-2910929ccd3a req-850c3c4b-be5d-4b52-9a6b-80afcacf3a69 service placement] found 1 providers after filtering by previous result {{(pid=67811) get_provider_ids_matching /opt/stack/placement/placement/objects/research_context.py:594}}
Aug 14 15:02:54 user devstack@placement-api.service[67811]: DEBUG placement.objects.research_context [req-23f88685-36c6-4940-90e0-2910929ccd3a req-850c3c4b-be5d-4b52-9a6b-80afcacf3a69 service placement] found 1 providers with available 1 VCPU {{(pid=67811) get_provider_ids_matching /opt/stack/placement/placement/objects/research_context.py:563}}
Aug 14 15:02:54 user devstack@placement-api.service[67811]: DEBUG placement.objects.research_context [req-23f88685-36c6-4940-90e0-2910929ccd3a req-850c3c4b-be5d-4b52-9a6b-80afcacf3a69 service placement] found 1 providers after filtering by previous result {{(pid=67811) get_provider_ids_matching /opt/stack/placement/placement/objects/research_context.py:594}}
Aug 14 15:02:54 user devstack@placement-api.service[67813]: INFO placement.requestlog [req-abb8b384-603d-4f8b-8764-0430dc843f01 req-fa369aaf-143d-4abb-ab7b-5f508d27dee9 service placement] 10.0.0.210 "GET /placement/allocations/81b7d46d-1e0f-4f42-9210-7fbcf6a41cd7" status: 200 len: 258 microversion: 1.28
Aug 14 15:02:54 user devstack@placement-api.service[67813]: [pid: 67813|app: 0|req: 136/406] 10.0.0.210 () {64 vars in 1456 bytes} [Mon Aug 14 15:02:54 2023] GET /placement/allocations/81b7d46d-1e0f-4f42-9210-7fbcf6a41cd7 => generated 258 bytes in 19 msecs (HTTP/1.1 200) 8 headers in 296 bytes (1 switches on core 0)
Aug 14 15:02:54 user devstack@placement-api.service[67811]: DEBUG placement.objects.allocation_candidate [req-23f88685-36c6-4940-90e0-2910929ccd3a req-850c3c4b-be5d-4b52-9a6b-80afcacf3a69 service placement] RequestGroup(use_same_provider=False, resources={DISK_GB:1, MEMORY_MB:512, VCPU:1}, traits=(), aggregates=[]) (suffix '') returned 1 matches {{(pid=67811) _get_by_requests /opt/stack/placement/placement/objects/allocation_candidate.py:156}}
Aug 14 15:02:54 user devstack@placement-api.service[67811]: DEBUG placement.objects.allocation_candidate [req-23f88685-36c6-4940-90e0-2910929ccd3a req-850c3c4b-be5d-4b52-9a6b-80afcacf3a69 service placement] Merging candidates yields 1 allocation requests and 1 provider summaries {{(pid=67811) _merge_candidates /opt/stack/placement/placement/objects/allocation_candidate.py:809}}
Aug 14 15:02:54 user devstack@placement-api.service[67812]: DEBUG placement.requestlog [req-abb8b384-603d-4f8b-8764-0430dc843f01 req-5f39076a-8534-4b25-b7cc-9a85f23653be None None] Starting request: 10.0.0.210 "GET /placement/allocations/2d7ac783-716a-4c23-9466-fa7d5eae73a8" {{(pid=67812) __call__ /opt/stack/placement/placement/requestlog.py:55}}
Aug 14 15:02:54 user devstack@placement-api.service[67811]: INFO placement.requestlog [req-23f88685-36c6-4940-90e0-2910929ccd3a req-850c3c4b-be5d-4b52-9a6b-80afcacf3a69 service placement] 10.0.0.210 "GET /placement/allocation_candidates?limit=1000&resources=DISK_GB%3A1%2CMEMORY_MB%3A512%2CVCPU%3A1&root_required=%21COMPUTE_STATUS_DISABLED" status: 200 len: 1847 microversion: 1.36
Aug 14 15:02:54 user devstack@placement-api.service[67811]: [pid: 67811|app: 0|req: 136/407] 10.0.0.210 () {64 vars in 1582 bytes} [Mon Aug 14 15:02:54 2023] GET /placement/allocation_candidates?limit=1000&resources=DISK_GB%3A1%2CMEMORY_MB%3A512%2CVCPU%3A1&root_required=%21COMPUTE_STATUS_DISABLED => generated 1847 bytes in 96 msecs (HTTP/1.1 200) 8 headers in 297 bytes (1 switches on core 0)
Aug 14 15:02:54 user devstack@placement-api.service[67812]: INFO placement.requestlog [req-abb8b384-603d-4f8b-8764-0430dc843f01 req-5f39076a-8534-4b25-b7cc-9a85f23653be service placement] 10.0.0.210 "GET /placement/allocations/2d7ac783-716a-4c23-9466-fa7d5eae73a8" status: 200 len: 258 microversion: 1.28
Aug 14 15:02:54 user devstack@placement-api.service[67812]: [pid: 67812|app: 0|req: 136/408] 10.0.0.210 () {64 vars in 1456 bytes} [Mon Aug 14 15:02:54 2023] GET /placement/allocations/2d7ac783-716a-4c23-9466-fa7d5eae73a8 => generated 258 bytes in 18 msecs (HTTP/1.1 200) 8 headers in 296 bytes (1 switches on core 0)
Aug 14 15:02:54 user devstack@placement-api.service[67813]: DEBUG placement.requestlog [req-abb8b384-603d-4f8b-8764-0430dc843f01 req-eb1e419c-af36-47bd-8fd0-975c47156026 None None] Starting request: 10.0.0.210 "GET /placement/allocations/da915cb7-8ab5-4c65-928f-70e94811dd4e" {{(pid=67813) __call__ /opt/stack/placement/placement/requestlog.py:55}}
Aug 14 15:02:54 user devstack@placement-api.service[67813]: INFO placement.requestlog [req-abb8b384-603d-4f8b-8764-0430dc843f01 req-eb1e419c-af36-47bd-8fd0-975c47156026 service placement] 10.0.0.210 "GET /placement/allocations/da915cb7-8ab5-4c65-928f-70e94811dd4e" status: 200 len: 258 microversion: 1.28
Aug 14 15:02:54 user devstack@placement-api.service[67813]: [pid: 67813|app: 0|req: 137/409] 10.0.0.210 () {64 vars in 1456 bytes} [Mon Aug 14 15:02:54 2023] GET /placement/allocations/da915cb7-8ab5-4c65-928f-70e94811dd4e => generated 258 bytes in 18 msecs (HTTP/1.1 200) 8 headers in 296 bytes (1 switches on core 0)
Aug 14 15:02:54 user devstack@placement-api.service[67811]: DEBUG placement.requestlog [req-abb8b384-603d-4f8b-8764-0430dc843f01 req-06c99d0f-1722-4e3f-a9d7-8acbc58c08cf None None] Starting request: 10.0.0.210 "GET /placement/allocations/73803036-4ad2-42b7-8d7e-40d2a97880fe" {{(pid=67811) __call__ /opt/stack/placement/placement/requestlog.py:55}}
Aug 14 15:02:54 user devstack@placement-api.service[67811]: INFO placement.requestlog [req-abb8b384-603d-4f8b-8764-0430dc843f01 req-06c99d0f-1722-4e3f-a9d7-8acbc58c08cf service placement] 10.0.0.210 "GET /placement/allocations/73803036-4ad2-42b7-8d7e-40d2a97880fe" status: 200 len: 258 microversion: 1.28
Aug 14 15:02:54 user devstack@placement-api.service[67811]: [pid: 67811|app: 0|req: 137/410] 10.0.0.210 () {64 vars in 1456 bytes} [Mon Aug 14 15:02:54 2023] GET /placement/allocations/73803036-4ad2-42b7-8d7e-40d2a97880fe => generated 258 bytes in 22 msecs (HTTP/1.1 200) 8 headers in 296 bytes (1 switches on core 0)
Aug 14 15:02:54 user devstack@placement-api.service[67813]: DEBUG placement.requestlog [req-23f88685-36c6-4940-90e0-2910929ccd3a req-215cd111-5530-4788-8d7c-e2b2db1c5d90 None None] Starting request: 10.0.0.210 "GET /placement/allocations/52930af7-b452-4bff-a8cb-7e7859f99af6" {{(pid=67813) __call__ /opt/stack/placement/placement/requestlog.py:55}}
Aug 14 15:02:54 user devstack@placement-api.service[67812]: DEBUG placement.requestlog [req-abb8b384-603d-4f8b-8764-0430dc843f01 req-285d0a53-c14b-4169-ba47-33f206370547 None None] Starting request: 10.0.0.210 "GET /placement/allocations/8c8f7735-76f7-4cdc-afeb-42761e7e9014" {{(pid=67812) __call__ /opt/stack/placement/placement/requestlog.py:55}}
Aug 14 15:02:54 user devstack@placement-api.service[67813]: INFO placement.requestlog [req-23f88685-36c6-4940-90e0-2910929ccd3a req-215cd111-5530-4788-8d7c-e2b2db1c5d90 service placement] 10.0.0.210 "GET /placement/allocations/52930af7-b452-4bff-a8cb-7e7859f99af6" status: 200 len: 19 microversion: 1.28
Aug 14 15:02:54 user devstack@placement-api.service[67813]: [pid: 67813|app: 0|req: 138/411] 10.0.0.210 () {64 vars in 1458 bytes} [Mon Aug 14 15:02:54 2023] GET /placement/allocations/52930af7-b452-4bff-a8cb-7e7859f99af6 => generated 19 bytes in 16 msecs (HTTP/1.1 200) 8 headers in 295 bytes (1 switches on core 0)
Aug 14 15:02:54 user devstack@placement-api.service[67812]: INFO placement.requestlog [req-abb8b384-603d-4f8b-8764-0430dc843f01 req-285d0a53-c14b-4169-ba47-33f206370547 service placement] 10.0.0.210 "GET /placement/allocations/8c8f7735-76f7-4cdc-afeb-42761e7e9014" status: 200 len: 258 microversion: 1.28
Aug 14 15:02:54 user devstack@placement-api.service[67812]: [pid: 67812|app: 0|req: 137/412] 10.0.0.210 () {64 vars in 1456 bytes} [Mon Aug 14 15:02:54 2023] GET /placement/allocations/8c8f7735-76f7-4cdc-afeb-42761e7e9014 => generated 258 bytes in 21 msecs (HTTP/1.1 200) 8 headers in 296 bytes (1 switches on core 0)
Aug 14 15:02:54 user devstack@placement-api.service[67811]: DEBUG placement.requestlog [req-23f88685-36c6-4940-90e0-2910929ccd3a req-04d4b4fc-6f20-4307-8cb9-d6e7438689ea None None] Starting request: 10.0.0.210 "PUT /placement/allocations/52930af7-b452-4bff-a8cb-7e7859f99af6" {{(pid=67811) __call__ /opt/stack/placement/placement/requestlog.py:55}}
Aug 14 15:02:54 user devstack@placement-api.service[67813]: DEBUG placement.requestlog [req-abb8b384-603d-4f8b-8764-0430dc843f01 req-ff34fecf-f395-4bdf-a620-1fb156739ff4 None None] Starting request: 10.0.0.210 "GET /placement/allocations/4b878d88-e5f3-41b9-a399-c2da1806e1fc" {{(pid=67813) __call__ /opt/stack/placement/placement/requestlog.py:55}}
Aug 14 15:02:54 user devstack@placement-api.service[67813]: INFO placement.requestlog [req-abb8b384-603d-4f8b-8764-0430dc843f01 req-ff34fecf-f395-4bdf-a620-1fb156739ff4 service placement] 10.0.0.210 "GET /placement/allocations/4b878d88-e5f3-41b9-a399-c2da1806e1fc" status: 200 len: 258 microversion: 1.28
Aug 14 15:02:54 user devstack@placement-api.service[67813]: [pid: 67813|app: 0|req: 139/413] 10.0.0.210 () {64 vars in 1456 bytes} [Mon Aug 14 15:02:54 2023] GET /placement/allocations/4b878d88-e5f3-41b9-a399-c2da1806e1fc => generated 258 bytes in 21 msecs (HTTP/1.1 200) 8 headers in 296 bytes (1 switches on core 0)
Aug 14 15:02:54 user devstack@placement-api.service[67812]: DEBUG placement.requestlog [req-abb8b384-603d-4f8b-8764-0430dc843f01 req-8d4ea95f-5b29-404d-8a52-b9d46ded2c44 None None] Starting request: 10.0.0.210 "GET /placement/allocations/06fb12cd-0594-4480-ac26-2b30861395f6" {{(pid=67812) __call__ /opt/stack/placement/placement/requestlog.py:55}}
Aug 14 15:02:54 user devstack@placement-api.service[67811]: DEBUG placement.handlers.allocation [req-23f88685-36c6-4940-90e0-2910929ccd3a req-04d4b4fc-6f20-4307-8cb9-d6e7438689ea service placement] Successfully wrote allocations [, , ] {{(pid=67811) _update_consumers_and_create_allocations /opt/stack/placement/placement/handlers/allocation.py:462}}
Aug 14 15:02:54 user devstack@placement-api.service[67812]: INFO placement.requestlog [req-abb8b384-603d-4f8b-8764-0430dc843f01 req-8d4ea95f-5b29-404d-8a52-b9d46ded2c44 service placement] 10.0.0.210 "GET /placement/allocations/06fb12cd-0594-4480-ac26-2b30861395f6" status: 200 len: 244 microversion: 1.28
Aug 14 15:02:54 user devstack@placement-api.service[67811]: INFO placement.requestlog [req-23f88685-36c6-4940-90e0-2910929ccd3a req-04d4b4fc-6f20-4307-8cb9-d6e7438689ea service placement] 10.0.0.210 "PUT /placement/allocations/52930af7-b452-4bff-a8cb-7e7859f99af6" status: 204 len: 0 microversion: 1.36
Aug 14 15:02:54 user devstack@placement-api.service[67811]: [pid: 67811|app: 0|req: 138/414] 10.0.0.210 () {68 vars in 1511 bytes} [Mon Aug 14 15:02:54 2023] PUT /placement/allocations/52930af7-b452-4bff-a8cb-7e7859f99af6 => generated 0 bytes in 78 msecs (HTTP/1.1 204) 5 headers in 199 bytes (1 switches on core 0)
Aug 14 15:02:54 user devstack@placement-api.service[67812]: [pid: 67812|app: 0|req: 138/415] 10.0.0.210 () {64 vars in 1456 bytes} [Mon Aug 14 15:02:54 2023] GET /placement/allocations/06fb12cd-0594-4480-ac26-2b30861395f6 => generated 244 bytes in 19 msecs (HTTP/1.1 200) 8 headers in 296 bytes (1 switches on core 0)
Aug 14 15:02:55 user devstack@placement-api.service[67813]: DEBUG placement.requestlog [req-23f88685-36c6-4940-90e0-2910929ccd3a req-ddbad61e-f239-4e62-ab01-3e4006297b3d None None] Starting request: 10.0.0.210 "GET /placement/allocations/52930af7-b452-4bff-a8cb-7e7859f99af6" {{(pid=67813) __call__ /opt/stack/placement/placement/requestlog.py:55}}
Aug 14 15:02:55 user devstack@placement-api.service[67813]: INFO placement.requestlog [req-23f88685-36c6-4940-90e0-2910929ccd3a req-ddbad61e-f239-4e62-ab01-3e4006297b3d service placement] 10.0.0.210 "GET /placement/allocations/52930af7-b452-4bff-a8cb-7e7859f99af6" status: 200 len: 258 microversion: 1.28
Aug 14 15:02:55 user devstack@placement-api.service[67813]: [pid: 67813|app: 0|req: 140/416] 10.0.0.210 () {64 vars in 1456 bytes} [Mon Aug 14 15:02:55 2023] GET /placement/allocations/52930af7-b452-4bff-a8cb-7e7859f99af6 => generated 258 bytes in 64 msecs (HTTP/1.1 200) 8 headers in 296 bytes (2 switches on core 0)
Aug 14 15:02:55 user devstack@placement-api.service[67812]: DEBUG placement.requestlog [req-23f88685-36c6-4940-90e0-2910929ccd3a req-21279654-6aa8-48fb-98de-f5cb10d78c52 None None] Starting request: 10.0.0.210 "GET /placement/resource_providers/18d9725d-e260-4cf1-bc72-a3b274e87bc7/allocations" {{(pid=67812) __call__ /opt/stack/placement/placement/requestlog.py:55}}
Aug 14 15:02:55 user devstack@placement-api.service[67812]: INFO placement.requestlog [req-23f88685-36c6-4940-90e0-2910929ccd3a req-21279654-6aa8-48fb-98de-f5cb10d78c52 service placement] 10.0.0.210 "GET /placement/resource_providers/18d9725d-e260-4cf1-bc72-a3b274e87bc7/allocations" status: 200 len: 1341 microversion: 1.0
Aug 14 15:02:55 user devstack@placement-api.service[67812]: [pid: 67812|app: 0|req: 139/417] 10.0.0.210 () {62 vars in 1469 bytes} [Mon Aug 14 15:02:55 2023] GET /placement/resource_providers/18d9725d-e260-4cf1-bc72-a3b274e87bc7/allocations => generated 1341 bytes in 81 msecs (HTTP/1.1 200) 6 headers in 225 bytes (1 switches on core 0)
Aug 14 15:02:55 user devstack@placement-api.service[67811]: DEBUG placement.requestlog [req-23f88685-36c6-4940-90e0-2910929ccd3a req-6e1991d0-a9f8-4332-8922-ff3744a83586 None None] Starting request: 10.0.0.210 "GET /placement/allocations/81ebd5b0-2b15-4dcd-801f-12f89938794c" {{(pid=67811) __call__ /opt/stack/placement/placement/requestlog.py:55}}
Aug 14 15:02:55 user devstack@placement-api.service[67811]: INFO placement.requestlog [req-23f88685-36c6-4940-90e0-2910929ccd3a req-6e1991d0-a9f8-4332-8922-ff3744a83586 service placement] 10.0.0.210 "GET /placement/allocations/81ebd5b0-2b15-4dcd-801f-12f89938794c" status: 200 len: 258 microversion: 1.28
Aug 14 15:02:55 user devstack@placement-api.service[67811]: [pid: 67811|app: 0|req: 139/418] 10.0.0.210 () {64 vars in 1456 bytes} [Mon Aug 14 15:02:55 2023] GET /placement/allocations/81ebd5b0-2b15-4dcd-801f-12f89938794c => generated 258 bytes in 23 msecs (HTTP/1.1 200) 8 headers in 296 bytes (1 switches on core 0)
Aug 14 15:02:55 user devstack@placement-api.service[67813]: DEBUG placement.requestlog [req-23f88685-36c6-4940-90e0-2910929ccd3a req-6b8ab6c0-4b58-4563-ad07-2eecfb27a9cf None None] Starting request: 10.0.0.210 "GET /placement/allocations/fe35bcec-a10d-4554-8cd7-1a9d1a72f484" {{(pid=67813) __call__ /opt/stack/placement/placement/requestlog.py:55}}
Aug 14 15:02:55 user devstack@placement-api.service[67813]: INFO placement.requestlog [req-23f88685-36c6-4940-90e0-2910929ccd3a req-6b8ab6c0-4b58-4563-ad07-2eecfb27a9cf service placement] 10.0.0.210 "GET /placement/allocations/fe35bcec-a10d-4554-8cd7-1a9d1a72f484" status: 200 len: 258 microversion: 1.28
Aug 14 15:02:55 user devstack@placement-api.service[67813]: [pid: 67813|app: 0|req: 141/419] 10.0.0.210 () {64 vars in 1456 bytes} [Mon Aug 14 15:02:55 2023] GET /placement/allocations/fe35bcec-a10d-4554-8cd7-1a9d1a72f484 => generated 258 bytes in 41 msecs (HTTP/1.1 200) 8 headers in 296 bytes (2 switches on core 0)
Aug 14 15:02:55 user devstack@placement-api.service[67812]: DEBUG placement.requestlog [req-23f88685-36c6-4940-90e0-2910929ccd3a req-4c12b9ec-9ad1-416b-8faf-f0e11b19032b None None] Starting request: 10.0.0.210 "GET /placement/allocations/16996b6c-6d6e-4b51-88f3-0ca024e95639" {{(pid=67812) __call__ /opt/stack/placement/placement/requestlog.py:55}}
Aug 14 15:02:55 user devstack@placement-api.service[67812]: INFO placement.requestlog [req-23f88685-36c6-4940-90e0-2910929ccd3a req-4c12b9ec-9ad1-416b-8faf-f0e11b19032b service placement] 10.0.0.210 "GET /placement/allocations/16996b6c-6d6e-4b51-88f3-0ca024e95639" status: 200 len: 258 microversion: 1.28
Aug 14 15:02:55 user devstack@placement-api.service[67812]: [pid: 67812|app: 0|req: 140/420] 10.0.0.210 () {64 vars in 1456 bytes} [Mon Aug 14 15:02:55 2023] GET /placement/allocations/16996b6c-6d6e-4b51-88f3-0ca024e95639 => generated 258 bytes in 30 msecs (HTTP/1.1 200) 8 headers in 296 bytes (1 switches on core 0)
Aug 14 15:02:55 user devstack@placement-api.service[67811]: DEBUG placement.requestlog [req-23f88685-36c6-4940-90e0-2910929ccd3a req-d14508a4-a9af-4279-854d-352650c54a1e None None] Starting request: 10.0.0.210 "GET /placement/allocations/01e4cd7e-3fd9-47fe-870e-31fcd457e263" {{(pid=67811) __call__ /opt/stack/placement/placement/requestlog.py:55}}
Aug 14 15:02:55 user devstack@placement-api.service[67811]: INFO placement.requestlog [req-23f88685-36c6-4940-90e0-2910929ccd3a req-d14508a4-a9af-4279-854d-352650c54a1e service placement] 10.0.0.210 "GET /placement/allocations/01e4cd7e-3fd9-47fe-870e-31fcd457e263" status: 200 len: 258 microversion: 1.28
Aug 14 15:02:55 user devstack@placement-api.service[67811]: [pid: 67811|app: 0|req: 140/421] 10.0.0.210 () {64 vars in 1456 bytes} [Mon Aug 14 15:02:55 2023] GET /placement/allocations/01e4cd7e-3fd9-47fe-870e-31fcd457e263 => generated 258 bytes in 17 msecs (HTTP/1.1 200) 8 headers in 296 bytes (1 switches on core 0)
Aug 14 15:02:55 user devstack@placement-api.service[67813]: DEBUG placement.requestlog [req-23f88685-36c6-4940-90e0-2910929ccd3a req-09b5b1b5-e917-4b8d-9e3c-0a19d5198867 None None] Starting request: 10.0.0.210 "GET /placement/allocations/0110dafc-b336-45bd-aade-0eb9ba632a05" {{(pid=67813) __call__ /opt/stack/placement/placement/requestlog.py:55}}
Aug 14 15:02:55 user devstack@placement-api.service[67813]: INFO placement.requestlog [req-23f88685-36c6-4940-90e0-2910929ccd3a req-09b5b1b5-e917-4b8d-9e3c-0a19d5198867 service placement] 10.0.0.210 "GET /placement/allocations/0110dafc-b336-45bd-aade-0eb9ba632a05" status: 200 len: 260 microversion: 1.28
Aug 14 15:02:55 user devstack@placement-api.service[67813]: [pid: 67813|app: 0|req: 142/422] 10.0.0.210 () {64 vars in 1456 bytes} [Mon Aug 14 15:02:55 2023] GET /placement/allocations/0110dafc-b336-45bd-aade-0eb9ba632a05 => generated 260 bytes in 19 msecs (HTTP/1.1 200) 8 headers in 296 bytes (1 switches on core 0)
Aug 14 15:02:55 user devstack@placement-api.service[67812]: DEBUG placement.requestlog [req-23f88685-36c6-4940-90e0-2910929ccd3a req-079feb5b-758c-4761-b60a-397d015d5a7b None None] Starting request: 10.0.0.210 "GET /placement/allocations/81b7d46d-1e0f-4f42-9210-7fbcf6a41cd7" {{(pid=67812) __call__ /opt/stack/placement/placement/requestlog.py:55}}
Aug 14 15:02:55 user devstack@placement-api.service[67812]: INFO placement.requestlog [req-23f88685-36c6-4940-90e0-2910929ccd3a req-079feb5b-758c-4761-b60a-397d015d5a7b service placement] 10.0.0.210 "GET /placement/allocations/81b7d46d-1e0f-4f42-9210-7fbcf6a41cd7" status: 200 len: 258 microversion: 1.28
Aug 14 15:02:55 user devstack@placement-api.service[67812]: [pid: 67812|app: 0|req: 141/423] 10.0.0.210 () {64 vars in 1456 bytes} [Mon Aug 14 15:02:55 2023] GET /placement/allocations/81b7d46d-1e0f-4f42-9210-7fbcf6a41cd7 => generated 258 bytes in 24 msecs (HTTP/1.1 200) 8 headers in 296 bytes (1 switches on core 0)
Aug 14 15:02:55 user devstack@placement-api.service[67811]: DEBUG placement.requestlog [req-23f88685-36c6-4940-90e0-2910929ccd3a req-0922b18c-dddc-49b3-99f0-60cb594b1568 None None] Starting request: 10.0.0.210 "GET /placement/allocations/2d7ac783-716a-4c23-9466-fa7d5eae73a8" {{(pid=67811) __call__ /opt/stack/placement/placement/requestlog.py:55}}
Aug 14 15:02:55 user devstack@placement-api.service[67811]: INFO placement.requestlog [req-23f88685-36c6-4940-90e0-2910929ccd3a req-0922b18c-dddc-49b3-99f0-60cb594b1568 service placement] 10.0.0.210 "GET /placement/allocations/2d7ac783-716a-4c23-9466-fa7d5eae73a8" status: 200 len: 258 microversion: 1.28
Aug 14 15:02:55 user devstack@placement-api.service[67811]: [pid: 67811|app: 0|req: 141/424] 10.0.0.210 () {64 vars in 1456 bytes} [Mon Aug 14 15:02:55 2023] GET /placement/allocations/2d7ac783-716a-4c23-9466-fa7d5eae73a8 => generated 258 bytes in 16 msecs (HTTP/1.1 200) 8 headers in 296 bytes (1 switches on core 0)
