Jul 24 17:48:31 user devstack@c-api.service[71156]: INFO cinder.api.openstack.wsgi [None req-625434af-a753-4357-ac9c-ffbe55679eb2 tempest-QosSpecsTestJSON-1854997423 tempest-QosSpecsTestJSON-1854997423-project-admin] GET http://10.0.0.210/volume/v3/81aeef4d5d58487cbc5f4ba05f561008/qos-specs
Jul 24 17:48:31 user devstack@c-api.service[71156]: DEBUG cinder.api.openstack.wsgi [None req-625434af-a753-4357-ac9c-ffbe55679eb2 tempest-QosSpecsTestJSON-1854997423 tempest-QosSpecsTestJSON-1854997423-project-admin] Empty body provided in request {{(pid=71156) get_body /opt/stack/cinder/cinder/api/openstack/wsgi.py:715}}
Jul 24 17:48:31 user devstack@c-api.service[71156]: DEBUG cinder.api.openstack.wsgi [None req-625434af-a753-4357-ac9c-ffbe55679eb2 tempest-QosSpecsTestJSON-1854997423 tempest-QosSpecsTestJSON-1854997423-project-admin] Calling method 'index' {{(pid=71156) _process_stack /opt/stack/cinder/cinder/api/openstack/wsgi.py:868}}
Jul 24 17:48:31 user devstack@c-api.service[71156]: INFO cinder.api.openstack.wsgi [None req-625434af-a753-4357-ac9c-ffbe55679eb2 tempest-QosSpecsTestJSON-1854997423 tempest-QosSpecsTestJSON-1854997423-project-admin] http://10.0.0.210/volume/v3/81aeef4d5d58487cbc5f4ba05f561008/qos-specs returned with HTTP 200
Jul 24 17:48:31 user devstack@c-api.service[71156]: [pid: 71156|app: 0|req: 132/388] 10.0.0.210 () {62 vars in 1297 bytes} [Mon Jul 24 17:48:31 2023] GET /volume/v3/81aeef4d5d58487cbc5f4ba05f561008/qos-specs => generated 175 bytes in 16 msecs (HTTP/1.1 200) 7 headers in 285 bytes (1 switches on core 0)
Jul 24 17:48:31 user devstack@c-api.service[71157]: DEBUG cinder.api.middleware.request_id [None req-66069408-0aef-4885-9dd0-4abd2f602a02 None None] RequestId filter calling following filter/app {{(pid=71157) _context_setter /opt/stack/cinder/cinder/api/middleware/request_id.py:62}}
Jul 24 17:48:31 user devstack@c-api.service[71157]: INFO cinder.api.openstack.wsgi [None req-66069408-0aef-4885-9dd0-4abd2f602a02 tempest-QosSpecsTestJSON-1854997423 tempest-QosSpecsTestJSON-1854997423-project-admin] PUT http://10.0.0.210/volume/v3/81aeef4d5d58487cbc5f4ba05f561008/qos-specs/0d80d21c-832d-46be-9c0b-ad2a6c6dc5be
Jul 24 17:48:31 user devstack@c-api.service[71157]: DEBUG cinder.api.openstack.wsgi [None req-66069408-0aef-4885-9dd0-4abd2f602a02 tempest-QosSpecsTestJSON-1854997423 tempest-QosSpecsTestJSON-1854997423-project-admin] Action: 'update', calling method: update, body: {"qos_specs": {"iops_bytes": "500"}} {{(pid=71157) _process_stack /opt/stack/cinder/cinder/api/openstack/wsgi.py:866}}
Jul 24 17:48:31 user devstack@c-api.service[71157]: DEBUG cinder.volume.qos_specs [None req-66069408-0aef-4885-9dd0-4abd2f602a02 tempest-QosSpecsTestJSON-1854997423 tempest-QosSpecsTestJSON-1854997423-project-admin] qos_specs.update(): specs {'iops_bytes': '500'} {{(pid=71157) update /opt/stack/cinder/cinder/volume/qos_specs.py:79}}
Jul 24 17:48:31 user devstack@c-api.service[71157]: DEBUG cinder.db.sqlalchemy.api [None req-66069408-0aef-4885-9dd0-4abd2f602a02 tempest-QosSpecsTestJSON-1854997423 tempest-QosSpecsTestJSON-1854997423-project-admin] qos_specs_update() value: {'id': 'c3982705-0c1a-4a44-a027-d598504dd189', 'key': 'iops_bytes', 'value': '500', 'specs_id': '0d80d21c-832d-46be-9c0b-ad2a6c6dc5be', 'deleted': False} {{(pid=71157) qos_specs_update /opt/stack/cinder/cinder/db/sqlalchemy/api.py:6005}}
Jul 24 17:48:31 user devstack@c-api.service[71157]: INFO cinder.api.openstack.wsgi [None req-66069408-0aef-4885-9dd0-4abd2f602a02 tempest-QosSpecsTestJSON-1854997423 tempest-QosSpecsTestJSON-1854997423-project-admin] http://10.0.0.210/volume/v3/81aeef4d5d58487cbc5f4ba05f561008/qos-specs/0d80d21c-832d-46be-9c0b-ad2a6c6dc5be returned with HTTP 200
Jul 24 17:48:31 user devstack@c-api.service[71157]: [pid: 71157|app: 0|req: 125/389] 10.0.0.210 () {64 vars in 1428 bytes} [Mon Jul 24 17:48:31 2023] PUT /volume/v3/81aeef4d5d58487cbc5f4ba05f561008/qos-specs/0d80d21c-832d-46be-9c0b-ad2a6c6dc5be => generated 36 bytes in 41 msecs (HTTP/1.1 200) 7 headers in 284 bytes (1 switches on core 0)
Jul 24 17:48:31 user devstack@c-api.service[71158]: DEBUG cinder.api.middleware.request_id [None req-50653545-94cb-4042-a9e9-61c763d96ef1 None None] RequestId filter calling following filter/app {{(pid=71158) _context_setter /opt/stack/cinder/cinder/api/middleware/request_id.py:62}}
Jul 24 17:48:31 user devstack@c-api.service[71158]: INFO cinder.api.openstack.wsgi [None req-50653545-94cb-4042-a9e9-61c763d96ef1 tempest-QosSpecsTestJSON-1854997423 tempest-QosSpecsTestJSON-1854997423-project-admin] GET http://10.0.0.210/volume/v3/81aeef4d5d58487cbc5f4ba05f561008/qos-specs/0d80d21c-832d-46be-9c0b-ad2a6c6dc5be
Jul 24 17:48:31 user devstack@c-api.service[71158]: DEBUG cinder.api.openstack.wsgi [None req-50653545-94cb-4042-a9e9-61c763d96ef1 tempest-QosSpecsTestJSON-1854997423 tempest-QosSpecsTestJSON-1854997423-project-admin] Empty body provided in request {{(pid=71158) get_body /opt/stack/cinder/cinder/api/openstack/wsgi.py:715}}
Jul 24 17:48:31 user devstack@c-api.service[71158]: DEBUG cinder.api.openstack.wsgi [None req-50653545-94cb-4042-a9e9-61c763d96ef1 tempest-QosSpecsTestJSON-1854997423 tempest-QosSpecsTestJSON-1854997423-project-admin] Calling method 'show' {{(pid=71158) _process_stack /opt/stack/cinder/cinder/api/openstack/wsgi.py:868}}
Jul 24 17:48:31 user devstack@c-api.service[71158]: /usr/local/lib/python3.10/dist-packages/oslo_context/context.py:100: DeprecationWarning: Policy enforcement is depending on the value of is_admin. This key is deprecated. Please update your policy file to use the standard policy values.
Jul 24 17:48:31 user devstack@c-api.service[71158]: warnings.warn('Policy enforcement is depending on the value of '
Jul 24 17:48:31 user devstack@c-api.service[71158]: INFO cinder.api.openstack.wsgi [None req-50653545-94cb-4042-a9e9-61c763d96ef1 tempest-QosSpecsTestJSON-1854997423 tempest-QosSpecsTestJSON-1854997423-project-admin] http://10.0.0.210/volume/v3/81aeef4d5d58487cbc5f4ba05f561008/qos-specs/0d80d21c-832d-46be-9c0b-ad2a6c6dc5be returned with HTTP 200
Jul 24 17:48:31 user devstack@c-api.service[71158]: [pid: 71158|app: 0|req: 133/390] 10.0.0.210 () {62 vars in 1408 bytes} [Mon Jul 24 17:48:31 2023] GET /volume/v3/81aeef4d5d58487cbc5f4ba05f561008/qos-specs/0d80d21c-832d-46be-9c0b-ad2a6c6dc5be => generated 478 bytes in 16 msecs (HTTP/1.1 200) 7 headers in 285 bytes (1 switches on core 0)
Jul 24 17:48:31 user devstack@c-api.service[71156]: DEBUG cinder.api.middleware.request_id [None req-4c440e86-34a1-40bd-a818-304427f85f41 None None] RequestId filter calling following filter/app {{(pid=71156) _context_setter /opt/stack/cinder/cinder/api/middleware/request_id.py:62}}
Jul 24 17:48:31 user devstack@c-api.service[71156]: INFO cinder.api.openstack.wsgi [None req-4c440e86-34a1-40bd-a818-304427f85f41 tempest-QosSpecsTestJSON-1854997423 tempest-QosSpecsTestJSON-1854997423-project-admin] PUT http://10.0.0.210/volume/v3/81aeef4d5d58487cbc5f4ba05f561008/qos-specs/0d80d21c-832d-46be-9c0b-ad2a6c6dc5be/delete_keys
Jul 24 17:48:31 user devstack@c-api.service[71156]: DEBUG cinder.api.openstack.wsgi [None req-4c440e86-34a1-40bd-a818-304427f85f41 tempest-QosSpecsTestJSON-1854997423 tempest-QosSpecsTestJSON-1854997423-project-admin] Action: 'delete_keys', calling method: delete_keys, body: {"keys": ["iops_bytes"]} {{(pid=71156) _process_stack /opt/stack/cinder/cinder/api/openstack/wsgi.py:866}}
Jul 24 17:48:31 user devstack@c-api.service[71156]: /usr/local/lib/python3.10/dist-packages/oslo_context/context.py:100: DeprecationWarning: Policy enforcement is depending on the value of is_admin. This key is deprecated. Please update your policy file to use the standard policy values.
Jul 24 17:48:31 user devstack@c-api.service[71156]: warnings.warn('Policy enforcement is depending on the value of '
Jul 24 17:48:31 user devstack@c-api.service[71156]: DEBUG cinder.api.contrib.qos_specs_manage [None req-4c440e86-34a1-40bd-a818-304427f85f41 tempest-QosSpecsTestJSON-1854997423 tempest-QosSpecsTestJSON-1854997423-project-admin] Delete_key spec: 0d80d21c-832d-46be-9c0b-ad2a6c6dc5be, keys: ['iops_bytes'] {{(pid=71156) delete_keys /opt/stack/cinder/cinder/api/contrib/qos_specs_manage.py:207}}
Jul 24 17:48:31 user devstack@c-api.service[71156]: INFO cinder.api.openstack.wsgi [None req-4c440e86-34a1-40bd-a818-304427f85f41 tempest-QosSpecsTestJSON-1854997423 tempest-QosSpecsTestJSON-1854997423-project-admin] http://10.0.0.210/volume/v3/81aeef4d5d58487cbc5f4ba05f561008/qos-specs/0d80d21c-832d-46be-9c0b-ad2a6c6dc5be/delete_keys returned with HTTP 202
Jul 24 17:48:31 user devstack@c-api.service[71156]: [pid: 71156|app: 0|req: 133/391] 10.0.0.210 () {64 vars in 1464 bytes} [Mon Jul 24 17:48:31 2023] PUT /volume/v3/81aeef4d5d58487cbc5f4ba05f561008/qos-specs/0d80d21c-832d-46be-9c0b-ad2a6c6dc5be/delete_keys => generated 0 bytes in 48 msecs (HTTP/1.1 202) 6 headers in 233 bytes (1 switches on core 0)
Jul 24 17:48:31 user devstack@c-api.service[71157]: DEBUG cinder.api.middleware.request_id [None req-717c4777-ea84-472d-8f87-3332089c31fd None None] RequestId filter calling following filter/app {{(pid=71157) _context_setter /opt/stack/cinder/cinder/api/middleware/request_id.py:62}}
Jul 24 17:48:31 user devstack@c-api.service[71157]: INFO cinder.api.openstack.wsgi [None req-717c4777-ea84-472d-8f87-3332089c31fd tempest-QosSpecsTestJSON-1854997423 tempest-QosSpecsTestJSON-1854997423-project-admin] GET http://10.0.0.210/volume/v3/81aeef4d5d58487cbc5f4ba05f561008/qos-specs/0d80d21c-832d-46be-9c0b-ad2a6c6dc5be
Jul 24 17:48:31 user devstack@c-api.service[71157]: DEBUG cinder.api.openstack.wsgi [None req-717c4777-ea84-472d-8f87-3332089c31fd tempest-QosSpecsTestJSON-1854997423 tempest-QosSpecsTestJSON-1854997423-project-admin] Empty body provided in request {{(pid=71157) get_body /opt/stack/cinder/cinder/api/openstack/wsgi.py:715}}
Jul 24 17:48:31 user devstack@c-api.service[71157]: DEBUG cinder.api.openstack.wsgi [None req-717c4777-ea84-472d-8f87-3332089c31fd tempest-QosSpecsTestJSON-1854997423 tempest-QosSpecsTestJSON-1854997423-project-admin] Calling method 'show' {{(pid=71157) _process_stack /opt/stack/cinder/cinder/api/openstack/wsgi.py:868}}
Jul 24 17:48:31 user devstack@c-api.service[71157]: /usr/local/lib/python3.10/dist-packages/oslo_context/context.py:100: DeprecationWarning: Policy enforcement is depending on the value of is_admin. This key is deprecated. Please update your policy file to use the standard policy values.
Jul 24 17:48:31 user devstack@c-api.service[71157]: warnings.warn('Policy enforcement is depending on the value of '
Jul 24 17:48:31 user devstack@c-api.service[71157]: INFO cinder.api.openstack.wsgi [None req-717c4777-ea84-472d-8f87-3332089c31fd tempest-QosSpecsTestJSON-1854997423 tempest-QosSpecsTestJSON-1854997423-project-admin] http://10.0.0.210/volume/v3/81aeef4d5d58487cbc5f4ba05f561008/qos-specs/0d80d21c-832d-46be-9c0b-ad2a6c6dc5be returned with HTTP 200
Jul 24 17:48:31 user devstack@c-api.service[71157]: [pid: 71157|app: 0|req: 126/392] 10.0.0.210 () {62 vars in 1408 bytes} [Mon Jul 24 17:48:31 2023] GET /volume/v3/81aeef4d5d58487cbc5f4ba05f561008/qos-specs/0d80d21c-832d-46be-9c0b-ad2a6c6dc5be => generated 457 bytes in 56 msecs (HTTP/1.1 200) 7 headers in 285 bytes (1 switches on core 0)
Jul 24 17:48:31 user devstack@c-api.service[71158]: DEBUG cinder.api.middleware.request_id [None req-5580a63b-97fc-4970-b40c-6c045f0fc6ef None None] RequestId filter calling following filter/app {{(pid=71158) _context_setter /opt/stack/cinder/cinder/api/middleware/request_id.py:62}}
Jul 24 17:48:31 user devstack@c-api.service[71158]: INFO cinder.api.openstack.wsgi [None req-5580a63b-97fc-4970-b40c-6c045f0fc6ef tempest-QosSpecsTestJSON-1854997423 tempest-QosSpecsTestJSON-1854997423-project-admin] GET http://10.0.0.210/volume/v3/81aeef4d5d58487cbc5f4ba05f561008/qos-specs/0d80d21c-832d-46be-9c0b-ad2a6c6dc5be
Jul 24 17:48:31 user devstack@c-api.service[71158]: DEBUG cinder.api.openstack.wsgi [None req-5580a63b-97fc-4970-b40c-6c045f0fc6ef tempest-QosSpecsTestJSON-1854997423 tempest-QosSpecsTestJSON-1854997423-project-admin] Empty body provided in request {{(pid=71158) get_body /opt/stack/cinder/cinder/api/openstack/wsgi.py:715}}
Jul 24 17:48:31 user devstack@c-api.service[71158]: DEBUG cinder.api.openstack.wsgi [None req-5580a63b-97fc-4970-b40c-6c045f0fc6ef tempest-QosSpecsTestJSON-1854997423 tempest-QosSpecsTestJSON-1854997423-project-admin] Calling method 'show' {{(pid=71158) _process_stack /opt/stack/cinder/cinder/api/openstack/wsgi.py:868}}
Jul 24 17:48:31 user devstack@c-api.service[71158]: /usr/local/lib/python3.10/dist-packages/oslo_context/context.py:100: DeprecationWarning: Policy enforcement is depending on the value of is_admin. This key is deprecated. Please update your policy file to use the standard policy values.
Jul 24 17:48:31 user devstack@c-api.service[71158]: warnings.warn('Policy enforcement is depending on the value of '
Jul 24 17:48:31 user devstack@c-api.service[71158]: INFO cinder.api.openstack.wsgi [None req-5580a63b-97fc-4970-b40c-6c045f0fc6ef tempest-QosSpecsTestJSON-1854997423 tempest-QosSpecsTestJSON-1854997423-project-admin] http://10.0.0.210/volume/v3/81aeef4d5d58487cbc5f4ba05f561008/qos-specs/0d80d21c-832d-46be-9c0b-ad2a6c6dc5be returned with HTTP 200
Jul 24 17:48:31 user devstack@c-api.service[71158]: [pid: 71158|app: 0|req: 134/393] 10.0.0.210 () {62 vars in 1408 bytes} [Mon Jul 24 17:48:31 2023] GET /volume/v3/81aeef4d5d58487cbc5f4ba05f561008/qos-specs/0d80d21c-832d-46be-9c0b-ad2a6c6dc5be => generated 457 bytes in 28 msecs (HTTP/1.1 200) 7 headers in 285 bytes (1 switches on core 0)
Jul 24 17:48:31 user devstack@c-api.service[71156]: DEBUG cinder.api.middleware.request_id [None req-ce55754e-fabe-46ca-8ab1-66128b06eb41 None None] RequestId filter calling following filter/app {{(pid=71156) _context_setter /opt/stack/cinder/cinder/api/middleware/request_id.py:62}}
Jul 24 17:48:31 user devstack@c-api.service[71156]: INFO cinder.api.openstack.wsgi [None req-ce55754e-fabe-46ca-8ab1-66128b06eb41 tempest-QosSpecsTestJSON-1854997423 tempest-QosSpecsTestJSON-1854997423-project-admin] DELETE http://10.0.0.210/volume/v3/81aeef4d5d58487cbc5f4ba05f561008/qos-specs/0d80d21c-832d-46be-9c0b-ad2a6c6dc5be?force=False
Jul 24 17:48:31 user devstack@c-api.service[71156]: DEBUG cinder.api.openstack.wsgi [None req-ce55754e-fabe-46ca-8ab1-66128b06eb41 tempest-QosSpecsTestJSON-1854997423 tempest-QosSpecsTestJSON-1854997423-project-admin] Empty body provided in request {{(pid=71156) get_body /opt/stack/cinder/cinder/api/openstack/wsgi.py:715}}
Jul 24 17:48:31 user devstack@c-api.service[71156]: DEBUG cinder.api.openstack.wsgi [None req-ce55754e-fabe-46ca-8ab1-66128b06eb41 tempest-QosSpecsTestJSON-1854997423 tempest-QosSpecsTestJSON-1854997423-project-admin] Calling method 'delete' {{(pid=71156) _process_stack /opt/stack/cinder/cinder/api/openstack/wsgi.py:868}}
Jul 24 17:48:31 user devstack@c-api.service[71156]: /usr/local/lib/python3.10/dist-packages/oslo_context/context.py:100: DeprecationWarning: Policy enforcement is depending on the value of is_admin. This key is deprecated. Please update your policy file to use the standard policy values.
Jul 24 17:48:31 user devstack@c-api.service[71156]: warnings.warn('Policy enforcement is depending on the value of '
Jul 24 17:48:31 user devstack@c-api.service[71156]: DEBUG cinder.api.contrib.qos_specs_manage [None req-ce55754e-fabe-46ca-8ab1-66128b06eb41 tempest-QosSpecsTestJSON-1854997423 tempest-QosSpecsTestJSON-1854997423-project-admin] Delete qos_spec: 0d80d21c-832d-46be-9c0b-ad2a6c6dc5be, force: False {{(pid=71156) delete /opt/stack/cinder/cinder/api/contrib/qos_specs_manage.py:168}}
Jul 24 17:48:31 user devstack@c-api.service[71156]: INFO cinder.api.openstack.wsgi [None req-ce55754e-fabe-46ca-8ab1-66128b06eb41 tempest-QosSpecsTestJSON-1854997423 tempest-QosSpecsTestJSON-1854997423-project-admin] http://10.0.0.210/volume/v3/81aeef4d5d58487cbc5f4ba05f561008/qos-specs/0d80d21c-832d-46be-9c0b-ad2a6c6dc5be?force=False returned with HTTP 202
Jul 24 17:48:31 user devstack@c-api.service[71156]: [pid: 71156|app: 0|req: 134/394] 10.0.0.210 () {62 vars in 1434 bytes} [Mon Jul 24 17:48:31 2023] DELETE /volume/v3/81aeef4d5d58487cbc5f4ba05f561008/qos-specs/0d80d21c-832d-46be-9c0b-ad2a6c6dc5be?force=False => generated 0 bytes in 34 msecs (HTTP/1.1 202) 6 headers in 233 bytes (1 switches on core 0)
Jul 24 17:48:31 user devstack@c-api.service[71157]: DEBUG cinder.api.middleware.request_id [None req-531524d0-8e7c-4769-94e1-72463d04df0a None None] RequestId filter calling following filter/app {{(pid=71157) _context_setter /opt/stack/cinder/cinder/api/middleware/request_id.py:62}}
Jul 24 17:48:31 user devstack@c-api.service[71157]: INFO cinder.api.openstack.wsgi [None req-531524d0-8e7c-4769-94e1-72463d04df0a tempest-QosSpecsTestJSON-1854997423 tempest-QosSpecsTestJSON-1854997423-project-admin] GET http://10.0.0.210/volume/v3/81aeef4d5d58487cbc5f4ba05f561008/qos-specs/0d80d21c-832d-46be-9c0b-ad2a6c6dc5be
Jul 24 17:48:31 user devstack@c-api.service[71157]: DEBUG cinder.api.openstack.wsgi [None req-531524d0-8e7c-4769-94e1-72463d04df0a tempest-QosSpecsTestJSON-1854997423 tempest-QosSpecsTestJSON-1854997423-project-admin] Empty body provided in request {{(pid=71157) get_body /opt/stack/cinder/cinder/api/openstack/wsgi.py:715}}
Jul 24 17:48:31 user devstack@c-api.service[71157]: DEBUG cinder.api.openstack.wsgi [None req-531524d0-8e7c-4769-94e1-72463d04df0a tempest-QosSpecsTestJSON-1854997423 tempest-QosSpecsTestJSON-1854997423-project-admin] Calling method 'show' {{(pid=71157) _process_stack /opt/stack/cinder/cinder/api/openstack/wsgi.py:868}}
Jul 24 17:48:31 user devstack@c-api.service[71157]: /usr/local/lib/python3.10/dist-packages/oslo_context/context.py:100: DeprecationWarning: Policy enforcement is depending on the value of is_admin. This key is deprecated. Please update your policy file to use the standard policy values.
Jul 24 17:48:31 user devstack@c-api.service[71157]: warnings.warn('Policy enforcement is depending on the value of '
Jul 24 17:48:31 user devstack@c-api.service[71157]: INFO cinder.api.openstack.wsgi [None req-531524d0-8e7c-4769-94e1-72463d04df0a tempest-QosSpecsTestJSON-1854997423 tempest-QosSpecsTestJSON-1854997423-project-admin] http://10.0.0.210/volume/v3/81aeef4d5d58487cbc5f4ba05f561008/qos-specs/0d80d21c-832d-46be-9c0b-ad2a6c6dc5be returned with HTTP 404
Jul 24 17:48:31 user devstack@c-api.service[71157]: [pid: 71157|app: 0|req: 127/395] 10.0.0.210 () {62 vars in 1408 bytes} [Mon Jul 24 17:48:31 2023] GET /volume/v3/81aeef4d5d58487cbc5f4ba05f561008/qos-specs/0d80d21c-832d-46be-9c0b-ad2a6c6dc5be => generated 100 bytes in 14 msecs (HTTP/1.1 404) 7 headers in 292 bytes (1 switches on core 0)
Jul 24 17:48:31 user devstack@c-api.service[71158]: DEBUG cinder.api.middleware.request_id [None req-3d33d089-a710-493f-a600-51835b00c678 None None] RequestId filter calling following filter/app {{(pid=71158) _context_setter /opt/stack/cinder/cinder/api/middleware/request_id.py:62}}
Jul 24 17:48:31 user devstack@c-api.service[71158]: INFO cinder.api.openstack.wsgi [None req-3d33d089-a710-493f-a600-51835b00c678 tempest-TaggedBootDevicesTest_v242-623693073 tempest-TaggedBootDevicesTest_v242-623693073-project-member] GET http://10.0.0.210/volume/v3/aa669d08f14f415b945c7bd94d10fc0a/volumes/e825b49c-a556-46ef-82e2-00b900f0623e
Jul 24 17:48:31 user devstack@c-api.service[71158]: DEBUG cinder.api.openstack.wsgi [None req-3d33d089-a710-493f-a600-51835b00c678 tempest-TaggedBootDevicesTest_v242-623693073 tempest-TaggedBootDevicesTest_v242-623693073-project-member] Empty body provided in request {{(pid=71158) get_body /opt/stack/cinder/cinder/api/openstack/wsgi.py:715}}
Jul 24 17:48:31 user devstack@c-api.service[71158]: DEBUG cinder.api.openstack.wsgi [None req-3d33d089-a710-493f-a600-51835b00c678 tempest-TaggedBootDevicesTest_v242-623693073 tempest-TaggedBootDevicesTest_v242-623693073-project-member] Calling method 'show' {{(pid=71158) _process_stack /opt/stack/cinder/cinder/api/openstack/wsgi.py:868}}
Jul 24 17:48:31 user devstack@c-api.service[71158]: /usr/local/lib/python3.10/dist-packages/oslo_context/context.py:100: DeprecationWarning: Policy enforcement is depending on the value of is_admin. This key is deprecated. Please update your policy file to use the standard policy values.
Jul 24 17:48:31 user devstack@c-api.service[71158]: warnings.warn('Policy enforcement is depending on the value of '
Jul 24 17:48:31 user devstack@c-api.service[71158]: INFO cinder.volume.api [None req-3d33d089-a710-493f-a600-51835b00c678 tempest-TaggedBootDevicesTest_v242-623693073 tempest-TaggedBootDevicesTest_v242-623693073-project-member] Volume info retrieved successfully.
Jul 24 17:48:31 user devstack@c-api.service[71158]: INFO cinder.api.openstack.wsgi [None req-3d33d089-a710-493f-a600-51835b00c678 tempest-TaggedBootDevicesTest_v242-623693073 tempest-TaggedBootDevicesTest_v242-623693073-project-member] http://10.0.0.210/volume/v3/aa669d08f14f415b945c7bd94d10fc0a/volumes/e825b49c-a556-46ef-82e2-00b900f0623e returned with HTTP 200
Jul 24 17:48:31 user devstack@c-api.service[71158]: [pid: 71158|app: 0|req: 135/396] 10.0.0.210 () {62 vars in 1402 bytes} [Mon Jul 24 17:48:31 2023] GET /volume/v3/aa669d08f14f415b945c7bd94d10fc0a/volumes/e825b49c-a556-46ef-82e2-00b900f0623e => generated 1394 bytes in 49 msecs (HTTP/1.1 200) 7 headers in 286 bytes (1 switches on core 0)
Jul 24 17:48:31 user devstack@c-api.service[71156]: DEBUG cinder.api.middleware.request_id [None req-69f17e31-d97d-44d9-ad5f-f2b5f9676c0b None None] RequestId filter calling following filter/app {{(pid=71156) _context_setter /opt/stack/cinder/cinder/api/middleware/request_id.py:62}}
Jul 24 17:48:31 user devstack@c-api.service[71156]: INFO cinder.api.openstack.wsgi [None req-69f17e31-d97d-44d9-ad5f-f2b5f9676c0b tempest-TaggedBootDevicesTest_v242-623693073 tempest-TaggedBootDevicesTest_v242-623693073-project-member] POST http://10.0.0.210/volume/v3/aa669d08f14f415b945c7bd94d10fc0a/volumes
Jul 24 17:48:31 user devstack@c-api.service[71156]: DEBUG cinder.api.openstack.wsgi [None req-69f17e31-d97d-44d9-ad5f-f2b5f9676c0b tempest-TaggedBootDevicesTest_v242-623693073 tempest-TaggedBootDevicesTest_v242-623693073-project-member] Action: 'create', calling method: create, body: {"volume": {"size": 1, "display_name": "tempest-TaggedBootDevicesTest_v242-volume-61318158"}} {{(pid=71156) _process_stack /opt/stack/cinder/cinder/api/openstack/wsgi.py:866}}
Jul 24 17:48:31 user devstack@c-api.service[71156]: DEBUG cinder.api.v3.volumes [None req-69f17e31-d97d-44d9-ad5f-f2b5f9676c0b tempest-TaggedBootDevicesTest_v242-623693073 tempest-TaggedBootDevicesTest_v242-623693073-project-member] Create volume request body: {'volume': {'size': 1, 'display_name': 'tempest-TaggedBootDevicesTest_v242-volume-61318158'}} {{(pid=71156) create /opt/stack/cinder/cinder/api/v3/volumes.py:297}}
Jul 24 17:48:31 user devstack@c-api.service[71156]: INFO cinder.api.v3.volumes [None req-69f17e31-d97d-44d9-ad5f-f2b5f9676c0b tempest-TaggedBootDevicesTest_v242-623693073 tempest-TaggedBootDevicesTest_v242-623693073-project-member] Create volume of 1 GB
Jul 24 17:48:31 user devstack@c-api.service[71156]: /usr/local/lib/python3.10/dist-packages/oslo_context/context.py:100: DeprecationWarning: Policy enforcement is depending on the value of is_admin. This key is deprecated. Please update your policy file to use the standard policy values.
Jul 24 17:48:31 user devstack@c-api.service[71156]: warnings.warn('Policy enforcement is depending on the value of '
Jul 24 17:48:31 user devstack@c-api.service[71156]: INFO cinder.volume.api [None req-69f17e31-d97d-44d9-ad5f-f2b5f9676c0b tempest-TaggedBootDevicesTest_v242-623693073 tempest-TaggedBootDevicesTest_v242-623693073-project-member] Availability Zones retrieved successfully.
Jul 24 17:48:31 user devstack@c-api.service[71156]: DEBUG cinder.volume.api [None req-69f17e31-d97d-44d9-ad5f-f2b5f9676c0b tempest-TaggedBootDevicesTest_v242-623693073 tempest-TaggedBootDevicesTest_v242-623693073-project-member] Flow 'volume_create_api' (626f9934-29d2-427d-a259-2f8662603335) transitioned into state 'RUNNING' from state 'PENDING' {{(pid=71156) _flow_receiver /usr/local/lib/python3.10/dist-packages/taskflow/listeners/logging.py:141}}
Jul 24 17:48:31 user devstack@c-api.service[71156]: DEBUG cinder.volume.api [None req-69f17e31-d97d-44d9-ad5f-f2b5f9676c0b tempest-TaggedBootDevicesTest_v242-623693073 tempest-TaggedBootDevicesTest_v242-623693073-project-member] Task 'cinder.volume.flows.api.create_volume.ExtractVolumeRequestTask;volume:create' (ce630675-6608-4ab9-9b00-e5b7f696668e) transitioned into state 'RUNNING' from state 'PENDING' {{(pid=71156) _task_receiver /usr/local/lib/python3.10/dist-packages/taskflow/listeners/logging.py:190}}
Jul 24 17:48:31 user devstack@c-api.service[71156]: DEBUG cinder.volume.flows.api.create_volume [None req-69f17e31-d97d-44d9-ad5f-f2b5f9676c0b tempest-TaggedBootDevicesTest_v242-623693073 tempest-TaggedBootDevicesTest_v242-623693073-project-member] Validating volume size '1' using validate_int {{(pid=71156) _extract_size /opt/stack/cinder/cinder/volume/flows/api/create_volume.py:228}}
Jul 24 17:48:31 user devstack@c-api.service[71156]: DEBUG dbcounter [-] [71156] Writing DB stats cinder:SELECT=89,cinder:INSERT=3,cinder:UPDATE=8 {{(pid=71156) stat_writer /usr/local/lib/python3.10/dist-packages/dbcounter.py:117}}
Jul 24 17:48:31 user devstack@c-api.service[71156]: DEBUG cinder.volume.api [None req-69f17e31-d97d-44d9-ad5f-f2b5f9676c0b tempest-TaggedBootDevicesTest_v242-623693073 tempest-TaggedBootDevicesTest_v242-623693073-project-member] Task 'cinder.volume.flows.api.create_volume.ExtractVolumeRequestTask;volume:create' (ce630675-6608-4ab9-9b00-e5b7f696668e) transitioned into state 'SUCCESS' from state 'RUNNING' with result '{'size': 1, 'snapshot_id': None, 'source_volid': None, 'volume_type': VolumeType(created_at=2023-07-24T17:43:30Z,deleted=False,deleted_at=None,description=None,extra_specs={volume_backend_name='joviandss-2'},id=1cd45b71-6542-4ba5-adfb-e3ac28866c2e,is_public=True,name='joviandss-2',projects=[],qos_specs=,qos_specs_id=None,updated_at=None), 'volume_type_id': '1cd45b71-6542-4ba5-adfb-e3ac28866c2e', 'encryption_key_id': None, 'qos_specs': None, 'consistencygroup_id': None, 'cgsnapshot_id': None, 'group_id': None, 'replication_status': 'disabled', 'refresh_az': False, 'backup_id': None, 'multiattach': False, 'availability_zones': ['nova']}' {{(pid=71156) _task_receiver /usr/local/lib/python3.10/dist-packages/taskflow/listeners/logging.py:178}}
Jul 24 17:48:31 user devstack@c-api.service[71156]: DEBUG cinder.volume.api [None req-69f17e31-d97d-44d9-ad5f-f2b5f9676c0b tempest-TaggedBootDevicesTest_v242-623693073 tempest-TaggedBootDevicesTest_v242-623693073-project-member] Task 'cinder.volume.flows.api.create_volume.QuotaReserveTask;volume:create' (a07671b2-060f-4e4f-9f1c-52654b8c2426) transitioned into state 'RUNNING' from state 'PENDING' {{(pid=71156) _task_receiver /usr/local/lib/python3.10/dist-packages/taskflow/listeners/logging.py:190}}
Jul 24 17:48:31 user devstack@c-api.service[71157]: DEBUG cinder.api.middleware.request_id [None req-b967e905-a594-4da1-9249-5f9710c0ba56 None None] RequestId filter calling following filter/app {{(pid=71157) _context_setter /opt/stack/cinder/cinder/api/middleware/request_id.py:62}}
Jul 24 17:48:31 user devstack@c-api.service[71157]: INFO cinder.api.openstack.wsgi [None req-b967e905-a594-4da1-9249-5f9710c0ba56 tempest-VolumeRetypeWithoutMigrationTest-1784117683 tempest-VolumeRetypeWithoutMigrationTest-1784117683-project-member] GET http://10.0.0.210/volume/v3/128fbd22be3d4e8684b53f746aa5f293/volumes/62b9c8d8-fbf2-423d-90e5-7bb66b88dada
Jul 24 17:48:31 user devstack@c-api.service[71157]: DEBUG cinder.api.openstack.wsgi [None req-b967e905-a594-4da1-9249-5f9710c0ba56 tempest-VolumeRetypeWithoutMigrationTest-1784117683 tempest-VolumeRetypeWithoutMigrationTest-1784117683-project-member] Empty body provided in request {{(pid=71157) get_body /opt/stack/cinder/cinder/api/openstack/wsgi.py:715}}
Jul 24 17:48:31 user devstack@c-api.service[71157]: DEBUG cinder.api.openstack.wsgi [None req-b967e905-a594-4da1-9249-5f9710c0ba56 tempest-VolumeRetypeWithoutMigrationTest-1784117683 tempest-VolumeRetypeWithoutMigrationTest-1784117683-project-member] Calling method 'show' {{(pid=71157) _process_stack /opt/stack/cinder/cinder/api/openstack/wsgi.py:868}}
Jul 24 17:48:31 user devstack@c-api.service[71157]: /usr/local/lib/python3.10/dist-packages/oslo_context/context.py:100: DeprecationWarning: Policy enforcement is depending on the value of is_admin. This key is deprecated. Please update your policy file to use the standard policy values.
Jul 24 17:48:31 user devstack@c-api.service[71157]: warnings.warn('Policy enforcement is depending on the value of '
Jul 24 17:48:31 user devstack@c-api.service[71157]: INFO cinder.volume.api [None req-b967e905-a594-4da1-9249-5f9710c0ba56 tempest-VolumeRetypeWithoutMigrationTest-1784117683 tempest-VolumeRetypeWithoutMigrationTest-1784117683-project-member] Volume info retrieved successfully.
Jul 24 17:48:31 user devstack@c-api.service[71156]: DEBUG cinder.quota [None req-69f17e31-d97d-44d9-ad5f-f2b5f9676c0b tempest-TaggedBootDevicesTest_v242-623693073 tempest-TaggedBootDevicesTest_v242-623693073-project-member] Created reservations ['7f46631d-4c2b-4b98-95a0-aadc0de2ef8a', 'f7729c6b-ffc4-45a8-b65a-1dbb37c8b512', '143b5580-8329-402d-b1c9-fe44b4430059', '6747fe50-4b48-4819-bef7-bc678e887810'] {{(pid=71156) reserve /opt/stack/cinder/cinder/quota.py:755}}
Jul 24 17:48:31 user devstack@c-api.service[71156]: DEBUG cinder.volume.api [None req-69f17e31-d97d-44d9-ad5f-f2b5f9676c0b tempest-TaggedBootDevicesTest_v242-623693073 tempest-TaggedBootDevicesTest_v242-623693073-project-member] Task 'cinder.volume.flows.api.create_volume.QuotaReserveTask;volume:create' (a07671b2-060f-4e4f-9f1c-52654b8c2426) transitioned into state 'SUCCESS' from state 'RUNNING' with result '{'reservations': ['7f46631d-4c2b-4b98-95a0-aadc0de2ef8a', 'f7729c6b-ffc4-45a8-b65a-1dbb37c8b512', '143b5580-8329-402d-b1c9-fe44b4430059', '6747fe50-4b48-4819-bef7-bc678e887810']}' {{(pid=71156) _task_receiver /usr/local/lib/python3.10/dist-packages/taskflow/listeners/logging.py:178}}
Jul 24 17:48:31 user devstack@c-api.service[71156]: DEBUG cinder.volume.api [None req-69f17e31-d97d-44d9-ad5f-f2b5f9676c0b tempest-TaggedBootDevicesTest_v242-623693073 tempest-TaggedBootDevicesTest_v242-623693073-project-member] Task 'cinder.volume.flows.api.create_volume.EntryCreateTask;volume:create' (f3e6478c-6062-49f6-8b0f-c820a3c62df6) transitioned into state 'RUNNING' from state 'PENDING' {{(pid=71156) _task_receiver /usr/local/lib/python3.10/dist-packages/taskflow/listeners/logging.py:190}}
Jul 24 17:48:31 user devstack@c-api.service[71157]: INFO cinder.api.openstack.wsgi [None req-b967e905-a594-4da1-9249-5f9710c0ba56 tempest-VolumeRetypeWithoutMigrationTest-1784117683 tempest-VolumeRetypeWithoutMigrationTest-1784117683-project-member] http://10.0.0.210/volume/v3/128fbd22be3d4e8684b53f746aa5f293/volumes/62b9c8d8-fbf2-423d-90e5-7bb66b88dada returned with HTTP 200
Jul 24 17:48:31 user devstack@c-api.service[71157]: [pid: 71157|app: 0|req: 128/397] 10.0.0.210 () {62 vars in 1402 bytes} [Mon Jul 24 17:48:31 2023] GET /volume/v3/128fbd22be3d4e8684b53f746aa5f293/volumes/62b9c8d8-fbf2-423d-90e5-7bb66b88dada => generated 923 bytes in 49 msecs (HTTP/1.1 200) 7 headers in 285 bytes (1 switches on core 0)
Jul 24 17:48:31 user devstack@c-api.service[71156]: DEBUG cinder.volume.api [None req-69f17e31-d97d-44d9-ad5f-f2b5f9676c0b tempest-TaggedBootDevicesTest_v242-623693073 tempest-TaggedBootDevicesTest_v242-623693073-project-member] Task 'cinder.volume.flows.api.create_volume.EntryCreateTask;volume:create' (f3e6478c-6062-49f6-8b0f-c820a3c62df6) transitioned into state 'SUCCESS' from state 'RUNNING' with result '{'volume_id': 'ba776a95-7068-4f8c-a5c1-634aa40416d0', 'volume_properties': VolumeProperties(attach_status='detached',availability_zone='nova',cgsnapshot_id=None,consistencygroup_id=None,display_description=None,display_name='tempest-TaggedBootDevicesTest_v242-volume-61318158',encryption_key_id=None,group_id=None,group_type_id=,metadata={},multiattach=False,project_id='aa669d08f14f415b945c7bd94d10fc0a',qos_specs=None,replication_status=,reservations=['7f46631d-4c2b-4b98-95a0-aadc0de2ef8a','f7729c6b-ffc4-45a8-b65a-1dbb37c8b512','143b5580-8329-402d-b1c9-fe44b4430059','6747fe50-4b48-4819-bef7-bc678e887810'],size=1,snapshot_id=None,source_replicaid=,source_volid=None,status='creating',user_id='6df7f047b82446c887ac315c2dd9661d',volume_type_id=1cd45b71-6542-4ba5-adfb-e3ac28866c2e), 'volume': Volume(_name_id=None,admin_metadata=,attach_status='detached',availability_zone='nova',bootable=False,cluster=,cluster_name=None,consistencygroup=,consistencygroup_id=None,created_at=2023-07-24T17:48:31Z,deleted=False,deleted_at=None,display_description=None,display_name='tempest-TaggedBootDevicesTest_v242-volume-61318158',ec2_id=None,encryption_key_id=None,glance_metadata=,group=,group_id=None,host=None,id=ba776a95-7068-4f8c-a5c1-634aa40416d0,launched_at=None,metadata={},migration_status=None,multiattach=False,previous_status=None,project_id='aa669d08f14f415b945c7bd94d10fc0a',provider_auth=None,provider_geometry=None,provider_id=None,provider_location=None,replication_driver_data=None,replication_extended_status=None,replication_status=None,scheduled_at=None,service_uuid=None,shared_targets=True,size=1,snapshot_id=None,snapshots=,source_volid=None,status='creating',terminated_at=None,updated_at=None,use_quota=True,user_id='6df7f047b82446c887ac315c2dd9661d',volume_attachment=VolumeAttachmentList,volume_type=VolumeType(1cd45b71-6542-4ba5-adfb-e3ac28866c2e),volume_type_id=1cd45b71-6542-4ba5-adfb-e3ac28866c2e)}' {{(pid=71156) _task_receiver /usr/local/lib/python3.10/dist-packages/taskflow/listeners/logging.py:178}}
Jul 24 17:48:31 user devstack@c-api.service[71156]: DEBUG cinder.volume.api [None req-69f17e31-d97d-44d9-ad5f-f2b5f9676c0b tempest-TaggedBootDevicesTest_v242-623693073 tempest-TaggedBootDevicesTest_v242-623693073-project-member] Task 'cinder.volume.flows.api.create_volume.QuotaCommitTask;volume:create' (5512d84e-11c3-485f-abc0-e44d736a0925) transitioned into state 'RUNNING' from state 'PENDING' {{(pid=71156) _task_receiver /usr/local/lib/python3.10/dist-packages/taskflow/listeners/logging.py:190}}
Jul 24 17:48:32 user devstack@c-api.service[71156]: DEBUG cinder.volume.api [None req-69f17e31-d97d-44d9-ad5f-f2b5f9676c0b tempest-TaggedBootDevicesTest_v242-623693073 tempest-TaggedBootDevicesTest_v242-623693073-project-member] Task 'cinder.volume.flows.api.create_volume.QuotaCommitTask;volume:create' (5512d84e-11c3-485f-abc0-e44d736a0925) transitioned into state 'SUCCESS' from state 'RUNNING' with result '{'volume_properties': VolumeProperties(attach_status='detached',availability_zone='nova',cgsnapshot_id=None,consistencygroup_id=None,display_description=None,display_name='tempest-TaggedBootDevicesTest_v242-volume-61318158',encryption_key_id=None,group_id=None,group_type_id=,metadata={},multiattach=False,project_id='aa669d08f14f415b945c7bd94d10fc0a',qos_specs=None,replication_status=,reservations=['7f46631d-4c2b-4b98-95a0-aadc0de2ef8a','f7729c6b-ffc4-45a8-b65a-1dbb37c8b512','143b5580-8329-402d-b1c9-fe44b4430059','6747fe50-4b48-4819-bef7-bc678e887810'],size=1,snapshot_id=None,source_replicaid=,source_volid=None,status='creating',user_id='6df7f047b82446c887ac315c2dd9661d',volume_type_id=1cd45b71-6542-4ba5-adfb-e3ac28866c2e)}' {{(pid=71156) _task_receiver /usr/local/lib/python3.10/dist-packages/taskflow/listeners/logging.py:178}}
Jul 24 17:48:32 user devstack@c-api.service[71156]: DEBUG cinder.volume.api [None req-69f17e31-d97d-44d9-ad5f-f2b5f9676c0b tempest-TaggedBootDevicesTest_v242-623693073 tempest-TaggedBootDevicesTest_v242-623693073-project-member] Task 'cinder.volume.flows.api.create_volume.VolumeCastTask;volume:create' (0df876fd-7cf0-4703-98c5-b7570bf22b96) transitioned into state 'RUNNING' from state 'PENDING' {{(pid=71156) _task_receiver /usr/local/lib/python3.10/dist-packages/taskflow/listeners/logging.py:190}}
Jul 24 17:48:32 user devstack@c-api.service[71158]: DEBUG cinder.api.middleware.request_id [None req-c711c681-d306-42f0-8c71-0a6f59fbda4d None None] RequestId filter calling following filter/app {{(pid=71158) _context_setter /opt/stack/cinder/cinder/api/middleware/request_id.py:62}}
Jul 24 17:48:32 user devstack@c-api.service[71158]: INFO cinder.api.openstack.wsgi [None req-c711c681-d306-42f0-8c71-0a6f59fbda4d tempest-VolumesGetTest-757524457 tempest-VolumesGetTest-757524457-project-member] GET http://10.0.0.210/volume/v3/ff9198c11c684d6da219a13f5726248d/volumes/f53eb82a-e9ed-4189-a640-4ecae00a0f7a
Jul 24 17:48:32 user devstack@c-api.service[71158]: DEBUG cinder.api.openstack.wsgi [None req-c711c681-d306-42f0-8c71-0a6f59fbda4d tempest-VolumesGetTest-757524457 tempest-VolumesGetTest-757524457-project-member] Empty body provided in request {{(pid=71158) get_body /opt/stack/cinder/cinder/api/openstack/wsgi.py:715}}
Jul 24 17:48:32 user devstack@c-api.service[71158]: DEBUG cinder.api.openstack.wsgi [None req-c711c681-d306-42f0-8c71-0a6f59fbda4d tempest-VolumesGetTest-757524457 tempest-VolumesGetTest-757524457-project-member] Calling method 'show' {{(pid=71158) _process_stack /opt/stack/cinder/cinder/api/openstack/wsgi.py:868}}
Jul 24 17:48:32 user devstack@c-api.service[71158]: INFO cinder.api.openstack.wsgi [None req-c711c681-d306-42f0-8c71-0a6f59fbda4d tempest-VolumesGetTest-757524457 tempest-VolumesGetTest-757524457-project-member] http://10.0.0.210/volume/v3/ff9198c11c684d6da219a13f5726248d/volumes/f53eb82a-e9ed-4189-a640-4ecae00a0f7a returned with HTTP 404
Jul 24 17:48:32 user devstack@c-api.service[71158]: [pid: 71158|app: 0|req: 136/398] 10.0.0.210 () {62 vars in 1402 bytes} [Mon Jul 24 17:48:32 2023] GET /volume/v3/ff9198c11c684d6da219a13f5726248d/volumes/f53eb82a-e9ed-4189-a640-4ecae00a0f7a => generated 109 bytes in 42 msecs (HTTP/1.1 404) 7 headers in 292 bytes (1 switches on core 0)
Jul 24 17:48:32 user devstack@c-api.service[71156]: DEBUG cinder.volume.api [None req-69f17e31-d97d-44d9-ad5f-f2b5f9676c0b tempest-TaggedBootDevicesTest_v242-623693073 tempest-TaggedBootDevicesTest_v242-623693073-project-member] Task 'cinder.volume.flows.api.create_volume.VolumeCastTask;volume:create' (0df876fd-7cf0-4703-98c5-b7570bf22b96) transitioned into state 'SUCCESS' from state 'RUNNING' with result 'None' {{(pid=71156) _task_receiver /usr/local/lib/python3.10/dist-packages/taskflow/listeners/logging.py:178}}
Jul 24 17:48:32 user devstack@c-api.service[71157]: DEBUG cinder.api.middleware.request_id [None req-2b809c2c-66aa-4aa6-b243-aa9c0e76ce5b None None] RequestId filter calling following filter/app {{(pid=71157) _context_setter /opt/stack/cinder/cinder/api/middleware/request_id.py:62}}
Jul 24 17:48:32 user devstack@c-api.service[71157]: INFO cinder.api.openstack.wsgi [None req-2b809c2c-66aa-4aa6-b243-aa9c0e76ce5b tempest-VolumesGetTest-757524457 tempest-VolumesGetTest-757524457-project-member] POST http://10.0.0.210/volume/v3/ff9198c11c684d6da219a13f5726248d/volumes
Jul 24 17:48:32 user devstack@c-api.service[71157]: DEBUG cinder.api.openstack.wsgi [None req-2b809c2c-66aa-4aa6-b243-aa9c0e76ce5b tempest-VolumesGetTest-757524457 tempest-VolumesGetTest-757524457-project-member] Action: 'create', calling method: create, body: {"volume": {"size": 1, "name": "tempest-VolumesGetTest-Volume-1521747115"}} {{(pid=71157) _process_stack /opt/stack/cinder/cinder/api/openstack/wsgi.py:866}}
Jul 24 17:48:32 user devstack@c-api.service[71156]: DEBUG cinder.volume.api [None req-69f17e31-d97d-44d9-ad5f-f2b5f9676c0b tempest-TaggedBootDevicesTest_v242-623693073 tempest-TaggedBootDevicesTest_v242-623693073-project-member] Flow 'volume_create_api' (626f9934-29d2-427d-a259-2f8662603335) transitioned into state 'SUCCESS' from state 'RUNNING' {{(pid=71156) _flow_receiver /usr/local/lib/python3.10/dist-packages/taskflow/listeners/logging.py:141}}
Jul 24 17:48:32 user devstack@c-api.service[71156]: INFO cinder.volume.api [None req-69f17e31-d97d-44d9-ad5f-f2b5f9676c0b tempest-TaggedBootDevicesTest_v242-623693073 tempest-TaggedBootDevicesTest_v242-623693073-project-member] Create volume request issued successfully.
Jul 24 17:48:32 user devstack@c-api.service[71157]: DEBUG cinder.api.v3.volumes [None req-2b809c2c-66aa-4aa6-b243-aa9c0e76ce5b tempest-VolumesGetTest-757524457 tempest-VolumesGetTest-757524457-project-member] Create volume request body: {'volume': {'size': 1, 'name': 'tempest-VolumesGetTest-Volume-1521747115'}} {{(pid=71157) create /opt/stack/cinder/cinder/api/v3/volumes.py:297}}
Jul 24 17:48:32 user devstack@c-api.service[71157]: INFO cinder.api.v3.volumes [None req-2b809c2c-66aa-4aa6-b243-aa9c0e76ce5b tempest-VolumesGetTest-757524457 tempest-VolumesGetTest-757524457-project-member] Create volume of 1 GB
Jul 24 17:48:32 user devstack@c-api.service[71156]: INFO cinder.api.openstack.wsgi [None req-69f17e31-d97d-44d9-ad5f-f2b5f9676c0b tempest-TaggedBootDevicesTest_v242-623693073 tempest-TaggedBootDevicesTest_v242-623693073-project-member] http://10.0.0.210/volume/v3/aa669d08f14f415b945c7bd94d10fc0a/volumes returned with HTTP 202
Jul 24 17:48:32 user devstack@c-api.service[71157]: INFO cinder.volume.api [None req-2b809c2c-66aa-4aa6-b243-aa9c0e76ce5b tempest-VolumesGetTest-757524457 tempest-VolumesGetTest-757524457-project-member] Availability Zones retrieved successfully.
Jul 24 17:48:32 user devstack@c-api.service[71156]: [pid: 71156|app: 0|req: 135/399] 10.0.0.210 () {64 vars in 1312 bytes} [Mon Jul 24 17:48:31 2023] POST /volume/v3/aa669d08f14f415b945c7bd94d10fc0a/volumes => generated 822 bytes in 423 msecs (HTTP/1.1 202) 7 headers in 291 bytes (1 switches on core 0)
Jul 24 17:48:32 user devstack@c-api.service[71157]: DEBUG cinder.volume.api [None req-2b809c2c-66aa-4aa6-b243-aa9c0e76ce5b tempest-VolumesGetTest-757524457 tempest-VolumesGetTest-757524457-project-member] Flow 'volume_create_api' (8fe21abb-4083-44f6-8e9e-ffed09e642b7) transitioned into state 'RUNNING' from state 'PENDING' {{(pid=71157) _flow_receiver /usr/local/lib/python3.10/dist-packages/taskflow/listeners/logging.py:141}}
Jul 24 17:48:32 user devstack@c-api.service[71158]: DEBUG cinder.api.middleware.request_id [None req-3b6436b2-f80e-4f59-897b-62f613657015 None None] RequestId filter calling following filter/app {{(pid=71158) _context_setter /opt/stack/cinder/cinder/api/middleware/request_id.py:62}}
Jul 24 17:48:32 user devstack@c-api.service[71157]: DEBUG cinder.volume.api [None req-2b809c2c-66aa-4aa6-b243-aa9c0e76ce5b tempest-VolumesGetTest-757524457 tempest-VolumesGetTest-757524457-project-member] Task 'cinder.volume.flows.api.create_volume.ExtractVolumeRequestTask;volume:create' (f9b2a166-3315-477d-9d0d-7e7fd414b628) transitioned into state 'RUNNING' from state 'PENDING' {{(pid=71157) _task_receiver /usr/local/lib/python3.10/dist-packages/taskflow/listeners/logging.py:190}}
Jul 24 17:48:32 user devstack@c-api.service[71157]: DEBUG cinder.volume.flows.api.create_volume [None req-2b809c2c-66aa-4aa6-b243-aa9c0e76ce5b tempest-VolumesGetTest-757524457 tempest-VolumesGetTest-757524457-project-member] Validating volume size '1' using validate_int {{(pid=71157) _extract_size /opt/stack/cinder/cinder/volume/flows/api/create_volume.py:228}}
Jul 24 17:48:32 user devstack@c-api.service[71158]: INFO cinder.api.openstack.wsgi [None req-3b6436b2-f80e-4f59-897b-62f613657015 tempest-TaggedBootDevicesTest_v242-623693073 tempest-TaggedBootDevicesTest_v242-623693073-project-member] GET http://10.0.0.210/volume/v3/aa669d08f14f415b945c7bd94d10fc0a/volumes/ba776a95-7068-4f8c-a5c1-634aa40416d0
Jul 24 17:48:32 user devstack@c-api.service[71158]: DEBUG cinder.api.openstack.wsgi [None req-3b6436b2-f80e-4f59-897b-62f613657015 tempest-TaggedBootDevicesTest_v242-623693073 tempest-TaggedBootDevicesTest_v242-623693073-project-member] Empty body provided in request {{(pid=71158) get_body /opt/stack/cinder/cinder/api/openstack/wsgi.py:715}}
Jul 24 17:48:32 user devstack@c-api.service[71158]: DEBUG cinder.api.openstack.wsgi [None req-3b6436b2-f80e-4f59-897b-62f613657015 tempest-TaggedBootDevicesTest_v242-623693073 tempest-TaggedBootDevicesTest_v242-623693073-project-member] Calling method 'show' {{(pid=71158) _process_stack /opt/stack/cinder/cinder/api/openstack/wsgi.py:868}}
Jul 24 17:48:32 user devstack@c-api.service[71158]: /usr/local/lib/python3.10/dist-packages/oslo_context/context.py:100: DeprecationWarning: Policy enforcement is depending on the value of is_admin. This key is deprecated. Please update your policy file to use the standard policy values.
Jul 24 17:48:32 user devstack@c-api.service[71158]: warnings.warn('Policy enforcement is depending on the value of '
Jul 24 17:48:32 user devstack@c-api.service[71158]: INFO cinder.volume.api [None req-3b6436b2-f80e-4f59-897b-62f613657015 tempest-TaggedBootDevicesTest_v242-623693073 tempest-TaggedBootDevicesTest_v242-623693073-project-member] Volume info retrieved successfully.
Jul 24 17:48:32 user devstack@c-api.service[71158]: INFO cinder.api.openstack.wsgi [None req-3b6436b2-f80e-4f59-897b-62f613657015 tempest-TaggedBootDevicesTest_v242-623693073 tempest-TaggedBootDevicesTest_v242-623693073-project-member] http://10.0.0.210/volume/v3/aa669d08f14f415b945c7bd94d10fc0a/volumes/ba776a95-7068-4f8c-a5c1-634aa40416d0 returned with HTTP 200
Jul 24 17:48:32 user devstack@c-api.service[71158]: [pid: 71158|app: 0|req: 137/400] 10.0.0.210 () {62 vars in 1402 bytes} [Mon Jul 24 17:48:32 2023] GET /volume/v3/aa669d08f14f415b945c7bd94d10fc0a/volumes/ba776a95-7068-4f8c-a5c1-634aa40416d0 => generated 890 bytes in 39 msecs (HTTP/1.1 200) 7 headers in 285 bytes (1 switches on core 0)
Jul 24 17:48:32 user devstack@c-api.service[71157]: DEBUG cinder.volume.api [None req-2b809c2c-66aa-4aa6-b243-aa9c0e76ce5b tempest-VolumesGetTest-757524457 tempest-VolumesGetTest-757524457-project-member] Task 'cinder.volume.flows.api.create_volume.ExtractVolumeRequestTask;volume:create' (f9b2a166-3315-477d-9d0d-7e7fd414b628) transitioned into state 'SUCCESS' from state 'RUNNING' with result '{'size': 1, 'snapshot_id': None, 'source_volid': None, 'volume_type': VolumeType(created_at=2023-07-24T17:43:30Z,deleted=False,deleted_at=None,description=None,extra_specs={volume_backend_name='joviandss-2'},id=1cd45b71-6542-4ba5-adfb-e3ac28866c2e,is_public=True,name='joviandss-2',projects=[],qos_specs=,qos_specs_id=None,updated_at=None), 'volume_type_id': '1cd45b71-6542-4ba5-adfb-e3ac28866c2e', 'encryption_key_id': None, 'qos_specs': None, 'consistencygroup_id': None, 'cgsnapshot_id': None, 'group_id': None, 'replication_status': 'disabled', 'refresh_az': False, 'backup_id': None, 'multiattach': False, 'availability_zones': ['nova']}' {{(pid=71157) _task_receiver /usr/local/lib/python3.10/dist-packages/taskflow/listeners/logging.py:178}}
Jul 24 17:48:32 user devstack@c-api.service[71157]: DEBUG cinder.volume.api [None req-2b809c2c-66aa-4aa6-b243-aa9c0e76ce5b tempest-VolumesGetTest-757524457 tempest-VolumesGetTest-757524457-project-member] Task 'cinder.volume.flows.api.create_volume.QuotaReserveTask;volume:create' (8bf14fe4-55ac-472d-bf4b-561994e4e00d) transitioned into state 'RUNNING' from state 'PENDING' {{(pid=71157) _task_receiver /usr/local/lib/python3.10/dist-packages/taskflow/listeners/logging.py:190}}
Jul 24 17:48:32 user devstack@c-api.service[71157]: DEBUG dbcounter [-] [71157] Writing DB stats cinder:SELECT=91,cinder:INSERT=7,cinder:UPDATE=2 {{(pid=71157) stat_writer /usr/local/lib/python3.10/dist-packages/dbcounter.py:117}}
Jul 24 17:48:32 user devstack@c-api.service[71157]: DEBUG cinder.quota [None req-2b809c2c-66aa-4aa6-b243-aa9c0e76ce5b tempest-VolumesGetTest-757524457 tempest-VolumesGetTest-757524457-project-member] Created reservations ['893b8e4e-5283-4ff2-8fe6-f2e20e56ca1b', 'ea365d44-1a38-4eed-b59e-b8b3ba4a6545', '14a7160a-8a34-4e4b-8a4d-4a0a4700d7c4', '1a5625ef-faec-4014-8947-c3c2754cdc83'] {{(pid=71157) reserve /opt/stack/cinder/cinder/quota.py:755}}
Jul 24 17:48:32 user devstack@c-api.service[71157]: DEBUG cinder.volume.api [None req-2b809c2c-66aa-4aa6-b243-aa9c0e76ce5b tempest-VolumesGetTest-757524457 tempest-VolumesGetTest-757524457-project-member] Task 'cinder.volume.flows.api.create_volume.QuotaReserveTask;volume:create' (8bf14fe4-55ac-472d-bf4b-561994e4e00d) transitioned into state 'SUCCESS' from state 'RUNNING' with result '{'reservations': ['893b8e4e-5283-4ff2-8fe6-f2e20e56ca1b', 'ea365d44-1a38-4eed-b59e-b8b3ba4a6545', '14a7160a-8a34-4e4b-8a4d-4a0a4700d7c4', '1a5625ef-faec-4014-8947-c3c2754cdc83']}' {{(pid=71157) _task_receiver /usr/local/lib/python3.10/dist-packages/taskflow/listeners/logging.py:178}}
Jul 24 17:48:32 user devstack@c-api.service[71157]: DEBUG cinder.volume.api [None req-2b809c2c-66aa-4aa6-b243-aa9c0e76ce5b tempest-VolumesGetTest-757524457 tempest-VolumesGetTest-757524457-project-member] Task 'cinder.volume.flows.api.create_volume.EntryCreateTask;volume:create' (40013b93-0dc5-458e-8d24-dad17df2e78b) transitioned into state 'RUNNING' from state 'PENDING' {{(pid=71157) _task_receiver /usr/local/lib/python3.10/dist-packages/taskflow/listeners/logging.py:190}}
