Jul 24 17:37:29 user devstack@keystone.service[42153]: DEBUG keystone.auth.core [None req-c0575a4f-a7ad-43e2-87d9-1f5e41155e8a None None] MFA Rules not processed for user `52d6a649281a437c8eede6f974078969`. Rule list: `[]` (Enabled: `True`). {{(pid=42153) check_auth_methods_against_rules /opt/stack/keystone/keystone/auth/core.py:438}}
Jul 24 17:37:29 user devstack@keystone.service[42153]: DEBUG keystone.common.fernet_utils [None req-c0575a4f-a7ad-43e2-87d9-1f5e41155e8a None None] Loaded 2 Fernet keys from /etc/keystone/fernet-keys/, but `[fernet_tokens] max_active_keys = 3`; perhaps there have not been enough key rotations to reach `max_active_keys` yet? {{(pid=42153) load_keys /opt/stack/keystone/keystone/common/fernet_utils.py:286}}
Jul 24 17:37:29 user devstack@keystone.service[42151]: [pid: 42151|app: 0|req: 8/26] 10.0.0.210 () {58 vars in 1017 bytes} [Mon Jul 24 17:37:29 2023] POST /identity/v3/auth/tokens => generated 798 bytes in 158 msecs (HTTP/1.1 201) 6 headers in 363 bytes (1 switches on core 0)
Jul 24 17:37:29 user devstack@keystone.service[42153]: DEBUG dbcounter [-] [42153] Writing DB stats keystone:SELECT=100 {{(pid=42153) stat_writer /usr/local/lib/python3.10/dist-packages/dbcounter.py:117}}
Jul 24 17:37:29 user devstack@keystone.service[42152]: DEBUG keystone.server.flask.request_processing.req_logging [None req-fcb1afc5-6cc9-4b6c-988e-1289a3acd21f None None] REQUEST_METHOD: `GET` {{(pid=42152) log_request_info /opt/stack/keystone/keystone/server/flask/request_processing/req_logging.py:27}}
Jul 24 17:37:29 user devstack@keystone.service[42152]: DEBUG keystone.server.flask.request_processing.req_logging [None req-fcb1afc5-6cc9-4b6c-988e-1289a3acd21f None None] SCRIPT_NAME: `/identity` {{(pid=42152) log_request_info /opt/stack/keystone/keystone/server/flask/request_processing/req_logging.py:28}}
Jul 24 17:37:29 user devstack@keystone.service[42152]: DEBUG keystone.server.flask.request_processing.req_logging [None req-fcb1afc5-6cc9-4b6c-988e-1289a3acd21f None None] PATH_INFO: `/` {{(pid=42152) log_request_info /opt/stack/keystone/keystone/server/flask/request_processing/req_logging.py:29}}
Jul 24 17:37:29 user devstack@keystone.service[42152]: [pid: 42152|app: 0|req: 11/27] 10.0.0.210 () {54 vars in 920 bytes} [Mon Jul 24 17:37:29 2023] GET /identity => generated 269 bytes in 3 msecs (HTTP/1.1 300) 6 headers in 233 bytes (1 switches on core 0)
Jul 24 17:37:29 user devstack@keystone.service[42151]: DEBUG keystone.server.flask.request_processing.req_logging [None req-db849c66-4fee-41da-bbd5-e71c46e35589 None None] REQUEST_METHOD: `POST` {{(pid=42151) log_request_info /opt/stack/keystone/keystone/server/flask/request_processing/req_logging.py:27}}
Jul 24 17:37:29 user devstack@keystone.service[42151]: DEBUG keystone.server.flask.request_processing.req_logging [None req-db849c66-4fee-41da-bbd5-e71c46e35589 None None] SCRIPT_NAME: `/identity` {{(pid=42151) log_request_info /opt/stack/keystone/keystone/server/flask/request_processing/req_logging.py:28}}
Jul 24 17:37:29 user devstack@keystone.service[42151]: DEBUG keystone.server.flask.request_processing.req_logging [None req-db849c66-4fee-41da-bbd5-e71c46e35589 None None] PATH_INFO: `/v3/auth/tokens` {{(pid=42151) log_request_info /opt/stack/keystone/keystone/server/flask/request_processing/req_logging.py:29}}
Jul 24 17:37:29 user devstack@keystone.service[42151]: WARNING keystone.common.password_hashing [None req-db849c66-4fee-41da-bbd5-e71c46e35589 None None] Truncating password to algorithm specific maximum length 54 characters.
Jul 24 17:37:29 user devstack@keystone.service[42151]: DEBUG keystone.auth.core [None req-db849c66-4fee-41da-bbd5-e71c46e35589 None None] MFA Rules not processed for user `52d6a649281a437c8eede6f974078969`. Rule list: `[]` (Enabled: `True`). {{(pid=42151) check_auth_methods_against_rules /opt/stack/keystone/keystone/auth/core.py:438}}
Jul 24 17:37:29 user devstack@keystone.service[42153]: [pid: 42153|app: 0|req: 9/28] 10.0.0.210 () {58 vars in 1017 bytes} [Mon Jul 24 17:37:29 2023] POST /identity/v3/auth/tokens => generated 798 bytes in 158 msecs (HTTP/1.1 201) 6 headers in 363 bytes (1 switches on core 0)
Jul 24 17:37:29 user devstack@keystone.service[42151]: DEBUG keystone.common.fernet_utils [None req-db849c66-4fee-41da-bbd5-e71c46e35589 None None] Loaded 2 Fernet keys from /etc/keystone/fernet-keys/, but `[fernet_tokens] max_active_keys = 3`; perhaps there have not been enough key rotations to reach `max_active_keys` yet? {{(pid=42151) load_keys /opt/stack/keystone/keystone/common/fernet_utils.py:286}}
Jul 24 17:37:29 user devstack@keystone.service[42152]: DEBUG keystone.server.flask.request_processing.middleware.auth_context [None req-fcb1afc5-6cc9-4b6c-988e-1289a3acd21f None None] Authenticating user token {{(pid=42152) process_request /usr/local/lib/python3.10/dist-packages/keystonemiddleware/auth_token/__init__.py:406}}
Jul 24 17:37:29 user devstack@keystone.service[42151]: [pid: 42151|app: 0|req: 9/29] 10.0.0.210 () {58 vars in 1017 bytes} [Mon Jul 24 17:37:29 2023] POST /identity/v3/auth/tokens => generated 798 bytes in 81 msecs (HTTP/1.1 201) 6 headers in 363 bytes (2 switches on core 0)
Jul 24 17:37:29 user devstack@keystone.service[42152]: DEBUG dbcounter [-] [42152] Writing DB stats keystone:SELECT=99,keystone:INSERT=1 {{(pid=42152) stat_writer /usr/local/lib/python3.10/dist-packages/dbcounter.py:117}}
Jul 24 17:37:29 user devstack@keystone.service[42152]: DEBUG keystone.server.flask.request_processing.middleware.auth_context [None req-fcb1afc5-6cc9-4b6c-988e-1289a3acd21f None None] Validating token access rules against request {{(pid=42152) validate_allowed_request /usr/local/lib/python3.10/dist-packages/keystonemiddleware/auth_token/__init__.py:544}}
Jul 24 17:37:29 user devstack@keystone.service[42153]: DEBUG keystone.server.flask.request_processing.middleware.auth_context [None req-c0575a4f-a7ad-43e2-87d9-1f5e41155e8a None None] Authenticating user token {{(pid=42153) process_request /usr/local/lib/python3.10/dist-packages/keystonemiddleware/auth_token/__init__.py:406}}
Jul 24 17:37:29 user devstack@keystone.service[42152]: DEBUG keystone.server.flask.request_processing.middleware.auth_context [None req-8c0b3ea3-821c-4c91-83ea-7ba04e96adcf None admin] RBAC: auth_context: {'token': , 'domain_id': None, 'trust_id': None, 'trustor_id': None, 'trustee_id': None, 'domain_name': None, 'group_ids': [], 'user_id': '52d6a649281a437c8eede6f974078969', 'user_domain_id': 'default', 'system_scope': 'all', 'project_id': None, 'project_domain_id': None, 'roles': ['admin', 'member', 'reader'], 'is_admin_project': True, 'service_user_id': None, 'service_user_domain_id': None, 'service_project_id': None, 'service_project_domain_id': None, 'service_roles': []} {{(pid=42152) fill_context /opt/stack/keystone/keystone/server/flask/request_processing/middleware/auth_context.py:480}}
Jul 24 17:37:29 user devstack@keystone.service[42152]: DEBUG keystone.server.flask.request_processing.req_logging [None req-8c0b3ea3-821c-4c91-83ea-7ba04e96adcf None admin] REQUEST_METHOD: `GET` {{(pid=42152) log_request_info /opt/stack/keystone/keystone/server/flask/request_processing/req_logging.py:27}}
Jul 24 17:37:29 user devstack@keystone.service[42152]: DEBUG keystone.server.flask.request_processing.req_logging [None req-8c0b3ea3-821c-4c91-83ea-7ba04e96adcf None admin] SCRIPT_NAME: `/identity` {{(pid=42152) log_request_info /opt/stack/keystone/keystone/server/flask/request_processing/req_logging.py:28}}
Jul 24 17:37:29 user devstack@keystone.service[42152]: DEBUG keystone.server.flask.request_processing.req_logging [None req-8c0b3ea3-821c-4c91-83ea-7ba04e96adcf None admin] PATH_INFO: `/v3/domains/Default` {{(pid=42152) log_request_info /opt/stack/keystone/keystone/server/flask/request_processing/req_logging.py:29}}
Jul 24 17:37:29 user devstack@keystone.service[42152]: DEBUG keystone.common.rbac_enforcer.enforcer [None req-8c0b3ea3-821c-4c91-83ea-7ba04e96adcf None admin] RBAC: Authorizing `identity:get_domain(domain_id=Default)` {{(pid=42152) enforce_call /opt/stack/keystone/keystone/common/rbac_enforcer/enforcer.py:449}}
Jul 24 17:37:29 user devstack@keystone.service[42152]: DEBUG keystone.common.rbac_enforcer.enforcer [None req-8c0b3ea3-821c-4c91-83ea-7ba04e96adcf None admin] RBAC: Authorization granted {{(pid=42152) enforce_call /opt/stack/keystone/keystone/common/rbac_enforcer/enforcer.py:457}}
Jul 24 17:37:29 user devstack@keystone.service[42152]: ERROR keystone.server.flask.application [None req-8c0b3ea3-821c-4c91-83ea-7ba04e96adcf None admin] Could not find domain: Default.: keystone.exception.DomainNotFound: Could not find domain: Default.
Jul 24 17:37:29 user devstack@keystone.service[42152]: ERROR keystone.server.flask.application
Traceback (most recent call last):
Jul 24 17:37:29 user devstack@keystone.service[42152]: ERROR keystone.server.flask.application
File "/usr/local/lib/python3.10/dist-packages/flask/app.py", line 1823, in full_dispatch_request
Jul 24 17:37:29 user devstack@keystone.service[42152]: ERROR keystone.server.flask.application rv = self.dispatch_request()
Jul 24 17:37:29 user devstack@keystone.service[42152]: ERROR keystone.server.flask.application
File "/usr/local/lib/python3.10/dist-packages/flask/app.py", line 1799, in dispatch_request
Jul 24 17:37:29 user devstack@keystone.service[42152]: ERROR keystone.server.flask.application return self.ensure_sync(self.view_functions[rule.endpoint])(**view_args)
Jul 24 17:37:29 user devstack@keystone.service[42152]: ERROR keystone.server.flask.application
File "/usr/local/lib/python3.10/dist-packages/flask_restful/__init__.py", line 467, in wrapper
Jul 24 17:37:29 user devstack@keystone.service[42152]: ERROR keystone.server.flask.application resp = resource(*args, **kwargs)
Jul 24 17:37:29 user devstack@keystone.service[42152]: ERROR keystone.server.flask.application
File "/usr/local/lib/python3.10/dist-packages/flask/views.py", line 107, in view
Jul 24 17:37:29 user devstack@keystone.service[42152]: ERROR keystone.server.flask.application return current_app.ensure_sync(self.dispatch_request)(**kwargs)
Jul 24 17:37:29 user devstack@keystone.service[42152]: ERROR keystone.server.flask.application
File "/usr/local/lib/python3.10/dist-packages/flask_restful/__init__.py", line 582, in dispatch_request
Jul 24 17:37:29 user devstack@keystone.service[42152]: ERROR keystone.server.flask.application resp = meth(*args, **kwargs)
Jul 24 17:37:29 user devstack@keystone.service[42152]: ERROR keystone.server.flask.application
File "/opt/stack/keystone/keystone/api/domains.py", line 89, in get
Jul 24 17:37:29 user devstack@keystone.service[42152]: ERROR keystone.server.flask.application return self._get_domain(domain_id)
Jul 24 17:37:29 user devstack@keystone.service[42152]: ERROR keystone.server.flask.application
File "/opt/stack/keystone/keystone/api/domains.py", line 97, in _get_domain
Jul 24 17:37:29 user devstack@keystone.service[42152]: ERROR keystone.server.flask.application domain = PROVIDERS.resource_api.get_domain(domain_id)
Jul 24 17:37:29 user devstack@keystone.service[42152]: ERROR keystone.server.flask.application
File "/opt/stack/keystone/keystone/common/manager.py", line 115, in wrapped
Jul 24 17:37:29 user devstack@keystone.service[42152]: ERROR keystone.server.flask.application __ret_val = __f(*args, **kwargs)
Jul 24 17:37:29 user devstack@keystone.service[42152]: ERROR keystone.server.flask.application
File "/usr/local/lib/python3.10/dist-packages/decorator.py", line 232, in fun
Jul 24 17:37:29 user devstack@keystone.service[42152]: ERROR keystone.server.flask.application return caller(func, *(extras + args), **kw)
Jul 24 17:37:29 user devstack@keystone.service[42152]: ERROR keystone.server.flask.application
File "/usr/local/lib/python3.10/dist-packages/dogpile/cache/region.py", line 1577, in get_or_create_for_user_func
Jul 24 17:37:29 user devstack@keystone.service[42152]: ERROR keystone.server.flask.application return self.get_or_create(
Jul 24 17:37:29 user devstack@keystone.service[42152]: ERROR keystone.server.flask.application
File "/usr/local/lib/python3.10/dist-packages/dogpile/cache/region.py", line 1042, in get_or_create
Jul 24 17:37:29 user devstack@keystone.service[42152]: ERROR keystone.server.flask.application with Lock(
Jul 24 17:37:29 user devstack@keystone.service[42152]: ERROR keystone.server.flask.application
File "/usr/local/lib/python3.10/dist-packages/dogpile/lock.py", line 185, in __enter__
Jul 24 17:37:29 user devstack@keystone.service[42152]: ERROR keystone.server.flask.application return self._enter()
Jul 24 17:37:29 user devstack@keystone.service[42152]: ERROR keystone.server.flask.application
File "/usr/local/lib/python3.10/dist-packages/dogpile/lock.py", line 94, in _enter
Jul 24 17:37:29 user devstack@keystone.service[42152]: ERROR keystone.server.flask.application generated = self._enter_create(value, createdtime)
Jul 24 17:37:29 user devstack@keystone.service[42152]: ERROR keystone.server.flask.application
File "/usr/local/lib/python3.10/dist-packages/dogpile/lock.py", line 178, in _enter_create
Jul 24 17:37:29 user devstack@keystone.service[42152]: ERROR keystone.server.flask.application return self.creator()
Jul 24 17:37:29 user devstack@keystone.service[42152]: ERROR keystone.server.flask.application
File "/usr/local/lib/python3.10/dist-packages/dogpile/cache/region.py", line 995, in gen_value
Jul 24 17:37:29 user devstack@keystone.service[42152]: ERROR keystone.server.flask.application created_value = creator(
Jul 24 17:37:29 user devstack@keystone.service[42152]: ERROR keystone.server.flask.application
File "/opt/stack/keystone/keystone/resource/core.py", line 716, in get_domain
Jul 24 17:37:29 user devstack@keystone.service[42152]: ERROR keystone.server.flask.application raise exception.DomainNotFound(domain_id=domain_id)
Jul 24 17:37:29 user devstack@keystone.service[42152]: ERROR keystone.server.flask.application keystone.exception.DomainNotFound: Could not find domain: Default.
Jul 24 17:37:29 user devstack@keystone.service[42152]: ERROR keystone.server.flask.application
Jul 24 17:37:29 user devstack@keystone.service[42152]: [pid: 42152|app: 0|req: 12/30] 10.0.0.210 () {56 vars in 1103 bytes} [Mon Jul 24 17:37:29 2023] GET /identity/v3/domains/Default => generated 87 bytes in 156 msecs (HTTP/1.1 404) 5 headers in 183 bytes (1 switches on core 0)
Jul 24 17:37:29 user devstack@keystone.service[42151]: DEBUG keystone.server.flask.request_processing.middleware.auth_context [None req-db849c66-4fee-41da-bbd5-e71c46e35589 None None] Authenticating user token {{(pid=42151) process_request /usr/local/lib/python3.10/dist-packages/keystonemiddleware/auth_token/__init__.py:406}}
Jul 24 17:37:29 user devstack@keystone.service[42152]: DEBUG keystone.server.flask.request_processing.middleware.auth_context [None req-8c0b3ea3-821c-4c91-83ea-7ba04e96adcf None admin] Authenticating user token {{(pid=42152) process_request /usr/local/lib/python3.10/dist-packages/keystonemiddleware/auth_token/__init__.py:406}}
Jul 24 17:37:29 user devstack@keystone.service[42153]: DEBUG keystone.server.flask.request_processing.middleware.auth_context [None req-c0575a4f-a7ad-43e2-87d9-1f5e41155e8a None None] Validating token access rules against request {{(pid=42153) validate_allowed_request /usr/local/lib/python3.10/dist-packages/keystonemiddleware/auth_token/__init__.py:544}}
Jul 24 17:37:29 user devstack@keystone.service[42153]: DEBUG keystone.server.flask.request_processing.middleware.auth_context [None req-7a5f1842-115a-4068-b04c-8794d1291ffc None admin] RBAC: auth_context: {'token': , 'domain_id': None, 'trust_id': None, 'trustor_id': None, 'trustee_id': None, 'domain_name': None, 'group_ids': [], 'user_id': '52d6a649281a437c8eede6f974078969', 'user_domain_id': 'default', 'system_scope': 'all', 'project_id': None, 'project_domain_id': None, 'roles': ['admin', 'member', 'reader'], 'is_admin_project': True, 'service_user_id': None, 'service_user_domain_id': None, 'service_project_id': None, 'service_project_domain_id': None, 'service_roles': []} {{(pid=42153) fill_context /opt/stack/keystone/keystone/server/flask/request_processing/middleware/auth_context.py:480}}
Jul 24 17:37:29 user devstack@keystone.service[42153]: DEBUG keystone.server.flask.request_processing.req_logging [None req-7a5f1842-115a-4068-b04c-8794d1291ffc None admin] REQUEST_METHOD: `POST` {{(pid=42153) log_request_info /opt/stack/keystone/keystone/server/flask/request_processing/req_logging.py:27}}
Jul 24 17:37:29 user devstack@keystone.service[42153]: DEBUG keystone.server.flask.request_processing.req_logging [None req-7a5f1842-115a-4068-b04c-8794d1291ffc None admin] SCRIPT_NAME: `/identity` {{(pid=42153) log_request_info /opt/stack/keystone/keystone/server/flask/request_processing/req_logging.py:28}}
Jul 24 17:37:29 user devstack@keystone.service[42153]: DEBUG keystone.server.flask.request_processing.req_logging [None req-7a5f1842-115a-4068-b04c-8794d1291ffc None admin] PATH_INFO: `/v3/roles` {{(pid=42153) log_request_info /opt/stack/keystone/keystone/server/flask/request_processing/req_logging.py:29}}
Jul 24 17:37:29 user devstack@keystone.service[42153]: DEBUG keystone.common.rbac_enforcer.enforcer [None req-7a5f1842-115a-4068-b04c-8794d1291ffc None admin] RBAC: Authorizing `identity:create_role()` {{(pid=42153) enforce_call /opt/stack/keystone/keystone/common/rbac_enforcer/enforcer.py:449}}
Jul 24 17:37:29 user devstack@keystone.service[42153]: DEBUG keystone.common.rbac_enforcer.enforcer [None req-7a5f1842-115a-4068-b04c-8794d1291ffc None admin] RBAC: Authorization granted {{(pid=42153) enforce_call /opt/stack/keystone/keystone/common/rbac_enforcer/enforcer.py:457}}
Jul 24 17:37:29 user devstack@keystone.service[42151]: DEBUG dbcounter [-] [42151] Writing DB stats keystone:SELECT=100 {{(pid=42151) stat_writer /usr/local/lib/python3.10/dist-packages/dbcounter.py:117}}
Jul 24 17:37:29 user devstack@keystone.service[42151]: DEBUG keystone.server.flask.request_processing.middleware.auth_context [None req-db849c66-4fee-41da-bbd5-e71c46e35589 None None] Validating token access rules against request {{(pid=42151) validate_allowed_request /usr/local/lib/python3.10/dist-packages/keystonemiddleware/auth_token/__init__.py:544}}
Jul 24 17:37:29 user devstack@keystone.service[42152]: DEBUG keystone.server.flask.request_processing.middleware.auth_context [None req-8c0b3ea3-821c-4c91-83ea-7ba04e96adcf None admin] Validating token access rules against request {{(pid=42152) validate_allowed_request /usr/local/lib/python3.10/dist-packages/keystonemiddleware/auth_token/__init__.py:544}}
Jul 24 17:37:29 user devstack@keystone.service[42151]: DEBUG keystone.server.flask.request_processing.middleware.auth_context [None req-bd7c265d-bb27-48e2-a699-54c6cb1c93dc None admin] RBAC: auth_context: {'token': , 'domain_id': None, 'trust_id': None, 'trustor_id': None, 'trustee_id': None, 'domain_name': None, 'group_ids': [], 'user_id': '52d6a649281a437c8eede6f974078969', 'user_domain_id': 'default', 'system_scope': 'all', 'project_id': None, 'project_domain_id': None, 'roles': ['admin', 'member', 'reader'], 'is_admin_project': True, 'service_user_id': None, 'service_user_domain_id': None, 'service_project_id': None, 'service_project_domain_id': None, 'service_roles': []} {{(pid=42151) fill_context /opt/stack/keystone/keystone/server/flask/request_processing/middleware/auth_context.py:480}}
Jul 24 17:37:29 user devstack@keystone.service[42151]: DEBUG keystone.server.flask.request_processing.req_logging [None req-bd7c265d-bb27-48e2-a699-54c6cb1c93dc None admin] REQUEST_METHOD: `GET` {{(pid=42151) log_request_info /opt/stack/keystone/keystone/server/flask/request_processing/req_logging.py:27}}
Jul 24 17:37:29 user devstack@keystone.service[42151]: DEBUG keystone.server.flask.request_processing.req_logging [None req-bd7c265d-bb27-48e2-a699-54c6cb1c93dc None admin] SCRIPT_NAME: `/identity` {{(pid=42151) log_request_info /opt/stack/keystone/keystone/server/flask/request_processing/req_logging.py:28}}
Jul 24 17:37:29 user devstack@keystone.service[42151]: DEBUG keystone.server.flask.request_processing.req_logging [None req-bd7c265d-bb27-48e2-a699-54c6cb1c93dc None admin] PATH_INFO: `/v3/domains` {{(pid=42151) log_request_info /opt/stack/keystone/keystone/server/flask/request_processing/req_logging.py:29}}
Jul 24 17:37:29 user devstack@keystone.service[42151]: DEBUG keystone.common.rbac_enforcer.enforcer [None req-bd7c265d-bb27-48e2-a699-54c6cb1c93dc None admin] RBAC: Adding query filter params (name=Default) {{(pid=42151) _extract_filter_values /opt/stack/keystone/keystone/common/rbac_enforcer/enforcer.py:167}}
Jul 24 17:37:29 user devstack@keystone.service[42151]: DEBUG keystone.common.rbac_enforcer.enforcer [None req-bd7c265d-bb27-48e2-a699-54c6cb1c93dc None admin] RBAC: Authorizing `identity:list_domains()` {{(pid=42151) enforce_call /opt/stack/keystone/keystone/common/rbac_enforcer/enforcer.py:449}}
Jul 24 17:37:29 user devstack@keystone.service[42151]: DEBUG keystone.common.rbac_enforcer.enforcer [None req-bd7c265d-bb27-48e2-a699-54c6cb1c93dc None admin] RBAC: Authorization granted {{(pid=42151) enforce_call /opt/stack/keystone/keystone/common/rbac_enforcer/enforcer.py:457}}
Jul 24 17:37:29 user devstack@keystone.service[42151]: [pid: 42151|app: 0|req: 10/31] 10.0.0.210 () {56 vars in 1104 bytes} [Mon Jul 24 17:37:29 2023] GET /identity/v3/domains?name=Default => generated 306 bytes in 142 msecs (HTTP/1.1 200) 5 headers in 177 bytes (1 switches on core 0)
Jul 24 17:37:29 user devstack@keystone.service[42152]: DEBUG keystone.server.flask.request_processing.middleware.auth_context [None req-5e37f033-c716-47bb-afe2-dd93c61bfb34 None admin] RBAC: auth_context: {'token': , 'domain_id': None, 'trust_id': None, 'trustor_id': None, 'trustee_id': None, 'domain_name': None, 'group_ids': [], 'user_id': '52d6a649281a437c8eede6f974078969', 'user_domain_id': 'default', 'system_scope': 'all', 'project_id': None, 'project_domain_id': None, 'roles': ['admin', 'member', 'reader'], 'is_admin_project': True, 'service_user_id': None, 'service_user_domain_id': None, 'service_project_id': None, 'service_project_domain_id': None, 'service_roles': []} {{(pid=42152) fill_context /opt/stack/keystone/keystone/server/flask/request_processing/middleware/auth_context.py:480}}
Jul 24 17:37:29 user devstack@keystone.service[42152]: DEBUG keystone.server.flask.request_processing.req_logging [None req-5e37f033-c716-47bb-afe2-dd93c61bfb34 None admin] REQUEST_METHOD: `GET` {{(pid=42152) log_request_info /opt/stack/keystone/keystone/server/flask/request_processing/req_logging.py:27}}
Jul 24 17:37:29 user devstack@keystone.service[42152]: DEBUG keystone.server.flask.request_processing.req_logging [None req-5e37f033-c716-47bb-afe2-dd93c61bfb34 None admin] SCRIPT_NAME: `/identity` {{(pid=42152) log_request_info /opt/stack/keystone/keystone/server/flask/request_processing/req_logging.py:28}}
Jul 24 17:37:29 user devstack@keystone.service[42152]: DEBUG keystone.server.flask.request_processing.req_logging [None req-5e37f033-c716-47bb-afe2-dd93c61bfb34 None admin] PATH_INFO: `/v3/roles/admin` {{(pid=42152) log_request_info /opt/stack/keystone/keystone/server/flask/request_processing/req_logging.py:29}}
Jul 24 17:37:29 user devstack@keystone.service[42151]: DEBUG keystone.server.flask.request_processing.middleware.auth_context [None req-bd7c265d-bb27-48e2-a699-54c6cb1c93dc None admin] Authenticating user token {{(pid=42151) process_request /usr/local/lib/python3.10/dist-packages/keystonemiddleware/auth_token/__init__.py:406}}
Jul 24 17:37:29 user devstack@keystone.service[42152]: DEBUG keystone.common.rbac_enforcer.enforcer [None req-5e37f033-c716-47bb-afe2-dd93c61bfb34 None admin] Extracting inferred target data resulted in "NOT FOUND (404)". {{(pid=42152) enforce_call /opt/stack/keystone/keystone/common/rbac_enforcer/enforcer.py:409}}
Jul 24 17:37:29 user devstack@keystone.service[42152]: ERROR keystone.server.flask.application [None req-5e37f033-c716-47bb-afe2-dd93c61bfb34 None admin] Could not find role: admin.: keystone.exception.RoleNotFound: Could not find role: admin.
Jul 24 17:37:29 user devstack@keystone.service[42152]: ERROR keystone.server.flask.application
Traceback (most recent call last):
Jul 24 17:37:29 user devstack@keystone.service[42152]: ERROR keystone.server.flask.application
File "/usr/local/lib/python3.10/dist-packages/flask/app.py", line 1823, in full_dispatch_request
Jul 24 17:37:29 user devstack@keystone.service[42152]: ERROR keystone.server.flask.application rv = self.dispatch_request()
Jul 24 17:37:29 user devstack@keystone.service[42152]: ERROR keystone.server.flask.application
File "/usr/local/lib/python3.10/dist-packages/flask/app.py", line 1799, in dispatch_request
Jul 24 17:37:29 user devstack@keystone.service[42152]: ERROR keystone.server.flask.application return self.ensure_sync(self.view_functions[rule.endpoint])(**view_args)
Jul 24 17:37:29 user devstack@keystone.service[42152]: ERROR keystone.server.flask.application
File "/usr/local/lib/python3.10/dist-packages/flask_restful/__init__.py", line 467, in wrapper
Jul 24 17:37:29 user devstack@keystone.service[42152]: ERROR keystone.server.flask.application resp = resource(*args, **kwargs)
Jul 24 17:37:29 user devstack@keystone.service[42152]: ERROR keystone.server.flask.application
File "/usr/local/lib/python3.10/dist-packages/flask/views.py", line 107, in view
Jul 24 17:37:29 user devstack@keystone.service[42152]: ERROR keystone.server.flask.application return current_app.ensure_sync(self.dispatch_request)(**kwargs)
Jul 24 17:37:29 user devstack@keystone.service[42152]: ERROR keystone.server.flask.application
File "/usr/local/lib/python3.10/dist-packages/flask_restful/__init__.py", line 582, in dispatch_request
Jul 24 17:37:29 user devstack@keystone.service[42152]: ERROR keystone.server.flask.application resp = meth(*args, **kwargs)
Jul 24 17:37:29 user devstack@keystone.service[42152]: ERROR keystone.server.flask.application
File "/opt/stack/keystone/keystone/api/roles.py", line 50, in get
Jul 24 17:37:29 user devstack@keystone.service[42152]: ERROR keystone.server.flask.application return self._get_role(role_id)
Jul 24 17:37:29 user devstack@keystone.service[42152]: ERROR keystone.server.flask.application
File "/opt/stack/keystone/keystone/api/roles.py", line 70, in _get_role
Jul 24 17:37:29 user devstack@keystone.service[42152]: ERROR keystone.server.flask.application ENFORCER.enforce_call(action='identity:get_role')
Jul 24 17:37:29 user devstack@keystone.service[42152]: ERROR keystone.server.flask.application
File "/opt/stack/keystone/keystone/common/rbac_enforcer/enforcer.py", line 402, in enforce_call
Jul 24 17:37:29 user devstack@keystone.service[42152]: ERROR keystone.server.flask.application policy_dict.update(cls._extract_member_target_data(
Jul 24 17:37:29 user devstack@keystone.service[42152]: ERROR keystone.server.flask.application
File "/opt/stack/keystone/keystone/common/rbac_enforcer/enforcer.py", line 234, in _extract_member_target_data
Jul 24 17:37:29 user devstack@keystone.service[42152]: ERROR keystone.server.flask.application member_name: func(flask.request.view_args[key])
Jul 24 17:37:29 user devstack@keystone.service[42152]: ERROR keystone.server.flask.application
File "/opt/stack/keystone/keystone/common/manager.py", line 115, in wrapped
Jul 24 17:37:29 user devstack@keystone.service[42152]: ERROR keystone.server.flask.application __ret_val = __f(*args, **kwargs)
Jul 24 17:37:29 user devstack@keystone.service[42152]: ERROR keystone.server.flask.application
File "/usr/local/lib/python3.10/dist-packages/decorator.py", line 232, in fun
Jul 24 17:37:29 user devstack@keystone.service[42152]: ERROR keystone.server.flask.application return caller(func, *(extras + args), **kw)
Jul 24 17:37:29 user devstack@keystone.service[42152]: ERROR keystone.server.flask.application
File "/usr/local/lib/python3.10/dist-packages/dogpile/cache/region.py", line 1577, in get_or_create_for_user_func
Jul 24 17:37:29 user devstack@keystone.service[42152]: ERROR keystone.server.flask.application return self.get_or_create(
Jul 24 17:37:29 user devstack@keystone.service[42152]: ERROR keystone.server.flask.application
File "/usr/local/lib/python3.10/dist-packages/dogpile/cache/region.py", line 1042, in get_or_create
Jul 24 17:37:29 user devstack@keystone.service[42152]: ERROR keystone.server.flask.application with Lock(
Jul 24 17:37:29 user devstack@keystone.service[42152]: ERROR keystone.server.flask.application
File "/usr/local/lib/python3.10/dist-packages/dogpile/lock.py", line 185, in __enter__
Jul 24 17:37:29 user devstack@keystone.service[42152]: ERROR keystone.server.flask.application return self._enter()
Jul 24 17:37:29 user devstack@keystone.service[42152]: ERROR keystone.server.flask.application
File "/usr/local/lib/python3.10/dist-packages/dogpile/lock.py", line 94, in _enter
Jul 24 17:37:29 user devstack@keystone.service[42152]: ERROR keystone.server.flask.application generated = self._enter_create(value, createdtime)
Jul 24 17:37:29 user devstack@keystone.service[42152]: ERROR keystone.server.flask.application
File "/usr/local/lib/python3.10/dist-packages/dogpile/lock.py", line 178, in _enter_create
Jul 24 17:37:29 user devstack@keystone.service[42152]: ERROR keystone.server.flask.application return self.creator()
Jul 24 17:37:29 user devstack@keystone.service[42152]: ERROR keystone.server.flask.application
File "/usr/local/lib/python3.10/dist-packages/dogpile/cache/region.py", line 995, in gen_value
Jul 24 17:37:29 user devstack@keystone.service[42152]: ERROR keystone.server.flask.application created_value = creator(
Jul 24 17:37:29 user devstack@keystone.service[42152]: ERROR keystone.server.flask.application
File "/opt/stack/keystone/keystone/assignment/core.py", line 1276, in get_role
Jul 24 17:37:29 user devstack@keystone.service[42152]: ERROR keystone.server.flask.application return self.driver.get_role(role_id)
Jul 24 17:37:29 user devstack@keystone.service[42152]: ERROR keystone.server.flask.application
File "/opt/stack/keystone/keystone/assignment/role_backends/sql.py", line 70, in get_role
Jul 24 17:37:29 user devstack@keystone.service[42152]: ERROR keystone.server.flask.application return self._get_role(session, role_id).to_dict()
Jul 24 17:37:29 user devstack@keystone.service[42152]: ERROR keystone.server.flask.application
File "/opt/stack/keystone/keystone/assignment/role_backends/sql.py", line 65, in _get_role
Jul 24 17:37:29 user devstack@keystone.service[42152]: ERROR keystone.server.flask.application raise exception.RoleNotFound(role_id=role_id)
Jul 24 17:37:29 user devstack@keystone.service[42152]: ERROR keystone.server.flask.application keystone.exception.RoleNotFound: Could not find role: admin.
Jul 24 17:37:29 user devstack@keystone.service[42152]: ERROR keystone.server.flask.application
Jul 24 17:37:29 user devstack@keystone.service[42152]: [pid: 42152|app: 0|req: 13/32] 10.0.0.210 () {56 vars in 1091 bytes} [Mon Jul 24 17:37:29 2023] GET /identity/v3/roles/admin => generated 83 bytes in 141 msecs (HTTP/1.1 404) 5 headers in 183 bytes (1 switches on core 0)
Jul 24 17:37:29 user devstack@keystone.service[42152]: DEBUG keystone.server.flask.request_processing.req_logging [None req-5e69f80f-ca69-4d91-8e1c-95dc597f1a86 None None] REQUEST_METHOD: `GET` {{(pid=42152) log_request_info /opt/stack/keystone/keystone/server/flask/request_processing/req_logging.py:27}}
Jul 24 17:37:29 user devstack@keystone.service[42152]: DEBUG keystone.server.flask.request_processing.req_logging [None req-5e69f80f-ca69-4d91-8e1c-95dc597f1a86 None None] SCRIPT_NAME: `/identity` {{(pid=42152) log_request_info /opt/stack/keystone/keystone/server/flask/request_processing/req_logging.py:28}}
Jul 24 17:37:29 user devstack@keystone.service[42152]: DEBUG keystone.server.flask.request_processing.req_logging [None req-5e69f80f-ca69-4d91-8e1c-95dc597f1a86 None None] PATH_INFO: `/` {{(pid=42152) log_request_info /opt/stack/keystone/keystone/server/flask/request_processing/req_logging.py:29}}
Jul 24 17:37:29 user devstack@keystone.service[42152]: [pid: 42152|app: 0|req: 14/33] 10.0.0.210 () {54 vars in 920 bytes} [Mon Jul 24 17:37:29 2023] GET /identity => generated 269 bytes in 2 msecs (HTTP/1.1 300) 6 headers in 233 bytes (1 switches on core 0)
Jul 24 17:37:29 user devstack@keystone.service[42152]: DEBUG keystone.server.flask.request_processing.req_logging [None req-35cafc89-5051-4dcc-b7f8-ac214d96dd69 None None] REQUEST_METHOD: `GET` {{(pid=42152) log_request_info /opt/stack/keystone/keystone/server/flask/request_processing/req_logging.py:27}}
Jul 24 17:37:29 user devstack@keystone.service[42152]: DEBUG keystone.server.flask.request_processing.req_logging [None req-35cafc89-5051-4dcc-b7f8-ac214d96dd69 None None] SCRIPT_NAME: `/identity` {{(pid=42152) log_request_info /opt/stack/keystone/keystone/server/flask/request_processing/req_logging.py:28}}
Jul 24 17:37:29 user devstack@keystone.service[42152]: DEBUG keystone.server.flask.request_processing.req_logging [None req-35cafc89-5051-4dcc-b7f8-ac214d96dd69 None None] PATH_INFO: `/` {{(pid=42152) log_request_info /opt/stack/keystone/keystone/server/flask/request_processing/req_logging.py:29}}
Jul 24 17:37:29 user devstack@keystone.service[42152]: [pid: 42152|app: 0|req: 15/34] 10.0.0.210 () {54 vars in 920 bytes} [Mon Jul 24 17:37:29 2023] GET /identity => generated 269 bytes in 2 msecs (HTTP/1.1 300) 6 headers in 233 bytes (1 switches on core 0)
Jul 24 17:37:29 user devstack@keystone.service[42152]: DEBUG keystone.server.flask.request_processing.middleware.auth_context [None req-35cafc89-5051-4dcc-b7f8-ac214d96dd69 None None] Authenticating user token {{(pid=42152) process_request /usr/local/lib/python3.10/dist-packages/keystonemiddleware/auth_token/__init__.py:406}}
Jul 24 17:37:29 user devstack@keystone.service[42152]: DEBUG dbcounter [-] [42152] Writing DB stats keystone:SELECT=100 {{(pid=42152) stat_writer /usr/local/lib/python3.10/dist-packages/dbcounter.py:117}}
Jul 24 17:37:29 user devstack@keystone.service[42153]: [pid: 42153|app: 0|req: 10/35] 10.0.0.210 () {60 vars in 1126 bytes} [Mon Jul 24 17:37:29 2023] POST /identity/v3/roles => generated 218 bytes in 260 msecs (HTTP/1.1 201) 5 headers in 182 bytes (1 switches on core 0)
Jul 24 17:37:29 user devstack@keystone.service[42153]: DEBUG keystone.server.flask.request_processing.middleware.auth_context [None req-7a5f1842-115a-4068-b04c-8794d1291ffc None admin] Authenticating user token {{(pid=42153) process_request /usr/local/lib/python3.10/dist-packages/keystonemiddleware/auth_token/__init__.py:406}}
Jul 24 17:37:29 user devstack@keystone.service[42153]: DEBUG dbcounter [-] [42153] Writing DB stats keystone:SELECT=99,keystone:INSERT=1 {{(pid=42153) stat_writer /usr/local/lib/python3.10/dist-packages/dbcounter.py:117}}
Jul 24 17:37:29 user devstack@keystone.service[42151]: DEBUG keystone.server.flask.request_processing.middleware.auth_context [None req-bd7c265d-bb27-48e2-a699-54c6cb1c93dc None admin] Validating token access rules against request {{(pid=42151) validate_allowed_request /usr/local/lib/python3.10/dist-packages/keystonemiddleware/auth_token/__init__.py:544}}
Jul 24 17:37:29 user devstack@keystone.service[42152]: DEBUG keystone.server.flask.request_processing.middleware.auth_context [None req-35cafc89-5051-4dcc-b7f8-ac214d96dd69 None None] Validating token access rules against request {{(pid=42152) validate_allowed_request /usr/local/lib/python3.10/dist-packages/keystonemiddleware/auth_token/__init__.py:544}}
Jul 24 17:37:29 user devstack@keystone.service[42151]: DEBUG keystone.server.flask.request_processing.middleware.auth_context [None req-6a896ee6-aff4-4e62-8b7f-09ac5468b2b6 None admin] RBAC: auth_context: {'token': , 'domain_id': None, 'trust_id': None, 'trustor_id': None, 'trustee_id': None, 'domain_name': None, 'group_ids': [], 'user_id': '52d6a649281a437c8eede6f974078969', 'user_domain_id': 'default', 'system_scope': 'all', 'project_id': None, 'project_domain_id': None, 'roles': ['admin', 'member', 'reader'], 'is_admin_project': True, 'service_user_id': None, 'service_user_domain_id': None, 'service_project_id': None, 'service_project_domain_id': None, 'service_roles': []} {{(pid=42151) fill_context /opt/stack/keystone/keystone/server/flask/request_processing/middleware/auth_context.py:480}}
Jul 24 17:37:29 user devstack@keystone.service[42151]: DEBUG keystone.server.flask.request_processing.req_logging [None req-6a896ee6-aff4-4e62-8b7f-09ac5468b2b6 None admin] REQUEST_METHOD: `POST` {{(pid=42151) log_request_info /opt/stack/keystone/keystone/server/flask/request_processing/req_logging.py:27}}
Jul 24 17:37:29 user devstack@keystone.service[42151]: DEBUG keystone.server.flask.request_processing.req_logging [None req-6a896ee6-aff4-4e62-8b7f-09ac5468b2b6 None admin] SCRIPT_NAME: `/identity` {{(pid=42151) log_request_info /opt/stack/keystone/keystone/server/flask/request_processing/req_logging.py:28}}
Jul 24 17:37:29 user devstack@keystone.service[42151]: DEBUG keystone.server.flask.request_processing.req_logging [None req-6a896ee6-aff4-4e62-8b7f-09ac5468b2b6 None admin] PATH_INFO: `/v3/roles` {{(pid=42151) log_request_info /opt/stack/keystone/keystone/server/flask/request_processing/req_logging.py:29}}
Jul 24 17:37:29 user devstack@keystone.service[42151]: DEBUG keystone.common.rbac_enforcer.enforcer [None req-6a896ee6-aff4-4e62-8b7f-09ac5468b2b6 None admin] RBAC: Authorizing `identity:create_role()` {{(pid=42151) enforce_call /opt/stack/keystone/keystone/common/rbac_enforcer/enforcer.py:449}}
Jul 24 17:37:29 user devstack@keystone.service[42151]: DEBUG keystone.common.rbac_enforcer.enforcer [None req-6a896ee6-aff4-4e62-8b7f-09ac5468b2b6 None admin] RBAC: Authorization granted {{(pid=42151) enforce_call /opt/stack/keystone/keystone/common/rbac_enforcer/enforcer.py:457}}
Jul 24 17:37:30 user devstack@keystone.service[42152]: DEBUG keystone.server.flask.request_processing.middleware.auth_context [None req-e61ddbd5-4e08-45e7-8daf-46853308cc18 None admin] RBAC: auth_context: {'token': , 'domain_id': None, 'trust_id': None, 'trustor_id': None, 'trustee_id': None, 'domain_name': None, 'group_ids': [], 'user_id': '52d6a649281a437c8eede6f974078969', 'user_domain_id': 'default', 'system_scope': 'all', 'project_id': None, 'project_domain_id': None, 'roles': ['admin', 'member', 'reader'], 'is_admin_project': True, 'service_user_id': None, 'service_user_domain_id': None, 'service_project_id': None, 'service_project_domain_id': None, 'service_roles': []} {{(pid=42152) fill_context /opt/stack/keystone/keystone/server/flask/request_processing/middleware/auth_context.py:480}}
Jul 24 17:37:30 user devstack@keystone.service[42152]: DEBUG keystone.server.flask.request_processing.req_logging [None req-e61ddbd5-4e08-45e7-8daf-46853308cc18 None admin] REQUEST_METHOD: `POST` {{(pid=42152) log_request_info /opt/stack/keystone/keystone/server/flask/request_processing/req_logging.py:27}}
Jul 24 17:37:30 user devstack@keystone.service[42152]: DEBUG keystone.server.flask.request_processing.req_logging [None req-e61ddbd5-4e08-45e7-8daf-46853308cc18 None admin] SCRIPT_NAME: `/identity` {{(pid=42152) log_request_info /opt/stack/keystone/keystone/server/flask/request_processing/req_logging.py:28}}
Jul 24 17:37:30 user devstack@keystone.service[42152]: DEBUG keystone.server.flask.request_processing.req_logging [None req-e61ddbd5-4e08-45e7-8daf-46853308cc18 None admin] PATH_INFO: `/v3/projects` {{(pid=42152) log_request_info /opt/stack/keystone/keystone/server/flask/request_processing/req_logging.py:29}}
Jul 24 17:37:30 user devstack@keystone.service[42152]: DEBUG keystone.common.rbac_enforcer.enforcer [None req-e61ddbd5-4e08-45e7-8daf-46853308cc18 None admin] RBAC: Authorizing `identity:create_project()` {{(pid=42152) enforce_call /opt/stack/keystone/keystone/common/rbac_enforcer/enforcer.py:449}}
Jul 24 17:37:30 user devstack@keystone.service[42152]: DEBUG keystone.common.rbac_enforcer.enforcer [None req-e61ddbd5-4e08-45e7-8daf-46853308cc18 None admin] RBAC: Authorization granted {{(pid=42152) enforce_call /opt/stack/keystone/keystone/common/rbac_enforcer/enforcer.py:457}}
Jul 24 17:37:30 user devstack@keystone.service[42153]: DEBUG keystone.server.flask.request_processing.middleware.auth_context [None req-7a5f1842-115a-4068-b04c-8794d1291ffc None admin] Validating token access rules against request {{(pid=42153) validate_allowed_request /usr/local/lib/python3.10/dist-packages/keystonemiddleware/auth_token/__init__.py:544}}
Jul 24 17:37:30 user devstack@keystone.service[42152]: [pid: 42152|app: 0|req: 16/36] 10.0.0.210 () {60 vars in 1136 bytes} [Mon Jul 24 17:37:29 2023] POST /identity/v3/projects => generated 300 bytes in 168 msecs (HTTP/1.1 201) 5 headers in 182 bytes (1 switches on core 0)
Jul 24 17:37:30 user devstack@keystone.service[42152]: DEBUG keystone.server.flask.request_processing.req_logging [None req-7017ded7-df60-43b6-9828-b11128e988a2 None None] REQUEST_METHOD: `POST` {{(pid=42152) log_request_info /opt/stack/keystone/keystone/server/flask/request_processing/req_logging.py:27}}
Jul 24 17:37:30 user devstack@keystone.service[42152]: DEBUG keystone.server.flask.request_processing.req_logging [None req-7017ded7-df60-43b6-9828-b11128e988a2 None None] SCRIPT_NAME: `/identity` {{(pid=42152) log_request_info /opt/stack/keystone/keystone/server/flask/request_processing/req_logging.py:28}}
Jul 24 17:37:30 user devstack@keystone.service[42152]: DEBUG keystone.server.flask.request_processing.req_logging [None req-7017ded7-df60-43b6-9828-b11128e988a2 None None] PATH_INFO: `/v3/auth/tokens` {{(pid=42152) log_request_info /opt/stack/keystone/keystone/server/flask/request_processing/req_logging.py:29}}
Jul 24 17:37:30 user devstack@keystone.service[42153]: DEBUG keystone.server.flask.request_processing.middleware.auth_context [None req-c7ad22b4-76d1-4cb9-8f1a-c03b2ec76bca None admin] RBAC: auth_context: {'token': , 'domain_id': None, 'trust_id': None, 'trustor_id': None, 'trustee_id': None, 'domain_name': None, 'group_ids': [], 'user_id': '52d6a649281a437c8eede6f974078969', 'user_domain_id': 'default', 'system_scope': 'all', 'project_id': None, 'project_domain_id': None, 'roles': ['admin', 'member', 'reader'], 'is_admin_project': True, 'service_user_id': None, 'service_user_domain_id': None, 'service_project_id': None, 'service_project_domain_id': None, 'service_roles': []} {{(pid=42153) fill_context /opt/stack/keystone/keystone/server/flask/request_processing/middleware/auth_context.py:480}}
Jul 24 17:37:30 user devstack@keystone.service[42153]: DEBUG keystone.server.flask.request_processing.req_logging [None req-c7ad22b4-76d1-4cb9-8f1a-c03b2ec76bca None admin] REQUEST_METHOD: `GET` {{(pid=42153) log_request_info /opt/stack/keystone/keystone/server/flask/request_processing/req_logging.py:27}}
Jul 24 17:37:30 user devstack@keystone.service[42153]: DEBUG keystone.server.flask.request_processing.req_logging [None req-c7ad22b4-76d1-4cb9-8f1a-c03b2ec76bca None admin] SCRIPT_NAME: `/identity` {{(pid=42153) log_request_info /opt/stack/keystone/keystone/server/flask/request_processing/req_logging.py:28}}
Jul 24 17:37:30 user devstack@keystone.service[42153]: DEBUG keystone.server.flask.request_processing.req_logging [None req-c7ad22b4-76d1-4cb9-8f1a-c03b2ec76bca None admin] PATH_INFO: `/v3/roles` {{(pid=42153) log_request_info /opt/stack/keystone/keystone/server/flask/request_processing/req_logging.py:29}}
Jul 24 17:37:30 user devstack@keystone.service[42153]: DEBUG keystone.common.rbac_enforcer.enforcer [None req-c7ad22b4-76d1-4cb9-8f1a-c03b2ec76bca None admin] RBAC: Adding query filter params (name=admin) {{(pid=42153) _extract_filter_values /opt/stack/keystone/keystone/common/rbac_enforcer/enforcer.py:167}}
Jul 24 17:37:30 user devstack@keystone.service[42153]: DEBUG keystone.common.rbac_enforcer.enforcer [None req-c7ad22b4-76d1-4cb9-8f1a-c03b2ec76bca None admin] RBAC: Authorizing `identity:list_roles()` {{(pid=42153) enforce_call /opt/stack/keystone/keystone/common/rbac_enforcer/enforcer.py:449}}
Jul 24 17:37:30 user devstack@keystone.service[42153]: DEBUG keystone.common.rbac_enforcer.enforcer [None req-c7ad22b4-76d1-4cb9-8f1a-c03b2ec76bca None admin] RBAC: Authorization granted {{(pid=42153) enforce_call /opt/stack/keystone/keystone/common/rbac_enforcer/enforcer.py:457}}
Jul 24 17:37:30 user devstack@keystone.service[42152]: WARNING keystone.common.password_hashing [None req-7017ded7-df60-43b6-9828-b11128e988a2 None None] Truncating password to algorithm specific maximum length 54 characters.
Jul 24 17:37:30 user devstack@keystone.service[42152]: DEBUG keystone.auth.core [None req-7017ded7-df60-43b6-9828-b11128e988a2 None None] MFA Rules not processed for user `52d6a649281a437c8eede6f974078969`. Rule list: `[]` (Enabled: `True`). {{(pid=42152) check_auth_methods_against_rules /opt/stack/keystone/keystone/auth/core.py:438}}
Jul 24 17:37:30 user devstack@keystone.service[42152]: DEBUG keystone.common.fernet_utils [None req-7017ded7-df60-43b6-9828-b11128e988a2 None None] Loaded 2 Fernet keys from /etc/keystone/fernet-keys/, but `[fernet_tokens] max_active_keys = 3`; perhaps there have not been enough key rotations to reach `max_active_keys` yet? {{(pid=42152) load_keys /opt/stack/keystone/keystone/common/fernet_utils.py:286}}
Jul 24 17:37:30 user devstack@keystone.service[42153]: [pid: 42153|app: 0|req: 11/37] 10.0.0.210 () {56 vars in 1094 bytes} [Mon Jul 24 17:37:29 2023] GET /identity/v3/roles?name=admin => generated 337 bytes in 145 msecs (HTTP/1.1 200) 5 headers in 177 bytes (1 switches on core 0)
Jul 24 17:37:30 user devstack@keystone.service[42153]: DEBUG keystone.server.flask.request_processing.req_logging [None req-a15b237a-dd45-434e-823d-c1e2ffe4dfae None None] REQUEST_METHOD: `POST` {{(pid=42153) log_request_info /opt/stack/keystone/keystone/server/flask/request_processing/req_logging.py:27}}
Jul 24 17:37:30 user devstack@keystone.service[42153]: DEBUG keystone.server.flask.request_processing.req_logging [None req-a15b237a-dd45-434e-823d-c1e2ffe4dfae None None] SCRIPT_NAME: `/identity` {{(pid=42153) log_request_info /opt/stack/keystone/keystone/server/flask/request_processing/req_logging.py:28}}
Jul 24 17:37:30 user devstack@keystone.service[42153]: DEBUG keystone.server.flask.request_processing.req_logging [None req-a15b237a-dd45-434e-823d-c1e2ffe4dfae None None] PATH_INFO: `/v3/auth/tokens` {{(pid=42153) log_request_info /opt/stack/keystone/keystone/server/flask/request_processing/req_logging.py:29}}
Jul 24 17:37:30 user devstack@keystone.service[42153]: WARNING keystone.common.password_hashing [None req-a15b237a-dd45-434e-823d-c1e2ffe4dfae None None] Truncating password to algorithm specific maximum length 54 characters.
Jul 24 17:37:30 user devstack@keystone.service[42153]: DEBUG keystone.auth.core [None req-a15b237a-dd45-434e-823d-c1e2ffe4dfae None None] MFA Rules not processed for user `52d6a649281a437c8eede6f974078969`. Rule list: `[]` (Enabled: `True`). {{(pid=42153) check_auth_methods_against_rules /opt/stack/keystone/keystone/auth/core.py:438}}
Jul 24 17:37:30 user devstack@keystone.service[42153]: DEBUG keystone.common.fernet_utils [None req-a15b237a-dd45-434e-823d-c1e2ffe4dfae None None] Loaded 2 Fernet keys from /etc/keystone/fernet-keys/, but `[fernet_tokens] max_active_keys = 3`; perhaps there have not been enough key rotations to reach `max_active_keys` yet? {{(pid=42153) load_keys /opt/stack/keystone/keystone/common/fernet_utils.py:286}}
Jul 24 17:37:30 user devstack@keystone.service[42151]: [pid: 42151|app: 0|req: 11/38] 10.0.0.210 () {60 vars in 1126 bytes} [Mon Jul 24 17:37:29 2023] POST /identity/v3/roles => generated 224 bytes in 271 msecs (HTTP/1.1 201) 5 headers in 182 bytes (1 switches on core 0)
Jul 24 17:37:30 user devstack@keystone.service[42151]: DEBUG keystone.server.flask.request_processing.middleware.auth_context [None req-6a896ee6-aff4-4e62-8b7f-09ac5468b2b6 None admin] Authenticating user token {{(pid=42151) process_request /usr/local/lib/python3.10/dist-packages/keystonemiddleware/auth_token/__init__.py:406}}
Jul 24 17:37:30 user devstack@keystone.service[42151]: DEBUG dbcounter [-] [42151] Writing DB stats keystone:SELECT=99,keystone:INSERT=1 {{(pid=42151) stat_writer /usr/local/lib/python3.10/dist-packages/dbcounter.py:117}}
Jul 24 17:37:30 user devstack@keystone.service[42153]: DEBUG dbcounter [-] [42153] Writing DB stats keystone:SELECT=100 {{(pid=42153) stat_writer /usr/local/lib/python3.10/dist-packages/dbcounter.py:117}}
Jul 24 17:37:30 user devstack@keystone.service[42153]: [pid: 42153|app: 0|req: 12/39] 10.0.0.210 () {58 vars in 1017 bytes} [Mon Jul 24 17:37:30 2023] POST /identity/v3/auth/tokens => generated 798 bytes in 97 msecs (HTTP/1.1 201) 6 headers in 363 bytes (1 switches on core 0)
Jul 24 17:37:30 user devstack@keystone.service[42151]: DEBUG keystone.server.flask.request_processing.middleware.auth_context [None req-6a896ee6-aff4-4e62-8b7f-09ac5468b2b6 None admin] Validating token access rules against request {{(pid=42151) validate_allowed_request /usr/local/lib/python3.10/dist-packages/keystonemiddleware/auth_token/__init__.py:544}}
