Jul 24 17:38:04 user devstack@keystone.service[42152]: ERROR keystone.server.flask.application rv = self.dispatch_request()
Jul 24 17:38:04 user devstack@keystone.service[42152]: ERROR keystone.server.flask.application
File "/usr/local/lib/python3.10/dist-packages/flask/app.py", line 1799, in dispatch_request
Jul 24 17:38:04 user devstack@keystone.service[42152]: ERROR keystone.server.flask.application return self.ensure_sync(self.view_functions[rule.endpoint])(**view_args)
Jul 24 17:38:04 user devstack@keystone.service[42152]: ERROR keystone.server.flask.application
File "/usr/local/lib/python3.10/dist-packages/flask_restful/__init__.py", line 467, in wrapper
Jul 24 17:38:04 user devstack@keystone.service[42152]: ERROR keystone.server.flask.application resp = resource(*args, **kwargs)
Jul 24 17:38:04 user devstack@keystone.service[42152]: ERROR keystone.server.flask.application
File "/usr/local/lib/python3.10/dist-packages/flask/views.py", line 107, in view
Jul 24 17:38:04 user devstack@keystone.service[42152]: ERROR keystone.server.flask.application return current_app.ensure_sync(self.dispatch_request)(**kwargs)
Jul 24 17:38:04 user devstack@keystone.service[42152]: ERROR keystone.server.flask.application
File "/usr/local/lib/python3.10/dist-packages/flask_restful/__init__.py", line 582, in dispatch_request
Jul 24 17:38:04 user devstack@keystone.service[42152]: ERROR keystone.server.flask.application resp = meth(*args, **kwargs)
Jul 24 17:38:04 user devstack@keystone.service[42152]: ERROR keystone.server.flask.application
File "/opt/stack/keystone/keystone/api/roles.py", line 50, in get
Jul 24 17:38:04 user devstack@keystone.service[42152]: ERROR keystone.server.flask.application return self._get_role(role_id)
Jul 24 17:38:04 user devstack@keystone.service[42152]: ERROR keystone.server.flask.application
File "/opt/stack/keystone/keystone/api/roles.py", line 70, in _get_role
Jul 24 17:38:04 user devstack@keystone.service[42152]: ERROR keystone.server.flask.application ENFORCER.enforce_call(action='identity:get_role')
Jul 24 17:38:04 user devstack@keystone.service[42152]: ERROR keystone.server.flask.application
File "/opt/stack/keystone/keystone/common/rbac_enforcer/enforcer.py", line 402, in enforce_call
Jul 24 17:38:04 user devstack@keystone.service[42152]: ERROR keystone.server.flask.application policy_dict.update(cls._extract_member_target_data(
Jul 24 17:38:04 user devstack@keystone.service[42152]: ERROR keystone.server.flask.application
File "/opt/stack/keystone/keystone/common/rbac_enforcer/enforcer.py", line 234, in _extract_member_target_data
Jul 24 17:38:04 user devstack@keystone.service[42152]: ERROR keystone.server.flask.application member_name: func(flask.request.view_args[key])
Jul 24 17:38:04 user devstack@keystone.service[42152]: ERROR keystone.server.flask.application
File "/opt/stack/keystone/keystone/common/manager.py", line 115, in wrapped
Jul 24 17:38:04 user devstack@keystone.service[42152]: ERROR keystone.server.flask.application __ret_val = __f(*args, **kwargs)
Jul 24 17:38:04 user devstack@keystone.service[42152]: ERROR keystone.server.flask.application
File "/usr/local/lib/python3.10/dist-packages/decorator.py", line 232, in fun
Jul 24 17:38:04 user devstack@keystone.service[42152]: ERROR keystone.server.flask.application return caller(func, *(extras + args), **kw)
Jul 24 17:38:04 user devstack@keystone.service[42152]: ERROR keystone.server.flask.application
File "/usr/local/lib/python3.10/dist-packages/dogpile/cache/region.py", line 1577, in get_or_create_for_user_func
Jul 24 17:38:04 user devstack@keystone.service[42152]: ERROR keystone.server.flask.application return self.get_or_create(
Jul 24 17:38:04 user devstack@keystone.service[42152]: ERROR keystone.server.flask.application
File "/usr/local/lib/python3.10/dist-packages/dogpile/cache/region.py", line 1042, in get_or_create
Jul 24 17:38:04 user devstack@keystone.service[42152]: ERROR keystone.server.flask.application with Lock(
Jul 24 17:38:04 user devstack@keystone.service[42152]: ERROR keystone.server.flask.application
File "/usr/local/lib/python3.10/dist-packages/dogpile/lock.py", line 185, in __enter__
Jul 24 17:38:04 user devstack@keystone.service[42152]: ERROR keystone.server.flask.application return self._enter()
Jul 24 17:38:04 user devstack@keystone.service[42152]: ERROR keystone.server.flask.application
File "/usr/local/lib/python3.10/dist-packages/dogpile/lock.py", line 94, in _enter
Jul 24 17:38:04 user devstack@keystone.service[42152]: ERROR keystone.server.flask.application generated = self._enter_create(value, createdtime)
Jul 24 17:38:04 user devstack@keystone.service[42152]: ERROR keystone.server.flask.application
File "/usr/local/lib/python3.10/dist-packages/dogpile/lock.py", line 178, in _enter_create
Jul 24 17:38:04 user devstack@keystone.service[42152]: ERROR keystone.server.flask.application return self.creator()
Jul 24 17:38:04 user devstack@keystone.service[42152]: ERROR keystone.server.flask.application
File "/usr/local/lib/python3.10/dist-packages/dogpile/cache/region.py", line 995, in gen_value
Jul 24 17:38:04 user devstack@keystone.service[42152]: ERROR keystone.server.flask.application created_value = creator(
Jul 24 17:38:04 user devstack@keystone.service[42152]: ERROR keystone.server.flask.application
File "/opt/stack/keystone/keystone/assignment/core.py", line 1276, in get_role
Jul 24 17:38:04 user devstack@keystone.service[42152]: ERROR keystone.server.flask.application return self.driver.get_role(role_id)
Jul 24 17:38:04 user devstack@keystone.service[42152]: ERROR keystone.server.flask.application
File "/opt/stack/keystone/keystone/assignment/role_backends/sql.py", line 70, in get_role
Jul 24 17:38:04 user devstack@keystone.service[42152]: ERROR keystone.server.flask.application return self._get_role(session, role_id).to_dict()
Jul 24 17:38:04 user devstack@keystone.service[42152]: ERROR keystone.server.flask.application
File "/opt/stack/keystone/keystone/assignment/role_backends/sql.py", line 65, in _get_role
Jul 24 17:38:04 user devstack@keystone.service[42152]: ERROR keystone.server.flask.application raise exception.RoleNotFound(role_id=role_id)
Jul 24 17:38:04 user devstack@keystone.service[42152]: ERROR keystone.server.flask.application keystone.exception.RoleNotFound: Could not find role: anotherrole.
Jul 24 17:38:04 user devstack@keystone.service[42152]: ERROR keystone.server.flask.application
Jul 24 17:38:04 user devstack@keystone.service[42152]: [pid: 42152|app: 0|req: 109/315] 10.0.0.210 () {56 vars in 1109 bytes} [Mon Jul 24 17:38:04 2023] GET /identity/v3/roles/anotherrole => generated 89 bytes in 136 msecs (HTTP/1.1 404) 5 headers in 183 bytes (1 switches on core 0)
Jul 24 17:38:04 user devstack@keystone.service[42152]: DEBUG keystone.server.flask.request_processing.req_logging [None req-dd186e2d-739b-4973-beca-49f3649c3829 None None] REQUEST_METHOD: `GET` {{(pid=42152) log_request_info /opt/stack/keystone/keystone/server/flask/request_processing/req_logging.py:27}}
Jul 24 17:38:04 user devstack@keystone.service[42152]: DEBUG keystone.server.flask.request_processing.req_logging [None req-dd186e2d-739b-4973-beca-49f3649c3829 None None] SCRIPT_NAME: `/identity` {{(pid=42152) log_request_info /opt/stack/keystone/keystone/server/flask/request_processing/req_logging.py:28}}
Jul 24 17:38:04 user devstack@keystone.service[42152]: DEBUG keystone.server.flask.request_processing.req_logging [None req-dd186e2d-739b-4973-beca-49f3649c3829 None None] PATH_INFO: `/` {{(pid=42152) log_request_info /opt/stack/keystone/keystone/server/flask/request_processing/req_logging.py:29}}
Jul 24 17:38:04 user devstack@keystone.service[42152]: [pid: 42152|app: 0|req: 110/316] 10.0.0.210 () {54 vars in 920 bytes} [Mon Jul 24 17:38:04 2023] GET /identity => generated 269 bytes in 2 msecs (HTTP/1.1 300) 6 headers in 233 bytes (1 switches on core 0)
Jul 24 17:38:04 user devstack@keystone.service[42152]: DEBUG keystone.server.flask.request_processing.middleware.auth_context [None req-dd186e2d-739b-4973-beca-49f3649c3829 None None] Authenticating user token {{(pid=42152) process_request /usr/local/lib/python3.10/dist-packages/keystonemiddleware/auth_token/__init__.py:406}}
Jul 24 17:38:04 user devstack@keystone.service[42153]: [pid: 42153|app: 0|req: 104/317] 10.0.0.210 () {58 vars in 1277 bytes} [Mon Jul 24 17:38:04 2023] GET /identity/v3/auth/tokens => generated 798 bytes in 297 msecs (HTTP/1.1 200) 6 headers in 358 bytes (2 switches on core 0)
Jul 24 17:38:04 user devstack@keystone.service[42153]: DEBUG keystone.server.flask.request_processing.middleware.auth_context [None req-f95ff207-430b-4c20-8acf-05e5a6f6fb36 None admin] Authenticating user token {{(pid=42153) process_request /usr/local/lib/python3.10/dist-packages/keystonemiddleware/auth_token/__init__.py:406}}
Jul 24 17:38:04 user devstack@keystone.service[42151]: DEBUG keystone.server.flask.request_processing.middleware.auth_context [None req-c87d707e-2cb8-447b-be2a-0b72d5ded185 None admin] Validating token access rules against request {{(pid=42151) validate_allowed_request /usr/local/lib/python3.10/dist-packages/keystonemiddleware/auth_token/__init__.py:544}}
Jul 24 17:38:04 user devstack@keystone.service[42151]: DEBUG keystone.server.flask.request_processing.middleware.auth_context [None req-11fe9b21-1f7c-40f7-932d-73aa2be3a6a6 None admin] RBAC: auth_context: {'token': , 'domain_id': None, 'trust_id': None, 'trustor_id': None, 'trustee_id': None, 'domain_name': None, 'group_ids': [], 'user_id': '52d6a649281a437c8eede6f974078969', 'user_domain_id': 'default', 'system_scope': 'all', 'project_id': None, 'project_domain_id': None, 'roles': ['admin', 'member', 'reader'], 'is_admin_project': True, 'service_user_id': None, 'service_user_domain_id': None, 'service_project_id': None, 'service_project_domain_id': None, 'service_roles': []} {{(pid=42151) fill_context /opt/stack/keystone/keystone/server/flask/request_processing/middleware/auth_context.py:480}}
Jul 24 17:38:04 user devstack@keystone.service[42151]: DEBUG keystone.server.flask.request_processing.req_logging [None req-11fe9b21-1f7c-40f7-932d-73aa2be3a6a6 None admin] REQUEST_METHOD: `GET` {{(pid=42151) log_request_info /opt/stack/keystone/keystone/server/flask/request_processing/req_logging.py:27}}
Jul 24 17:38:04 user devstack@keystone.service[42151]: DEBUG keystone.server.flask.request_processing.req_logging [None req-11fe9b21-1f7c-40f7-932d-73aa2be3a6a6 None admin] SCRIPT_NAME: `/identity` {{(pid=42151) log_request_info /opt/stack/keystone/keystone/server/flask/request_processing/req_logging.py:28}}
Jul 24 17:38:04 user devstack@keystone.service[42151]: DEBUG keystone.server.flask.request_processing.req_logging [None req-11fe9b21-1f7c-40f7-932d-73aa2be3a6a6 None admin] PATH_INFO: `/v3/role_assignments` {{(pid=42151) log_request_info /opt/stack/keystone/keystone/server/flask/request_processing/req_logging.py:29}}
Jul 24 17:38:04 user devstack@keystone.service[42151]: DEBUG keystone.common.rbac_enforcer.enforcer [None req-11fe9b21-1f7c-40f7-932d-73aa2be3a6a6 None admin] RBAC: Adding query filter params (group.id=fb16fd4177384f81be40c30722f0a690, role.id=3e029c6945154162817635bd23fb29ec, scope.project.id=ba4ec36a772c4685ab6419c9ba046f5f) {{(pid=42151) _extract_filter_values /opt/stack/keystone/keystone/common/rbac_enforcer/enforcer.py:167}}
Jul 24 17:38:04 user devstack@keystone.service[42151]: DEBUG keystone.common.rbac_enforcer.enforcer [None req-11fe9b21-1f7c-40f7-932d-73aa2be3a6a6 None admin] RBAC: Authorizing `identity:list_role_assignments()` {{(pid=42151) enforce_call /opt/stack/keystone/keystone/common/rbac_enforcer/enforcer.py:449}}
Jul 24 17:38:04 user devstack@keystone.service[42151]: DEBUG keystone.common.rbac_enforcer.enforcer [None req-11fe9b21-1f7c-40f7-932d-73aa2be3a6a6 None admin] RBAC: Authorization granted {{(pid=42151) enforce_call /opt/stack/keystone/keystone/common/rbac_enforcer/enforcer.py:457}}
Jul 24 17:38:04 user devstack@keystone.service[42151]: [pid: 42151|app: 0|req: 104/318] 10.0.0.210 () {56 vars in 1371 bytes} [Mon Jul 24 17:38:04 2023] GET /identity/v3/role_assignments?group.id=fb16fd4177384f81be40c30722f0a690&scope.project.id=ba4ec36a772c4685ab6419c9ba046f5f&role.id=3e029c6945154162817635bd23fb29ec => generated 609 bytes in 142 msecs (HTTP/1.1 200) 5 headers in 177 bytes (1 switches on core 0)
Jul 24 17:38:04 user devstack@keystone.service[42151]: DEBUG keystone.server.flask.request_processing.req_logging [None req-f1b1d025-eaf7-4317-b0eb-fef9bfaea9f3 None None] REQUEST_METHOD: `POST` {{(pid=42151) log_request_info /opt/stack/keystone/keystone/server/flask/request_processing/req_logging.py:27}}
Jul 24 17:38:04 user devstack@keystone.service[42151]: DEBUG keystone.server.flask.request_processing.req_logging [None req-f1b1d025-eaf7-4317-b0eb-fef9bfaea9f3 None None] SCRIPT_NAME: `/identity` {{(pid=42151) log_request_info /opt/stack/keystone/keystone/server/flask/request_processing/req_logging.py:28}}
Jul 24 17:38:04 user devstack@keystone.service[42151]: DEBUG keystone.server.flask.request_processing.req_logging [None req-f1b1d025-eaf7-4317-b0eb-fef9bfaea9f3 None None] PATH_INFO: `/v3/auth/tokens` {{(pid=42151) log_request_info /opt/stack/keystone/keystone/server/flask/request_processing/req_logging.py:29}}
Jul 24 17:38:04 user devstack@keystone.service[42153]: DEBUG keystone.server.flask.request_processing.middleware.auth_context [None req-f95ff207-430b-4c20-8acf-05e5a6f6fb36 None admin] Validating token access rules against request {{(pid=42153) validate_allowed_request /usr/local/lib/python3.10/dist-packages/keystonemiddleware/auth_token/__init__.py:544}}
Jul 24 17:38:04 user devstack@keystone.service[42152]: DEBUG keystone.server.flask.request_processing.middleware.auth_context [None req-dd186e2d-739b-4973-beca-49f3649c3829 None None] Validating token access rules against request {{(pid=42152) validate_allowed_request /usr/local/lib/python3.10/dist-packages/keystonemiddleware/auth_token/__init__.py:544}}
Jul 24 17:38:04 user devstack@keystone.service[42153]: DEBUG dbcounter [-] [42153] Writing DB stats keystone:SELECT=100 {{(pid=42153) stat_writer /usr/local/lib/python3.10/dist-packages/dbcounter.py:117}}
Jul 24 17:38:04 user devstack@keystone.service[42151]: WARNING keystone.common.password_hashing [None req-f1b1d025-eaf7-4317-b0eb-fef9bfaea9f3 None None] Truncating password to algorithm specific maximum length 54 characters.
Jul 24 17:38:04 user devstack@keystone.service[42151]: DEBUG keystone.auth.core [None req-f1b1d025-eaf7-4317-b0eb-fef9bfaea9f3 None None] MFA Rules not processed for user `52d6a649281a437c8eede6f974078969`. Rule list: `[]` (Enabled: `True`). {{(pid=42151) check_auth_methods_against_rules /opt/stack/keystone/keystone/auth/core.py:438}}
Jul 24 17:38:04 user devstack@keystone.service[42151]: DEBUG keystone.common.fernet_utils [None req-f1b1d025-eaf7-4317-b0eb-fef9bfaea9f3 None None] Loaded 2 Fernet keys from /etc/keystone/fernet-keys/, but `[fernet_tokens] max_active_keys = 3`; perhaps there have not been enough key rotations to reach `max_active_keys` yet? {{(pid=42151) load_keys /opt/stack/keystone/keystone/common/fernet_utils.py:286}}
Jul 24 17:38:04 user devstack@keystone.service[42153]: DEBUG keystone.server.flask.request_processing.middleware.auth_context [None req-8bfb0667-eea3-41e1-8f12-e8b2d2f8e368 None admin] RBAC: auth_context: {'token': , 'domain_id': None, 'trust_id': None, 'trustor_id': None, 'trustee_id': None, 'domain_name': None, 'group_ids': [], 'user_id': '52d6a649281a437c8eede6f974078969', 'user_domain_id': 'default', 'system_scope': 'all', 'project_id': None, 'project_domain_id': None, 'roles': ['admin', 'member', 'reader'], 'is_admin_project': True, 'service_user_id': None, 'service_user_domain_id': None, 'service_project_id': None, 'service_project_domain_id': None, 'service_roles': []} {{(pid=42153) fill_context /opt/stack/keystone/keystone/server/flask/request_processing/middleware/auth_context.py:480}}
Jul 24 17:38:04 user devstack@keystone.service[42153]: DEBUG keystone.server.flask.request_processing.req_logging [None req-8bfb0667-eea3-41e1-8f12-e8b2d2f8e368 None admin] REQUEST_METHOD: `GET` {{(pid=42153) log_request_info /opt/stack/keystone/keystone/server/flask/request_processing/req_logging.py:27}}
Jul 24 17:38:04 user devstack@keystone.service[42153]: DEBUG keystone.server.flask.request_processing.req_logging [None req-8bfb0667-eea3-41e1-8f12-e8b2d2f8e368 None admin] SCRIPT_NAME: `/identity` {{(pid=42153) log_request_info /opt/stack/keystone/keystone/server/flask/request_processing/req_logging.py:28}}
Jul 24 17:38:04 user devstack@keystone.service[42153]: DEBUG keystone.server.flask.request_processing.req_logging [None req-8bfb0667-eea3-41e1-8f12-e8b2d2f8e368 None admin] PATH_INFO: `/v3/roles` {{(pid=42153) log_request_info /opt/stack/keystone/keystone/server/flask/request_processing/req_logging.py:29}}
Jul 24 17:38:04 user devstack@keystone.service[42153]: DEBUG keystone.common.rbac_enforcer.enforcer [None req-8bfb0667-eea3-41e1-8f12-e8b2d2f8e368 None admin] RBAC: Adding query filter params (name=anotherrole) {{(pid=42153) _extract_filter_values /opt/stack/keystone/keystone/common/rbac_enforcer/enforcer.py:167}}
Jul 24 17:38:04 user devstack@keystone.service[42153]: DEBUG keystone.common.rbac_enforcer.enforcer [None req-8bfb0667-eea3-41e1-8f12-e8b2d2f8e368 None admin] RBAC: Authorizing `identity:list_roles()` {{(pid=42153) enforce_call /opt/stack/keystone/keystone/common/rbac_enforcer/enforcer.py:449}}
Jul 24 17:38:04 user devstack@keystone.service[42153]: DEBUG keystone.common.rbac_enforcer.enforcer [None req-8bfb0667-eea3-41e1-8f12-e8b2d2f8e368 None admin] RBAC: Authorization granted {{(pid=42153) enforce_call /opt/stack/keystone/keystone/common/rbac_enforcer/enforcer.py:457}}
Jul 24 17:38:04 user devstack@keystone.service[42152]: DEBUG dbcounter [-] [42152] Writing DB stats keystone:SELECT=100 {{(pid=42152) stat_writer /usr/local/lib/python3.10/dist-packages/dbcounter.py:117}}
Jul 24 17:38:04 user devstack@keystone.service[42153]: [pid: 42153|app: 0|req: 105/319] 10.0.0.210 () {56 vars in 1106 bytes} [Mon Jul 24 17:38:04 2023] GET /identity/v3/roles?name=anotherrole => generated 332 bytes in 130 msecs (HTTP/1.1 200) 5 headers in 177 bytes (1 switches on core 0)
Jul 24 17:38:04 user devstack@keystone.service[42153]: DEBUG keystone.server.flask.request_processing.middleware.auth_context [None req-8bfb0667-eea3-41e1-8f12-e8b2d2f8e368 None admin] Authenticating user token {{(pid=42153) process_request /usr/local/lib/python3.10/dist-packages/keystonemiddleware/auth_token/__init__.py:406}}
Jul 24 17:38:04 user devstack@keystone.service[42151]: DEBUG dbcounter [-] [42151] Writing DB stats keystone:SELECT=100 {{(pid=42151) stat_writer /usr/local/lib/python3.10/dist-packages/dbcounter.py:117}}
Jul 24 17:38:04 user devstack@keystone.service[42152]: DEBUG keystone.server.flask.request_processing.middleware.auth_context [None req-36b61eae-d494-403f-9111-6dd10ad04a38 None admin] RBAC: auth_context: {'token': , 'domain_id': None, 'trust_id': None, 'trustor_id': None, 'trustee_id': None, 'domain_name': None, 'group_ids': [], 'user_id': '52d6a649281a437c8eede6f974078969', 'user_domain_id': 'default', 'system_scope': 'all', 'project_id': None, 'project_domain_id': None, 'roles': ['admin', 'member', 'reader'], 'is_admin_project': True, 'service_user_id': None, 'service_user_domain_id': None, 'service_project_id': None, 'service_project_domain_id': None, 'service_roles': []} {{(pid=42152) fill_context /opt/stack/keystone/keystone/server/flask/request_processing/middleware/auth_context.py:480}}
Jul 24 17:38:04 user devstack@keystone.service[42152]: DEBUG keystone.server.flask.request_processing.req_logging [None req-36b61eae-d494-403f-9111-6dd10ad04a38 None admin] REQUEST_METHOD: `GET` {{(pid=42152) log_request_info /opt/stack/keystone/keystone/server/flask/request_processing/req_logging.py:27}}
Jul 24 17:38:04 user devstack@keystone.service[42152]: DEBUG keystone.server.flask.request_processing.req_logging [None req-36b61eae-d494-403f-9111-6dd10ad04a38 None admin] SCRIPT_NAME: `/identity` {{(pid=42152) log_request_info /opt/stack/keystone/keystone/server/flask/request_processing/req_logging.py:28}}
Jul 24 17:38:04 user devstack@keystone.service[42152]: DEBUG keystone.server.flask.request_processing.req_logging [None req-36b61eae-d494-403f-9111-6dd10ad04a38 None admin] PATH_INFO: `/v3/projects/51362195bf8f439b8074dcfbc6fea092` {{(pid=42152) log_request_info /opt/stack/keystone/keystone/server/flask/request_processing/req_logging.py:29}}
Jul 24 17:38:04 user devstack@keystone.service[42152]: DEBUG keystone.common.rbac_enforcer.enforcer [None req-36b61eae-d494-403f-9111-6dd10ad04a38 None admin] RBAC: Authorizing `identity:get_project(project_id=51362195bf8f439b8074dcfbc6fea092)` {{(pid=42152) enforce_call /opt/stack/keystone/keystone/common/rbac_enforcer/enforcer.py:449}}
Jul 24 17:38:04 user devstack@keystone.service[42152]: DEBUG keystone.common.rbac_enforcer.enforcer [None req-36b61eae-d494-403f-9111-6dd10ad04a38 None admin] RBAC: Authorization granted {{(pid=42152) enforce_call /opt/stack/keystone/keystone/common/rbac_enforcer/enforcer.py:457}}
Jul 24 17:38:04 user devstack@keystone.service[42152]: [pid: 42152|app: 0|req: 111/320] 10.0.0.210 () {56 vars in 1181 bytes} [Mon Jul 24 17:38:04 2023] GET /identity/v3/projects/51362195bf8f439b8074dcfbc6fea092 => generated 301 bytes in 162 msecs (HTTP/1.1 200) 5 headers in 177 bytes (1 switches on core 0)
Jul 24 17:38:04 user devstack@keystone.service[42152]: DEBUG keystone.server.flask.request_processing.middleware.auth_context [None req-36b61eae-d494-403f-9111-6dd10ad04a38 None admin] Authenticating user token {{(pid=42152) process_request /usr/local/lib/python3.10/dist-packages/keystonemiddleware/auth_token/__init__.py:406}}
Jul 24 17:38:04 user devstack@keystone.service[42151]: [pid: 42151|app: 0|req: 105/321] 10.0.0.210 () {58 vars in 1017 bytes} [Mon Jul 24 17:38:04 2023] POST /identity/v3/auth/tokens => generated 798 bytes in 96 msecs (HTTP/1.1 201) 6 headers in 363 bytes (1 switches on core 0)
Jul 24 17:38:04 user devstack@keystone.service[42151]: DEBUG keystone.server.flask.request_processing.middleware.auth_context [None req-f1b1d025-eaf7-4317-b0eb-fef9bfaea9f3 None None] Authenticating user token {{(pid=42151) process_request /usr/local/lib/python3.10/dist-packages/keystonemiddleware/auth_token/__init__.py:406}}
Jul 24 17:38:04 user devstack@keystone.service[42153]: DEBUG keystone.server.flask.request_processing.middleware.auth_context [None req-8bfb0667-eea3-41e1-8f12-e8b2d2f8e368 None admin] Validating token access rules against request {{(pid=42153) validate_allowed_request /usr/local/lib/python3.10/dist-packages/keystonemiddleware/auth_token/__init__.py:544}}
Jul 24 17:38:04 user devstack@keystone.service[42153]: DEBUG keystone.server.flask.request_processing.middleware.auth_context [None req-f361841e-5f8a-43cc-8609-80afee6a78ae None admin] RBAC: auth_context: {'token': , 'domain_id': None, 'trust_id': None, 'trustor_id': None, 'trustee_id': None, 'domain_name': None, 'group_ids': [], 'user_id': '52d6a649281a437c8eede6f974078969', 'user_domain_id': 'default', 'system_scope': 'all', 'project_id': None, 'project_domain_id': None, 'roles': ['admin', 'member', 'reader'], 'is_admin_project': True, 'service_user_id': None, 'service_user_domain_id': None, 'service_project_id': None, 'service_project_domain_id': None, 'service_roles': []} {{(pid=42153) fill_context /opt/stack/keystone/keystone/server/flask/request_processing/middleware/auth_context.py:480}}
Jul 24 17:38:04 user devstack@keystone.service[42153]: DEBUG keystone.server.flask.request_processing.req_logging [None req-f361841e-5f8a-43cc-8609-80afee6a78ae None admin] REQUEST_METHOD: `GET` {{(pid=42153) log_request_info /opt/stack/keystone/keystone/server/flask/request_processing/req_logging.py:27}}
Jul 24 17:38:04 user devstack@keystone.service[42153]: DEBUG keystone.server.flask.request_processing.req_logging [None req-f361841e-5f8a-43cc-8609-80afee6a78ae None admin] SCRIPT_NAME: `/identity` {{(pid=42153) log_request_info /opt/stack/keystone/keystone/server/flask/request_processing/req_logging.py:28}}
Jul 24 17:38:04 user devstack@keystone.service[42153]: DEBUG keystone.server.flask.request_processing.req_logging [None req-f361841e-5f8a-43cc-8609-80afee6a78ae None admin] PATH_INFO: `/v3/projects/ba4ec36a772c4685ab6419c9ba046f5f` {{(pid=42153) log_request_info /opt/stack/keystone/keystone/server/flask/request_processing/req_logging.py:29}}
Jul 24 17:38:04 user devstack@keystone.service[42153]: DEBUG keystone.common.rbac_enforcer.enforcer [None req-f361841e-5f8a-43cc-8609-80afee6a78ae None admin] RBAC: Authorizing `identity:get_project(project_id=ba4ec36a772c4685ab6419c9ba046f5f)` {{(pid=42153) enforce_call /opt/stack/keystone/keystone/common/rbac_enforcer/enforcer.py:449}}
Jul 24 17:38:04 user devstack@keystone.service[42153]: DEBUG keystone.common.rbac_enforcer.enforcer [None req-f361841e-5f8a-43cc-8609-80afee6a78ae None admin] RBAC: Authorization granted {{(pid=42153) enforce_call /opt/stack/keystone/keystone/common/rbac_enforcer/enforcer.py:457}}
Jul 24 17:38:04 user devstack@keystone.service[42153]: [pid: 42153|app: 0|req: 106/322] 10.0.0.210 () {56 vars in 1181 bytes} [Mon Jul 24 17:38:04 2023] GET /identity/v3/projects/ba4ec36a772c4685ab6419c9ba046f5f => generated 297 bytes in 121 msecs (HTTP/1.1 200) 5 headers in 177 bytes (1 switches on core 0)
Jul 24 17:38:04 user devstack@keystone.service[42152]: DEBUG keystone.server.flask.request_processing.middleware.auth_context [None req-36b61eae-d494-403f-9111-6dd10ad04a38 None admin] Validating token access rules against request {{(pid=42152) validate_allowed_request /usr/local/lib/python3.10/dist-packages/keystonemiddleware/auth_token/__init__.py:544}}
Jul 24 17:38:04 user devstack@keystone.service[42153]: DEBUG keystone.server.flask.request_processing.middleware.auth_context [None req-f361841e-5f8a-43cc-8609-80afee6a78ae None admin] Authenticating user token {{(pid=42153) process_request /usr/local/lib/python3.10/dist-packages/keystonemiddleware/auth_token/__init__.py:406}}
Jul 24 17:38:04 user devstack@keystone.service[42151]: DEBUG keystone.server.flask.request_processing.middleware.auth_context [None req-f1b1d025-eaf7-4317-b0eb-fef9bfaea9f3 None None] Validating token access rules against request {{(pid=42151) validate_allowed_request /usr/local/lib/python3.10/dist-packages/keystonemiddleware/auth_token/__init__.py:544}}
Jul 24 17:38:04 user devstack@keystone.service[42152]: DEBUG keystone.server.flask.request_processing.middleware.auth_context [None req-cfdde389-5498-4d4b-b6f0-d40ec0bf4124 None admin] RBAC: auth_context: {'token': , 'domain_id': None, 'trust_id': None, 'trustor_id': None, 'trustee_id': None, 'domain_name': None, 'group_ids': [], 'user_id': '52d6a649281a437c8eede6f974078969', 'user_domain_id': 'default', 'system_scope': 'all', 'project_id': None, 'project_domain_id': None, 'roles': ['admin', 'member', 'reader'], 'is_admin_project': True, 'service_user_id': None, 'service_user_domain_id': None, 'service_project_id': None, 'service_project_domain_id': None, 'service_roles': []} {{(pid=42152) fill_context /opt/stack/keystone/keystone/server/flask/request_processing/middleware/auth_context.py:480}}
Jul 24 17:38:04 user devstack@keystone.service[42152]: DEBUG keystone.server.flask.request_processing.req_logging [None req-cfdde389-5498-4d4b-b6f0-d40ec0bf4124 None admin] REQUEST_METHOD: `GET` {{(pid=42152) log_request_info /opt/stack/keystone/keystone/server/flask/request_processing/req_logging.py:27}}
Jul 24 17:38:04 user devstack@keystone.service[42152]: DEBUG keystone.server.flask.request_processing.req_logging [None req-cfdde389-5498-4d4b-b6f0-d40ec0bf4124 None admin] SCRIPT_NAME: `/identity` {{(pid=42152) log_request_info /opt/stack/keystone/keystone/server/flask/request_processing/req_logging.py:28}}
Jul 24 17:38:04 user devstack@keystone.service[42152]: DEBUG keystone.server.flask.request_processing.req_logging [None req-cfdde389-5498-4d4b-b6f0-d40ec0bf4124 None admin] PATH_INFO: `/v3/auth/tokens` {{(pid=42152) log_request_info /opt/stack/keystone/keystone/server/flask/request_processing/req_logging.py:29}}
Jul 24 17:38:04 user devstack@keystone.service[42153]: DEBUG dbcounter [-] [42153] Writing DB stats keystone:SELECT=100 {{(pid=42153) stat_writer /usr/local/lib/python3.10/dist-packages/dbcounter.py:117}}
Jul 24 17:38:04 user devstack@keystone.service[42151]: DEBUG keystone.server.flask.request_processing.middleware.auth_context [None req-336e6079-e72a-48f5-ad3f-ddc0cd9f5415 None admin] RBAC: auth_context: {'token': , 'domain_id': None, 'trust_id': None, 'trustor_id': None, 'trustee_id': None, 'domain_name': None, 'group_ids': [], 'user_id': '52d6a649281a437c8eede6f974078969', 'user_domain_id': 'default', 'system_scope': 'all', 'project_id': None, 'project_domain_id': None, 'roles': ['admin', 'member', 'reader'], 'is_admin_project': True, 'service_user_id': None, 'service_user_domain_id': None, 'service_project_id': None, 'service_project_domain_id': None, 'service_roles': []} {{(pid=42151) fill_context /opt/stack/keystone/keystone/server/flask/request_processing/middleware/auth_context.py:480}}
Jul 24 17:38:04 user devstack@keystone.service[42151]: DEBUG keystone.server.flask.request_processing.req_logging [None req-336e6079-e72a-48f5-ad3f-ddc0cd9f5415 None admin] REQUEST_METHOD: `GET` {{(pid=42151) log_request_info /opt/stack/keystone/keystone/server/flask/request_processing/req_logging.py:27}}
Jul 24 17:38:04 user devstack@keystone.service[42151]: DEBUG keystone.server.flask.request_processing.req_logging [None req-336e6079-e72a-48f5-ad3f-ddc0cd9f5415 None admin] SCRIPT_NAME: `/identity` {{(pid=42151) log_request_info /opt/stack/keystone/keystone/server/flask/request_processing/req_logging.py:28}}
Jul 24 17:38:04 user devstack@keystone.service[42151]: DEBUG keystone.server.flask.request_processing.req_logging [None req-336e6079-e72a-48f5-ad3f-ddc0cd9f5415 None admin] PATH_INFO: `/v3/groups/fb16fd4177384f81be40c30722f0a690` {{(pid=42151) log_request_info /opt/stack/keystone/keystone/server/flask/request_processing/req_logging.py:29}}
Jul 24 17:38:04 user devstack@keystone.service[42151]: DEBUG keystone.common.rbac_enforcer.enforcer [None req-336e6079-e72a-48f5-ad3f-ddc0cd9f5415 None admin] RBAC: Authorizing `identity:get_group(group_id=fb16fd4177384f81be40c30722f0a690)` {{(pid=42151) enforce_call /opt/stack/keystone/keystone/common/rbac_enforcer/enforcer.py:449}}
Jul 24 17:38:04 user devstack@keystone.service[42151]: DEBUG keystone.common.rbac_enforcer.enforcer [None req-336e6079-e72a-48f5-ad3f-ddc0cd9f5415 None admin] RBAC: Authorization granted {{(pid=42151) enforce_call /opt/stack/keystone/keystone/common/rbac_enforcer/enforcer.py:457}}
Jul 24 17:38:04 user devstack@keystone.service[42151]: [pid: 42151|app: 0|req: 106/323] 10.0.0.210 () {56 vars in 1175 bytes} [Mon Jul 24 17:38:04 2023] GET /identity/v3/groups/fb16fd4177384f81be40c30722f0a690 => generated 225 bytes in 138 msecs (HTTP/1.1 200) 5 headers in 177 bytes (1 switches on core 0)
Jul 24 17:38:04 user devstack@keystone.service[42151]: DEBUG keystone.server.flask.request_processing.middleware.auth_context [None req-336e6079-e72a-48f5-ad3f-ddc0cd9f5415 None admin] Authenticating user token {{(pid=42151) process_request /usr/local/lib/python3.10/dist-packages/keystonemiddleware/auth_token/__init__.py:406}}
Jul 24 17:38:04 user devstack@keystone.service[42152]: DEBUG dbcounter [-] [42152] Writing DB stats keystone:SELECT=100 {{(pid=42152) stat_writer /usr/local/lib/python3.10/dist-packages/dbcounter.py:117}}
Jul 24 17:38:04 user devstack@keystone.service[42151]: DEBUG dbcounter [-] [42151] Writing DB stats keystone:SELECT=100 {{(pid=42151) stat_writer /usr/local/lib/python3.10/dist-packages/dbcounter.py:117}}
Jul 24 17:38:04 user devstack@keystone.service[42152]: DEBUG keystone.common.rbac_enforcer.enforcer [None req-cfdde389-5498-4d4b-b6f0-d40ec0bf4124 None admin] RBAC: Authorizing `identity:validate_token()` {{(pid=42152) enforce_call /opt/stack/keystone/keystone/common/rbac_enforcer/enforcer.py:449}}
Jul 24 17:38:04 user devstack@keystone.service[42152]: DEBUG keystone.common.rbac_enforcer.enforcer [None req-cfdde389-5498-4d4b-b6f0-d40ec0bf4124 None admin] RBAC: Authorization granted {{(pid=42152) enforce_call /opt/stack/keystone/keystone/common/rbac_enforcer/enforcer.py:457}}
Jul 24 17:38:04 user devstack@keystone.service[42153]: DEBUG keystone.server.flask.request_processing.middleware.auth_context [None req-f361841e-5f8a-43cc-8609-80afee6a78ae None admin] Validating token access rules against request {{(pid=42153) validate_allowed_request /usr/local/lib/python3.10/dist-packages/keystonemiddleware/auth_token/__init__.py:544}}
Jul 24 17:38:04 user devstack@keystone.service[42153]: DEBUG keystone.server.flask.request_processing.middleware.auth_context [None req-49e77648-62de-4760-a5ec-a860ae364373 None admin] RBAC: auth_context: {'token': , 'domain_id': None, 'trust_id': None, 'trustor_id': None, 'trustee_id': None, 'domain_name': None, 'group_ids': [], 'user_id': '52d6a649281a437c8eede6f974078969', 'user_domain_id': 'default', 'system_scope': 'all', 'project_id': None, 'project_domain_id': None, 'roles': ['admin', 'member', 'reader'], 'is_admin_project': True, 'service_user_id': None, 'service_user_domain_id': None, 'service_project_id': None, 'service_project_domain_id': None, 'service_roles': []} {{(pid=42153) fill_context /opt/stack/keystone/keystone/server/flask/request_processing/middleware/auth_context.py:480}}
Jul 24 17:38:04 user devstack@keystone.service[42153]: DEBUG keystone.server.flask.request_processing.req_logging [None req-49e77648-62de-4760-a5ec-a860ae364373 None admin] REQUEST_METHOD: `GET` {{(pid=42153) log_request_info /opt/stack/keystone/keystone/server/flask/request_processing/req_logging.py:27}}
Jul 24 17:38:04 user devstack@keystone.service[42153]: DEBUG keystone.server.flask.request_processing.req_logging [None req-49e77648-62de-4760-a5ec-a860ae364373 None admin] SCRIPT_NAME: `/identity` {{(pid=42153) log_request_info /opt/stack/keystone/keystone/server/flask/request_processing/req_logging.py:28}}
Jul 24 17:38:04 user devstack@keystone.service[42153]: DEBUG keystone.server.flask.request_processing.req_logging [None req-49e77648-62de-4760-a5ec-a860ae364373 None admin] PATH_INFO: `/v3/groups/fb16fd4177384f81be40c30722f0a690` {{(pid=42153) log_request_info /opt/stack/keystone/keystone/server/flask/request_processing/req_logging.py:29}}
Jul 24 17:38:04 user devstack@keystone.service[42153]: DEBUG keystone.common.rbac_enforcer.enforcer [None req-49e77648-62de-4760-a5ec-a860ae364373 None admin] RBAC: Authorizing `identity:get_group(group_id=fb16fd4177384f81be40c30722f0a690)` {{(pid=42153) enforce_call /opt/stack/keystone/keystone/common/rbac_enforcer/enforcer.py:449}}
Jul 24 17:38:04 user devstack@keystone.service[42153]: DEBUG keystone.common.rbac_enforcer.enforcer [None req-49e77648-62de-4760-a5ec-a860ae364373 None admin] RBAC: Authorization granted {{(pid=42153) enforce_call /opt/stack/keystone/keystone/common/rbac_enforcer/enforcer.py:457}}
Jul 24 17:38:04 user devstack@keystone.service[42153]: [pid: 42153|app: 0|req: 107/324] 10.0.0.210 () {56 vars in 1175 bytes} [Mon Jul 24 17:38:04 2023] GET /identity/v3/groups/fb16fd4177384f81be40c30722f0a690 => generated 225 bytes in 152 msecs (HTTP/1.1 200) 5 headers in 177 bytes (1 switches on core 0)
Jul 24 17:38:04 user devstack@keystone.service[42153]: DEBUG keystone.server.flask.request_processing.middleware.auth_context [None req-49e77648-62de-4760-a5ec-a860ae364373 None admin] Authenticating user token {{(pid=42153) process_request /usr/local/lib/python3.10/dist-packages/keystonemiddleware/auth_token/__init__.py:406}}
Jul 24 17:38:04 user devstack@keystone.service[42151]: DEBUG keystone.server.flask.request_processing.middleware.auth_context [None req-336e6079-e72a-48f5-ad3f-ddc0cd9f5415 None admin] Validating token access rules against request {{(pid=42151) validate_allowed_request /usr/local/lib/python3.10/dist-packages/keystonemiddleware/auth_token/__init__.py:544}}
Jul 24 17:38:04 user devstack@keystone.service[42152]: [pid: 42152|app: 0|req: 112/325] 10.0.0.210 () {58 vars in 1277 bytes} [Mon Jul 24 17:38:04 2023] GET /identity/v3/auth/tokens => generated 798 bytes in 294 msecs (HTTP/1.1 200) 6 headers in 358 bytes (1 switches on core 0)
Jul 24 17:38:05 user devstack@keystone.service[42152]: DEBUG keystone.server.flask.request_processing.middleware.auth_context [None req-cfdde389-5498-4d4b-b6f0-d40ec0bf4124 None admin] Authenticating user token {{(pid=42152) process_request /usr/local/lib/python3.10/dist-packages/keystonemiddleware/auth_token/__init__.py:406}}
Jul 24 17:38:05 user devstack@keystone.service[42151]: DEBUG keystone.server.flask.request_processing.middleware.auth_context [None req-deb1b990-c018-404d-a591-76cd8715beae None admin] RBAC: auth_context: {'token': , 'domain_id': None, 'trust_id': None, 'trustor_id': None, 'trustee_id': None, 'domain_name': None, 'group_ids': [], 'user_id': '52d6a649281a437c8eede6f974078969', 'user_domain_id': 'default', 'system_scope': 'all', 'project_id': None, 'project_domain_id': None, 'roles': ['admin', 'member', 'reader'], 'is_admin_project': True, 'service_user_id': None, 'service_user_domain_id': None, 'service_project_id': None, 'service_project_domain_id': None, 'service_roles': []} {{(pid=42151) fill_context /opt/stack/keystone/keystone/server/flask/request_processing/middleware/auth_context.py:480}}
Jul 24 17:38:05 user devstack@keystone.service[42151]: DEBUG keystone.server.flask.request_processing.req_logging [None req-deb1b990-c018-404d-a591-76cd8715beae None admin] REQUEST_METHOD: `GET` {{(pid=42151) log_request_info /opt/stack/keystone/keystone/server/flask/request_processing/req_logging.py:27}}
Jul 24 17:38:05 user devstack@keystone.service[42151]: DEBUG keystone.server.flask.request_processing.req_logging [None req-deb1b990-c018-404d-a591-76cd8715beae None admin] SCRIPT_NAME: `/identity` {{(pid=42151) log_request_info /opt/stack/keystone/keystone/server/flask/request_processing/req_logging.py:28}}
Jul 24 17:38:05 user devstack@keystone.service[42151]: DEBUG keystone.server.flask.request_processing.req_logging [None req-deb1b990-c018-404d-a591-76cd8715beae None admin] PATH_INFO: `/v3/role_assignments` {{(pid=42151) log_request_info /opt/stack/keystone/keystone/server/flask/request_processing/req_logging.py:29}}
Jul 24 17:38:05 user devstack@keystone.service[42151]: DEBUG keystone.common.rbac_enforcer.enforcer [None req-deb1b990-c018-404d-a591-76cd8715beae None admin] RBAC: Adding query filter params (group.id=fb16fd4177384f81be40c30722f0a690, role.id=3e029c6945154162817635bd23fb29ec, scope.project.id=51362195bf8f439b8074dcfbc6fea092) {{(pid=42151) _extract_filter_values /opt/stack/keystone/keystone/common/rbac_enforcer/enforcer.py:167}}
Jul 24 17:38:05 user devstack@keystone.service[42151]: DEBUG keystone.common.rbac_enforcer.enforcer [None req-deb1b990-c018-404d-a591-76cd8715beae None admin] RBAC: Authorizing `identity:list_role_assignments()` {{(pid=42151) enforce_call /opt/stack/keystone/keystone/common/rbac_enforcer/enforcer.py:449}}
Jul 24 17:38:05 user devstack@keystone.service[42151]: DEBUG keystone.common.rbac_enforcer.enforcer [None req-deb1b990-c018-404d-a591-76cd8715beae None admin] RBAC: Authorization granted {{(pid=42151) enforce_call /opt/stack/keystone/keystone/common/rbac_enforcer/enforcer.py:457}}
Jul 24 17:38:05 user devstack@keystone.service[42151]: [pid: 42151|app: 0|req: 107/326] 10.0.0.210 () {56 vars in 1371 bytes} [Mon Jul 24 17:38:04 2023] GET /identity/v3/role_assignments?group.id=fb16fd4177384f81be40c30722f0a690&scope.project.id=51362195bf8f439b8074dcfbc6fea092&role.id=3e029c6945154162817635bd23fb29ec => generated 609 bytes in 155 msecs (HTTP/1.1 200) 5 headers in 177 bytes (1 switches on core 0)
Jul 24 17:38:05 user devstack@keystone.service[42153]: DEBUG keystone.server.flask.request_processing.middleware.auth_context [None req-49e77648-62de-4760-a5ec-a860ae364373 None admin] Validating token access rules against request {{(pid=42153) validate_allowed_request /usr/local/lib/python3.10/dist-packages/keystonemiddleware/auth_token/__init__.py:544}}
Jul 24 17:38:05 user devstack@keystone.service[42151]: DEBUG keystone.server.flask.request_processing.middleware.auth_context [None req-deb1b990-c018-404d-a591-76cd8715beae None admin] Authenticating user token {{(pid=42151) process_request /usr/local/lib/python3.10/dist-packages/keystonemiddleware/auth_token/__init__.py:406}}
Jul 24 17:38:05 user devstack@keystone.service[42153]: DEBUG dbcounter [-] [42153] Writing DB stats keystone:SELECT=100 {{(pid=42153) stat_writer /usr/local/lib/python3.10/dist-packages/dbcounter.py:117}}
Jul 24 17:38:05 user devstack@keystone.service[42152]: DEBUG dbcounter [-] [42152] Writing DB stats keystone:SELECT=100 {{(pid=42152) stat_writer /usr/local/lib/python3.10/dist-packages/dbcounter.py:117}}
Jul 24 17:38:05 user devstack@keystone.service[42152]: DEBUG keystone.server.flask.request_processing.middleware.auth_context [None req-cfdde389-5498-4d4b-b6f0-d40ec0bf4124 None admin] Validating token access rules against request {{(pid=42152) validate_allowed_request /usr/local/lib/python3.10/dist-packages/keystonemiddleware/auth_token/__init__.py:544}}
Jul 24 17:38:05 user devstack@keystone.service[42153]: DEBUG keystone.server.flask.request_processing.middleware.auth_context [None req-89382733-6273-4e74-a21d-f452f5dad96d None admin] RBAC: auth_context: {'token': , 'domain_id': None, 'trust_id': None, 'trustor_id': None, 'trustee_id': None, 'domain_name': None, 'group_ids': [], 'user_id': '52d6a649281a437c8eede6f974078969', 'user_domain_id': 'default', 'system_scope': 'all', 'project_id': None, 'project_domain_id': None, 'roles': ['admin', 'member', 'reader'], 'is_admin_project': True, 'service_user_id': None, 'service_user_domain_id': None, 'service_project_id': None, 'service_project_domain_id': None, 'service_roles': []} {{(pid=42153) fill_context /opt/stack/keystone/keystone/server/flask/request_processing/middleware/auth_context.py:480}}
Jul 24 17:38:05 user devstack@keystone.service[42153]: DEBUG keystone.server.flask.request_processing.req_logging [None req-89382733-6273-4e74-a21d-f452f5dad96d None admin] REQUEST_METHOD: `GET` {{(pid=42153) log_request_info /opt/stack/keystone/keystone/server/flask/request_processing/req_logging.py:27}}
Jul 24 17:38:05 user devstack@keystone.service[42153]: DEBUG keystone.server.flask.request_processing.req_logging [None req-89382733-6273-4e74-a21d-f452f5dad96d None admin] SCRIPT_NAME: `/identity` {{(pid=42153) log_request_info /opt/stack/keystone/keystone/server/flask/request_processing/req_logging.py:28}}
Jul 24 17:38:05 user devstack@keystone.service[42153]: DEBUG keystone.server.flask.request_processing.req_logging [None req-89382733-6273-4e74-a21d-f452f5dad96d None admin] PATH_INFO: `/v3/role_assignments` {{(pid=42153) log_request_info /opt/stack/keystone/keystone/server/flask/request_processing/req_logging.py:29}}
Jul 24 17:38:05 user devstack@keystone.service[42153]: DEBUG keystone.common.rbac_enforcer.enforcer [None req-89382733-6273-4e74-a21d-f452f5dad96d None admin] RBAC: Adding query filter params (group.id=fb16fd4177384f81be40c30722f0a690, role.id=126c2261a4e24a4c8df86a86ea705a67, scope.project.id=ba4ec36a772c4685ab6419c9ba046f5f) {{(pid=42153) _extract_filter_values /opt/stack/keystone/keystone/common/rbac_enforcer/enforcer.py:167}}
Jul 24 17:38:05 user devstack@keystone.service[42153]: DEBUG keystone.common.rbac_enforcer.enforcer [None req-89382733-6273-4e74-a21d-f452f5dad96d None admin] RBAC: Authorizing `identity:list_role_assignments()` {{(pid=42153) enforce_call /opt/stack/keystone/keystone/common/rbac_enforcer/enforcer.py:449}}
Jul 24 17:38:05 user devstack@keystone.service[42153]: DEBUG keystone.common.rbac_enforcer.enforcer [None req-89382733-6273-4e74-a21d-f452f5dad96d None admin] RBAC: Authorization granted {{(pid=42153) enforce_call /opt/stack/keystone/keystone/common/rbac_enforcer/enforcer.py:457}}
Jul 24 17:38:05 user devstack@keystone.service[42153]: [pid: 42153|app: 0|req: 108/327] 10.0.0.210 () {56 vars in 1371 bytes} [Mon Jul 24 17:38:04 2023] GET /identity/v3/role_assignments?group.id=fb16fd4177384f81be40c30722f0a690&scope.project.id=ba4ec36a772c4685ab6419c9ba046f5f&role.id=126c2261a4e24a4c8df86a86ea705a67 => generated 609 bytes in 151 msecs (HTTP/1.1 200) 5 headers in 177 bytes (2 switches on core 0)
Jul 24 17:38:05 user devstack@keystone.service[42152]: DEBUG keystone.server.flask.request_processing.middleware.auth_context [None req-9025c9f5-248b-4c87-8d03-0ad6c5565aac None admin] RBAC: auth_context: {'token': , 'domain_id': None, 'trust_id': None, 'trustor_id': None, 'trustee_id': None, 'domain_name': None, 'group_ids': [], 'user_id': '52d6a649281a437c8eede6f974078969', 'user_domain_id': 'default', 'system_scope': 'all', 'project_id': None, 'project_domain_id': None, 'roles': ['admin', 'member', 'reader'], 'is_admin_project': True, 'service_user_id': None, 'service_user_domain_id': None, 'service_project_id': None, 'service_project_domain_id': None, 'service_roles': []} {{(pid=42152) fill_context /opt/stack/keystone/keystone/server/flask/request_processing/middleware/auth_context.py:480}}
Jul 24 17:38:05 user devstack@keystone.service[42152]: DEBUG keystone.server.flask.request_processing.req_logging [None req-9025c9f5-248b-4c87-8d03-0ad6c5565aac None admin] REQUEST_METHOD: `GET` {{(pid=42152) log_request_info /opt/stack/keystone/keystone/server/flask/request_processing/req_logging.py:27}}
Jul 24 17:38:05 user devstack@keystone.service[42152]: DEBUG keystone.server.flask.request_processing.req_logging [None req-9025c9f5-248b-4c87-8d03-0ad6c5565aac None admin] SCRIPT_NAME: `/identity` {{(pid=42152) log_request_info /opt/stack/keystone/keystone/server/flask/request_processing/req_logging.py:28}}
Jul 24 17:38:05 user devstack@keystone.service[42152]: DEBUG keystone.server.flask.request_processing.req_logging [None req-9025c9f5-248b-4c87-8d03-0ad6c5565aac None admin] PATH_INFO: `/v3/projects/51362195bf8f439b8074dcfbc6fea092` {{(pid=42152) log_request_info /opt/stack/keystone/keystone/server/flask/request_processing/req_logging.py:29}}
Jul 24 17:38:05 user devstack@keystone.service[42152]: DEBUG keystone.common.rbac_enforcer.enforcer [None req-9025c9f5-248b-4c87-8d03-0ad6c5565aac None admin] RBAC: Authorizing `identity:get_project(project_id=51362195bf8f439b8074dcfbc6fea092)` {{(pid=42152) enforce_call /opt/stack/keystone/keystone/common/rbac_enforcer/enforcer.py:449}}
Jul 24 17:38:05 user devstack@keystone.service[42152]: DEBUG keystone.common.rbac_enforcer.enforcer [None req-9025c9f5-248b-4c87-8d03-0ad6c5565aac None admin] RBAC: Authorization granted {{(pid=42152) enforce_call /opt/stack/keystone/keystone/common/rbac_enforcer/enforcer.py:457}}
Jul 24 17:38:05 user devstack@keystone.service[42152]: [pid: 42152|app: 0|req: 113/328] 10.0.0.210 () {56 vars in 1181 bytes} [Mon Jul 24 17:38:05 2023] GET /identity/v3/projects/51362195bf8f439b8074dcfbc6fea092 => generated 301 bytes in 125 msecs (HTTP/1.1 200) 5 headers in 177 bytes (2 switches on core 0)
Jul 24 17:38:05 user devstack@keystone.service[42153]: DEBUG keystone.server.flask.request_processing.middleware.auth_context [None req-89382733-6273-4e74-a21d-f452f5dad96d None admin] Authenticating user token {{(pid=42153) process_request /usr/local/lib/python3.10/dist-packages/keystonemiddleware/auth_token/__init__.py:406}}
Jul 24 17:38:05 user devstack@keystone.service[42151]: DEBUG dbcounter [-] [42151] Writing DB stats keystone:SELECT=100 {{(pid=42151) stat_writer /usr/local/lib/python3.10/dist-packages/dbcounter.py:117}}
Jul 24 17:38:05 user devstack@keystone.service[42151]: DEBUG keystone.server.flask.request_processing.middleware.auth_context [None req-deb1b990-c018-404d-a591-76cd8715beae None admin] Validating token access rules against request {{(pid=42151) validate_allowed_request /usr/local/lib/python3.10/dist-packages/keystonemiddleware/auth_token/__init__.py:544}}
Jul 24 17:38:05 user devstack@keystone.service[42151]: DEBUG keystone.server.flask.request_processing.middleware.auth_context [None req-6048f084-8c43-4cb1-ab5c-a6e4f78bfa8b None admin] RBAC: auth_context: {'token': , 'domain_id': None, 'trust_id': None, 'trustor_id': None, 'trustee_id': None, 'domain_name': None, 'group_ids': [], 'user_id': '52d6a649281a437c8eede6f974078969', 'user_domain_id': 'default', 'system_scope': 'all', 'project_id': None, 'project_domain_id': None, 'roles': ['admin', 'member', 'reader'], 'is_admin_project': True, 'service_user_id': None, 'service_user_domain_id': None, 'service_project_id': None, 'service_project_domain_id': None, 'service_roles': []} {{(pid=42151) fill_context /opt/stack/keystone/keystone/server/flask/request_processing/middleware/auth_context.py:480}}
Jul 24 17:38:05 user devstack@keystone.service[42151]: DEBUG keystone.server.flask.request_processing.req_logging [None req-6048f084-8c43-4cb1-ab5c-a6e4f78bfa8b None admin] REQUEST_METHOD: `GET` {{(pid=42151) log_request_info /opt/stack/keystone/keystone/server/flask/request_processing/req_logging.py:27}}
Jul 24 17:38:05 user devstack@keystone.service[42151]: DEBUG keystone.server.flask.request_processing.req_logging [None req-6048f084-8c43-4cb1-ab5c-a6e4f78bfa8b None admin] SCRIPT_NAME: `/identity` {{(pid=42151) log_request_info /opt/stack/keystone/keystone/server/flask/request_processing/req_logging.py:28}}
