Aug 17 08:14:27 user devstack@c-api.service[73822]: /opt/stack/data/venv/lib/python3.10/site-packages/oslo_context/context.py:100: DeprecationWarning: Policy enforcement is depending on the value of is_admin. This key is deprecated. Please update your policy file to use the standard policy values.
Aug 17 08:14:27 user devstack@c-api.service[73822]: warnings.warn('Policy enforcement is depending on the value of '
Aug 17 08:14:27 user devstack@c-api.service[73822]: INFO cinder.volume.api [None req-d9ce5e82-4ebc-442a-995d-9ed214bac2ec tempest-VolumeRetypeWithoutMigrationTest-196447656 tempest-VolumeRetypeWithoutMigrationTest-196447656-project-member] Volume info retrieved successfully.
Aug 17 08:14:27 user devstack@c-api.service[73822]: INFO cinder.api.openstack.wsgi [None req-d9ce5e82-4ebc-442a-995d-9ed214bac2ec tempest-VolumeRetypeWithoutMigrationTest-196447656 tempest-VolumeRetypeWithoutMigrationTest-196447656-project-member] http://10.0.0.210/volume/v3/1fb155bc7851441f94f11abacdf70de7/volumes/42ad21d8-4a9c-4a0a-bf1b-490979b8ebc0 returned with HTTP 200
Aug 17 08:14:27 user devstack@c-api.service[73822]: [pid: 73822|app: 0|req: 71/229] 10.0.0.210 () {62 vars in 1402 bytes} [Thu Aug 17 08:14:27 2023] GET /volume/v3/1fb155bc7851441f94f11abacdf70de7/volumes/42ad21d8-4a9c-4a0a-bf1b-490979b8ebc0 => generated 924 bytes in 74 msecs (HTTP/1.1 200) 7 headers in 285 bytes (1 switches on core 0)
Aug 17 08:14:27 user devstack@c-api.service[73821]: DEBUG cinder.quota [None req-cc4296da-bb92-4e1c-8c8f-f415cca65fcc tempest-TestVolumeSwap-697446545 tempest-TestVolumeSwap-697446545-project-member] Created reservations ['c51fa080-222a-44f1-bad7-fa32952c6f7f', 'b963918b-e6f7-4f24-9744-0b6d3b9ca424', '884a59a4-b935-4704-9109-a179bafcace0', 'bb9dd602-88ec-4d00-a911-670f7efcfb31'] {{(pid=73821) reserve /opt/stack/cinder/cinder/quota.py:755}}
Aug 17 08:14:27 user devstack@c-api.service[73821]: DEBUG cinder.volume.api [None req-cc4296da-bb92-4e1c-8c8f-f415cca65fcc tempest-TestVolumeSwap-697446545 tempest-TestVolumeSwap-697446545-project-member] Task 'cinder.volume.flows.api.create_volume.QuotaReserveTask;volume:create' (61bce5b7-f521-4228-8f0c-143f1f551ae7) transitioned into state 'SUCCESS' from state 'RUNNING' with result '{'reservations': ['c51fa080-222a-44f1-bad7-fa32952c6f7f', 'b963918b-e6f7-4f24-9744-0b6d3b9ca424', '884a59a4-b935-4704-9109-a179bafcace0', 'bb9dd602-88ec-4d00-a911-670f7efcfb31']}' {{(pid=73821) _task_receiver /opt/stack/data/venv/lib/python3.10/site-packages/taskflow/listeners/logging.py:178}}
Aug 17 08:14:27 user devstack@c-api.service[73821]: DEBUG cinder.volume.api [None req-cc4296da-bb92-4e1c-8c8f-f415cca65fcc tempest-TestVolumeSwap-697446545 tempest-TestVolumeSwap-697446545-project-member] Task 'cinder.volume.flows.api.create_volume.EntryCreateTask;volume:create' (3984c4d5-13c9-4369-835b-506ab20fcff8) transitioned into state 'RUNNING' from state 'PENDING' {{(pid=73821) _task_receiver /opt/stack/data/venv/lib/python3.10/site-packages/taskflow/listeners/logging.py:190}}
Aug 17 08:14:27 user devstack@c-api.service[73820]: DEBUG cinder.api.middleware.request_id [None req-dd4bb7da-6813-491e-910a-1823695be0f9 None None] RequestId filter calling following filter/app {{(pid=73820) _context_setter /opt/stack/cinder/cinder/api/middleware/request_id.py:62}}
Aug 17 08:14:27 user devstack@c-api.service[73820]: INFO cinder.api.openstack.wsgi [None req-dd4bb7da-6813-491e-910a-1823695be0f9 tempest-VolumeRetypeWithoutMigrationTest-1088606998 tempest-VolumeRetypeWithoutMigrationTest-1088606998-project-admin] GET http://10.0.0.210/volume/v3/3631ec473d2a46f7a10079ed7f823c26/volumes/42ad21d8-4a9c-4a0a-bf1b-490979b8ebc0
Aug 17 08:14:27 user devstack@c-api.service[73820]: DEBUG cinder.api.openstack.wsgi [None req-dd4bb7da-6813-491e-910a-1823695be0f9 tempest-VolumeRetypeWithoutMigrationTest-1088606998 tempest-VolumeRetypeWithoutMigrationTest-1088606998-project-admin] Empty body provided in request {{(pid=73820) get_body /opt/stack/cinder/cinder/api/openstack/wsgi.py:715}}
Aug 17 08:14:27 user devstack@c-api.service[73820]: DEBUG cinder.api.openstack.wsgi [None req-dd4bb7da-6813-491e-910a-1823695be0f9 tempest-VolumeRetypeWithoutMigrationTest-1088606998 tempest-VolumeRetypeWithoutMigrationTest-1088606998-project-admin] Calling method 'show' {{(pid=73820) _process_stack /opt/stack/cinder/cinder/api/openstack/wsgi.py:868}}
Aug 17 08:14:27 user devstack@c-api.service[73821]: DEBUG cinder.volume.api [None req-cc4296da-bb92-4e1c-8c8f-f415cca65fcc tempest-TestVolumeSwap-697446545 tempest-TestVolumeSwap-697446545-project-member] Task 'cinder.volume.flows.api.create_volume.EntryCreateTask;volume:create' (3984c4d5-13c9-4369-835b-506ab20fcff8) transitioned into state 'SUCCESS' from state 'RUNNING' with result '{'volume_id': 'e4228be6-ba70-4efe-b04d-e86a9d58368a', 'volume_properties': VolumeProperties(attach_status='detached',availability_zone='nova',cgsnapshot_id=None,consistencygroup_id=None,display_description=None,display_name='tempest-TestVolumeSwap-volume-462380109',encryption_key_id=None,group_id=None,group_type_id=,metadata={},multiattach=False,project_id='af73da99c7d042268ba6235903b69dbe',qos_specs=None,replication_status=,reservations=['c51fa080-222a-44f1-bad7-fa32952c6f7f','b963918b-e6f7-4f24-9744-0b6d3b9ca424','884a59a4-b935-4704-9109-a179bafcace0','bb9dd602-88ec-4d00-a911-670f7efcfb31'],size=1,snapshot_id=None,source_replicaid=,source_volid=None,status='creating',user_id='03ba73641461482f9a108848958eaf85',volume_type_id=8a681212-9906-47de-99e3-d712882ceb2e), 'volume': Volume(_name_id=None,admin_metadata=,attach_status='detached',availability_zone='nova',bootable=False,cluster=,cluster_name=None,consistencygroup=,consistencygroup_id=None,created_at=2023-08-17T08:14:27Z,deleted=False,deleted_at=None,display_description=None,display_name='tempest-TestVolumeSwap-volume-462380109',ec2_id=None,encryption_key_id=None,glance_metadata=,group=,group_id=None,host=None,id=e4228be6-ba70-4efe-b04d-e86a9d58368a,launched_at=None,metadata={},migration_status=None,multiattach=False,previous_status=None,project_id='af73da99c7d042268ba6235903b69dbe',provider_auth=None,provider_geometry=None,provider_id=None,provider_location=None,replication_driver_data=None,replication_extended_status=None,replication_status=None,scheduled_at=None,service_uuid=None,shared_targets=True,size=1,snapshot_id=None,snapshots=,source_volid=None,status='creating',terminated_at=None,updated_at=None,use_quota=True,user_id='03ba73641461482f9a108848958eaf85',volume_attachment=VolumeAttachmentList,volume_type=VolumeType(8a681212-9906-47de-99e3-d712882ceb2e),volume_type_id=8a681212-9906-47de-99e3-d712882ceb2e)}' {{(pid=73821) _task_receiver /opt/stack/data/venv/lib/python3.10/site-packages/taskflow/listeners/logging.py:178}}
Aug 17 08:14:27 user devstack@c-api.service[73821]: DEBUG cinder.volume.api [None req-cc4296da-bb92-4e1c-8c8f-f415cca65fcc tempest-TestVolumeSwap-697446545 tempest-TestVolumeSwap-697446545-project-member] Task 'cinder.volume.flows.api.create_volume.QuotaCommitTask;volume:create' (d31019c0-7f5b-4a8f-ac67-fc3b977572aa) transitioned into state 'RUNNING' from state 'PENDING' {{(pid=73821) _task_receiver /opt/stack/data/venv/lib/python3.10/site-packages/taskflow/listeners/logging.py:190}}
Aug 17 08:14:27 user devstack@c-api.service[73820]: /opt/stack/data/venv/lib/python3.10/site-packages/oslo_context/context.py:100: DeprecationWarning: Policy enforcement is depending on the value of is_admin. This key is deprecated. Please update your policy file to use the standard policy values.
Aug 17 08:14:27 user devstack@c-api.service[73820]: warnings.warn('Policy enforcement is depending on the value of '
Aug 17 08:14:27 user devstack@c-api.service[73821]: DEBUG cinder.volume.api [None req-cc4296da-bb92-4e1c-8c8f-f415cca65fcc tempest-TestVolumeSwap-697446545 tempest-TestVolumeSwap-697446545-project-member] Task 'cinder.volume.flows.api.create_volume.QuotaCommitTask;volume:create' (d31019c0-7f5b-4a8f-ac67-fc3b977572aa) transitioned into state 'SUCCESS' from state 'RUNNING' with result '{'volume_properties': VolumeProperties(attach_status='detached',availability_zone='nova',cgsnapshot_id=None,consistencygroup_id=None,display_description=None,display_name='tempest-TestVolumeSwap-volume-462380109',encryption_key_id=None,group_id=None,group_type_id=,metadata={},multiattach=False,project_id='af73da99c7d042268ba6235903b69dbe',qos_specs=None,replication_status=,reservations=['c51fa080-222a-44f1-bad7-fa32952c6f7f','b963918b-e6f7-4f24-9744-0b6d3b9ca424','884a59a4-b935-4704-9109-a179bafcace0','bb9dd602-88ec-4d00-a911-670f7efcfb31'],size=1,snapshot_id=None,source_replicaid=,source_volid=None,status='creating',user_id='03ba73641461482f9a108848958eaf85',volume_type_id=8a681212-9906-47de-99e3-d712882ceb2e)}' {{(pid=73821) _task_receiver /opt/stack/data/venv/lib/python3.10/site-packages/taskflow/listeners/logging.py:178}}
Aug 17 08:14:27 user devstack@c-api.service[73820]: INFO cinder.volume.api [None req-dd4bb7da-6813-491e-910a-1823695be0f9 tempest-VolumeRetypeWithoutMigrationTest-1088606998 tempest-VolumeRetypeWithoutMigrationTest-1088606998-project-admin] Volume info retrieved successfully.
Aug 17 08:14:27 user devstack@c-api.service[73821]: DEBUG cinder.volume.api [None req-cc4296da-bb92-4e1c-8c8f-f415cca65fcc tempest-TestVolumeSwap-697446545 tempest-TestVolumeSwap-697446545-project-member] Task 'cinder.volume.flows.api.create_volume.VolumeCastTask;volume:create' (062e73e1-4b72-4e96-9fe3-7a127c2fa210) transitioned into state 'RUNNING' from state 'PENDING' {{(pid=73821) _task_receiver /opt/stack/data/venv/lib/python3.10/site-packages/taskflow/listeners/logging.py:190}}
Aug 17 08:14:27 user devstack@c-api.service[73821]: DEBUG cinder.volume.api [None req-cc4296da-bb92-4e1c-8c8f-f415cca65fcc tempest-TestVolumeSwap-697446545 tempest-TestVolumeSwap-697446545-project-member] Task 'cinder.volume.flows.api.create_volume.VolumeCastTask;volume:create' (062e73e1-4b72-4e96-9fe3-7a127c2fa210) transitioned into state 'SUCCESS' from state 'RUNNING' with result 'None' {{(pid=73821) _task_receiver /opt/stack/data/venv/lib/python3.10/site-packages/taskflow/listeners/logging.py:178}}
Aug 17 08:14:27 user devstack@c-api.service[73820]: INFO cinder.api.openstack.wsgi [None req-dd4bb7da-6813-491e-910a-1823695be0f9 tempest-VolumeRetypeWithoutMigrationTest-1088606998 tempest-VolumeRetypeWithoutMigrationTest-1088606998-project-admin] http://10.0.0.210/volume/v3/3631ec473d2a46f7a10079ed7f823c26/volumes/42ad21d8-4a9c-4a0a-bf1b-490979b8ebc0 returned with HTTP 200
Aug 17 08:14:27 user devstack@c-api.service[73820]: [pid: 73820|app: 0|req: 77/230] 10.0.0.210 () {62 vars in 1402 bytes} [Thu Aug 17 08:14:27 2023] GET /volume/v3/3631ec473d2a46f7a10079ed7f823c26/volumes/42ad21d8-4a9c-4a0a-bf1b-490979b8ebc0 => generated 1087 bytes in 170 msecs (HTTP/1.1 200) 7 headers in 286 bytes (1 switches on core 0)
Aug 17 08:14:27 user devstack@c-api.service[73821]: DEBUG cinder.volume.api [None req-cc4296da-bb92-4e1c-8c8f-f415cca65fcc tempest-TestVolumeSwap-697446545 tempest-TestVolumeSwap-697446545-project-member] Flow 'volume_create_api' (89054439-fd2a-47f4-b080-6b470f3cbad4) transitioned into state 'SUCCESS' from state 'RUNNING' {{(pid=73821) _flow_receiver /opt/stack/data/venv/lib/python3.10/site-packages/taskflow/listeners/logging.py:141}}
Aug 17 08:14:27 user devstack@c-api.service[73821]: INFO cinder.volume.api [None req-cc4296da-bb92-4e1c-8c8f-f415cca65fcc tempest-TestVolumeSwap-697446545 tempest-TestVolumeSwap-697446545-project-member] Create volume request issued successfully.
Aug 17 08:14:27 user devstack@c-api.service[73821]: INFO cinder.api.openstack.wsgi [None req-cc4296da-bb92-4e1c-8c8f-f415cca65fcc tempest-TestVolumeSwap-697446545 tempest-TestVolumeSwap-697446545-project-member] http://10.0.0.210/volume/v3/af73da99c7d042268ba6235903b69dbe/volumes returned with HTTP 202
Aug 17 08:14:27 user devstack@c-api.service[73821]: [pid: 73821|app: 0|req: 83/231] 10.0.0.210 () {64 vars in 1312 bytes} [Thu Aug 17 08:14:26 2023] POST /volume/v3/af73da99c7d042268ba6235903b69dbe/volumes => generated 811 bytes in 1096 msecs (HTTP/1.1 202) 7 headers in 291 bytes (1 switches on core 0)
Aug 17 08:14:27 user devstack@c-api.service[73822]: DEBUG cinder.api.middleware.request_id [None req-6c75ad2f-2b0c-4396-b6fc-64573a951e43 None None] RequestId filter calling following filter/app {{(pid=73822) _context_setter /opt/stack/cinder/cinder/api/middleware/request_id.py:62}}
Aug 17 08:14:27 user devstack@c-api.service[73822]: INFO cinder.api.openstack.wsgi [None req-6c75ad2f-2b0c-4396-b6fc-64573a951e43 tempest-VolumeRetypeWithoutMigrationTest-196447656 tempest-VolumeRetypeWithoutMigrationTest-196447656-project-member] POST http://10.0.0.210/volume/v3/1fb155bc7851441f94f11abacdf70de7/volumes/42ad21d8-4a9c-4a0a-bf1b-490979b8ebc0/action
Aug 17 08:14:27 user devstack@c-api.service[73822]: DEBUG cinder.api.openstack.wsgi [None req-6c75ad2f-2b0c-4396-b6fc-64573a951e43 tempest-VolumeRetypeWithoutMigrationTest-196447656 tempest-VolumeRetypeWithoutMigrationTest-196447656-project-member] Action body: b'{"os-retype": {"new_type": "volume-type-2", "migration_policy": "never"}}' {{(pid=73822) get_method /opt/stack/cinder/cinder/api/openstack/wsgi.py:983}}
Aug 17 08:14:27 user devstack@c-api.service[73822]: DEBUG cinder.api.openstack.wsgi [None req-6c75ad2f-2b0c-4396-b6fc-64573a951e43 tempest-VolumeRetypeWithoutMigrationTest-196447656 tempest-VolumeRetypeWithoutMigrationTest-196447656-project-member] Action: 'action', calling method: _retype, body: {"os-retype": {"new_type": "volume-type-2", "migration_policy": "never"}} {{(pid=73822) _process_stack /opt/stack/cinder/cinder/api/openstack/wsgi.py:866}}
Aug 17 08:14:27 user devstack@c-api.service[73820]: DEBUG cinder.api.middleware.request_id [None req-86402853-f920-400a-98de-c152a7e6b495 None None] RequestId filter calling following filter/app {{(pid=73820) _context_setter /opt/stack/cinder/cinder/api/middleware/request_id.py:62}}
Aug 17 08:14:27 user devstack@c-api.service[73822]: /opt/stack/data/venv/lib/python3.10/site-packages/oslo_context/context.py:100: DeprecationWarning: Policy enforcement is depending on the value of is_admin. This key is deprecated. Please update your policy file to use the standard policy values.
Aug 17 08:14:27 user devstack@c-api.service[73822]: warnings.warn('Policy enforcement is depending on the value of '
Aug 17 08:14:27 user devstack@c-api.service[73822]: INFO cinder.volume.api [None req-6c75ad2f-2b0c-4396-b6fc-64573a951e43 tempest-VolumeRetypeWithoutMigrationTest-196447656 tempest-VolumeRetypeWithoutMigrationTest-196447656-project-member] Volume info retrieved successfully.
Aug 17 08:14:27 user devstack@c-api.service[73820]: INFO cinder.api.openstack.wsgi [None req-86402853-f920-400a-98de-c152a7e6b495 tempest-TestVolumeSwap-697446545 tempest-TestVolumeSwap-697446545-project-member] GET http://10.0.0.210/volume/v3/af73da99c7d042268ba6235903b69dbe/volumes/e4228be6-ba70-4efe-b04d-e86a9d58368a
Aug 17 08:14:27 user devstack@c-api.service[73820]: DEBUG cinder.api.openstack.wsgi [None req-86402853-f920-400a-98de-c152a7e6b495 tempest-TestVolumeSwap-697446545 tempest-TestVolumeSwap-697446545-project-member] Empty body provided in request {{(pid=73820) get_body /opt/stack/cinder/cinder/api/openstack/wsgi.py:715}}
Aug 17 08:14:27 user devstack@c-api.service[73820]: DEBUG cinder.api.openstack.wsgi [None req-86402853-f920-400a-98de-c152a7e6b495 tempest-TestVolumeSwap-697446545 tempest-TestVolumeSwap-697446545-project-member] Calling method 'show' {{(pid=73820) _process_stack /opt/stack/cinder/cinder/api/openstack/wsgi.py:868}}
Aug 17 08:14:27 user devstack@c-api.service[73822]: WARNING cinder.quota [None req-6c75ad2f-2b0c-4396-b6fc-64573a951e43 tempest-VolumeRetypeWithoutMigrationTest-196447656 tempest-VolumeRetypeWithoutMigrationTest-196447656-project-member] Deprecated: Default quota for resource: volumes_volume-type-2 is set by the default quota flag: quota_volumes_volume-type-2, it is now deprecated. Please use the default quota class for default quota.
Aug 17 08:14:27 user devstack@c-api.service[73822]: WARNING cinder.quota [None req-6c75ad2f-2b0c-4396-b6fc-64573a951e43 tempest-VolumeRetypeWithoutMigrationTest-196447656 tempest-VolumeRetypeWithoutMigrationTest-196447656-project-member] Deprecated: Default quota for resource: gigabytes_volume-type-2 is set by the default quota flag: quota_gigabytes_volume-type-2, it is now deprecated. Please use the default quota class for default quota.
Aug 17 08:14:27 user devstack@c-api.service[73820]: /opt/stack/data/venv/lib/python3.10/site-packages/oslo_context/context.py:100: DeprecationWarning: Policy enforcement is depending on the value of is_admin. This key is deprecated. Please update your policy file to use the standard policy values.
Aug 17 08:14:27 user devstack@c-api.service[73820]: warnings.warn('Policy enforcement is depending on the value of '
Aug 17 08:14:27 user devstack@c-api.service[73820]: INFO cinder.volume.api [None req-86402853-f920-400a-98de-c152a7e6b495 tempest-TestVolumeSwap-697446545 tempest-TestVolumeSwap-697446545-project-member] Volume info retrieved successfully.
Aug 17 08:14:28 user devstack@c-api.service[73822]: DEBUG cinder.quota [None req-6c75ad2f-2b0c-4396-b6fc-64573a951e43 tempest-VolumeRetypeWithoutMigrationTest-196447656 tempest-VolumeRetypeWithoutMigrationTest-196447656-project-member] Created reservations ['03e52085-d4a0-4e60-a911-97ca038565ed', '69874e85-6d2e-4707-8ab5-05d6bbf156ae'] {{(pid=73822) reserve /opt/stack/cinder/cinder/quota.py:755}}
Aug 17 08:14:28 user devstack@c-api.service[73820]: INFO cinder.api.openstack.wsgi [None req-86402853-f920-400a-98de-c152a7e6b495 tempest-TestVolumeSwap-697446545 tempest-TestVolumeSwap-697446545-project-member] http://10.0.0.210/volume/v3/af73da99c7d042268ba6235903b69dbe/volumes/e4228be6-ba70-4efe-b04d-e86a9d58368a returned with HTTP 200
Aug 17 08:14:28 user devstack@c-api.service[73820]: [pid: 73820|app: 0|req: 78/232] 10.0.0.210 () {62 vars in 1402 bytes} [Thu Aug 17 08:14:27 2023] GET /volume/v3/af73da99c7d042268ba6235903b69dbe/volumes/e4228be6-ba70-4efe-b04d-e86a9d58368a => generated 879 bytes in 215 msecs (HTTP/1.1 200) 7 headers in 285 bytes (1 switches on core 0)
Aug 17 08:14:28 user devstack@c-api.service[73822]: DEBUG cinder.quota [None req-6c75ad2f-2b0c-4396-b6fc-64573a951e43 tempest-VolumeRetypeWithoutMigrationTest-196447656 tempest-VolumeRetypeWithoutMigrationTest-196447656-project-member] Created reservations ['9a8f7acd-af91-45b2-b9e7-3753d40ab91f', '645141e1-5e89-422a-a854-2d969dc316da'] {{(pid=73822) reserve /opt/stack/cinder/cinder/quota.py:755}}
Aug 17 08:14:28 user devstack@c-api.service[73822]: INFO cinder.volume.api [None req-6c75ad2f-2b0c-4396-b6fc-64573a951e43 tempest-VolumeRetypeWithoutMigrationTest-196447656 tempest-VolumeRetypeWithoutMigrationTest-196447656-project-member] Retype volume request issued successfully.
Aug 17 08:14:28 user devstack@c-api.service[73822]: INFO cinder.api.openstack.wsgi [None req-6c75ad2f-2b0c-4396-b6fc-64573a951e43 tempest-VolumeRetypeWithoutMigrationTest-196447656 tempest-VolumeRetypeWithoutMigrationTest-196447656-project-member] http://10.0.0.210/volume/v3/1fb155bc7851441f94f11abacdf70de7/volumes/42ad21d8-4a9c-4a0a-bf1b-490979b8ebc0/action returned with HTTP 202
Aug 17 08:14:28 user devstack@c-api.service[73822]: [pid: 73822|app: 0|req: 72/233] 10.0.0.210 () {64 vars in 1444 bytes} [Thu Aug 17 08:14:27 2023] POST /volume/v3/1fb155bc7851441f94f11abacdf70de7/volumes/42ad21d8-4a9c-4a0a-bf1b-490979b8ebc0/action => generated 0 bytes in 497 msecs (HTTP/1.1 202) 7 headers in 289 bytes (1 switches on core 0)
Aug 17 08:14:28 user devstack@c-api.service[73821]: DEBUG cinder.api.middleware.request_id [None req-a67df34b-9339-48b3-a6f0-d843b2bb57d2 None None] RequestId filter calling following filter/app {{(pid=73821) _context_setter /opt/stack/cinder/cinder/api/middleware/request_id.py:62}}
Aug 17 08:14:28 user devstack@c-api.service[73821]: INFO cinder.api.openstack.wsgi [None req-a67df34b-9339-48b3-a6f0-d843b2bb57d2 tempest-VolumeRetypeWithoutMigrationTest-196447656 tempest-VolumeRetypeWithoutMigrationTest-196447656-project-member] GET http://10.0.0.210/volume/v3/1fb155bc7851441f94f11abacdf70de7/volumes/42ad21d8-4a9c-4a0a-bf1b-490979b8ebc0
Aug 17 08:14:28 user devstack@c-api.service[73821]: DEBUG cinder.api.openstack.wsgi [None req-a67df34b-9339-48b3-a6f0-d843b2bb57d2 tempest-VolumeRetypeWithoutMigrationTest-196447656 tempest-VolumeRetypeWithoutMigrationTest-196447656-project-member] Empty body provided in request {{(pid=73821) get_body /opt/stack/cinder/cinder/api/openstack/wsgi.py:715}}
Aug 17 08:14:28 user devstack@c-api.service[73821]: DEBUG cinder.api.openstack.wsgi [None req-a67df34b-9339-48b3-a6f0-d843b2bb57d2 tempest-VolumeRetypeWithoutMigrationTest-196447656 tempest-VolumeRetypeWithoutMigrationTest-196447656-project-member] Calling method 'show' {{(pid=73821) _process_stack /opt/stack/cinder/cinder/api/openstack/wsgi.py:868}}
Aug 17 08:14:28 user devstack@c-api.service[73820]: DEBUG cinder.api.middleware.request_id [None req-218fd126-350e-4967-95e5-a8bddb08a186 None None] RequestId filter calling following filter/app {{(pid=73820) _context_setter /opt/stack/cinder/cinder/api/middleware/request_id.py:62}}
Aug 17 08:14:28 user devstack@c-api.service[73821]: /opt/stack/data/venv/lib/python3.10/site-packages/oslo_context/context.py:100: DeprecationWarning: Policy enforcement is depending on the value of is_admin. This key is deprecated. Please update your policy file to use the standard policy values.
Aug 17 08:14:28 user devstack@c-api.service[73821]: warnings.warn('Policy enforcement is depending on the value of '
Aug 17 08:14:28 user devstack@c-api.service[73821]: INFO cinder.volume.api [None req-a67df34b-9339-48b3-a6f0-d843b2bb57d2 tempest-VolumeRetypeWithoutMigrationTest-196447656 tempest-VolumeRetypeWithoutMigrationTest-196447656-project-member] Volume info retrieved successfully.
Aug 17 08:14:28 user devstack@c-api.service[73820]: INFO cinder.api.openstack.wsgi [None req-218fd126-350e-4967-95e5-a8bddb08a186 tempest-GroupSnapshotsV319Test-21077401 tempest-GroupSnapshotsV319Test-21077401-project-member] GET http://10.0.0.210/volume/v3/d5e007e1f20d4bba91b71efcbc91875b/group_snapshots/d5cfd9e6-adba-4006-aca0-b546baf899f0
Aug 17 08:14:28 user devstack@c-api.service[73820]: DEBUG cinder.api.openstack.wsgi [None req-218fd126-350e-4967-95e5-a8bddb08a186 tempest-GroupSnapshotsV319Test-21077401 tempest-GroupSnapshotsV319Test-21077401-project-member] Empty body provided in request {{(pid=73820) get_body /opt/stack/cinder/cinder/api/openstack/wsgi.py:715}}
Aug 17 08:14:28 user devstack@c-api.service[73820]: DEBUG cinder.api.openstack.wsgi [None req-218fd126-350e-4967-95e5-a8bddb08a186 tempest-GroupSnapshotsV319Test-21077401 tempest-GroupSnapshotsV319Test-21077401-project-member] Calling method 'version_select' {{(pid=73820) _process_stack /opt/stack/cinder/cinder/api/openstack/wsgi.py:868}}
Aug 17 08:14:28 user devstack@c-api.service[73820]: DEBUG cinder.api.v3.group_snapshots [None req-218fd126-350e-4967-95e5-a8bddb08a186 tempest-GroupSnapshotsV319Test-21077401 tempest-GroupSnapshotsV319Test-21077401-project-member] show called for member d5cfd9e6-adba-4006-aca0-b546baf899f0 {{(pid=73820) show /opt/stack/cinder/cinder/api/v3/group_snapshots.py:58}}
Aug 17 08:14:28 user devstack@c-api.service[73821]: INFO cinder.api.openstack.wsgi [None req-a67df34b-9339-48b3-a6f0-d843b2bb57d2 tempest-VolumeRetypeWithoutMigrationTest-196447656 tempest-VolumeRetypeWithoutMigrationTest-196447656-project-member] http://10.0.0.210/volume/v3/1fb155bc7851441f94f11abacdf70de7/volumes/42ad21d8-4a9c-4a0a-bf1b-490979b8ebc0 returned with HTTP 200
Aug 17 08:14:28 user devstack@c-api.service[73821]: [pid: 73821|app: 0|req: 84/234] 10.0.0.210 () {62 vars in 1402 bytes} [Thu Aug 17 08:14:28 2023] GET /volume/v3/1fb155bc7851441f94f11abacdf70de7/volumes/42ad21d8-4a9c-4a0a-bf1b-490979b8ebc0 => generated 923 bytes in 95 msecs (HTTP/1.1 200) 7 headers in 285 bytes (1 switches on core 0)
Aug 17 08:14:28 user devstack@c-api.service[73820]: /opt/stack/data/venv/lib/python3.10/site-packages/oslo_context/context.py:100: DeprecationWarning: Policy enforcement is depending on the value of is_admin. This key is deprecated. Please update your policy file to use the standard policy values.
Aug 17 08:14:28 user devstack@c-api.service[73820]: warnings.warn('Policy enforcement is depending on the value of '
Aug 17 08:14:28 user devstack@c-api.service[73820]: INFO cinder.api.openstack.wsgi [None req-218fd126-350e-4967-95e5-a8bddb08a186 tempest-GroupSnapshotsV319Test-21077401 tempest-GroupSnapshotsV319Test-21077401-project-member] http://10.0.0.210/volume/v3/d5e007e1f20d4bba91b71efcbc91875b/group_snapshots/d5cfd9e6-adba-4006-aca0-b546baf899f0 returned with HTTP 200
Aug 17 08:14:28 user devstack@c-api.service[73820]: [pid: 73820|app: 0|req: 79/235] 10.0.0.210 () {64 vars in 1467 bytes} [Thu Aug 17 08:14:28 2023] GET /volume/v3/d5e007e1f20d4bba91b71efcbc91875b/group_snapshots/d5cfd9e6-adba-4006-aca0-b546baf899f0 => generated 329 bytes in 85 msecs (HTTP/1.1 200) 7 headers in 286 bytes (1 switches on core 0)
Aug 17 08:14:29 user devstack@c-api.service[73822]: DEBUG cinder.api.middleware.request_id [None req-261479ff-8f07-4e8f-988b-3315ef61768c None None] RequestId filter calling following filter/app {{(pid=73822) _context_setter /opt/stack/cinder/cinder/api/middleware/request_id.py:62}}
Aug 17 08:14:29 user devstack@c-api.service[73822]: INFO cinder.api.openstack.wsgi [None req-261479ff-8f07-4e8f-988b-3315ef61768c tempest-TestVolumeSwap-697446545 tempest-TestVolumeSwap-697446545-project-member] GET http://10.0.0.210/volume/v3/af73da99c7d042268ba6235903b69dbe/volumes/e4228be6-ba70-4efe-b04d-e86a9d58368a
Aug 17 08:14:29 user devstack@c-api.service[73822]: DEBUG cinder.api.openstack.wsgi [None req-261479ff-8f07-4e8f-988b-3315ef61768c tempest-TestVolumeSwap-697446545 tempest-TestVolumeSwap-697446545-project-member] Empty body provided in request {{(pid=73822) get_body /opt/stack/cinder/cinder/api/openstack/wsgi.py:715}}
Aug 17 08:14:29 user devstack@c-api.service[73822]: DEBUG cinder.api.openstack.wsgi [None req-261479ff-8f07-4e8f-988b-3315ef61768c tempest-TestVolumeSwap-697446545 tempest-TestVolumeSwap-697446545-project-member] Calling method 'show' {{(pid=73822) _process_stack /opt/stack/cinder/cinder/api/openstack/wsgi.py:868}}
Aug 17 08:14:29 user devstack@c-api.service[73822]: /opt/stack/data/venv/lib/python3.10/site-packages/oslo_context/context.py:100: DeprecationWarning: Policy enforcement is depending on the value of is_admin. This key is deprecated. Please update your policy file to use the standard policy values.
Aug 17 08:14:29 user devstack@c-api.service[73822]: warnings.warn('Policy enforcement is depending on the value of '
Aug 17 08:14:29 user devstack@c-api.service[73822]: INFO cinder.volume.api [None req-261479ff-8f07-4e8f-988b-3315ef61768c tempest-TestVolumeSwap-697446545 tempest-TestVolumeSwap-697446545-project-member] Volume info retrieved successfully.
Aug 17 08:14:29 user devstack@c-api.service[73822]: INFO cinder.api.openstack.wsgi [None req-261479ff-8f07-4e8f-988b-3315ef61768c tempest-TestVolumeSwap-697446545 tempest-TestVolumeSwap-697446545-project-member] http://10.0.0.210/volume/v3/af73da99c7d042268ba6235903b69dbe/volumes/e4228be6-ba70-4efe-b04d-e86a9d58368a returned with HTTP 200
Aug 17 08:14:29 user devstack@c-api.service[73822]: [pid: 73822|app: 0|req: 73/236] 10.0.0.210 () {62 vars in 1402 bytes} [Thu Aug 17 08:14:29 2023] GET /volume/v3/af73da99c7d042268ba6235903b69dbe/volumes/e4228be6-ba70-4efe-b04d-e86a9d58368a => generated 903 bytes in 78 msecs (HTTP/1.1 200) 7 headers in 285 bytes (1 switches on core 0)
Aug 17 08:14:29 user devstack@c-api.service[73821]: DEBUG cinder.api.middleware.request_id [None req-3665a36a-fa51-4110-84e9-fc5c4435ba69 None None] RequestId filter calling following filter/app {{(pid=73821) _context_setter /opt/stack/cinder/cinder/api/middleware/request_id.py:62}}
Aug 17 08:14:29 user devstack@c-api.service[73820]: DEBUG cinder.api.middleware.request_id [None req-8fa99635-cdfe-415d-adba-99540e50f8d6 None None] RequestId filter calling following filter/app {{(pid=73820) _context_setter /opt/stack/cinder/cinder/api/middleware/request_id.py:62}}
Aug 17 08:14:29 user devstack@c-api.service[73820]: INFO cinder.api.openstack.wsgi [None req-8fa99635-cdfe-415d-adba-99540e50f8d6 tempest-GroupSnapshotsV319Test-21077401 tempest-GroupSnapshotsV319Test-21077401-project-member] GET http://10.0.0.210/volume/v3/d5e007e1f20d4bba91b71efcbc91875b/group_snapshots/d5cfd9e6-adba-4006-aca0-b546baf899f0
Aug 17 08:14:29 user devstack@c-api.service[73820]: DEBUG cinder.api.openstack.wsgi [None req-8fa99635-cdfe-415d-adba-99540e50f8d6 tempest-GroupSnapshotsV319Test-21077401 tempest-GroupSnapshotsV319Test-21077401-project-member] Empty body provided in request {{(pid=73820) get_body /opt/stack/cinder/cinder/api/openstack/wsgi.py:715}}
Aug 17 08:14:29 user devstack@c-api.service[73820]: DEBUG cinder.api.openstack.wsgi [None req-8fa99635-cdfe-415d-adba-99540e50f8d6 tempest-GroupSnapshotsV319Test-21077401 tempest-GroupSnapshotsV319Test-21077401-project-member] Calling method 'version_select' {{(pid=73820) _process_stack /opt/stack/cinder/cinder/api/openstack/wsgi.py:868}}
Aug 17 08:14:29 user devstack@c-api.service[73820]: DEBUG cinder.api.v3.group_snapshots [None req-8fa99635-cdfe-415d-adba-99540e50f8d6 tempest-GroupSnapshotsV319Test-21077401 tempest-GroupSnapshotsV319Test-21077401-project-member] show called for member d5cfd9e6-adba-4006-aca0-b546baf899f0 {{(pid=73820) show /opt/stack/cinder/cinder/api/v3/group_snapshots.py:58}}
Aug 17 08:14:29 user devstack@c-api.service[73821]: INFO cinder.api.openstack.wsgi [None req-3665a36a-fa51-4110-84e9-fc5c4435ba69 tempest-VolumeRetypeWithoutMigrationTest-196447656 tempest-VolumeRetypeWithoutMigrationTest-196447656-project-member] GET http://10.0.0.210/volume/v3/1fb155bc7851441f94f11abacdf70de7/volumes/42ad21d8-4a9c-4a0a-bf1b-490979b8ebc0
Aug 17 08:14:29 user devstack@c-api.service[73821]: DEBUG cinder.api.openstack.wsgi [None req-3665a36a-fa51-4110-84e9-fc5c4435ba69 tempest-VolumeRetypeWithoutMigrationTest-196447656 tempest-VolumeRetypeWithoutMigrationTest-196447656-project-member] Empty body provided in request {{(pid=73821) get_body /opt/stack/cinder/cinder/api/openstack/wsgi.py:715}}
Aug 17 08:14:29 user devstack@c-api.service[73821]: DEBUG cinder.api.openstack.wsgi [None req-3665a36a-fa51-4110-84e9-fc5c4435ba69 tempest-VolumeRetypeWithoutMigrationTest-196447656 tempest-VolumeRetypeWithoutMigrationTest-196447656-project-member] Calling method 'show' {{(pid=73821) _process_stack /opt/stack/cinder/cinder/api/openstack/wsgi.py:868}}
Aug 17 08:14:29 user devstack@c-api.service[73820]: /opt/stack/data/venv/lib/python3.10/site-packages/oslo_context/context.py:100: DeprecationWarning: Policy enforcement is depending on the value of is_admin. This key is deprecated. Please update your policy file to use the standard policy values.
Aug 17 08:14:29 user devstack@c-api.service[73820]: warnings.warn('Policy enforcement is depending on the value of '
Aug 17 08:14:29 user devstack@c-api.service[73820]: INFO cinder.api.openstack.wsgi [None req-8fa99635-cdfe-415d-adba-99540e50f8d6 tempest-GroupSnapshotsV319Test-21077401 tempest-GroupSnapshotsV319Test-21077401-project-member] http://10.0.0.210/volume/v3/d5e007e1f20d4bba91b71efcbc91875b/group_snapshots/d5cfd9e6-adba-4006-aca0-b546baf899f0 returned with HTTP 200
Aug 17 08:14:29 user devstack@c-api.service[73820]: [pid: 73820|app: 0|req: 80/237] 10.0.0.210 () {64 vars in 1467 bytes} [Thu Aug 17 08:14:29 2023] GET /volume/v3/d5e007e1f20d4bba91b71efcbc91875b/group_snapshots/d5cfd9e6-adba-4006-aca0-b546baf899f0 => generated 329 bytes in 36 msecs (HTTP/1.1 200) 7 headers in 286 bytes (1 switches on core 0)
Aug 17 08:14:29 user devstack@c-api.service[73821]: /opt/stack/data/venv/lib/python3.10/site-packages/oslo_context/context.py:100: DeprecationWarning: Policy enforcement is depending on the value of is_admin. This key is deprecated. Please update your policy file to use the standard policy values.
Aug 17 08:14:29 user devstack@c-api.service[73821]: warnings.warn('Policy enforcement is depending on the value of '
Aug 17 08:14:29 user devstack@c-api.service[73821]: INFO cinder.volume.api [None req-3665a36a-fa51-4110-84e9-fc5c4435ba69 tempest-VolumeRetypeWithoutMigrationTest-196447656 tempest-VolumeRetypeWithoutMigrationTest-196447656-project-member] Volume info retrieved successfully.
Aug 17 08:14:29 user devstack@c-api.service[73821]: INFO cinder.api.openstack.wsgi [None req-3665a36a-fa51-4110-84e9-fc5c4435ba69 tempest-VolumeRetypeWithoutMigrationTest-196447656 tempest-VolumeRetypeWithoutMigrationTest-196447656-project-member] http://10.0.0.210/volume/v3/1fb155bc7851441f94f11abacdf70de7/volumes/42ad21d8-4a9c-4a0a-bf1b-490979b8ebc0 returned with HTTP 200
Aug 17 08:14:29 user devstack@c-api.service[73821]: [pid: 73821|app: 0|req: 85/238] 10.0.0.210 () {62 vars in 1402 bytes} [Thu Aug 17 08:14:29 2023] GET /volume/v3/1fb155bc7851441f94f11abacdf70de7/volumes/42ad21d8-4a9c-4a0a-bf1b-490979b8ebc0 => generated 924 bytes in 135 msecs (HTTP/1.1 200) 7 headers in 285 bytes (1 switches on core 0)
Aug 17 08:14:29 user devstack@c-api.service[73822]: DEBUG cinder.api.middleware.request_id [None req-487df2ce-611d-45c5-9792-a6ba9f91e823 None None] RequestId filter calling following filter/app {{(pid=73822) _context_setter /opt/stack/cinder/cinder/api/middleware/request_id.py:62}}
Aug 17 08:14:29 user devstack@c-api.service[73822]: INFO cinder.api.openstack.wsgi [None req-487df2ce-611d-45c5-9792-a6ba9f91e823 tempest-VolumeRetypeWithoutMigrationTest-1088606998 tempest-VolumeRetypeWithoutMigrationTest-1088606998-project-admin] GET http://10.0.0.210/volume/v3/3631ec473d2a46f7a10079ed7f823c26/volumes/42ad21d8-4a9c-4a0a-bf1b-490979b8ebc0
Aug 17 08:14:29 user devstack@c-api.service[73822]: DEBUG cinder.api.openstack.wsgi [None req-487df2ce-611d-45c5-9792-a6ba9f91e823 tempest-VolumeRetypeWithoutMigrationTest-1088606998 tempest-VolumeRetypeWithoutMigrationTest-1088606998-project-admin] Empty body provided in request {{(pid=73822) get_body /opt/stack/cinder/cinder/api/openstack/wsgi.py:715}}
Aug 17 08:14:29 user devstack@c-api.service[73822]: DEBUG cinder.api.openstack.wsgi [None req-487df2ce-611d-45c5-9792-a6ba9f91e823 tempest-VolumeRetypeWithoutMigrationTest-1088606998 tempest-VolumeRetypeWithoutMigrationTest-1088606998-project-admin] Calling method 'show' {{(pid=73822) _process_stack /opt/stack/cinder/cinder/api/openstack/wsgi.py:868}}
Aug 17 08:14:29 user devstack@c-api.service[73822]: /opt/stack/data/venv/lib/python3.10/site-packages/oslo_context/context.py:100: DeprecationWarning: Policy enforcement is depending on the value of is_admin. This key is deprecated. Please update your policy file to use the standard policy values.
Aug 17 08:14:29 user devstack@c-api.service[73822]: warnings.warn('Policy enforcement is depending on the value of '
Aug 17 08:14:29 user devstack@c-api.service[73822]: INFO cinder.volume.api [None req-487df2ce-611d-45c5-9792-a6ba9f91e823 tempest-VolumeRetypeWithoutMigrationTest-1088606998 tempest-VolumeRetypeWithoutMigrationTest-1088606998-project-admin] Volume info retrieved successfully.
Aug 17 08:14:29 user devstack@c-api.service[73822]: INFO cinder.api.openstack.wsgi [None req-487df2ce-611d-45c5-9792-a6ba9f91e823 tempest-VolumeRetypeWithoutMigrationTest-1088606998 tempest-VolumeRetypeWithoutMigrationTest-1088606998-project-admin] http://10.0.0.210/volume/v3/3631ec473d2a46f7a10079ed7f823c26/volumes/42ad21d8-4a9c-4a0a-bf1b-490979b8ebc0 returned with HTTP 200
Aug 17 08:14:29 user devstack@c-api.service[73822]: [pid: 73822|app: 0|req: 74/239] 10.0.0.210 () {62 vars in 1402 bytes} [Thu Aug 17 08:14:29 2023] GET /volume/v3/3631ec473d2a46f7a10079ed7f823c26/volumes/42ad21d8-4a9c-4a0a-bf1b-490979b8ebc0 => generated 1087 bytes in 69 msecs (HTTP/1.1 200) 7 headers in 286 bytes (1 switches on core 0)
Aug 17 08:14:29 user devstack@c-api.service[73820]: DEBUG cinder.api.middleware.request_id [None req-701157af-7fbd-4891-b996-90ec9a5f7839 None None] RequestId filter calling following filter/app {{(pid=73820) _context_setter /opt/stack/cinder/cinder/api/middleware/request_id.py:62}}
Aug 17 08:14:29 user devstack@c-api.service[73820]: INFO cinder.api.openstack.wsgi [None req-701157af-7fbd-4891-b996-90ec9a5f7839 tempest-VolumeRetypeWithoutMigrationTest-1088606998 tempest-VolumeRetypeWithoutMigrationTest-1088606998-project-admin] GET http://10.0.0.210/volume/v3/3631ec473d2a46f7a10079ed7f823c26/volumes?all_tenants=True&name=tempest-VolumeRetypeWithoutMigrationTest-Volume-167216566
Aug 17 08:14:29 user devstack@c-api.service[73820]: DEBUG cinder.api.openstack.wsgi [None req-701157af-7fbd-4891-b996-90ec9a5f7839 tempest-VolumeRetypeWithoutMigrationTest-1088606998 tempest-VolumeRetypeWithoutMigrationTest-1088606998-project-admin] Empty body provided in request {{(pid=73820) get_body /opt/stack/cinder/cinder/api/openstack/wsgi.py:715}}
Aug 17 08:14:29 user devstack@c-api.service[73820]: DEBUG cinder.api.openstack.wsgi [None req-701157af-7fbd-4891-b996-90ec9a5f7839 tempest-VolumeRetypeWithoutMigrationTest-1088606998 tempest-VolumeRetypeWithoutMigrationTest-1088606998-project-admin] Calling method 'index' {{(pid=73820) _process_stack /opt/stack/cinder/cinder/api/openstack/wsgi.py:868}}
Aug 17 08:14:29 user devstack@c-api.service[73820]: DEBUG cinder.volume.api [None req-701157af-7fbd-4891-b996-90ec9a5f7839 tempest-VolumeRetypeWithoutMigrationTest-1088606998 tempest-VolumeRetypeWithoutMigrationTest-1088606998-project-admin] Searching by: MultiDict([('display_name', 'tempest-VolumeRetypeWithoutMigrationTest-Volume-167216566'), ('all_tenants', True)]). {{(pid=73820) get_all /opt/stack/cinder/cinder/volume/api.py:665}}
Aug 17 08:14:29 user devstack@c-api.service[73820]: INFO cinder.volume.api [None req-701157af-7fbd-4891-b996-90ec9a5f7839 tempest-VolumeRetypeWithoutMigrationTest-1088606998 tempest-VolumeRetypeWithoutMigrationTest-1088606998-project-admin] Get all volumes completed successfully.
Aug 17 08:14:29 user devstack@c-api.service[73820]: INFO cinder.api.openstack.wsgi [None req-701157af-7fbd-4891-b996-90ec9a5f7839 tempest-VolumeRetypeWithoutMigrationTest-1088606998 tempest-VolumeRetypeWithoutMigrationTest-1088606998-project-admin] http://10.0.0.210/volume/v3/3631ec473d2a46f7a10079ed7f823c26/volumes?all_tenants=True&name=tempest-VolumeRetypeWithoutMigrationTest-Volume-167216566 returned with HTTP 200
Aug 17 08:14:29 user devstack@c-api.service[73820]: [pid: 73820|app: 0|req: 81/240] 10.0.0.210 () {62 vars in 1450 bytes} [Thu Aug 17 08:14:29 2023] GET /volume/v3/3631ec473d2a46f7a10079ed7f823c26/volumes?all_tenants=True&name=tempest-VolumeRetypeWithoutMigrationTest-Volume-167216566 => generated 410 bytes in 95 msecs (HTTP/1.1 200) 7 headers in 285 bytes (1 switches on core 0)
Aug 17 08:14:29 user devstack@c-api.service[73821]: DEBUG cinder.api.middleware.request_id [None req-5eb05c01-7f26-4ede-88a8-74fd85048f53 None None] RequestId filter calling following filter/app {{(pid=73821) _context_setter /opt/stack/cinder/cinder/api/middleware/request_id.py:62}}
Aug 17 08:14:29 user devstack@c-api.service[73821]: INFO cinder.api.openstack.wsgi [None req-5eb05c01-7f26-4ede-88a8-74fd85048f53 tempest-VolumeRetypeWithoutMigrationTest-196447656 tempest-VolumeRetypeWithoutMigrationTest-196447656-project-member] GET http://10.0.0.210/volume/v3/1fb155bc7851441f94f11abacdf70de7/volumes/42ad21d8-4a9c-4a0a-bf1b-490979b8ebc0
Aug 17 08:14:29 user devstack@c-api.service[73821]: DEBUG cinder.api.openstack.wsgi [None req-5eb05c01-7f26-4ede-88a8-74fd85048f53 tempest-VolumeRetypeWithoutMigrationTest-196447656 tempest-VolumeRetypeWithoutMigrationTest-196447656-project-member] Empty body provided in request {{(pid=73821) get_body /opt/stack/cinder/cinder/api/openstack/wsgi.py:715}}
Aug 17 08:14:29 user devstack@c-api.service[73821]: DEBUG cinder.api.openstack.wsgi [None req-5eb05c01-7f26-4ede-88a8-74fd85048f53 tempest-VolumeRetypeWithoutMigrationTest-196447656 tempest-VolumeRetypeWithoutMigrationTest-196447656-project-member] Calling method 'show' {{(pid=73821) _process_stack /opt/stack/cinder/cinder/api/openstack/wsgi.py:868}}
Aug 17 08:14:29 user devstack@c-api.service[73821]: /opt/stack/data/venv/lib/python3.10/site-packages/oslo_context/context.py:100: DeprecationWarning: Policy enforcement is depending on the value of is_admin. This key is deprecated. Please update your policy file to use the standard policy values.
Aug 17 08:14:29 user devstack@c-api.service[73821]: warnings.warn('Policy enforcement is depending on the value of '
Aug 17 08:14:29 user devstack@c-api.service[73821]: INFO cinder.volume.api [None req-5eb05c01-7f26-4ede-88a8-74fd85048f53 tempest-VolumeRetypeWithoutMigrationTest-196447656 tempest-VolumeRetypeWithoutMigrationTest-196447656-project-member] Volume info retrieved successfully.
Aug 17 08:14:29 user devstack@c-api.service[73821]: INFO cinder.api.openstack.wsgi [None req-5eb05c01-7f26-4ede-88a8-74fd85048f53 tempest-VolumeRetypeWithoutMigrationTest-196447656 tempest-VolumeRetypeWithoutMigrationTest-196447656-project-member] http://10.0.0.210/volume/v3/1fb155bc7851441f94f11abacdf70de7/volumes/42ad21d8-4a9c-4a0a-bf1b-490979b8ebc0 returned with HTTP 200
Aug 17 08:14:29 user devstack@c-api.service[73821]: [pid: 73821|app: 0|req: 86/241] 10.0.0.210 () {62 vars in 1402 bytes} [Thu Aug 17 08:14:29 2023] GET /volume/v3/1fb155bc7851441f94f11abacdf70de7/volumes/42ad21d8-4a9c-4a0a-bf1b-490979b8ebc0 => generated 924 bytes in 96 msecs (HTTP/1.1 200) 7 headers in 285 bytes (2 switches on core 0)
Aug 17 08:14:29 user devstack@c-api.service[73822]: DEBUG cinder.api.middleware.request_id [None req-da7394cc-04e7-43f8-9292-99b2dbfb8b11 None None] RequestId filter calling following filter/app {{(pid=73822) _context_setter /opt/stack/cinder/cinder/api/middleware/request_id.py:62}}
Aug 17 08:14:29 user devstack@c-api.service[73822]: INFO cinder.api.openstack.wsgi [None req-da7394cc-04e7-43f8-9292-99b2dbfb8b11 tempest-VolumeRetypeWithoutMigrationTest-196447656 tempest-VolumeRetypeWithoutMigrationTest-196447656-project-member] DELETE http://10.0.0.210/volume/v3/1fb155bc7851441f94f11abacdf70de7/volumes/42ad21d8-4a9c-4a0a-bf1b-490979b8ebc0
Aug 17 08:14:29 user devstack@c-api.service[73822]: DEBUG cinder.api.openstack.wsgi [None req-da7394cc-04e7-43f8-9292-99b2dbfb8b11 tempest-VolumeRetypeWithoutMigrationTest-196447656 tempest-VolumeRetypeWithoutMigrationTest-196447656-project-member] Empty body provided in request {{(pid=73822) get_body /opt/stack/cinder/cinder/api/openstack/wsgi.py:715}}
Aug 17 08:14:29 user devstack@c-api.service[73822]: DEBUG cinder.api.openstack.wsgi [None req-da7394cc-04e7-43f8-9292-99b2dbfb8b11 tempest-VolumeRetypeWithoutMigrationTest-196447656 tempest-VolumeRetypeWithoutMigrationTest-196447656-project-member] Calling method 'delete' {{(pid=73822) _process_stack /opt/stack/cinder/cinder/api/openstack/wsgi.py:868}}
Aug 17 08:14:29 user devstack@c-api.service[73822]: INFO cinder.api.v3.volumes [None req-da7394cc-04e7-43f8-9292-99b2dbfb8b11 tempest-VolumeRetypeWithoutMigrationTest-196447656 tempest-VolumeRetypeWithoutMigrationTest-196447656-project-member] Delete volume with id: 42ad21d8-4a9c-4a0a-bf1b-490979b8ebc0
Aug 17 08:14:29 user devstack@c-api.service[73822]: /opt/stack/data/venv/lib/python3.10/site-packages/oslo_context/context.py:100: DeprecationWarning: Policy enforcement is depending on the value of is_admin. This key is deprecated. Please update your policy file to use the standard policy values.
Aug 17 08:14:29 user devstack@c-api.service[73822]: warnings.warn('Policy enforcement is depending on the value of '
Aug 17 08:14:29 user devstack@c-api.service[73822]: INFO cinder.volume.api [None req-da7394cc-04e7-43f8-9292-99b2dbfb8b11 tempest-VolumeRetypeWithoutMigrationTest-196447656 tempest-VolumeRetypeWithoutMigrationTest-196447656-project-member] Volume info retrieved successfully.
Aug 17 08:14:30 user devstack@c-api.service[73822]: INFO cinder.volume.api [None req-da7394cc-04e7-43f8-9292-99b2dbfb8b11 tempest-VolumeRetypeWithoutMigrationTest-196447656 tempest-VolumeRetypeWithoutMigrationTest-196447656-project-member] Delete volume request issued successfully.
Aug 17 08:14:30 user devstack@c-api.service[73822]: INFO cinder.api.openstack.wsgi [None req-da7394cc-04e7-43f8-9292-99b2dbfb8b11 tempest-VolumeRetypeWithoutMigrationTest-196447656 tempest-VolumeRetypeWithoutMigrationTest-196447656-project-member] http://10.0.0.210/volume/v3/1fb155bc7851441f94f11abacdf70de7/volumes/42ad21d8-4a9c-4a0a-bf1b-490979b8ebc0 returned with HTTP 202
Aug 17 08:14:30 user devstack@c-api.service[73822]: [pid: 73822|app: 0|req: 75/242] 10.0.0.210 () {62 vars in 1405 bytes} [Thu Aug 17 08:14:29 2023] DELETE /volume/v3/1fb155bc7851441f94f11abacdf70de7/volumes/42ad21d8-4a9c-4a0a-bf1b-490979b8ebc0 => generated 0 bytes in 84 msecs (HTTP/1.1 202) 6 headers in 233 bytes (1 switches on core 0)
Aug 17 08:14:30 user devstack@c-api.service[73820]: DEBUG cinder.api.middleware.request_id [None req-2d650d40-3f82-42f6-9b1c-176ff7c86c03 None None] RequestId filter calling following filter/app {{(pid=73820) _context_setter /opt/stack/cinder/cinder/api/middleware/request_id.py:62}}
Aug 17 08:14:30 user devstack@c-api.service[73820]: INFO cinder.api.openstack.wsgi [None req-2d650d40-3f82-42f6-9b1c-176ff7c86c03 tempest-VolumeRetypeWithoutMigrationTest-196447656 tempest-VolumeRetypeWithoutMigrationTest-196447656-project-member] GET http://10.0.0.210/volume/v3/1fb155bc7851441f94f11abacdf70de7/volumes/42ad21d8-4a9c-4a0a-bf1b-490979b8ebc0
Aug 17 08:14:30 user devstack@c-api.service[73820]: DEBUG cinder.api.openstack.wsgi [None req-2d650d40-3f82-42f6-9b1c-176ff7c86c03 tempest-VolumeRetypeWithoutMigrationTest-196447656 tempest-VolumeRetypeWithoutMigrationTest-196447656-project-member] Empty body provided in request {{(pid=73820) get_body /opt/stack/cinder/cinder/api/openstack/wsgi.py:715}}
Aug 17 08:14:30 user devstack@c-api.service[73820]: DEBUG cinder.api.openstack.wsgi [None req-2d650d40-3f82-42f6-9b1c-176ff7c86c03 tempest-VolumeRetypeWithoutMigrationTest-196447656 tempest-VolumeRetypeWithoutMigrationTest-196447656-project-member] Calling method 'show' {{(pid=73820) _process_stack /opt/stack/cinder/cinder/api/openstack/wsgi.py:868}}
Aug 17 08:14:30 user devstack@c-api.service[73820]: /opt/stack/data/venv/lib/python3.10/site-packages/oslo_context/context.py:100: DeprecationWarning: Policy enforcement is depending on the value of is_admin. This key is deprecated. Please update your policy file to use the standard policy values.
Aug 17 08:14:30 user devstack@c-api.service[73820]: warnings.warn('Policy enforcement is depending on the value of '
Aug 17 08:14:30 user devstack@c-api.service[73820]: INFO cinder.volume.api [None req-2d650d40-3f82-42f6-9b1c-176ff7c86c03 tempest-VolumeRetypeWithoutMigrationTest-196447656 tempest-VolumeRetypeWithoutMigrationTest-196447656-project-member] Volume info retrieved successfully.
Aug 17 08:14:30 user devstack@c-api.service[73820]: INFO cinder.api.openstack.wsgi [None req-2d650d40-3f82-42f6-9b1c-176ff7c86c03 tempest-VolumeRetypeWithoutMigrationTest-196447656 tempest-VolumeRetypeWithoutMigrationTest-196447656-project-member] http://10.0.0.210/volume/v3/1fb155bc7851441f94f11abacdf70de7/volumes/42ad21d8-4a9c-4a0a-bf1b-490979b8ebc0 returned with HTTP 200
Aug 17 08:14:30 user devstack@c-api.service[73820]: [pid: 73820|app: 0|req: 82/243] 10.0.0.210 () {62 vars in 1402 bytes} [Thu Aug 17 08:14:30 2023] GET /volume/v3/1fb155bc7851441f94f11abacdf70de7/volumes/42ad21d8-4a9c-4a0a-bf1b-490979b8ebc0 => generated 923 bytes in 114 msecs (HTTP/1.1 200) 7 headers in 285 bytes (2 switches on core 0)
Aug 17 08:14:30 user devstack@c-api.service[73821]: DEBUG cinder.api.middleware.request_id [None req-5255b171-18e3-401d-9e1e-27059d096d98 None None] RequestId filter calling following filter/app {{(pid=73821) _context_setter /opt/stack/cinder/cinder/api/middleware/request_id.py:62}}
Aug 17 08:14:30 user devstack@c-api.service[73821]: INFO cinder.api.openstack.wsgi [None req-5255b171-18e3-401d-9e1e-27059d096d98 tempest-TestVolumeSwap-697446545 tempest-TestVolumeSwap-697446545-project-member] GET http://10.0.0.210/volume/v3/af73da99c7d042268ba6235903b69dbe/volumes/e4228be6-ba70-4efe-b04d-e86a9d58368a
Aug 17 08:14:30 user devstack@c-api.service[73821]: DEBUG cinder.api.openstack.wsgi [None req-5255b171-18e3-401d-9e1e-27059d096d98 tempest-TestVolumeSwap-697446545 tempest-TestVolumeSwap-697446545-project-member] Empty body provided in request {{(pid=73821) get_body /opt/stack/cinder/cinder/api/openstack/wsgi.py:715}}
Aug 17 08:14:30 user devstack@c-api.service[73821]: DEBUG cinder.api.openstack.wsgi [None req-5255b171-18e3-401d-9e1e-27059d096d98 tempest-TestVolumeSwap-697446545 tempest-TestVolumeSwap-697446545-project-member] Calling method 'show' {{(pid=73821) _process_stack /opt/stack/cinder/cinder/api/openstack/wsgi.py:868}}
Aug 17 08:14:30 user devstack@c-api.service[73821]: /opt/stack/data/venv/lib/python3.10/site-packages/oslo_context/context.py:100: DeprecationWarning: Policy enforcement is depending on the value of is_admin. This key is deprecated. Please update your policy file to use the standard policy values.
Aug 17 08:14:30 user devstack@c-api.service[73821]: warnings.warn('Policy enforcement is depending on the value of '
Aug 17 08:14:30 user devstack@c-api.service[73821]: INFO cinder.volume.api [None req-5255b171-18e3-401d-9e1e-27059d096d98 tempest-TestVolumeSwap-697446545 tempest-TestVolumeSwap-697446545-project-member] Volume info retrieved successfully.
