Aug 17 08:04:15 user devstack@keystone.service[44422]: DEBUG keystone.server.flask.request_processing.req_logging [None req-bf56e0de-a398-4ead-a0a7-931c4f615d98 None admin] PATH_INFO: `/v3/auth/tokens` {{(pid=44422) log_request_info /opt/stack/keystone/keystone/server/flask/request_processing/req_logging.py:29}}
Aug 17 08:04:15 user devstack@keystone.service[44421]: DEBUG keystone.server.flask.request_processing.req_logging [None req-452e3848-09b8-41a6-a984-15f9358e2e03 None admin] REQUEST_METHOD: `GET` {{(pid=44421) log_request_info /opt/stack/keystone/keystone/server/flask/request_processing/req_logging.py:27}}
Aug 17 08:04:15 user devstack@keystone.service[44421]: DEBUG keystone.server.flask.request_processing.req_logging [None req-452e3848-09b8-41a6-a984-15f9358e2e03 None admin] SCRIPT_NAME: `/identity` {{(pid=44421) log_request_info /opt/stack/keystone/keystone/server/flask/request_processing/req_logging.py:28}}
Aug 17 08:04:15 user devstack@keystone.service[44421]: DEBUG keystone.server.flask.request_processing.req_logging [None req-452e3848-09b8-41a6-a984-15f9358e2e03 None admin] PATH_INFO: `/v3/users/a9d3c52546d341b78cd9bf66f303b78f` {{(pid=44421) log_request_info /opt/stack/keystone/keystone/server/flask/request_processing/req_logging.py:29}}
Aug 17 08:04:15 user devstack@keystone.service[44421]: DEBUG keystone.common.rbac_enforcer.enforcer [None req-452e3848-09b8-41a6-a984-15f9358e2e03 None admin] RBAC: Authorizing `identity:get_user(user_id=a9d3c52546d341b78cd9bf66f303b78f)` {{(pid=44421) enforce_call /opt/stack/keystone/keystone/common/rbac_enforcer/enforcer.py:449}}
Aug 17 08:04:15 user devstack@keystone.service[44421]: DEBUG keystone.common.rbac_enforcer.enforcer [None req-452e3848-09b8-41a6-a984-15f9358e2e03 None admin] RBAC: Authorization granted {{(pid=44421) enforce_call /opt/stack/keystone/keystone/common/rbac_enforcer/enforcer.py:457}}
Aug 17 08:04:15 user devstack@keystone.service[44421]: [pid: 44421|app: 0|req: 61/180] 10.0.0.210 () {56 vars in 1172 bytes} [Thu Aug 17 08:04:15 2023] GET /identity/v3/users/a9d3c52546d341b78cd9bf66f303b78f => generated 282 bytes in 127 msecs (HTTP/1.1 200) 5 headers in 177 bytes (1 switches on core 0)
Aug 17 08:04:15 user devstack@keystone.service[44421]: DEBUG keystone.server.flask.request_processing.middleware.auth_context [None req-452e3848-09b8-41a6-a984-15f9358e2e03 None admin] Authenticating user token {{(pid=44421) process_request /opt/stack/data/venv/lib/python3.10/site-packages/keystonemiddleware/auth_token/__init__.py:406}}
Aug 17 08:04:15 user devstack@keystone.service[44423]: DEBUG keystone.server.flask.request_processing.middleware.auth_context [None req-db857d5b-db5d-4236-bc40-dab57417a2ef None admin] Validating token access rules against request {{(pid=44423) validate_allowed_request /opt/stack/data/venv/lib/python3.10/site-packages/keystonemiddleware/auth_token/__init__.py:544}}
Aug 17 08:04:15 user devstack@keystone.service[44423]: DEBUG keystone.server.flask.request_processing.middleware.auth_context [None req-4d9d8172-767d-48ac-b740-896dd614bdfa None admin] RBAC: auth_context: {'token': , 'domain_id': None, 'trust_id': None, 'trustor_id': None, 'trustee_id': None, 'domain_name': None, 'group_ids': [], 'user_id': '1462f72c0ba0410d8d5594e287179743', 'user_domain_id': 'default', 'system_scope': 'all', 'project_id': None, 'project_domain_id': None, 'roles': ['admin', 'member', 'reader'], 'is_admin_project': True, 'service_user_id': None, 'service_user_domain_id': None, 'service_project_id': None, 'service_project_domain_id': None, 'service_roles': []} {{(pid=44423) fill_context /opt/stack/keystone/keystone/server/flask/request_processing/middleware/auth_context.py:480}}
Aug 17 08:04:15 user devstack@keystone.service[44423]: DEBUG keystone.server.flask.request_processing.req_logging [None req-4d9d8172-767d-48ac-b740-896dd614bdfa None admin] REQUEST_METHOD: `GET` {{(pid=44423) log_request_info /opt/stack/keystone/keystone/server/flask/request_processing/req_logging.py:27}}
Aug 17 08:04:15 user devstack@keystone.service[44423]: DEBUG keystone.server.flask.request_processing.req_logging [None req-4d9d8172-767d-48ac-b740-896dd614bdfa None admin] SCRIPT_NAME: `/identity` {{(pid=44423) log_request_info /opt/stack/keystone/keystone/server/flask/request_processing/req_logging.py:28}}
Aug 17 08:04:15 user devstack@keystone.service[44423]: DEBUG keystone.server.flask.request_processing.req_logging [None req-4d9d8172-767d-48ac-b740-896dd614bdfa None admin] PATH_INFO: `/v3/projects/7c0f5e8b86fe494f96019febd0868d92` {{(pid=44423) log_request_info /opt/stack/keystone/keystone/server/flask/request_processing/req_logging.py:29}}
Aug 17 08:04:15 user devstack@keystone.service[44423]: DEBUG keystone.common.rbac_enforcer.enforcer [None req-4d9d8172-767d-48ac-b740-896dd614bdfa None admin] RBAC: Authorizing `identity:get_project(project_id=7c0f5e8b86fe494f96019febd0868d92)` {{(pid=44423) enforce_call /opt/stack/keystone/keystone/common/rbac_enforcer/enforcer.py:449}}
Aug 17 08:04:15 user devstack@keystone.service[44422]: DEBUG keystone.common.rbac_enforcer.enforcer [None req-bf56e0de-a398-4ead-a0a7-931c4f615d98 None admin] RBAC: Authorizing `identity:validate_token()` {{(pid=44422) enforce_call /opt/stack/keystone/keystone/common/rbac_enforcer/enforcer.py:449}}
Aug 17 08:04:15 user devstack@keystone.service[44423]: DEBUG keystone.common.rbac_enforcer.enforcer [None req-4d9d8172-767d-48ac-b740-896dd614bdfa None admin] RBAC: Authorization granted {{(pid=44423) enforce_call /opt/stack/keystone/keystone/common/rbac_enforcer/enforcer.py:457}}
Aug 17 08:04:15 user devstack@keystone.service[44422]: DEBUG keystone.common.rbac_enforcer.enforcer [None req-bf56e0de-a398-4ead-a0a7-931c4f615d98 None admin] RBAC: Authorization granted {{(pid=44422) enforce_call /opt/stack/keystone/keystone/common/rbac_enforcer/enforcer.py:457}}
Aug 17 08:04:15 user devstack@keystone.service[44423]: [pid: 44423|app: 0|req: 59/181] 10.0.0.210 () {56 vars in 1181 bytes} [Thu Aug 17 08:04:15 2023] GET /identity/v3/projects/7c0f5e8b86fe494f96019febd0868d92 => generated 301 bytes in 134 msecs (HTTP/1.1 200) 5 headers in 177 bytes (2 switches on core 0)
Aug 17 08:04:15 user devstack@keystone.service[44423]: DEBUG keystone.server.flask.request_processing.middleware.auth_context [None req-4d9d8172-767d-48ac-b740-896dd614bdfa None admin] Authenticating user token {{(pid=44423) process_request /opt/stack/data/venv/lib/python3.10/site-packages/keystonemiddleware/auth_token/__init__.py:406}}
Aug 17 08:04:15 user devstack@keystone.service[44421]: DEBUG keystone.server.flask.request_processing.middleware.auth_context [None req-452e3848-09b8-41a6-a984-15f9358e2e03 None admin] Validating token access rules against request {{(pid=44421) validate_allowed_request /opt/stack/data/venv/lib/python3.10/site-packages/keystonemiddleware/auth_token/__init__.py:544}}
Aug 17 08:04:15 user devstack@keystone.service[44421]: DEBUG keystone.server.flask.request_processing.middleware.auth_context [None req-7d1e7bc2-e4c6-4eb2-8ad5-24e72bce6f9c None admin] RBAC: auth_context: {'token': , 'domain_id': None, 'trust_id': None, 'trustor_id': None, 'trustee_id': None, 'domain_name': None, 'group_ids': [], 'user_id': '1462f72c0ba0410d8d5594e287179743', 'user_domain_id': 'default', 'system_scope': 'all', 'project_id': None, 'project_domain_id': None, 'roles': ['admin', 'member', 'reader'], 'is_admin_project': True, 'service_user_id': None, 'service_user_domain_id': None, 'service_project_id': None, 'service_project_domain_id': None, 'service_roles': []} {{(pid=44421) fill_context /opt/stack/keystone/keystone/server/flask/request_processing/middleware/auth_context.py:480}}
Aug 17 08:04:15 user devstack@keystone.service[44421]: DEBUG keystone.server.flask.request_processing.req_logging [None req-7d1e7bc2-e4c6-4eb2-8ad5-24e72bce6f9c None admin] REQUEST_METHOD: `GET` {{(pid=44421) log_request_info /opt/stack/keystone/keystone/server/flask/request_processing/req_logging.py:27}}
Aug 17 08:04:15 user devstack@keystone.service[44421]: DEBUG keystone.server.flask.request_processing.req_logging [None req-7d1e7bc2-e4c6-4eb2-8ad5-24e72bce6f9c None admin] SCRIPT_NAME: `/identity` {{(pid=44421) log_request_info /opt/stack/keystone/keystone/server/flask/request_processing/req_logging.py:28}}
Aug 17 08:04:15 user devstack@keystone.service[44421]: DEBUG keystone.server.flask.request_processing.req_logging [None req-7d1e7bc2-e4c6-4eb2-8ad5-24e72bce6f9c None admin] PATH_INFO: `/v3/auth/tokens` {{(pid=44421) log_request_info /opt/stack/keystone/keystone/server/flask/request_processing/req_logging.py:29}}
Aug 17 08:04:15 user devstack@keystone.service[44423]: DEBUG keystone.server.flask.request_processing.middleware.auth_context [None req-4d9d8172-767d-48ac-b740-896dd614bdfa None admin] Validating token access rules against request {{(pid=44423) validate_allowed_request /opt/stack/data/venv/lib/python3.10/site-packages/keystonemiddleware/auth_token/__init__.py:544}}
Aug 17 08:04:15 user devstack@keystone.service[44422]: [pid: 44422|app: 0|req: 62/182] 10.0.0.210 () {58 vars in 1277 bytes} [Thu Aug 17 08:04:15 2023] GET /identity/v3/auth/tokens => generated 798 bytes in 379 msecs (HTTP/1.1 200) 6 headers in 358 bytes (1 switches on core 0)
Aug 17 08:04:15 user devstack@keystone.service[44422]: DEBUG keystone.server.flask.request_processing.middleware.auth_context [None req-bf56e0de-a398-4ead-a0a7-931c4f615d98 None admin] Authenticating user token {{(pid=44422) process_request /opt/stack/data/venv/lib/python3.10/site-packages/keystonemiddleware/auth_token/__init__.py:406}}
Aug 17 08:04:15 user devstack@keystone.service[44421]: DEBUG keystone.common.rbac_enforcer.enforcer [None req-7d1e7bc2-e4c6-4eb2-8ad5-24e72bce6f9c None admin] RBAC: Authorizing `identity:validate_token()` {{(pid=44421) enforce_call /opt/stack/keystone/keystone/common/rbac_enforcer/enforcer.py:449}}
Aug 17 08:04:15 user devstack@keystone.service[44421]: DEBUG keystone.common.rbac_enforcer.enforcer [None req-7d1e7bc2-e4c6-4eb2-8ad5-24e72bce6f9c None admin] RBAC: Authorization granted {{(pid=44421) enforce_call /opt/stack/keystone/keystone/common/rbac_enforcer/enforcer.py:457}}
Aug 17 08:04:15 user devstack@keystone.service[44423]: DEBUG keystone.server.flask.request_processing.middleware.auth_context [None req-cf12adc3-7722-4e9d-89e6-9205b97f9dca None admin] RBAC: auth_context: {'token': , 'domain_id': None, 'trust_id': None, 'trustor_id': None, 'trustee_id': None, 'domain_name': None, 'group_ids': [], 'user_id': '1462f72c0ba0410d8d5594e287179743', 'user_domain_id': 'default', 'system_scope': 'all', 'project_id': None, 'project_domain_id': None, 'roles': ['admin', 'member', 'reader'], 'is_admin_project': True, 'service_user_id': None, 'service_user_domain_id': None, 'service_project_id': None, 'service_project_domain_id': None, 'service_roles': []} {{(pid=44423) fill_context /opt/stack/keystone/keystone/server/flask/request_processing/middleware/auth_context.py:480}}
Aug 17 08:04:15 user devstack@keystone.service[44423]: DEBUG keystone.server.flask.request_processing.req_logging [None req-cf12adc3-7722-4e9d-89e6-9205b97f9dca None admin] REQUEST_METHOD: `PUT` {{(pid=44423) log_request_info /opt/stack/keystone/keystone/server/flask/request_processing/req_logging.py:27}}
Aug 17 08:04:15 user devstack@keystone.service[44423]: DEBUG keystone.server.flask.request_processing.req_logging [None req-cf12adc3-7722-4e9d-89e6-9205b97f9dca None admin] SCRIPT_NAME: `/identity` {{(pid=44423) log_request_info /opt/stack/keystone/keystone/server/flask/request_processing/req_logging.py:28}}
Aug 17 08:04:15 user devstack@keystone.service[44423]: DEBUG keystone.server.flask.request_processing.req_logging [None req-cf12adc3-7722-4e9d-89e6-9205b97f9dca None admin] PATH_INFO: `/v3/projects/7c0f5e8b86fe494f96019febd0868d92/users/5fefd91a3c41477ca93b94788560e162/roles/9695557db349400099791cd5470d2de3` {{(pid=44423) log_request_info /opt/stack/keystone/keystone/server/flask/request_processing/req_logging.py:29}}
Aug 17 08:04:15 user devstack@keystone.service[44423]: DEBUG keystone.common.rbac_enforcer.enforcer [None req-cf12adc3-7722-4e9d-89e6-9205b97f9dca None admin] RBAC: Authorizing `identity:create_grant(project_id=7c0f5e8b86fe494f96019febd0868d92, user_id=5fefd91a3c41477ca93b94788560e162, role_id=9695557db349400099791cd5470d2de3)` {{(pid=44423) enforce_call /opt/stack/keystone/keystone/common/rbac_enforcer/enforcer.py:449}}
Aug 17 08:04:15 user devstack@keystone.service[44423]: DEBUG keystone.common.rbac_enforcer.enforcer [None req-cf12adc3-7722-4e9d-89e6-9205b97f9dca None admin] RBAC: Authorization granted {{(pid=44423) enforce_call /opt/stack/keystone/keystone/common/rbac_enforcer/enforcer.py:457}}
Aug 17 08:04:15 user devstack@keystone.service[44423]: [pid: 44423|app: 0|req: 60/183] 10.0.0.210 () {58 vars in 1434 bytes} [Thu Aug 17 08:04:15 2023] PUT /identity/v3/projects/7c0f5e8b86fe494f96019febd0868d92/users/5fefd91a3c41477ca93b94788560e162/roles/9695557db349400099791cd5470d2de3 => generated 0 bytes in 156 msecs (HTTP/1.1 204) 3 headers in 132 bytes (1 switches on core 0)
Aug 17 08:04:15 user devstack@keystone.service[44421]: [pid: 44421|app: 0|req: 62/184] 10.0.0.210 () {58 vars in 1277 bytes} [Thu Aug 17 08:04:15 2023] GET /identity/v3/auth/tokens => generated 798 bytes in 326 msecs (HTTP/1.1 200) 6 headers in 358 bytes (1 switches on core 0)
Aug 17 08:04:15 user devstack@keystone.service[44423]: DEBUG keystone.server.flask.request_processing.middleware.auth_context [None req-cf12adc3-7722-4e9d-89e6-9205b97f9dca None admin] Authenticating user token {{(pid=44423) process_request /opt/stack/data/venv/lib/python3.10/site-packages/keystonemiddleware/auth_token/__init__.py:406}}
Aug 17 08:04:15 user devstack@keystone.service[44422]: DEBUG keystone.server.flask.request_processing.middleware.auth_context [None req-bf56e0de-a398-4ead-a0a7-931c4f615d98 None admin] Validating token access rules against request {{(pid=44422) validate_allowed_request /opt/stack/data/venv/lib/python3.10/site-packages/keystonemiddleware/auth_token/__init__.py:544}}
Aug 17 08:04:15 user devstack@keystone.service[44422]: DEBUG keystone.server.flask.request_processing.middleware.auth_context [None req-c1d1aa36-fa4d-4561-a780-ec48487be8af None admin] RBAC: auth_context: {'token': , 'domain_id': None, 'trust_id': None, 'trustor_id': None, 'trustee_id': None, 'domain_name': None, 'group_ids': [], 'user_id': '1462f72c0ba0410d8d5594e287179743', 'user_domain_id': 'default', 'system_scope': 'all', 'project_id': None, 'project_domain_id': None, 'roles': ['admin', 'member', 'reader'], 'is_admin_project': True, 'service_user_id': None, 'service_user_domain_id': None, 'service_project_id': None, 'service_project_domain_id': None, 'service_roles': []} {{(pid=44422) fill_context /opt/stack/keystone/keystone/server/flask/request_processing/middleware/auth_context.py:480}}
Aug 17 08:04:15 user devstack@keystone.service[44422]: DEBUG keystone.server.flask.request_processing.req_logging [None req-c1d1aa36-fa4d-4561-a780-ec48487be8af None admin] REQUEST_METHOD: `GET` {{(pid=44422) log_request_info /opt/stack/keystone/keystone/server/flask/request_processing/req_logging.py:27}}
Aug 17 08:04:15 user devstack@keystone.service[44422]: DEBUG keystone.server.flask.request_processing.req_logging [None req-c1d1aa36-fa4d-4561-a780-ec48487be8af None admin] SCRIPT_NAME: `/identity` {{(pid=44422) log_request_info /opt/stack/keystone/keystone/server/flask/request_processing/req_logging.py:28}}
Aug 17 08:04:15 user devstack@keystone.service[44422]: DEBUG keystone.server.flask.request_processing.req_logging [None req-c1d1aa36-fa4d-4561-a780-ec48487be8af None admin] PATH_INFO: `/v3/projects/7c0f5e8b86fe494f96019febd0868d92` {{(pid=44422) log_request_info /opt/stack/keystone/keystone/server/flask/request_processing/req_logging.py:29}}
Aug 17 08:04:15 user devstack@keystone.service[44422]: DEBUG keystone.common.rbac_enforcer.enforcer [None req-c1d1aa36-fa4d-4561-a780-ec48487be8af None admin] RBAC: Authorizing `identity:get_project(project_id=7c0f5e8b86fe494f96019febd0868d92)` {{(pid=44422) enforce_call /opt/stack/keystone/keystone/common/rbac_enforcer/enforcer.py:449}}
Aug 17 08:04:15 user devstack@keystone.service[44422]: DEBUG keystone.common.rbac_enforcer.enforcer [None req-c1d1aa36-fa4d-4561-a780-ec48487be8af None admin] RBAC: Authorization granted {{(pid=44422) enforce_call /opt/stack/keystone/keystone/common/rbac_enforcer/enforcer.py:457}}
Aug 17 08:04:15 user devstack@keystone.service[44422]: [pid: 44422|app: 0|req: 63/185] 10.0.0.210 () {56 vars in 1181 bytes} [Thu Aug 17 08:04:15 2023] GET /identity/v3/projects/7c0f5e8b86fe494f96019febd0868d92 => generated 301 bytes in 165 msecs (HTTP/1.1 200) 5 headers in 177 bytes (2 switches on core 0)
Aug 17 08:04:15 user devstack@keystone.service[44421]: DEBUG keystone.server.flask.request_processing.middleware.auth_context [None req-7d1e7bc2-e4c6-4eb2-8ad5-24e72bce6f9c None admin] Authenticating user token {{(pid=44421) process_request /opt/stack/data/venv/lib/python3.10/site-packages/keystonemiddleware/auth_token/__init__.py:406}}
Aug 17 08:04:15 user devstack@keystone.service[44423]: DEBUG keystone.server.flask.request_processing.middleware.auth_context [None req-cf12adc3-7722-4e9d-89e6-9205b97f9dca None admin] Validating token access rules against request {{(pid=44423) validate_allowed_request /opt/stack/data/venv/lib/python3.10/site-packages/keystonemiddleware/auth_token/__init__.py:544}}
Aug 17 08:04:15 user devstack@keystone.service[44423]: DEBUG keystone.server.flask.request_processing.middleware.auth_context [None req-98a87026-6086-4478-9bee-18fcb380f4ad None admin] RBAC: auth_context: {'token': , 'domain_id': None, 'trust_id': None, 'trustor_id': None, 'trustee_id': None, 'domain_name': None, 'group_ids': [], 'user_id': '1462f72c0ba0410d8d5594e287179743', 'user_domain_id': 'default', 'system_scope': 'all', 'project_id': None, 'project_domain_id': None, 'roles': ['admin', 'member', 'reader'], 'is_admin_project': True, 'service_user_id': None, 'service_user_domain_id': None, 'service_project_id': None, 'service_project_domain_id': None, 'service_roles': []} {{(pid=44423) fill_context /opt/stack/keystone/keystone/server/flask/request_processing/middleware/auth_context.py:480}}
Aug 17 08:04:15 user devstack@keystone.service[44423]: DEBUG keystone.server.flask.request_processing.req_logging [None req-98a87026-6086-4478-9bee-18fcb380f4ad None admin] REQUEST_METHOD: `GET` {{(pid=44423) log_request_info /opt/stack/keystone/keystone/server/flask/request_processing/req_logging.py:27}}
Aug 17 08:04:15 user devstack@keystone.service[44423]: DEBUG keystone.server.flask.request_processing.req_logging [None req-98a87026-6086-4478-9bee-18fcb380f4ad None admin] SCRIPT_NAME: `/identity` {{(pid=44423) log_request_info /opt/stack/keystone/keystone/server/flask/request_processing/req_logging.py:28}}
Aug 17 08:04:15 user devstack@keystone.service[44423]: DEBUG keystone.server.flask.request_processing.req_logging [None req-98a87026-6086-4478-9bee-18fcb380f4ad None admin] PATH_INFO: `/v3/projects/7c0f5e8b86fe494f96019febd0868d92` {{(pid=44423) log_request_info /opt/stack/keystone/keystone/server/flask/request_processing/req_logging.py:29}}
Aug 17 08:04:15 user devstack@keystone.service[44423]: DEBUG keystone.common.rbac_enforcer.enforcer [None req-98a87026-6086-4478-9bee-18fcb380f4ad None admin] RBAC: Authorizing `identity:get_project(project_id=7c0f5e8b86fe494f96019febd0868d92)` {{(pid=44423) enforce_call /opt/stack/keystone/keystone/common/rbac_enforcer/enforcer.py:449}}
Aug 17 08:04:15 user devstack@keystone.service[44423]: DEBUG keystone.common.rbac_enforcer.enforcer [None req-98a87026-6086-4478-9bee-18fcb380f4ad None admin] RBAC: Authorization granted {{(pid=44423) enforce_call /opt/stack/keystone/keystone/common/rbac_enforcer/enforcer.py:457}}
Aug 17 08:04:15 user devstack@keystone.service[44423]: [pid: 44423|app: 0|req: 61/186] 10.0.0.210 () {56 vars in 1181 bytes} [Thu Aug 17 08:04:15 2023] GET /identity/v3/projects/7c0f5e8b86fe494f96019febd0868d92 => generated 301 bytes in 126 msecs (HTTP/1.1 200) 5 headers in 177 bytes (1 switches on core 0)
Aug 17 08:04:15 user devstack@keystone.service[44422]: DEBUG keystone.server.flask.request_processing.middleware.auth_context [None req-c1d1aa36-fa4d-4561-a780-ec48487be8af None admin] Authenticating user token {{(pid=44422) process_request /opt/stack/data/venv/lib/python3.10/site-packages/keystonemiddleware/auth_token/__init__.py:406}}
Aug 17 08:04:15 user devstack@keystone.service[44421]: DEBUG keystone.server.flask.request_processing.middleware.auth_context [None req-7d1e7bc2-e4c6-4eb2-8ad5-24e72bce6f9c None admin] Validating token access rules against request {{(pid=44421) validate_allowed_request /opt/stack/data/venv/lib/python3.10/site-packages/keystonemiddleware/auth_token/__init__.py:544}}
Aug 17 08:04:16 user devstack@keystone.service[44421]: DEBUG keystone.server.flask.request_processing.middleware.auth_context [None req-11682a89-3957-4a93-9fb9-15c24b585228 None admin] RBAC: auth_context: {'token': , 'domain_id': None, 'trust_id': None, 'trustor_id': None, 'trustee_id': None, 'domain_name': None, 'group_ids': [], 'user_id': '1462f72c0ba0410d8d5594e287179743', 'user_domain_id': 'default', 'system_scope': 'all', 'project_id': None, 'project_domain_id': None, 'roles': ['admin', 'member', 'reader'], 'is_admin_project': True, 'service_user_id': None, 'service_user_domain_id': None, 'service_project_id': None, 'service_project_domain_id': None, 'service_roles': []} {{(pid=44421) fill_context /opt/stack/keystone/keystone/server/flask/request_processing/middleware/auth_context.py:480}}
Aug 17 08:04:16 user devstack@keystone.service[44421]: DEBUG keystone.server.flask.request_processing.req_logging [None req-11682a89-3957-4a93-9fb9-15c24b585228 None admin] REQUEST_METHOD: `GET` {{(pid=44421) log_request_info /opt/stack/keystone/keystone/server/flask/request_processing/req_logging.py:27}}
Aug 17 08:04:16 user devstack@keystone.service[44421]: DEBUG keystone.server.flask.request_processing.req_logging [None req-11682a89-3957-4a93-9fb9-15c24b585228 None admin] SCRIPT_NAME: `/identity` {{(pid=44421) log_request_info /opt/stack/keystone/keystone/server/flask/request_processing/req_logging.py:28}}
Aug 17 08:04:16 user devstack@keystone.service[44421]: DEBUG keystone.server.flask.request_processing.req_logging [None req-11682a89-3957-4a93-9fb9-15c24b585228 None admin] PATH_INFO: `/v3/role_assignments` {{(pid=44421) log_request_info /opt/stack/keystone/keystone/server/flask/request_processing/req_logging.py:29}}
Aug 17 08:04:16 user devstack@keystone.service[44421]: DEBUG keystone.common.rbac_enforcer.enforcer [None req-11682a89-3957-4a93-9fb9-15c24b585228 None admin] RBAC: Adding query filter params (role.id=cfc16502a0c24e1dafab29f8f3e1af0b, scope.project.id=7c0f5e8b86fe494f96019febd0868d92, user.id=a9d3c52546d341b78cd9bf66f303b78f) {{(pid=44421) _extract_filter_values /opt/stack/keystone/keystone/common/rbac_enforcer/enforcer.py:167}}
Aug 17 08:04:16 user devstack@keystone.service[44421]: DEBUG keystone.common.rbac_enforcer.enforcer [None req-11682a89-3957-4a93-9fb9-15c24b585228 None admin] RBAC: Authorizing `identity:list_role_assignments()` {{(pid=44421) enforce_call /opt/stack/keystone/keystone/common/rbac_enforcer/enforcer.py:449}}
Aug 17 08:04:16 user devstack@keystone.service[44421]: DEBUG keystone.common.rbac_enforcer.enforcer [None req-11682a89-3957-4a93-9fb9-15c24b585228 None admin] RBAC: Authorization granted {{(pid=44421) enforce_call /opt/stack/keystone/keystone/common/rbac_enforcer/enforcer.py:457}}
Aug 17 08:04:16 user devstack@keystone.service[44421]: [pid: 44421|app: 0|req: 63/187] 10.0.0.210 () {56 vars in 1369 bytes} [Thu Aug 17 08:04:15 2023] GET /identity/v3/role_assignments?user.id=a9d3c52546d341b78cd9bf66f303b78f&scope.project.id=7c0f5e8b86fe494f96019febd0868d92&role.id=cfc16502a0c24e1dafab29f8f3e1af0b => generated 606 bytes in 150 msecs (HTTP/1.1 200) 5 headers in 177 bytes (1 switches on core 0)
Aug 17 08:04:16 user devstack@keystone.service[44422]: DEBUG keystone.server.flask.request_processing.middleware.auth_context [None req-c1d1aa36-fa4d-4561-a780-ec48487be8af None admin] Validating token access rules against request {{(pid=44422) validate_allowed_request /opt/stack/data/venv/lib/python3.10/site-packages/keystonemiddleware/auth_token/__init__.py:544}}
Aug 17 08:04:16 user devstack@keystone.service[44422]: DEBUG keystone.server.flask.request_processing.middleware.auth_context [None req-cc4cff9d-778d-40ff-bc5a-a860406566b0 None admin] RBAC: auth_context: {'token': , 'domain_id': None, 'trust_id': None, 'trustor_id': None, 'trustee_id': None, 'domain_name': None, 'group_ids': [], 'user_id': '1462f72c0ba0410d8d5594e287179743', 'user_domain_id': 'default', 'system_scope': 'all', 'project_id': None, 'project_domain_id': None, 'roles': ['admin', 'member', 'reader'], 'is_admin_project': True, 'service_user_id': None, 'service_user_domain_id': None, 'service_project_id': None, 'service_project_domain_id': None, 'service_roles': []} {{(pid=44422) fill_context /opt/stack/keystone/keystone/server/flask/request_processing/middleware/auth_context.py:480}}
Aug 17 08:04:16 user devstack@keystone.service[44422]: DEBUG keystone.server.flask.request_processing.req_logging [None req-cc4cff9d-778d-40ff-bc5a-a860406566b0 None admin] REQUEST_METHOD: `GET` {{(pid=44422) log_request_info /opt/stack/keystone/keystone/server/flask/request_processing/req_logging.py:27}}
Aug 17 08:04:16 user devstack@keystone.service[44422]: DEBUG keystone.server.flask.request_processing.req_logging [None req-cc4cff9d-778d-40ff-bc5a-a860406566b0 None admin] SCRIPT_NAME: `/identity` {{(pid=44422) log_request_info /opt/stack/keystone/keystone/server/flask/request_processing/req_logging.py:28}}
Aug 17 08:04:16 user devstack@keystone.service[44422]: DEBUG keystone.server.flask.request_processing.req_logging [None req-cc4cff9d-778d-40ff-bc5a-a860406566b0 None admin] PATH_INFO: `/v3/role_assignments` {{(pid=44422) log_request_info /opt/stack/keystone/keystone/server/flask/request_processing/req_logging.py:29}}
Aug 17 08:04:16 user devstack@keystone.service[44422]: DEBUG keystone.common.rbac_enforcer.enforcer [None req-cc4cff9d-778d-40ff-bc5a-a860406566b0 None admin] RBAC: Adding query filter params (role.id=f5a4fa8b7f2e4f85864d45186ec27875, scope.project.id=7c0f5e8b86fe494f96019febd0868d92, user.id=a9d3c52546d341b78cd9bf66f303b78f) {{(pid=44422) _extract_filter_values /opt/stack/keystone/keystone/common/rbac_enforcer/enforcer.py:167}}
Aug 17 08:04:16 user devstack@keystone.service[44422]: DEBUG keystone.common.rbac_enforcer.enforcer [None req-cc4cff9d-778d-40ff-bc5a-a860406566b0 None admin] RBAC: Authorizing `identity:list_role_assignments()` {{(pid=44422) enforce_call /opt/stack/keystone/keystone/common/rbac_enforcer/enforcer.py:449}}
Aug 17 08:04:16 user devstack@keystone.service[44422]: DEBUG keystone.common.rbac_enforcer.enforcer [None req-cc4cff9d-778d-40ff-bc5a-a860406566b0 None admin] RBAC: Authorization granted {{(pid=44422) enforce_call /opt/stack/keystone/keystone/common/rbac_enforcer/enforcer.py:457}}
Aug 17 08:04:16 user devstack@keystone.service[44422]: [pid: 44422|app: 0|req: 64/188] 10.0.0.210 () {56 vars in 1369 bytes} [Thu Aug 17 08:04:15 2023] GET /identity/v3/role_assignments?user.id=a9d3c52546d341b78cd9bf66f303b78f&scope.project.id=7c0f5e8b86fe494f96019febd0868d92&role.id=f5a4fa8b7f2e4f85864d45186ec27875 => generated 606 bytes in 136 msecs (HTTP/1.1 200) 5 headers in 177 bytes (1 switches on core 0)
Aug 17 08:04:17 user devstack@keystone.service[44423]: DEBUG keystone.server.flask.request_processing.req_logging [None req-9034d3b6-21f7-459c-a480-72a9a6784013 None None] REQUEST_METHOD: `GET` {{(pid=44423) log_request_info /opt/stack/keystone/keystone/server/flask/request_processing/req_logging.py:27}}
Aug 17 08:04:17 user devstack@keystone.service[44423]: DEBUG keystone.server.flask.request_processing.req_logging [None req-9034d3b6-21f7-459c-a480-72a9a6784013 None None] SCRIPT_NAME: `/identity` {{(pid=44423) log_request_info /opt/stack/keystone/keystone/server/flask/request_processing/req_logging.py:28}}
Aug 17 08:04:17 user devstack@keystone.service[44423]: DEBUG keystone.server.flask.request_processing.req_logging [None req-9034d3b6-21f7-459c-a480-72a9a6784013 None None] PATH_INFO: `/` {{(pid=44423) log_request_info /opt/stack/keystone/keystone/server/flask/request_processing/req_logging.py:29}}
Aug 17 08:04:17 user devstack@keystone.service[44423]: [pid: 44423|app: 0|req: 62/189] 10.0.0.210 () {54 vars in 921 bytes} [Thu Aug 17 08:04:17 2023] GET /identity => generated 269 bytes in 3 msecs (HTTP/1.1 300) 6 headers in 233 bytes (1 switches on core 0)
Aug 17 08:04:17 user devstack@keystone.service[44421]: DEBUG keystone.server.flask.request_processing.req_logging [None req-28647606-3781-49f1-8168-a05ac086b269 None None] REQUEST_METHOD: `POST` {{(pid=44421) log_request_info /opt/stack/keystone/keystone/server/flask/request_processing/req_logging.py:27}}
Aug 17 08:04:17 user devstack@keystone.service[44421]: DEBUG keystone.server.flask.request_processing.req_logging [None req-28647606-3781-49f1-8168-a05ac086b269 None None] SCRIPT_NAME: `/identity` {{(pid=44421) log_request_info /opt/stack/keystone/keystone/server/flask/request_processing/req_logging.py:28}}
Aug 17 08:04:17 user devstack@keystone.service[44421]: DEBUG keystone.server.flask.request_processing.req_logging [None req-28647606-3781-49f1-8168-a05ac086b269 None None] PATH_INFO: `/v3/auth/tokens` {{(pid=44421) log_request_info /opt/stack/keystone/keystone/server/flask/request_processing/req_logging.py:29}}
Aug 17 08:04:17 user devstack@keystone.service[44421]: WARNING keystone.common.password_hashing [None req-28647606-3781-49f1-8168-a05ac086b269 None None] Truncating password to algorithm specific maximum length 72 characters.
Aug 17 08:04:17 user devstack@keystone.service[44421]: DEBUG keystone.auth.core [None req-28647606-3781-49f1-8168-a05ac086b269 None None] MFA Rules not processed for user `1462f72c0ba0410d8d5594e287179743`. Rule list: `[]` (Enabled: `True`). {{(pid=44421) check_auth_methods_against_rules /opt/stack/keystone/keystone/auth/core.py:438}}
Aug 17 08:04:17 user devstack@keystone.service[44421]: DEBUG keystone.common.fernet_utils [None req-28647606-3781-49f1-8168-a05ac086b269 None None] Loaded 2 Fernet keys from /etc/keystone/fernet-keys/, but `[fernet_tokens] max_active_keys = 3`; perhaps there have not been enough key rotations to reach `max_active_keys` yet? {{(pid=44421) load_keys /opt/stack/keystone/keystone/common/fernet_utils.py:286}}
Aug 17 08:04:17 user devstack@keystone.service[44421]: [pid: 44421|app: 0|req: 64/190] 10.0.0.210 () {58 vars in 1018 bytes} [Thu Aug 17 08:04:17 2023] POST /identity/v3/auth/tokens => generated 798 bytes in 110 msecs (HTTP/1.1 201) 6 headers in 363 bytes (1 switches on core 0)
Aug 17 08:04:17 user devstack@keystone.service[44422]: DEBUG keystone.server.flask.request_processing.req_logging [None req-49063fa0-d248-46af-a22e-e190160902b0 None None] REQUEST_METHOD: `GET` {{(pid=44422) log_request_info /opt/stack/keystone/keystone/server/flask/request_processing/req_logging.py:27}}
Aug 17 08:04:17 user devstack@keystone.service[44422]: DEBUG keystone.server.flask.request_processing.req_logging [None req-49063fa0-d248-46af-a22e-e190160902b0 None None] SCRIPT_NAME: `/identity` {{(pid=44422) log_request_info /opt/stack/keystone/keystone/server/flask/request_processing/req_logging.py:28}}
Aug 17 08:04:17 user devstack@keystone.service[44422]: DEBUG keystone.server.flask.request_processing.req_logging [None req-49063fa0-d248-46af-a22e-e190160902b0 None None] PATH_INFO: `/` {{(pid=44422) log_request_info /opt/stack/keystone/keystone/server/flask/request_processing/req_logging.py:29}}
Aug 17 08:04:17 user devstack@keystone.service[44422]: [pid: 44422|app: 0|req: 65/191] 10.0.0.210 () {54 vars in 921 bytes} [Thu Aug 17 08:04:17 2023] GET /identity => generated 269 bytes in 4 msecs (HTTP/1.1 300) 6 headers in 233 bytes (1 switches on core 0)
Aug 17 08:04:17 user devstack@keystone.service[44423]: DEBUG keystone.server.flask.request_processing.req_logging [None req-5267a7ff-ca27-4ec5-b793-0d65f203d5c6 None None] REQUEST_METHOD: `POST` {{(pid=44423) log_request_info /opt/stack/keystone/keystone/server/flask/request_processing/req_logging.py:27}}
Aug 17 08:04:17 user devstack@keystone.service[44423]: DEBUG keystone.server.flask.request_processing.req_logging [None req-5267a7ff-ca27-4ec5-b793-0d65f203d5c6 None None] SCRIPT_NAME: `/identity` {{(pid=44423) log_request_info /opt/stack/keystone/keystone/server/flask/request_processing/req_logging.py:28}}
Aug 17 08:04:17 user devstack@keystone.service[44423]: DEBUG keystone.server.flask.request_processing.req_logging [None req-5267a7ff-ca27-4ec5-b793-0d65f203d5c6 None None] PATH_INFO: `/v3/auth/tokens` {{(pid=44423) log_request_info /opt/stack/keystone/keystone/server/flask/request_processing/req_logging.py:29}}
Aug 17 08:04:17 user devstack@keystone.service[44423]: WARNING keystone.common.password_hashing [None req-5267a7ff-ca27-4ec5-b793-0d65f203d5c6 None None] Truncating password to algorithm specific maximum length 72 characters.
Aug 17 08:04:17 user devstack@keystone.service[44423]: DEBUG keystone.auth.core [None req-5267a7ff-ca27-4ec5-b793-0d65f203d5c6 None None] MFA Rules not processed for user `1462f72c0ba0410d8d5594e287179743`. Rule list: `[]` (Enabled: `True`). {{(pid=44423) check_auth_methods_against_rules /opt/stack/keystone/keystone/auth/core.py:438}}
Aug 17 08:04:17 user devstack@keystone.service[44423]: DEBUG keystone.common.fernet_utils [None req-5267a7ff-ca27-4ec5-b793-0d65f203d5c6 None None] Loaded 2 Fernet keys from /etc/keystone/fernet-keys/, but `[fernet_tokens] max_active_keys = 3`; perhaps there have not been enough key rotations to reach `max_active_keys` yet? {{(pid=44423) load_keys /opt/stack/keystone/keystone/common/fernet_utils.py:286}}
Aug 17 08:04:17 user devstack@keystone.service[44423]: [pid: 44423|app: 0|req: 63/192] 10.0.0.210 () {58 vars in 1018 bytes} [Thu Aug 17 08:04:17 2023] POST /identity/v3/auth/tokens => generated 798 bytes in 99 msecs (HTTP/1.1 201) 6 headers in 363 bytes (1 switches on core 0)
Aug 17 08:04:17 user devstack@keystone.service[44421]: DEBUG keystone.server.flask.request_processing.req_logging [None req-1b786917-6c85-4b7c-81a7-147ade0d6d8a None None] REQUEST_METHOD: `GET` {{(pid=44421) log_request_info /opt/stack/keystone/keystone/server/flask/request_processing/req_logging.py:27}}
Aug 17 08:04:17 user devstack@keystone.service[44421]: DEBUG keystone.server.flask.request_processing.req_logging [None req-1b786917-6c85-4b7c-81a7-147ade0d6d8a None None] SCRIPT_NAME: `/identity` {{(pid=44421) log_request_info /opt/stack/keystone/keystone/server/flask/request_processing/req_logging.py:28}}
Aug 17 08:04:17 user devstack@keystone.service[44421]: DEBUG keystone.server.flask.request_processing.req_logging [None req-1b786917-6c85-4b7c-81a7-147ade0d6d8a None None] PATH_INFO: `/` {{(pid=44421) log_request_info /opt/stack/keystone/keystone/server/flask/request_processing/req_logging.py:29}}
Aug 17 08:04:17 user devstack@keystone.service[44421]: [pid: 44421|app: 0|req: 65/193] 10.0.0.210 () {54 vars in 921 bytes} [Thu Aug 17 08:04:17 2023] GET /identity => generated 269 bytes in 4 msecs (HTTP/1.1 300) 6 headers in 233 bytes (1 switches on core 0)
Aug 17 08:04:17 user devstack@keystone.service[44422]: DEBUG keystone.server.flask.request_processing.req_logging [None req-8d2c7c90-7960-460a-9787-12c5346e19d7 None None] REQUEST_METHOD: `POST` {{(pid=44422) log_request_info /opt/stack/keystone/keystone/server/flask/request_processing/req_logging.py:27}}
Aug 17 08:04:17 user devstack@keystone.service[44422]: DEBUG keystone.server.flask.request_processing.req_logging [None req-8d2c7c90-7960-460a-9787-12c5346e19d7 None None] SCRIPT_NAME: `/identity` {{(pid=44422) log_request_info /opt/stack/keystone/keystone/server/flask/request_processing/req_logging.py:28}}
Aug 17 08:04:17 user devstack@keystone.service[44422]: DEBUG keystone.server.flask.request_processing.req_logging [None req-8d2c7c90-7960-460a-9787-12c5346e19d7 None None] PATH_INFO: `/v3/auth/tokens` {{(pid=44422) log_request_info /opt/stack/keystone/keystone/server/flask/request_processing/req_logging.py:29}}
Aug 17 08:04:17 user devstack@keystone.service[44422]: WARNING keystone.common.password_hashing [None req-8d2c7c90-7960-460a-9787-12c5346e19d7 None None] Truncating password to algorithm specific maximum length 72 characters.
Aug 17 08:04:17 user devstack@keystone.service[44422]: DEBUG keystone.auth.core [None req-8d2c7c90-7960-460a-9787-12c5346e19d7 None None] MFA Rules not processed for user `1462f72c0ba0410d8d5594e287179743`. Rule list: `[]` (Enabled: `True`). {{(pid=44422) check_auth_methods_against_rules /opt/stack/keystone/keystone/auth/core.py:438}}
Aug 17 08:04:17 user devstack@keystone.service[44422]: DEBUG keystone.common.fernet_utils [None req-8d2c7c90-7960-460a-9787-12c5346e19d7 None None] Loaded 2 Fernet keys from /etc/keystone/fernet-keys/, but `[fernet_tokens] max_active_keys = 3`; perhaps there have not been enough key rotations to reach `max_active_keys` yet? {{(pid=44422) load_keys /opt/stack/keystone/keystone/common/fernet_utils.py:286}}
Aug 17 08:04:17 user devstack@keystone.service[44423]: DEBUG keystone.server.flask.request_processing.middleware.auth_context [None req-5267a7ff-ca27-4ec5-b793-0d65f203d5c6 None None] Authenticating user token {{(pid=44423) process_request /opt/stack/data/venv/lib/python3.10/site-packages/keystonemiddleware/auth_token/__init__.py:406}}
Aug 17 08:04:17 user devstack@keystone.service[44422]: [pid: 44422|app: 0|req: 66/194] 10.0.0.210 () {58 vars in 1018 bytes} [Thu Aug 17 08:04:17 2023] POST /identity/v3/auth/tokens => generated 798 bytes in 148 msecs (HTTP/1.1 201) 6 headers in 363 bytes (1 switches on core 0)
Aug 17 08:04:17 user devstack@keystone.service[44423]: DEBUG keystone.server.flask.request_processing.middleware.auth_context [None req-5267a7ff-ca27-4ec5-b793-0d65f203d5c6 None None] Validating token access rules against request {{(pid=44423) validate_allowed_request /opt/stack/data/venv/lib/python3.10/site-packages/keystonemiddleware/auth_token/__init__.py:544}}
Aug 17 08:04:17 user devstack@keystone.service[44423]: DEBUG keystone.server.flask.request_processing.middleware.auth_context [None req-0ea4d5e5-6d12-4d55-b26b-374cd032aee7 None admin] RBAC: auth_context: {'token': , 'domain_id': None, 'trust_id': None, 'trustor_id': None, 'trustee_id': None, 'domain_name': None, 'group_ids': [], 'user_id': '1462f72c0ba0410d8d5594e287179743', 'user_domain_id': 'default', 'system_scope': 'all', 'project_id': None, 'project_domain_id': None, 'roles': ['admin', 'member', 'reader'], 'is_admin_project': True, 'service_user_id': None, 'service_user_domain_id': None, 'service_project_id': None, 'service_project_domain_id': None, 'service_roles': []} {{(pid=44423) fill_context /opt/stack/keystone/keystone/server/flask/request_processing/middleware/auth_context.py:480}}
Aug 17 08:04:17 user devstack@keystone.service[44423]: DEBUG keystone.server.flask.request_processing.req_logging [None req-0ea4d5e5-6d12-4d55-b26b-374cd032aee7 None admin] REQUEST_METHOD: `GET` {{(pid=44423) log_request_info /opt/stack/keystone/keystone/server/flask/request_processing/req_logging.py:27}}
Aug 17 08:04:17 user devstack@keystone.service[44423]: DEBUG keystone.server.flask.request_processing.req_logging [None req-0ea4d5e5-6d12-4d55-b26b-374cd032aee7 None admin] SCRIPT_NAME: `/identity` {{(pid=44423) log_request_info /opt/stack/keystone/keystone/server/flask/request_processing/req_logging.py:28}}
Aug 17 08:04:17 user devstack@keystone.service[44423]: DEBUG keystone.server.flask.request_processing.req_logging [None req-0ea4d5e5-6d12-4d55-b26b-374cd032aee7 None admin] PATH_INFO: `/v3/roles/reader` {{(pid=44423) log_request_info /opt/stack/keystone/keystone/server/flask/request_processing/req_logging.py:29}}
Aug 17 08:04:17 user devstack@keystone.service[44421]: DEBUG keystone.server.flask.request_processing.middleware.auth_context [None req-1b786917-6c85-4b7c-81a7-147ade0d6d8a None None] Authenticating user token {{(pid=44421) process_request /opt/stack/data/venv/lib/python3.10/site-packages/keystonemiddleware/auth_token/__init__.py:406}}
Aug 17 08:04:17 user devstack@keystone.service[44423]: DEBUG keystone.common.rbac_enforcer.enforcer [None req-0ea4d5e5-6d12-4d55-b26b-374cd032aee7 None admin] Extracting inferred target data resulted in "NOT FOUND (404)". {{(pid=44423) enforce_call /opt/stack/keystone/keystone/common/rbac_enforcer/enforcer.py:409}}
Aug 17 08:04:17 user devstack@keystone.service[44423]: ERROR keystone.server.flask.application [None req-0ea4d5e5-6d12-4d55-b26b-374cd032aee7 None admin] Could not find role: reader.: keystone.exception.RoleNotFound: Could not find role: reader.
Aug 17 08:04:17 user devstack@keystone.service[44423]: ERROR keystone.server.flask.application
Traceback (most recent call last):
Aug 17 08:04:17 user devstack@keystone.service[44423]: ERROR keystone.server.flask.application
File "/opt/stack/data/venv/lib/python3.10/site-packages/flask/app.py", line 1823, in full_dispatch_request
Aug 17 08:04:17 user devstack@keystone.service[44423]: ERROR keystone.server.flask.application rv = self.dispatch_request()
Aug 17 08:04:17 user devstack@keystone.service[44423]: ERROR keystone.server.flask.application
File "/opt/stack/data/venv/lib/python3.10/site-packages/flask/app.py", line 1799, in dispatch_request
Aug 17 08:04:17 user devstack@keystone.service[44423]: ERROR keystone.server.flask.application return self.ensure_sync(self.view_functions[rule.endpoint])(**view_args)
Aug 17 08:04:17 user devstack@keystone.service[44423]: ERROR keystone.server.flask.application
File "/opt/stack/data/venv/lib/python3.10/site-packages/flask_restful/__init__.py", line 467, in wrapper
Aug 17 08:04:17 user devstack@keystone.service[44423]: ERROR keystone.server.flask.application resp = resource(*args, **kwargs)
Aug 17 08:04:17 user devstack@keystone.service[44423]: ERROR keystone.server.flask.application
File "/opt/stack/data/venv/lib/python3.10/site-packages/flask/views.py", line 107, in view
Aug 17 08:04:17 user devstack@keystone.service[44423]: ERROR keystone.server.flask.application return current_app.ensure_sync(self.dispatch_request)(**kwargs)
Aug 17 08:04:17 user devstack@keystone.service[44423]: ERROR keystone.server.flask.application
File "/opt/stack/data/venv/lib/python3.10/site-packages/flask_restful/__init__.py", line 582, in dispatch_request
Aug 17 08:04:17 user devstack@keystone.service[44423]: ERROR keystone.server.flask.application resp = meth(*args, **kwargs)
Aug 17 08:04:17 user devstack@keystone.service[44423]: ERROR keystone.server.flask.application
File "/opt/stack/keystone/keystone/api/roles.py", line 50, in get
Aug 17 08:04:17 user devstack@keystone.service[44423]: ERROR keystone.server.flask.application return self._get_role(role_id)
Aug 17 08:04:17 user devstack@keystone.service[44423]: ERROR keystone.server.flask.application
File "/opt/stack/keystone/keystone/api/roles.py", line 70, in _get_role
Aug 17 08:04:17 user devstack@keystone.service[44423]: ERROR keystone.server.flask.application ENFORCER.enforce_call(action='identity:get_role')
Aug 17 08:04:17 user devstack@keystone.service[44423]: ERROR keystone.server.flask.application
File "/opt/stack/keystone/keystone/common/rbac_enforcer/enforcer.py", line 402, in enforce_call
Aug 17 08:04:17 user devstack@keystone.service[44423]: ERROR keystone.server.flask.application policy_dict.update(cls._extract_member_target_data(
Aug 17 08:04:17 user devstack@keystone.service[44423]: ERROR keystone.server.flask.application
File "/opt/stack/keystone/keystone/common/rbac_enforcer/enforcer.py", line 234, in _extract_member_target_data
Aug 17 08:04:17 user devstack@keystone.service[44423]: ERROR keystone.server.flask.application member_name: func(flask.request.view_args[key])
Aug 17 08:04:17 user devstack@keystone.service[44423]: ERROR keystone.server.flask.application
File "/opt/stack/keystone/keystone/common/manager.py", line 115, in wrapped
Aug 17 08:04:17 user devstack@keystone.service[44423]: ERROR keystone.server.flask.application __ret_val = __f(*args, **kwargs)
Aug 17 08:04:17 user devstack@keystone.service[44423]: ERROR keystone.server.flask.application
File "/opt/stack/data/venv/lib/python3.10/site-packages/decorator.py", line 232, in fun
Aug 17 08:04:17 user devstack@keystone.service[44423]: ERROR keystone.server.flask.application return caller(func, *(extras + args), **kw)
Aug 17 08:04:17 user devstack@keystone.service[44423]: ERROR keystone.server.flask.application
File "/opt/stack/data/venv/lib/python3.10/site-packages/dogpile/cache/region.py", line 1577, in get_or_create_for_user_func
Aug 17 08:04:17 user devstack@keystone.service[44423]: ERROR keystone.server.flask.application return self.get_or_create(
Aug 17 08:04:17 user devstack@keystone.service[44423]: ERROR keystone.server.flask.application
File "/opt/stack/data/venv/lib/python3.10/site-packages/dogpile/cache/region.py", line 1042, in get_or_create
Aug 17 08:04:17 user devstack@keystone.service[44423]: ERROR keystone.server.flask.application with Lock(
Aug 17 08:04:17 user devstack@keystone.service[44423]: ERROR keystone.server.flask.application
File "/opt/stack/data/venv/lib/python3.10/site-packages/dogpile/lock.py", line 185, in __enter__
Aug 17 08:04:17 user devstack@keystone.service[44423]: ERROR keystone.server.flask.application return self._enter()
Aug 17 08:04:17 user devstack@keystone.service[44423]: ERROR keystone.server.flask.application
File "/opt/stack/data/venv/lib/python3.10/site-packages/dogpile/lock.py", line 94, in _enter
Aug 17 08:04:17 user devstack@keystone.service[44423]: ERROR keystone.server.flask.application generated = self._enter_create(value, createdtime)
Aug 17 08:04:17 user devstack@keystone.service[44423]: ERROR keystone.server.flask.application
File "/opt/stack/data/venv/lib/python3.10/site-packages/dogpile/lock.py", line 178, in _enter_create
Aug 17 08:04:17 user devstack@keystone.service[44423]: ERROR keystone.server.flask.application return self.creator()
Aug 17 08:04:17 user devstack@keystone.service[44423]: ERROR keystone.server.flask.application
File "/opt/stack/data/venv/lib/python3.10/site-packages/dogpile/cache/region.py", line 995, in gen_value
Aug 17 08:04:17 user devstack@keystone.service[44423]: ERROR keystone.server.flask.application created_value = creator(
Aug 17 08:04:17 user devstack@keystone.service[44423]: ERROR keystone.server.flask.application
File "/opt/stack/keystone/keystone/assignment/core.py", line 1276, in get_role
Aug 17 08:04:17 user devstack@keystone.service[44423]: ERROR keystone.server.flask.application return self.driver.get_role(role_id)
Aug 17 08:04:17 user devstack@keystone.service[44423]: ERROR keystone.server.flask.application
File "/opt/stack/keystone/keystone/assignment/role_backends/sql.py", line 70, in get_role
Aug 17 08:04:17 user devstack@keystone.service[44423]: ERROR keystone.server.flask.application return self._get_role(session, role_id).to_dict()
Aug 17 08:04:17 user devstack@keystone.service[44423]: ERROR keystone.server.flask.application
File "/opt/stack/keystone/keystone/assignment/role_backends/sql.py", line 65, in _get_role
Aug 17 08:04:17 user devstack@keystone.service[44423]: ERROR keystone.server.flask.application raise exception.RoleNotFound(role_id=role_id)
Aug 17 08:04:17 user devstack@keystone.service[44423]: ERROR keystone.server.flask.application keystone.exception.RoleNotFound: Could not find role: reader.
Aug 17 08:04:17 user devstack@keystone.service[44423]: ERROR keystone.server.flask.application
Aug 17 08:04:17 user devstack@keystone.service[44423]: [pid: 44423|app: 0|req: 64/195] 10.0.0.210 () {56 vars in 1094 bytes} [Thu Aug 17 08:04:17 2023] GET /identity/v3/roles/reader => generated 84 bytes in 170 msecs (HTTP/1.1 404) 5 headers in 183 bytes (1 switches on core 0)
Aug 17 08:04:17 user devstack@keystone.service[44422]: DEBUG keystone.server.flask.request_processing.middleware.auth_context [None req-8d2c7c90-7960-460a-9787-12c5346e19d7 None None] Authenticating user token {{(pid=44422) process_request /opt/stack/data/venv/lib/python3.10/site-packages/keystonemiddleware/auth_token/__init__.py:406}}
Aug 17 08:04:17 user devstack@keystone.service[44421]: DEBUG keystone.server.flask.request_processing.middleware.auth_context [None req-1b786917-6c85-4b7c-81a7-147ade0d6d8a None None] Validating token access rules against request {{(pid=44421) validate_allowed_request /opt/stack/data/venv/lib/python3.10/site-packages/keystonemiddleware/auth_token/__init__.py:544}}
Aug 17 08:04:17 user devstack@keystone.service[44423]: DEBUG keystone.server.flask.request_processing.middleware.auth_context [None req-0ea4d5e5-6d12-4d55-b26b-374cd032aee7 None admin] Authenticating user token {{(pid=44423) process_request /opt/stack/data/venv/lib/python3.10/site-packages/keystonemiddleware/auth_token/__init__.py:406}}
Aug 17 08:04:17 user devstack@keystone.service[44422]: DEBUG keystone.server.flask.request_processing.middleware.auth_context [None req-8d2c7c90-7960-460a-9787-12c5346e19d7 None None] Validating token access rules against request {{(pid=44422) validate_allowed_request /opt/stack/data/venv/lib/python3.10/site-packages/keystonemiddleware/auth_token/__init__.py:544}}
