Aug 17 08:04:08 user devstack@keystone.service[44421]: DEBUG keystone.server.flask.request_processing.middleware.auth_context [None req-07c0a8ee-c835-4037-a4e1-f59128c4d421 None admin] RBAC: auth_context: {'token': , 'domain_id': None, 'trust_id': None, 'trustor_id': None, 'trustee_id': None, 'domain_name': None, 'group_ids': [], 'user_id': '1462f72c0ba0410d8d5594e287179743', 'user_domain_id': 'default', 'system_scope': 'all', 'project_id': None, 'project_domain_id': None, 'roles': ['admin', 'member', 'reader'], 'is_admin_project': True, 'service_user_id': None, 'service_user_domain_id': None, 'service_project_id': None, 'service_project_domain_id': None, 'service_roles': []} {{(pid=44421) fill_context /opt/stack/keystone/keystone/server/flask/request_processing/middleware/auth_context.py:480}}
Aug 17 08:04:08 user devstack@keystone.service[44421]: DEBUG keystone.server.flask.request_processing.req_logging [None req-07c0a8ee-c835-4037-a4e1-f59128c4d421 None admin] REQUEST_METHOD: `PUT` {{(pid=44421) log_request_info /opt/stack/keystone/keystone/server/flask/request_processing/req_logging.py:27}}
Aug 17 08:04:08 user devstack@keystone.service[44421]: DEBUG keystone.server.flask.request_processing.req_logging [None req-07c0a8ee-c835-4037-a4e1-f59128c4d421 None admin] SCRIPT_NAME: `/identity` {{(pid=44421) log_request_info /opt/stack/keystone/keystone/server/flask/request_processing/req_logging.py:28}}
Aug 17 08:04:08 user devstack@keystone.service[44421]: DEBUG keystone.server.flask.request_processing.req_logging [None req-07c0a8ee-c835-4037-a4e1-f59128c4d421 None admin] PATH_INFO: `/v3/projects/b117891194e7435dbe680122e97a69c4/users/bea6304b586c4f079abfb54fb63adce8/roles/8198c4edd4504c17a8ff653a342b4339` {{(pid=44421) log_request_info /opt/stack/keystone/keystone/server/flask/request_processing/req_logging.py:29}}
Aug 17 08:04:08 user devstack@keystone.service[44421]: DEBUG keystone.common.rbac_enforcer.enforcer [None req-07c0a8ee-c835-4037-a4e1-f59128c4d421 None admin] RBAC: Authorizing `identity:create_grant(project_id=b117891194e7435dbe680122e97a69c4, user_id=bea6304b586c4f079abfb54fb63adce8, role_id=8198c4edd4504c17a8ff653a342b4339)` {{(pid=44421) enforce_call /opt/stack/keystone/keystone/common/rbac_enforcer/enforcer.py:449}}
Aug 17 08:04:08 user devstack@keystone.service[44423]: DEBUG keystone.server.flask.request_processing.middleware.auth_context [None req-52080d6f-a336-4e67-ab9e-46e45786c927 None admin] Validating token access rules against request {{(pid=44423) validate_allowed_request /opt/stack/data/venv/lib/python3.10/site-packages/keystonemiddleware/auth_token/__init__.py:544}}
Aug 17 08:04:08 user devstack@keystone.service[44421]: DEBUG keystone.common.rbac_enforcer.enforcer [None req-07c0a8ee-c835-4037-a4e1-f59128c4d421 None admin] RBAC: Authorization granted {{(pid=44421) enforce_call /opt/stack/keystone/keystone/common/rbac_enforcer/enforcer.py:457}}
Aug 17 08:04:08 user devstack@keystone.service[44421]: [pid: 44421|app: 0|req: 42/125] 10.0.0.210 () {58 vars in 1434 bytes} [Thu Aug 17 08:04:08 2023] PUT /identity/v3/projects/b117891194e7435dbe680122e97a69c4/users/bea6304b586c4f079abfb54fb63adce8/roles/8198c4edd4504c17a8ff653a342b4339 => generated 0 bytes in 162 msecs (HTTP/1.1 204) 3 headers in 132 bytes (0 switches on core 0)
Aug 17 08:04:08 user devstack@keystone.service[44423]: DEBUG keystone.server.flask.request_processing.middleware.auth_context [None req-d6f00f24-d0f0-4a92-8030-ed898fbabd02 None admin] RBAC: auth_context: {'token': , 'domain_id': None, 'trust_id': None, 'trustor_id': None, 'trustee_id': None, 'domain_name': None, 'group_ids': [], 'user_id': '1462f72c0ba0410d8d5594e287179743', 'user_domain_id': 'default', 'system_scope': 'all', 'project_id': None, 'project_domain_id': None, 'roles': ['admin', 'member', 'reader'], 'is_admin_project': True, 'service_user_id': None, 'service_user_domain_id': None, 'service_project_id': None, 'service_project_domain_id': None, 'service_roles': []} {{(pid=44423) fill_context /opt/stack/keystone/keystone/server/flask/request_processing/middleware/auth_context.py:480}}
Aug 17 08:04:08 user devstack@keystone.service[44423]: DEBUG keystone.server.flask.request_processing.req_logging [None req-d6f00f24-d0f0-4a92-8030-ed898fbabd02 None admin] REQUEST_METHOD: `GET` {{(pid=44423) log_request_info /opt/stack/keystone/keystone/server/flask/request_processing/req_logging.py:27}}
Aug 17 08:04:08 user devstack@keystone.service[44423]: DEBUG keystone.server.flask.request_processing.req_logging [None req-d6f00f24-d0f0-4a92-8030-ed898fbabd02 None admin] SCRIPT_NAME: `/identity` {{(pid=44423) log_request_info /opt/stack/keystone/keystone/server/flask/request_processing/req_logging.py:28}}
Aug 17 08:04:08 user devstack@keystone.service[44423]: DEBUG keystone.server.flask.request_processing.req_logging [None req-d6f00f24-d0f0-4a92-8030-ed898fbabd02 None admin] PATH_INFO: `/v3/auth/tokens` {{(pid=44423) log_request_info /opt/stack/keystone/keystone/server/flask/request_processing/req_logging.py:29}}
Aug 17 08:04:08 user devstack@keystone.service[44422]: [pid: 44422|app: 0|req: 44/126] 10.0.0.210 () {58 vars in 1277 bytes} [Thu Aug 17 08:04:08 2023] GET /identity/v3/auth/tokens => generated 798 bytes in 298 msecs (HTTP/1.1 200) 6 headers in 358 bytes (1 switches on core 0)
Aug 17 08:04:08 user devstack@keystone.service[44421]: DEBUG keystone.server.flask.request_processing.middleware.auth_context [None req-07c0a8ee-c835-4037-a4e1-f59128c4d421 None admin] Authenticating user token {{(pid=44421) process_request /opt/stack/data/venv/lib/python3.10/site-packages/keystonemiddleware/auth_token/__init__.py:406}}
Aug 17 08:04:08 user devstack@keystone.service[44423]: DEBUG keystone.common.rbac_enforcer.enforcer [None req-d6f00f24-d0f0-4a92-8030-ed898fbabd02 None admin] RBAC: Authorizing `identity:validate_token()` {{(pid=44423) enforce_call /opt/stack/keystone/keystone/common/rbac_enforcer/enforcer.py:449}}
Aug 17 08:04:08 user devstack@keystone.service[44423]: DEBUG keystone.common.rbac_enforcer.enforcer [None req-d6f00f24-d0f0-4a92-8030-ed898fbabd02 None admin] RBAC: Authorization granted {{(pid=44423) enforce_call /opt/stack/keystone/keystone/common/rbac_enforcer/enforcer.py:457}}
Aug 17 08:04:08 user devstack@keystone.service[44421]: DEBUG keystone.server.flask.request_processing.middleware.auth_context [None req-07c0a8ee-c835-4037-a4e1-f59128c4d421 None admin] Validating token access rules against request {{(pid=44421) validate_allowed_request /opt/stack/data/venv/lib/python3.10/site-packages/keystonemiddleware/auth_token/__init__.py:544}}
Aug 17 08:04:08 user devstack@keystone.service[44423]: [pid: 44423|app: 0|req: 41/127] 10.0.0.210 () {58 vars in 1277 bytes} [Thu Aug 17 08:04:08 2023] GET /identity/v3/auth/tokens => generated 798 bytes in 297 msecs (HTTP/1.1 200) 6 headers in 358 bytes (1 switches on core 0)
Aug 17 08:04:08 user devstack@keystone.service[44422]: DEBUG keystone.server.flask.request_processing.middleware.auth_context [None req-998a1e14-0778-4956-8a28-56b7d1b21060 None admin] Authenticating user token {{(pid=44422) process_request /opt/stack/data/venv/lib/python3.10/site-packages/keystonemiddleware/auth_token/__init__.py:406}}
Aug 17 08:04:08 user devstack@keystone.service[44421]: DEBUG keystone.server.flask.request_processing.middleware.auth_context [None req-6a9d3c43-770a-4a95-9472-04737a826d93 None admin] RBAC: auth_context: {'token': , 'domain_id': None, 'trust_id': None, 'trustor_id': None, 'trustee_id': None, 'domain_name': None, 'group_ids': [], 'user_id': '1462f72c0ba0410d8d5594e287179743', 'user_domain_id': 'default', 'system_scope': 'all', 'project_id': None, 'project_domain_id': None, 'roles': ['admin', 'member', 'reader'], 'is_admin_project': True, 'service_user_id': None, 'service_user_domain_id': None, 'service_project_id': None, 'service_project_domain_id': None, 'service_roles': []} {{(pid=44421) fill_context /opt/stack/keystone/keystone/server/flask/request_processing/middleware/auth_context.py:480}}
Aug 17 08:04:08 user devstack@keystone.service[44421]: DEBUG keystone.server.flask.request_processing.req_logging [None req-6a9d3c43-770a-4a95-9472-04737a826d93 None admin] REQUEST_METHOD: `GET` {{(pid=44421) log_request_info /opt/stack/keystone/keystone/server/flask/request_processing/req_logging.py:27}}
Aug 17 08:04:08 user devstack@keystone.service[44421]: DEBUG keystone.server.flask.request_processing.req_logging [None req-6a9d3c43-770a-4a95-9472-04737a826d93 None admin] SCRIPT_NAME: `/identity` {{(pid=44421) log_request_info /opt/stack/keystone/keystone/server/flask/request_processing/req_logging.py:28}}
Aug 17 08:04:08 user devstack@keystone.service[44421]: DEBUG keystone.server.flask.request_processing.req_logging [None req-6a9d3c43-770a-4a95-9472-04737a826d93 None admin] PATH_INFO: `/v3/projects/b117891194e7435dbe680122e97a69c4` {{(pid=44421) log_request_info /opt/stack/keystone/keystone/server/flask/request_processing/req_logging.py:29}}
Aug 17 08:04:08 user devstack@keystone.service[44421]: DEBUG keystone.common.rbac_enforcer.enforcer [None req-6a9d3c43-770a-4a95-9472-04737a826d93 None admin] RBAC: Authorizing `identity:get_project(project_id=b117891194e7435dbe680122e97a69c4)` {{(pid=44421) enforce_call /opt/stack/keystone/keystone/common/rbac_enforcer/enforcer.py:449}}
Aug 17 08:04:08 user devstack@keystone.service[44421]: DEBUG keystone.common.rbac_enforcer.enforcer [None req-6a9d3c43-770a-4a95-9472-04737a826d93 None admin] RBAC: Authorization granted {{(pid=44421) enforce_call /opt/stack/keystone/keystone/common/rbac_enforcer/enforcer.py:457}}
Aug 17 08:04:08 user devstack@keystone.service[44421]: [pid: 44421|app: 0|req: 43/128] 10.0.0.210 () {56 vars in 1181 bytes} [Thu Aug 17 08:04:08 2023] GET /identity/v3/projects/b117891194e7435dbe680122e97a69c4 => generated 297 bytes in 139 msecs (HTTP/1.1 200) 5 headers in 177 bytes (1 switches on core 0)
Aug 17 08:04:08 user devstack@keystone.service[44423]: DEBUG keystone.server.flask.request_processing.middleware.auth_context [None req-d6f00f24-d0f0-4a92-8030-ed898fbabd02 None admin] Authenticating user token {{(pid=44423) process_request /opt/stack/data/venv/lib/python3.10/site-packages/keystonemiddleware/auth_token/__init__.py:406}}
Aug 17 08:04:08 user devstack@keystone.service[44422]: DEBUG keystone.server.flask.request_processing.middleware.auth_context [None req-998a1e14-0778-4956-8a28-56b7d1b21060 None admin] Validating token access rules against request {{(pid=44422) validate_allowed_request /opt/stack/data/venv/lib/python3.10/site-packages/keystonemiddleware/auth_token/__init__.py:544}}
Aug 17 08:04:08 user devstack@keystone.service[44422]: DEBUG keystone.server.flask.request_processing.middleware.auth_context [None req-d104edc4-896e-4967-8678-7a5a727a3611 None admin] RBAC: auth_context: {'token': , 'domain_id': None, 'trust_id': None, 'trustor_id': None, 'trustee_id': None, 'domain_name': None, 'group_ids': [], 'user_id': '1462f72c0ba0410d8d5594e287179743', 'user_domain_id': 'default', 'system_scope': 'all', 'project_id': None, 'project_domain_id': None, 'roles': ['admin', 'member', 'reader'], 'is_admin_project': True, 'service_user_id': None, 'service_user_domain_id': None, 'service_project_id': None, 'service_project_domain_id': None, 'service_roles': []} {{(pid=44422) fill_context /opt/stack/keystone/keystone/server/flask/request_processing/middleware/auth_context.py:480}}
Aug 17 08:04:08 user devstack@keystone.service[44423]: DEBUG keystone.server.flask.request_processing.middleware.auth_context [None req-d6f00f24-d0f0-4a92-8030-ed898fbabd02 None admin] Validating token access rules against request {{(pid=44423) validate_allowed_request /opt/stack/data/venv/lib/python3.10/site-packages/keystonemiddleware/auth_token/__init__.py:544}}
Aug 17 08:04:08 user devstack@keystone.service[44422]: DEBUG keystone.server.flask.request_processing.req_logging [None req-d104edc4-896e-4967-8678-7a5a727a3611 None admin] REQUEST_METHOD: `GET` {{(pid=44422) log_request_info /opt/stack/keystone/keystone/server/flask/request_processing/req_logging.py:27}}
Aug 17 08:04:08 user devstack@keystone.service[44422]: DEBUG keystone.server.flask.request_processing.req_logging [None req-d104edc4-896e-4967-8678-7a5a727a3611 None admin] SCRIPT_NAME: `/identity` {{(pid=44422) log_request_info /opt/stack/keystone/keystone/server/flask/request_processing/req_logging.py:28}}
Aug 17 08:04:08 user devstack@keystone.service[44422]: DEBUG keystone.server.flask.request_processing.req_logging [None req-d104edc4-896e-4967-8678-7a5a727a3611 None admin] PATH_INFO: `/v3/projects/de50b2619dba47cc904b66e085f1fc55` {{(pid=44422) log_request_info /opt/stack/keystone/keystone/server/flask/request_processing/req_logging.py:29}}
Aug 17 08:04:08 user devstack@keystone.service[44422]: DEBUG keystone.common.rbac_enforcer.enforcer [None req-d104edc4-896e-4967-8678-7a5a727a3611 None admin] RBAC: Authorizing `identity:get_project(project_id=de50b2619dba47cc904b66e085f1fc55)` {{(pid=44422) enforce_call /opt/stack/keystone/keystone/common/rbac_enforcer/enforcer.py:449}}
Aug 17 08:04:08 user devstack@keystone.service[44422]: DEBUG keystone.common.rbac_enforcer.enforcer [None req-d104edc4-896e-4967-8678-7a5a727a3611 None admin] RBAC: Authorization granted {{(pid=44422) enforce_call /opt/stack/keystone/keystone/common/rbac_enforcer/enforcer.py:457}}
Aug 17 08:04:08 user devstack@keystone.service[44422]: [pid: 44422|app: 0|req: 45/129] 10.0.0.210 () {56 vars in 1181 bytes} [Thu Aug 17 08:04:08 2023] GET /identity/v3/projects/de50b2619dba47cc904b66e085f1fc55 => generated 311 bytes in 124 msecs (HTTP/1.1 200) 5 headers in 177 bytes (1 switches on core 0)
Aug 17 08:04:08 user devstack@keystone.service[44421]: DEBUG keystone.server.flask.request_processing.middleware.auth_context [None req-6a9d3c43-770a-4a95-9472-04737a826d93 None admin] Authenticating user token {{(pid=44421) process_request /opt/stack/data/venv/lib/python3.10/site-packages/keystonemiddleware/auth_token/__init__.py:406}}
Aug 17 08:04:08 user devstack@keystone.service[44423]: DEBUG keystone.server.flask.request_processing.middleware.auth_context [None req-88ec3b23-b333-4e9e-86bd-702d55a9d75e None admin] RBAC: auth_context: {'token': , 'domain_id': None, 'trust_id': None, 'trustor_id': None, 'trustee_id': None, 'domain_name': None, 'group_ids': [], 'user_id': '1462f72c0ba0410d8d5594e287179743', 'user_domain_id': 'default', 'system_scope': 'all', 'project_id': None, 'project_domain_id': None, 'roles': ['admin', 'member', 'reader'], 'is_admin_project': True, 'service_user_id': None, 'service_user_domain_id': None, 'service_project_id': None, 'service_project_domain_id': None, 'service_roles': []} {{(pid=44423) fill_context /opt/stack/keystone/keystone/server/flask/request_processing/middleware/auth_context.py:480}}
Aug 17 08:04:08 user devstack@keystone.service[44423]: DEBUG keystone.server.flask.request_processing.req_logging [None req-88ec3b23-b333-4e9e-86bd-702d55a9d75e None admin] REQUEST_METHOD: `GET` {{(pid=44423) log_request_info /opt/stack/keystone/keystone/server/flask/request_processing/req_logging.py:27}}
Aug 17 08:04:08 user devstack@keystone.service[44423]: DEBUG keystone.server.flask.request_processing.req_logging [None req-88ec3b23-b333-4e9e-86bd-702d55a9d75e None admin] SCRIPT_NAME: `/identity` {{(pid=44423) log_request_info /opt/stack/keystone/keystone/server/flask/request_processing/req_logging.py:28}}
Aug 17 08:04:08 user devstack@keystone.service[44423]: DEBUG keystone.server.flask.request_processing.req_logging [None req-88ec3b23-b333-4e9e-86bd-702d55a9d75e None admin] PATH_INFO: `/v3/role_assignments` {{(pid=44423) log_request_info /opt/stack/keystone/keystone/server/flask/request_processing/req_logging.py:29}}
Aug 17 08:04:08 user devstack@keystone.service[44423]: DEBUG keystone.common.rbac_enforcer.enforcer [None req-88ec3b23-b333-4e9e-86bd-702d55a9d75e None admin] RBAC: Adding query filter params (role.id=f5a4fa8b7f2e4f85864d45186ec27875, scope.project.id=b117891194e7435dbe680122e97a69c4, user.id=38f7e98080cc45dc940ca79595922818) {{(pid=44423) _extract_filter_values /opt/stack/keystone/keystone/common/rbac_enforcer/enforcer.py:167}}
Aug 17 08:04:08 user devstack@keystone.service[44423]: DEBUG keystone.common.rbac_enforcer.enforcer [None req-88ec3b23-b333-4e9e-86bd-702d55a9d75e None admin] RBAC: Authorizing `identity:list_role_assignments()` {{(pid=44423) enforce_call /opt/stack/keystone/keystone/common/rbac_enforcer/enforcer.py:449}}
Aug 17 08:04:08 user devstack@keystone.service[44423]: DEBUG keystone.common.rbac_enforcer.enforcer [None req-88ec3b23-b333-4e9e-86bd-702d55a9d75e None admin] RBAC: Authorization granted {{(pid=44423) enforce_call /opt/stack/keystone/keystone/common/rbac_enforcer/enforcer.py:457}}
Aug 17 08:04:08 user devstack@keystone.service[44423]: [pid: 44423|app: 0|req: 42/130] 10.0.0.210 () {56 vars in 1369 bytes} [Thu Aug 17 08:04:08 2023] GET /identity/v3/role_assignments?user.id=38f7e98080cc45dc940ca79595922818&scope.project.id=b117891194e7435dbe680122e97a69c4&role.id=f5a4fa8b7f2e4f85864d45186ec27875 => generated 606 bytes in 133 msecs (HTTP/1.1 200) 5 headers in 177 bytes (1 switches on core 0)
Aug 17 08:04:08 user devstack@keystone.service[44421]: DEBUG keystone.server.flask.request_processing.middleware.auth_context [None req-6a9d3c43-770a-4a95-9472-04737a826d93 None admin] Validating token access rules against request {{(pid=44421) validate_allowed_request /opt/stack/data/venv/lib/python3.10/site-packages/keystonemiddleware/auth_token/__init__.py:544}}
Aug 17 08:04:08 user devstack@keystone.service[44421]: DEBUG keystone.server.flask.request_processing.middleware.auth_context [None req-695f4151-bfdb-4fa1-b711-26b37640b6a9 None admin] RBAC: auth_context: {'token': , 'domain_id': None, 'trust_id': None, 'trustor_id': None, 'trustee_id': None, 'domain_name': None, 'group_ids': [], 'user_id': '1462f72c0ba0410d8d5594e287179743', 'user_domain_id': 'default', 'system_scope': 'all', 'project_id': None, 'project_domain_id': None, 'roles': ['admin', 'member', 'reader'], 'is_admin_project': True, 'service_user_id': None, 'service_user_domain_id': None, 'service_project_id': None, 'service_project_domain_id': None, 'service_roles': []} {{(pid=44421) fill_context /opt/stack/keystone/keystone/server/flask/request_processing/middleware/auth_context.py:480}}
Aug 17 08:04:08 user devstack@keystone.service[44421]: DEBUG keystone.server.flask.request_processing.req_logging [None req-695f4151-bfdb-4fa1-b711-26b37640b6a9 None admin] REQUEST_METHOD: `GET` {{(pid=44421) log_request_info /opt/stack/keystone/keystone/server/flask/request_processing/req_logging.py:27}}
Aug 17 08:04:08 user devstack@keystone.service[44421]: DEBUG keystone.server.flask.request_processing.req_logging [None req-695f4151-bfdb-4fa1-b711-26b37640b6a9 None admin] SCRIPT_NAME: `/identity` {{(pid=44421) log_request_info /opt/stack/keystone/keystone/server/flask/request_processing/req_logging.py:28}}
Aug 17 08:04:08 user devstack@keystone.service[44421]: DEBUG keystone.server.flask.request_processing.req_logging [None req-695f4151-bfdb-4fa1-b711-26b37640b6a9 None admin] PATH_INFO: `/v3/role_assignments` {{(pid=44421) log_request_info /opt/stack/keystone/keystone/server/flask/request_processing/req_logging.py:29}}
Aug 17 08:04:08 user devstack@keystone.service[44421]: DEBUG keystone.common.rbac_enforcer.enforcer [None req-695f4151-bfdb-4fa1-b711-26b37640b6a9 None admin] RBAC: Adding query filter params (role.id=9695557db349400099791cd5470d2de3, scope.project.id=de50b2619dba47cc904b66e085f1fc55, user.id=38f7e98080cc45dc940ca79595922818) {{(pid=44421) _extract_filter_values /opt/stack/keystone/keystone/common/rbac_enforcer/enforcer.py:167}}
Aug 17 08:04:08 user devstack@keystone.service[44421]: DEBUG keystone.common.rbac_enforcer.enforcer [None req-695f4151-bfdb-4fa1-b711-26b37640b6a9 None admin] RBAC: Authorizing `identity:list_role_assignments()` {{(pid=44421) enforce_call /opt/stack/keystone/keystone/common/rbac_enforcer/enforcer.py:449}}
Aug 17 08:04:08 user devstack@keystone.service[44421]: DEBUG keystone.common.rbac_enforcer.enforcer [None req-695f4151-bfdb-4fa1-b711-26b37640b6a9 None admin] RBAC: Authorization granted {{(pid=44421) enforce_call /opt/stack/keystone/keystone/common/rbac_enforcer/enforcer.py:457}}
Aug 17 08:04:08 user devstack@keystone.service[44421]: [pid: 44421|app: 0|req: 44/131] 10.0.0.210 () {56 vars in 1369 bytes} [Thu Aug 17 08:04:08 2023] GET /identity/v3/role_assignments?user.id=38f7e98080cc45dc940ca79595922818&scope.project.id=de50b2619dba47cc904b66e085f1fc55&role.id=9695557db349400099791cd5470d2de3 => generated 606 bytes in 141 msecs (HTTP/1.1 200) 5 headers in 177 bytes (1 switches on core 0)
Aug 17 08:04:09 user devstack@keystone.service[44422]: DEBUG keystone.server.flask.request_processing.req_logging [None req-850cccb4-377a-4cb4-9be3-9efb30050257 None None] REQUEST_METHOD: `GET` {{(pid=44422) log_request_info /opt/stack/keystone/keystone/server/flask/request_processing/req_logging.py:27}}
Aug 17 08:04:09 user devstack@keystone.service[44422]: DEBUG keystone.server.flask.request_processing.req_logging [None req-850cccb4-377a-4cb4-9be3-9efb30050257 None None] SCRIPT_NAME: `/identity` {{(pid=44422) log_request_info /opt/stack/keystone/keystone/server/flask/request_processing/req_logging.py:28}}
Aug 17 08:04:09 user devstack@keystone.service[44422]: DEBUG keystone.server.flask.request_processing.req_logging [None req-850cccb4-377a-4cb4-9be3-9efb30050257 None None] PATH_INFO: `/` {{(pid=44422) log_request_info /opt/stack/keystone/keystone/server/flask/request_processing/req_logging.py:29}}
Aug 17 08:04:09 user devstack@keystone.service[44422]: [pid: 44422|app: 0|req: 46/132] 10.0.0.210 () {54 vars in 921 bytes} [Thu Aug 17 08:04:09 2023] GET /identity => generated 269 bytes in 3 msecs (HTTP/1.1 300) 6 headers in 233 bytes (1 switches on core 0)
Aug 17 08:04:09 user devstack@keystone.service[44423]: DEBUG keystone.server.flask.request_processing.req_logging [None req-51e6aa38-2ebd-478f-beb5-0891bc6cb698 None None] REQUEST_METHOD: `POST` {{(pid=44423) log_request_info /opt/stack/keystone/keystone/server/flask/request_processing/req_logging.py:27}}
Aug 17 08:04:09 user devstack@keystone.service[44423]: DEBUG keystone.server.flask.request_processing.req_logging [None req-51e6aa38-2ebd-478f-beb5-0891bc6cb698 None None] SCRIPT_NAME: `/identity` {{(pid=44423) log_request_info /opt/stack/keystone/keystone/server/flask/request_processing/req_logging.py:28}}
Aug 17 08:04:09 user devstack@keystone.service[44423]: DEBUG keystone.server.flask.request_processing.req_logging [None req-51e6aa38-2ebd-478f-beb5-0891bc6cb698 None None] PATH_INFO: `/v3/auth/tokens` {{(pid=44423) log_request_info /opt/stack/keystone/keystone/server/flask/request_processing/req_logging.py:29}}
Aug 17 08:04:09 user devstack@keystone.service[44423]: WARNING keystone.common.password_hashing [None req-51e6aa38-2ebd-478f-beb5-0891bc6cb698 None None] Truncating password to algorithm specific maximum length 72 characters.
Aug 17 08:04:09 user devstack@keystone.service[44423]: DEBUG keystone.auth.core [None req-51e6aa38-2ebd-478f-beb5-0891bc6cb698 None None] MFA Rules not processed for user `1462f72c0ba0410d8d5594e287179743`. Rule list: `[]` (Enabled: `True`). {{(pid=44423) check_auth_methods_against_rules /opt/stack/keystone/keystone/auth/core.py:438}}
Aug 17 08:04:09 user devstack@keystone.service[44423]: DEBUG keystone.common.fernet_utils [None req-51e6aa38-2ebd-478f-beb5-0891bc6cb698 None None] Loaded 2 Fernet keys from /etc/keystone/fernet-keys/, but `[fernet_tokens] max_active_keys = 3`; perhaps there have not been enough key rotations to reach `max_active_keys` yet? {{(pid=44423) load_keys /opt/stack/keystone/keystone/common/fernet_utils.py:286}}
Aug 17 08:04:09 user devstack@keystone.service[44423]: [pid: 44423|app: 0|req: 43/133] 10.0.0.210 () {58 vars in 1018 bytes} [Thu Aug 17 08:04:09 2023] POST /identity/v3/auth/tokens => generated 798 bytes in 83 msecs (HTTP/1.1 201) 6 headers in 363 bytes (1 switches on core 0)
Aug 17 08:04:09 user devstack@keystone.service[44421]: DEBUG keystone.server.flask.request_processing.middleware.auth_context [None req-695f4151-bfdb-4fa1-b711-26b37640b6a9 None admin] Authenticating user token {{(pid=44421) process_request /opt/stack/data/venv/lib/python3.10/site-packages/keystonemiddleware/auth_token/__init__.py:406}}
Aug 17 08:04:09 user devstack@keystone.service[44421]: DEBUG keystone.server.flask.request_processing.middleware.auth_context [None req-695f4151-bfdb-4fa1-b711-26b37640b6a9 None admin] Validating token access rules against request {{(pid=44421) validate_allowed_request /opt/stack/data/venv/lib/python3.10/site-packages/keystonemiddleware/auth_token/__init__.py:544}}
Aug 17 08:04:09 user devstack@keystone.service[44421]: DEBUG keystone.server.flask.request_processing.middleware.auth_context [None req-b1e660e9-2b29-4f36-a8d3-317cf3991e4a None admin] RBAC: auth_context: {'token': , 'domain_id': None, 'trust_id': None, 'trustor_id': None, 'trustee_id': None, 'domain_name': None, 'group_ids': [], 'user_id': '1462f72c0ba0410d8d5594e287179743', 'user_domain_id': 'default', 'system_scope': 'all', 'project_id': None, 'project_domain_id': None, 'roles': ['admin', 'member', 'reader'], 'is_admin_project': True, 'service_user_id': None, 'service_user_domain_id': None, 'service_project_id': None, 'service_project_domain_id': None, 'service_roles': []} {{(pid=44421) fill_context /opt/stack/keystone/keystone/server/flask/request_processing/middleware/auth_context.py:480}}
Aug 17 08:04:09 user devstack@keystone.service[44421]: DEBUG keystone.server.flask.request_processing.req_logging [None req-b1e660e9-2b29-4f36-a8d3-317cf3991e4a None admin] REQUEST_METHOD: `GET` {{(pid=44421) log_request_info /opt/stack/keystone/keystone/server/flask/request_processing/req_logging.py:27}}
Aug 17 08:04:09 user devstack@keystone.service[44421]: DEBUG keystone.server.flask.request_processing.req_logging [None req-b1e660e9-2b29-4f36-a8d3-317cf3991e4a None admin] SCRIPT_NAME: `/identity` {{(pid=44421) log_request_info /opt/stack/keystone/keystone/server/flask/request_processing/req_logging.py:28}}
Aug 17 08:04:09 user devstack@keystone.service[44421]: DEBUG keystone.server.flask.request_processing.req_logging [None req-b1e660e9-2b29-4f36-a8d3-317cf3991e4a None admin] PATH_INFO: `/v3/domains/default` {{(pid=44421) log_request_info /opt/stack/keystone/keystone/server/flask/request_processing/req_logging.py:29}}
Aug 17 08:04:09 user devstack@keystone.service[44421]: DEBUG keystone.common.rbac_enforcer.enforcer [None req-b1e660e9-2b29-4f36-a8d3-317cf3991e4a None admin] RBAC: Authorizing `identity:get_domain(domain_id=default)` {{(pid=44421) enforce_call /opt/stack/keystone/keystone/common/rbac_enforcer/enforcer.py:449}}
Aug 17 08:04:09 user devstack@keystone.service[44421]: DEBUG keystone.common.rbac_enforcer.enforcer [None req-b1e660e9-2b29-4f36-a8d3-317cf3991e4a None admin] RBAC: Authorization granted {{(pid=44421) enforce_call /opt/stack/keystone/keystone/common/rbac_enforcer/enforcer.py:457}}
Aug 17 08:04:09 user devstack@keystone.service[44421]: [pid: 44421|app: 0|req: 45/134] 10.0.0.210 () {56 vars in 1103 bytes} [Thu Aug 17 08:04:09 2023] GET /identity/v3/domains/default => generated 198 bytes in 115 msecs (HTTP/1.1 200) 5 headers in 177 bytes (1 switches on core 0)
Aug 17 08:04:09 user devstack@keystone.service[44422]: DEBUG keystone.server.flask.request_processing.middleware.auth_context [None req-850cccb4-377a-4cb4-9be3-9efb30050257 None None] Authenticating user token {{(pid=44422) process_request /opt/stack/data/venv/lib/python3.10/site-packages/keystonemiddleware/auth_token/__init__.py:406}}
Aug 17 08:04:09 user devstack@keystone.service[44423]: DEBUG keystone.server.flask.request_processing.req_logging [None req-0ad3a248-9e20-4546-9ae9-c292e43d5cdc None None] REQUEST_METHOD: `GET` {{(pid=44423) log_request_info /opt/stack/keystone/keystone/server/flask/request_processing/req_logging.py:27}}
Aug 17 08:04:09 user devstack@keystone.service[44423]: DEBUG keystone.server.flask.request_processing.req_logging [None req-0ad3a248-9e20-4546-9ae9-c292e43d5cdc None None] SCRIPT_NAME: `/identity` {{(pid=44423) log_request_info /opt/stack/keystone/keystone/server/flask/request_processing/req_logging.py:28}}
Aug 17 08:04:09 user devstack@keystone.service[44423]: DEBUG keystone.server.flask.request_processing.req_logging [None req-0ad3a248-9e20-4546-9ae9-c292e43d5cdc None None] PATH_INFO: `/` {{(pid=44423) log_request_info /opt/stack/keystone/keystone/server/flask/request_processing/req_logging.py:29}}
Aug 17 08:04:09 user devstack@keystone.service[44423]: [pid: 44423|app: 0|req: 44/135] 10.0.0.210 () {54 vars in 921 bytes} [Thu Aug 17 08:04:09 2023] GET /identity => generated 269 bytes in 3 msecs (HTTP/1.1 300) 6 headers in 233 bytes (1 switches on core 0)
Aug 17 08:04:09 user devstack@keystone.service[44421]: DEBUG keystone.server.flask.request_processing.req_logging [None req-43d1b217-98d6-4d19-900e-47e16455d5ce None None] REQUEST_METHOD: `POST` {{(pid=44421) log_request_info /opt/stack/keystone/keystone/server/flask/request_processing/req_logging.py:27}}
Aug 17 08:04:09 user devstack@keystone.service[44421]: DEBUG keystone.server.flask.request_processing.req_logging [None req-43d1b217-98d6-4d19-900e-47e16455d5ce None None] SCRIPT_NAME: `/identity` {{(pid=44421) log_request_info /opt/stack/keystone/keystone/server/flask/request_processing/req_logging.py:28}}
Aug 17 08:04:09 user devstack@keystone.service[44421]: DEBUG keystone.server.flask.request_processing.req_logging [None req-43d1b217-98d6-4d19-900e-47e16455d5ce None None] PATH_INFO: `/v3/auth/tokens` {{(pid=44421) log_request_info /opt/stack/keystone/keystone/server/flask/request_processing/req_logging.py:29}}
Aug 17 08:04:10 user devstack@keystone.service[44421]: WARNING keystone.common.password_hashing [None req-43d1b217-98d6-4d19-900e-47e16455d5ce None None] Truncating password to algorithm specific maximum length 72 characters.
Aug 17 08:04:10 user devstack@keystone.service[44421]: DEBUG keystone.auth.core [None req-43d1b217-98d6-4d19-900e-47e16455d5ce None None] MFA Rules not processed for user `1462f72c0ba0410d8d5594e287179743`. Rule list: `[]` (Enabled: `True`). {{(pid=44421) check_auth_methods_against_rules /opt/stack/keystone/keystone/auth/core.py:438}}
Aug 17 08:04:10 user devstack@keystone.service[44421]: DEBUG keystone.common.fernet_utils [None req-43d1b217-98d6-4d19-900e-47e16455d5ce None None] Loaded 2 Fernet keys from /etc/keystone/fernet-keys/, but `[fernet_tokens] max_active_keys = 3`; perhaps there have not been enough key rotations to reach `max_active_keys` yet? {{(pid=44421) load_keys /opt/stack/keystone/keystone/common/fernet_utils.py:286}}
Aug 17 08:04:10 user devstack@keystone.service[44422]: DEBUG keystone.server.flask.request_processing.middleware.auth_context [None req-850cccb4-377a-4cb4-9be3-9efb30050257 None None] Validating token access rules against request {{(pid=44422) validate_allowed_request /opt/stack/data/venv/lib/python3.10/site-packages/keystonemiddleware/auth_token/__init__.py:544}}
Aug 17 08:04:10 user devstack@keystone.service[44422]: DEBUG keystone.server.flask.request_processing.middleware.auth_context [None req-3c9cccc0-ac3b-4598-ab30-a0696118a27c None admin] RBAC: auth_context: {'token': , 'domain_id': None, 'trust_id': None, 'trustor_id': None, 'trustee_id': None, 'domain_name': None, 'group_ids': [], 'user_id': '1462f72c0ba0410d8d5594e287179743', 'user_domain_id': 'default', 'system_scope': 'all', 'project_id': None, 'project_domain_id': None, 'roles': ['admin', 'member', 'reader'], 'is_admin_project': True, 'service_user_id': None, 'service_user_domain_id': None, 'service_project_id': None, 'service_project_domain_id': None, 'service_roles': []} {{(pid=44422) fill_context /opt/stack/keystone/keystone/server/flask/request_processing/middleware/auth_context.py:480}}
Aug 17 08:04:10 user devstack@keystone.service[44422]: DEBUG keystone.server.flask.request_processing.req_logging [None req-3c9cccc0-ac3b-4598-ab30-a0696118a27c None admin] REQUEST_METHOD: `POST` {{(pid=44422) log_request_info /opt/stack/keystone/keystone/server/flask/request_processing/req_logging.py:27}}
Aug 17 08:04:10 user devstack@keystone.service[44422]: DEBUG keystone.server.flask.request_processing.req_logging [None req-3c9cccc0-ac3b-4598-ab30-a0696118a27c None admin] SCRIPT_NAME: `/identity` {{(pid=44422) log_request_info /opt/stack/keystone/keystone/server/flask/request_processing/req_logging.py:28}}
Aug 17 08:04:10 user devstack@keystone.service[44422]: DEBUG keystone.server.flask.request_processing.req_logging [None req-3c9cccc0-ac3b-4598-ab30-a0696118a27c None admin] PATH_INFO: `/v3/users` {{(pid=44422) log_request_info /opt/stack/keystone/keystone/server/flask/request_processing/req_logging.py:29}}
Aug 17 08:04:10 user devstack@keystone.service[44422]: DEBUG keystone.common.rbac_enforcer.enforcer [None req-3c9cccc0-ac3b-4598-ab30-a0696118a27c None admin] RBAC: Authorizing `identity:create_user()` {{(pid=44422) enforce_call /opt/stack/keystone/keystone/common/rbac_enforcer/enforcer.py:449}}
Aug 17 08:04:10 user devstack@keystone.service[44422]: DEBUG keystone.common.rbac_enforcer.enforcer [None req-3c9cccc0-ac3b-4598-ab30-a0696118a27c None admin] RBAC: Authorization granted {{(pid=44422) enforce_call /opt/stack/keystone/keystone/common/rbac_enforcer/enforcer.py:457}}
Aug 17 08:04:10 user devstack@keystone.service[44422]: WARNING keystone.common.password_hashing [None req-3c9cccc0-ac3b-4598-ab30-a0696118a27c None admin] Truncating password to algorithm specific maximum length 72 characters.
Aug 17 08:04:10 user devstack@keystone.service[44421]: [pid: 44421|app: 0|req: 46/136] 10.0.0.210 () {58 vars in 1018 bytes} [Thu Aug 17 08:04:09 2023] POST /identity/v3/auth/tokens => generated 798 bytes in 104 msecs (HTTP/1.1 201) 6 headers in 363 bytes (1 switches on core 0)
Aug 17 08:04:10 user devstack@keystone.service[44422]: [pid: 44422|app: 0|req: 47/137] 10.0.0.210 () {60 vars in 1127 bytes} [Thu Aug 17 08:04:09 2023] POST /identity/v3/users => generated 282 bytes in 144 msecs (HTTP/1.1 201) 5 headers in 182 bytes (1 switches on core 0)
Aug 17 08:04:10 user devstack@keystone.service[44423]: DEBUG keystone.server.flask.request_processing.middleware.auth_context [None req-0ad3a248-9e20-4546-9ae9-c292e43d5cdc None None] Authenticating user token {{(pid=44423) process_request /opt/stack/data/venv/lib/python3.10/site-packages/keystonemiddleware/auth_token/__init__.py:406}}
Aug 17 08:04:10 user devstack@keystone.service[44423]: DEBUG keystone.server.flask.request_processing.middleware.auth_context [None req-0ad3a248-9e20-4546-9ae9-c292e43d5cdc None None] Validating token access rules against request {{(pid=44423) validate_allowed_request /opt/stack/data/venv/lib/python3.10/site-packages/keystonemiddleware/auth_token/__init__.py:544}}
Aug 17 08:04:10 user devstack@keystone.service[44423]: DEBUG keystone.server.flask.request_processing.middleware.auth_context [None req-89a4759a-5c6b-4c3e-bbf2-a123c7e25bf0 None admin] RBAC: auth_context: {'token': , 'domain_id': None, 'trust_id': None, 'trustor_id': None, 'trustee_id': None, 'domain_name': None, 'group_ids': [], 'user_id': '1462f72c0ba0410d8d5594e287179743', 'user_domain_id': 'default', 'system_scope': 'all', 'project_id': None, 'project_domain_id': None, 'roles': ['admin', 'member', 'reader'], 'is_admin_project': True, 'service_user_id': None, 'service_user_domain_id': None, 'service_project_id': None, 'service_project_domain_id': None, 'service_roles': []} {{(pid=44423) fill_context /opt/stack/keystone/keystone/server/flask/request_processing/middleware/auth_context.py:480}}
Aug 17 08:04:10 user devstack@keystone.service[44423]: DEBUG keystone.server.flask.request_processing.req_logging [None req-89a4759a-5c6b-4c3e-bbf2-a123c7e25bf0 None admin] REQUEST_METHOD: `GET` {{(pid=44423) log_request_info /opt/stack/keystone/keystone/server/flask/request_processing/req_logging.py:27}}
Aug 17 08:04:10 user devstack@keystone.service[44423]: DEBUG keystone.server.flask.request_processing.req_logging [None req-89a4759a-5c6b-4c3e-bbf2-a123c7e25bf0 None admin] SCRIPT_NAME: `/identity` {{(pid=44423) log_request_info /opt/stack/keystone/keystone/server/flask/request_processing/req_logging.py:28}}
Aug 17 08:04:10 user devstack@keystone.service[44423]: DEBUG keystone.server.flask.request_processing.req_logging [None req-89a4759a-5c6b-4c3e-bbf2-a123c7e25bf0 None admin] PATH_INFO: `/v3/roles/reader` {{(pid=44423) log_request_info /opt/stack/keystone/keystone/server/flask/request_processing/req_logging.py:29}}
Aug 17 08:04:10 user devstack@keystone.service[44423]: DEBUG keystone.common.rbac_enforcer.enforcer [None req-89a4759a-5c6b-4c3e-bbf2-a123c7e25bf0 None admin] Extracting inferred target data resulted in "NOT FOUND (404)". {{(pid=44423) enforce_call /opt/stack/keystone/keystone/common/rbac_enforcer/enforcer.py:409}}
Aug 17 08:04:10 user devstack@keystone.service[44423]: ERROR keystone.server.flask.application [None req-89a4759a-5c6b-4c3e-bbf2-a123c7e25bf0 None admin] Could not find role: reader.: keystone.exception.RoleNotFound: Could not find role: reader.
Aug 17 08:04:10 user devstack@keystone.service[44423]: ERROR keystone.server.flask.application
Traceback (most recent call last):
Aug 17 08:04:10 user devstack@keystone.service[44423]: ERROR keystone.server.flask.application
File "/opt/stack/data/venv/lib/python3.10/site-packages/flask/app.py", line 1823, in full_dispatch_request
Aug 17 08:04:10 user devstack@keystone.service[44423]: ERROR keystone.server.flask.application rv = self.dispatch_request()
Aug 17 08:04:10 user devstack@keystone.service[44423]: ERROR keystone.server.flask.application
File "/opt/stack/data/venv/lib/python3.10/site-packages/flask/app.py", line 1799, in dispatch_request
Aug 17 08:04:10 user devstack@keystone.service[44423]: ERROR keystone.server.flask.application return self.ensure_sync(self.view_functions[rule.endpoint])(**view_args)
Aug 17 08:04:10 user devstack@keystone.service[44423]: ERROR keystone.server.flask.application
File "/opt/stack/data/venv/lib/python3.10/site-packages/flask_restful/__init__.py", line 467, in wrapper
Aug 17 08:04:10 user devstack@keystone.service[44423]: ERROR keystone.server.flask.application resp = resource(*args, **kwargs)
Aug 17 08:04:10 user devstack@keystone.service[44423]: ERROR keystone.server.flask.application
File "/opt/stack/data/venv/lib/python3.10/site-packages/flask/views.py", line 107, in view
Aug 17 08:04:10 user devstack@keystone.service[44423]: ERROR keystone.server.flask.application return current_app.ensure_sync(self.dispatch_request)(**kwargs)
Aug 17 08:04:10 user devstack@keystone.service[44423]: ERROR keystone.server.flask.application
File "/opt/stack/data/venv/lib/python3.10/site-packages/flask_restful/__init__.py", line 582, in dispatch_request
Aug 17 08:04:10 user devstack@keystone.service[44423]: ERROR keystone.server.flask.application resp = meth(*args, **kwargs)
Aug 17 08:04:10 user devstack@keystone.service[44423]: ERROR keystone.server.flask.application
File "/opt/stack/keystone/keystone/api/roles.py", line 50, in get
Aug 17 08:04:10 user devstack@keystone.service[44423]: ERROR keystone.server.flask.application return self._get_role(role_id)
Aug 17 08:04:10 user devstack@keystone.service[44423]: ERROR keystone.server.flask.application
File "/opt/stack/keystone/keystone/api/roles.py", line 70, in _get_role
Aug 17 08:04:10 user devstack@keystone.service[44423]: ERROR keystone.server.flask.application ENFORCER.enforce_call(action='identity:get_role')
Aug 17 08:04:10 user devstack@keystone.service[44423]: ERROR keystone.server.flask.application
File "/opt/stack/keystone/keystone/common/rbac_enforcer/enforcer.py", line 402, in enforce_call
Aug 17 08:04:10 user devstack@keystone.service[44423]: ERROR keystone.server.flask.application policy_dict.update(cls._extract_member_target_data(
Aug 17 08:04:10 user devstack@keystone.service[44423]: ERROR keystone.server.flask.application
File "/opt/stack/keystone/keystone/common/rbac_enforcer/enforcer.py", line 234, in _extract_member_target_data
Aug 17 08:04:10 user devstack@keystone.service[44423]: ERROR keystone.server.flask.application member_name: func(flask.request.view_args[key])
Aug 17 08:04:10 user devstack@keystone.service[44423]: ERROR keystone.server.flask.application
File "/opt/stack/keystone/keystone/common/manager.py", line 115, in wrapped
Aug 17 08:04:10 user devstack@keystone.service[44423]: ERROR keystone.server.flask.application __ret_val = __f(*args, **kwargs)
Aug 17 08:04:10 user devstack@keystone.service[44423]: ERROR keystone.server.flask.application
File "/opt/stack/data/venv/lib/python3.10/site-packages/decorator.py", line 232, in fun
Aug 17 08:04:10 user devstack@keystone.service[44423]: ERROR keystone.server.flask.application return caller(func, *(extras + args), **kw)
Aug 17 08:04:10 user devstack@keystone.service[44423]: ERROR keystone.server.flask.application
File "/opt/stack/data/venv/lib/python3.10/site-packages/dogpile/cache/region.py", line 1577, in get_or_create_for_user_func
Aug 17 08:04:10 user devstack@keystone.service[44423]: ERROR keystone.server.flask.application return self.get_or_create(
Aug 17 08:04:10 user devstack@keystone.service[44423]: ERROR keystone.server.flask.application
File "/opt/stack/data/venv/lib/python3.10/site-packages/dogpile/cache/region.py", line 1042, in get_or_create
Aug 17 08:04:10 user devstack@keystone.service[44423]: ERROR keystone.server.flask.application with Lock(
Aug 17 08:04:10 user devstack@keystone.service[44423]: ERROR keystone.server.flask.application
File "/opt/stack/data/venv/lib/python3.10/site-packages/dogpile/lock.py", line 185, in __enter__
Aug 17 08:04:10 user devstack@keystone.service[44423]: ERROR keystone.server.flask.application return self._enter()
Aug 17 08:04:10 user devstack@keystone.service[44423]: ERROR keystone.server.flask.application
File "/opt/stack/data/venv/lib/python3.10/site-packages/dogpile/lock.py", line 94, in _enter
Aug 17 08:04:10 user devstack@keystone.service[44423]: ERROR keystone.server.flask.application generated = self._enter_create(value, createdtime)
Aug 17 08:04:10 user devstack@keystone.service[44423]: ERROR keystone.server.flask.application
File "/opt/stack/data/venv/lib/python3.10/site-packages/dogpile/lock.py", line 178, in _enter_create
Aug 17 08:04:10 user devstack@keystone.service[44423]: ERROR keystone.server.flask.application return self.creator()
Aug 17 08:04:10 user devstack@keystone.service[44423]: ERROR keystone.server.flask.application
File "/opt/stack/data/venv/lib/python3.10/site-packages/dogpile/cache/region.py", line 995, in gen_value
Aug 17 08:04:10 user devstack@keystone.service[44423]: ERROR keystone.server.flask.application created_value = creator(
Aug 17 08:04:10 user devstack@keystone.service[44423]: ERROR keystone.server.flask.application
File "/opt/stack/keystone/keystone/assignment/core.py", line 1276, in get_role
Aug 17 08:04:10 user devstack@keystone.service[44423]: ERROR keystone.server.flask.application return self.driver.get_role(role_id)
Aug 17 08:04:10 user devstack@keystone.service[44423]: ERROR keystone.server.flask.application
File "/opt/stack/keystone/keystone/assignment/role_backends/sql.py", line 70, in get_role
Aug 17 08:04:10 user devstack@keystone.service[44423]: ERROR keystone.server.flask.application return self._get_role(session, role_id).to_dict()
Aug 17 08:04:10 user devstack@keystone.service[44423]: ERROR keystone.server.flask.application
File "/opt/stack/keystone/keystone/assignment/role_backends/sql.py", line 65, in _get_role
Aug 17 08:04:10 user devstack@keystone.service[44423]: ERROR keystone.server.flask.application raise exception.RoleNotFound(role_id=role_id)
Aug 17 08:04:10 user devstack@keystone.service[44423]: ERROR keystone.server.flask.application keystone.exception.RoleNotFound: Could not find role: reader.
Aug 17 08:04:10 user devstack@keystone.service[44423]: ERROR keystone.server.flask.application
Aug 17 08:04:10 user devstack@keystone.service[44423]: [pid: 44423|app: 0|req: 45/138] 10.0.0.210 () {56 vars in 1094 bytes} [Thu Aug 17 08:04:10 2023] GET /identity/v3/roles/reader => generated 84 bytes in 151 msecs (HTTP/1.1 404) 5 headers in 183 bytes (1 switches on core 0)
Aug 17 08:04:10 user devstack@keystone.service[44421]: DEBUG keystone.server.flask.request_processing.middleware.auth_context [None req-43d1b217-98d6-4d19-900e-47e16455d5ce None None] Authenticating user token {{(pid=44421) process_request /opt/stack/data/venv/lib/python3.10/site-packages/keystonemiddleware/auth_token/__init__.py:406}}
Aug 17 08:04:10 user devstack@keystone.service[44421]: DEBUG keystone.server.flask.request_processing.middleware.auth_context [None req-43d1b217-98d6-4d19-900e-47e16455d5ce None None] Validating token access rules against request {{(pid=44421) validate_allowed_request /opt/stack/data/venv/lib/python3.10/site-packages/keystonemiddleware/auth_token/__init__.py:544}}
Aug 17 08:04:10 user devstack@keystone.service[44421]: DEBUG keystone.server.flask.request_processing.middleware.auth_context [None req-b8e794f1-f8e8-4446-8db7-e95f8c8723eb None admin] RBAC: auth_context: {'token': , 'domain_id': None, 'trust_id': None, 'trustor_id': None, 'trustee_id': None, 'domain_name': None, 'group_ids': [], 'user_id': '1462f72c0ba0410d8d5594e287179743', 'user_domain_id': 'default', 'system_scope': 'all', 'project_id': None, 'project_domain_id': None, 'roles': ['admin', 'member', 'reader'], 'is_admin_project': True, 'service_user_id': None, 'service_user_domain_id': None, 'service_project_id': None, 'service_project_domain_id': None, 'service_roles': []} {{(pid=44421) fill_context /opt/stack/keystone/keystone/server/flask/request_processing/middleware/auth_context.py:480}}
Aug 17 08:04:10 user devstack@keystone.service[44421]: DEBUG keystone.server.flask.request_processing.req_logging [None req-b8e794f1-f8e8-4446-8db7-e95f8c8723eb None admin] REQUEST_METHOD: `GET` {{(pid=44421) log_request_info /opt/stack/keystone/keystone/server/flask/request_processing/req_logging.py:27}}
Aug 17 08:04:10 user devstack@keystone.service[44421]: DEBUG keystone.server.flask.request_processing.req_logging [None req-b8e794f1-f8e8-4446-8db7-e95f8c8723eb None admin] SCRIPT_NAME: `/identity` {{(pid=44421) log_request_info /opt/stack/keystone/keystone/server/flask/request_processing/req_logging.py:28}}
Aug 17 08:04:10 user devstack@keystone.service[44421]: DEBUG keystone.server.flask.request_processing.req_logging [None req-b8e794f1-f8e8-4446-8db7-e95f8c8723eb None admin] PATH_INFO: `/v3/roles` {{(pid=44421) log_request_info /opt/stack/keystone/keystone/server/flask/request_processing/req_logging.py:29}}
Aug 17 08:04:10 user devstack@keystone.service[44421]: DEBUG keystone.common.rbac_enforcer.enforcer [None req-b8e794f1-f8e8-4446-8db7-e95f8c8723eb None admin] RBAC: Adding query filter params (name=reader) {{(pid=44421) _extract_filter_values /opt/stack/keystone/keystone/common/rbac_enforcer/enforcer.py:167}}
Aug 17 08:04:10 user devstack@keystone.service[44421]: DEBUG keystone.common.rbac_enforcer.enforcer [None req-b8e794f1-f8e8-4446-8db7-e95f8c8723eb None admin] RBAC: Authorizing `identity:list_roles()` {{(pid=44421) enforce_call /opt/stack/keystone/keystone/common/rbac_enforcer/enforcer.py:449}}
Aug 17 08:04:10 user devstack@keystone.service[44421]: DEBUG keystone.common.rbac_enforcer.enforcer [None req-b8e794f1-f8e8-4446-8db7-e95f8c8723eb None admin] RBAC: Authorization granted {{(pid=44421) enforce_call /opt/stack/keystone/keystone/common/rbac_enforcer/enforcer.py:457}}
Aug 17 08:04:10 user devstack@keystone.service[44421]: [pid: 44421|app: 0|req: 47/139] 10.0.0.210 () {56 vars in 1096 bytes} [Thu Aug 17 08:04:10 2023] GET /identity/v3/roles?name=reader => generated 339 bytes in 145 msecs (HTTP/1.1 200) 5 headers in 177 bytes (1 switches on core 0)
Aug 17 08:04:10 user devstack@keystone.service[44422]: DEBUG keystone.server.flask.request_processing.middleware.auth_context [None req-3c9cccc0-ac3b-4598-ab30-a0696118a27c None admin] Authenticating user token {{(pid=44422) process_request /opt/stack/data/venv/lib/python3.10/site-packages/keystonemiddleware/auth_token/__init__.py:406}}
Aug 17 08:04:10 user devstack@keystone.service[44422]: DEBUG keystone.server.flask.request_processing.middleware.auth_context [None req-3c9cccc0-ac3b-4598-ab30-a0696118a27c None admin] Validating token access rules against request {{(pid=44422) validate_allowed_request /opt/stack/data/venv/lib/python3.10/site-packages/keystonemiddleware/auth_token/__init__.py:544}}
Aug 17 08:04:10 user devstack@keystone.service[44422]: DEBUG keystone.server.flask.request_processing.middleware.auth_context [None req-9bc15292-cfee-4f99-92b1-3cdcc3f29c8d None admin] RBAC: auth_context: {'token': , 'domain_id': None, 'trust_id': None, 'trustor_id': None, 'trustee_id': None, 'domain_name': None, 'group_ids': [], 'user_id': '1462f72c0ba0410d8d5594e287179743', 'user_domain_id': 'default', 'system_scope': 'all', 'project_id': None, 'project_domain_id': None, 'roles': ['admin', 'member', 'reader'], 'is_admin_project': True, 'service_user_id': None, 'service_user_domain_id': None, 'service_project_id': None, 'service_project_domain_id': None, 'service_roles': []} {{(pid=44422) fill_context /opt/stack/keystone/keystone/server/flask/request_processing/middleware/auth_context.py:480}}
Aug 17 08:04:10 user devstack@keystone.service[44422]: DEBUG keystone.server.flask.request_processing.req_logging [None req-9bc15292-cfee-4f99-92b1-3cdcc3f29c8d None admin] REQUEST_METHOD: `GET` {{(pid=44422) log_request_info /opt/stack/keystone/keystone/server/flask/request_processing/req_logging.py:27}}
