Aug 26 08:27:12 user devstack@keystone.service[44531]: DEBUG keystone.server.flask.request_processing.middleware.auth_context [None req-3186578c-2bd5-496d-9960-38e8f2095c87 None admin] Validating token access rules against request {{(pid=44531) validate_allowed_request /opt/stack/data/venv/lib/python3.10/site-packages/keystonemiddleware/auth_token/__init__.py:544}}
Aug 26 08:27:12 user devstack@keystone.service[44532]: DEBUG keystone.server.flask.request_processing.middleware.auth_context [None req-93299546-91f1-4b03-9ac7-84993ca6b9ed None admin] Validating token access rules against request {{(pid=44532) validate_allowed_request /opt/stack/data/venv/lib/python3.10/site-packages/keystonemiddleware/auth_token/__init__.py:544}}
Aug 26 08:27:12 user devstack@keystone.service[44533]: DEBUG keystone.server.flask.request_processing.middleware.auth_context [None req-f7a91281-5b25-4448-af9d-393e55b73974 None admin] Validating token access rules against request {{(pid=44533) validate_allowed_request /opt/stack/data/venv/lib/python3.10/site-packages/keystonemiddleware/auth_token/__init__.py:544}}
Aug 26 08:27:12 user devstack@keystone.service[44531]: DEBUG keystone.server.flask.request_processing.middleware.auth_context [None req-f94d66af-0c60-482d-ba30-42156b6a6e38 None admin] RBAC: auth_context: {'token': , 'domain_id': None, 'trust_id': None, 'trustor_id': None, 'trustee_id': None, 'domain_name': None, 'group_ids': [], 'user_id': '6500bac266594010a324554b5552b878', 'user_domain_id': 'default', 'system_scope': 'all', 'project_id': None, 'project_domain_id': None, 'roles': ['admin', 'member', 'reader'], 'is_admin_project': True, 'service_user_id': None, 'service_user_domain_id': None, 'service_project_id': None, 'service_project_domain_id': None, 'service_roles': []} {{(pid=44531) fill_context /opt/stack/keystone/keystone/server/flask/request_processing/middleware/auth_context.py:480}}
Aug 26 08:27:12 user devstack@keystone.service[44531]: DEBUG keystone.server.flask.request_processing.req_logging [None req-f94d66af-0c60-482d-ba30-42156b6a6e38 None admin] REQUEST_METHOD: `GET` {{(pid=44531) log_request_info /opt/stack/keystone/keystone/server/flask/request_processing/req_logging.py:27}}
Aug 26 08:27:12 user devstack@keystone.service[44531]: DEBUG keystone.server.flask.request_processing.req_logging [None req-f94d66af-0c60-482d-ba30-42156b6a6e38 None admin] SCRIPT_NAME: `/identity` {{(pid=44531) log_request_info /opt/stack/keystone/keystone/server/flask/request_processing/req_logging.py:28}}
Aug 26 08:27:12 user devstack@keystone.service[44531]: DEBUG keystone.server.flask.request_processing.req_logging [None req-f94d66af-0c60-482d-ba30-42156b6a6e38 None admin] PATH_INFO: `/v3/groups/f7078ed85a314485912188cb106f45be` {{(pid=44531) log_request_info /opt/stack/keystone/keystone/server/flask/request_processing/req_logging.py:29}}
Aug 26 08:27:12 user devstack@keystone.service[44531]: DEBUG keystone.common.rbac_enforcer.enforcer [None req-f94d66af-0c60-482d-ba30-42156b6a6e38 None admin] RBAC: Authorizing `identity:get_group(group_id=f7078ed85a314485912188cb106f45be)` {{(pid=44531) enforce_call /opt/stack/keystone/keystone/common/rbac_enforcer/enforcer.py:449}}
Aug 26 08:27:12 user devstack@keystone.service[44531]: DEBUG keystone.common.rbac_enforcer.enforcer [None req-f94d66af-0c60-482d-ba30-42156b6a6e38 None admin] RBAC: Authorization granted {{(pid=44531) enforce_call /opt/stack/keystone/keystone/common/rbac_enforcer/enforcer.py:457}}
Aug 26 08:27:12 user devstack@keystone.service[44531]: [pid: 44531|app: 0|req: 111/325] 10.0.0.210 () {56 vars in 1175 bytes} [Sat Aug 26 08:27:12 2023] GET /identity/v3/groups/f7078ed85a314485912188cb106f45be => generated 225 bytes in 116 msecs (HTTP/1.1 200) 5 headers in 177 bytes (1 switches on core 0)
Aug 26 08:27:12 user devstack@keystone.service[44531]: DEBUG keystone.server.flask.request_processing.middleware.auth_context [None req-f94d66af-0c60-482d-ba30-42156b6a6e38 None admin] Authenticating user token {{(pid=44531) process_request /opt/stack/data/venv/lib/python3.10/site-packages/keystonemiddleware/auth_token/__init__.py:406}}
Aug 26 08:27:12 user devstack@keystone.service[44532]: DEBUG keystone.server.flask.request_processing.middleware.auth_context [None req-31f41c3b-2fc3-4474-b095-767f711016f7 None admin] RBAC: auth_context: {'token': , 'domain_id': None, 'trust_id': None, 'trustor_id': None, 'trustee_id': None, 'domain_name': None, 'group_ids': [], 'user_id': '6500bac266594010a324554b5552b878', 'user_domain_id': 'default', 'system_scope': 'all', 'project_id': None, 'project_domain_id': None, 'roles': ['admin', 'member', 'reader'], 'is_admin_project': True, 'service_user_id': None, 'service_user_domain_id': None, 'service_project_id': None, 'service_project_domain_id': None, 'service_roles': []} {{(pid=44532) fill_context /opt/stack/keystone/keystone/server/flask/request_processing/middleware/auth_context.py:480}}
Aug 26 08:27:12 user devstack@keystone.service[44532]: DEBUG keystone.server.flask.request_processing.req_logging [None req-31f41c3b-2fc3-4474-b095-767f711016f7 None admin] REQUEST_METHOD: `GET` {{(pid=44532) log_request_info /opt/stack/keystone/keystone/server/flask/request_processing/req_logging.py:27}}
Aug 26 08:27:12 user devstack@keystone.service[44532]: DEBUG keystone.server.flask.request_processing.req_logging [None req-31f41c3b-2fc3-4474-b095-767f711016f7 None admin] SCRIPT_NAME: `/identity` {{(pid=44532) log_request_info /opt/stack/keystone/keystone/server/flask/request_processing/req_logging.py:28}}
Aug 26 08:27:12 user devstack@keystone.service[44532]: DEBUG keystone.server.flask.request_processing.req_logging [None req-31f41c3b-2fc3-4474-b095-767f711016f7 None admin] PATH_INFO: `/v3/roles/admin` {{(pid=44532) log_request_info /opt/stack/keystone/keystone/server/flask/request_processing/req_logging.py:29}}
Aug 26 08:27:12 user devstack@keystone.service[44533]: DEBUG keystone.server.flask.request_processing.middleware.auth_context [None req-1413fce2-837c-4c41-b84c-51ee8c6d96e9 None admin] RBAC: auth_context: {'token': , 'domain_id': None, 'trust_id': None, 'trustor_id': None, 'trustee_id': None, 'domain_name': None, 'group_ids': [], 'user_id': '6500bac266594010a324554b5552b878', 'user_domain_id': 'default', 'system_scope': 'all', 'project_id': None, 'project_domain_id': None, 'roles': ['admin', 'member', 'reader'], 'is_admin_project': True, 'service_user_id': None, 'service_user_domain_id': None, 'service_project_id': None, 'service_project_domain_id': None, 'service_roles': []} {{(pid=44533) fill_context /opt/stack/keystone/keystone/server/flask/request_processing/middleware/auth_context.py:480}}
Aug 26 08:27:12 user devstack@keystone.service[44533]: DEBUG keystone.server.flask.request_processing.req_logging [None req-1413fce2-837c-4c41-b84c-51ee8c6d96e9 None admin] REQUEST_METHOD: `GET` {{(pid=44533) log_request_info /opt/stack/keystone/keystone/server/flask/request_processing/req_logging.py:27}}
Aug 26 08:27:12 user devstack@keystone.service[44533]: DEBUG keystone.server.flask.request_processing.req_logging [None req-1413fce2-837c-4c41-b84c-51ee8c6d96e9 None admin] SCRIPT_NAME: `/identity` {{(pid=44533) log_request_info /opt/stack/keystone/keystone/server/flask/request_processing/req_logging.py:28}}
Aug 26 08:27:12 user devstack@keystone.service[44533]: DEBUG keystone.server.flask.request_processing.req_logging [None req-1413fce2-837c-4c41-b84c-51ee8c6d96e9 None admin] PATH_INFO: `/v3/auth/tokens` {{(pid=44533) log_request_info /opt/stack/keystone/keystone/server/flask/request_processing/req_logging.py:29}}
Aug 26 08:27:12 user devstack@keystone.service[44532]: DEBUG keystone.common.rbac_enforcer.enforcer [None req-31f41c3b-2fc3-4474-b095-767f711016f7 None admin] Extracting inferred target data resulted in "NOT FOUND (404)". {{(pid=44532) enforce_call /opt/stack/keystone/keystone/common/rbac_enforcer/enforcer.py:409}}
Aug 26 08:27:12 user devstack@keystone.service[44532]: ERROR keystone.server.flask.application [None req-31f41c3b-2fc3-4474-b095-767f711016f7 None admin] Could not find role: admin.: keystone.exception.RoleNotFound: Could not find role: admin.
Aug 26 08:27:12 user devstack@keystone.service[44532]: ERROR keystone.server.flask.application
Traceback (most recent call last):
Aug 26 08:27:12 user devstack@keystone.service[44532]: ERROR keystone.server.flask.application
File "/opt/stack/data/venv/lib/python3.10/site-packages/flask/app.py", line 1823, in full_dispatch_request
Aug 26 08:27:12 user devstack@keystone.service[44532]: ERROR keystone.server.flask.application rv = self.dispatch_request()
Aug 26 08:27:12 user devstack@keystone.service[44532]: ERROR keystone.server.flask.application
File "/opt/stack/data/venv/lib/python3.10/site-packages/flask/app.py", line 1799, in dispatch_request
Aug 26 08:27:12 user devstack@keystone.service[44532]: ERROR keystone.server.flask.application return self.ensure_sync(self.view_functions[rule.endpoint])(**view_args)
Aug 26 08:27:12 user devstack@keystone.service[44532]: ERROR keystone.server.flask.application
File "/opt/stack/data/venv/lib/python3.10/site-packages/flask_restful/__init__.py", line 467, in wrapper
Aug 26 08:27:12 user devstack@keystone.service[44532]: ERROR keystone.server.flask.application resp = resource(*args, **kwargs)
Aug 26 08:27:12 user devstack@keystone.service[44532]: ERROR keystone.server.flask.application
File "/opt/stack/data/venv/lib/python3.10/site-packages/flask/views.py", line 107, in view
Aug 26 08:27:12 user devstack@keystone.service[44532]: ERROR keystone.server.flask.application return current_app.ensure_sync(self.dispatch_request)(**kwargs)
Aug 26 08:27:12 user devstack@keystone.service[44532]: ERROR keystone.server.flask.application
File "/opt/stack/data/venv/lib/python3.10/site-packages/flask_restful/__init__.py", line 582, in dispatch_request
Aug 26 08:27:12 user devstack@keystone.service[44532]: ERROR keystone.server.flask.application resp = meth(*args, **kwargs)
Aug 26 08:27:12 user devstack@keystone.service[44532]: ERROR keystone.server.flask.application
File "/opt/stack/keystone/keystone/api/roles.py", line 50, in get
Aug 26 08:27:12 user devstack@keystone.service[44532]: ERROR keystone.server.flask.application return self._get_role(role_id)
Aug 26 08:27:12 user devstack@keystone.service[44532]: ERROR keystone.server.flask.application
File "/opt/stack/keystone/keystone/api/roles.py", line 70, in _get_role
Aug 26 08:27:13 user devstack@keystone.service[44532]: ERROR keystone.server.flask.application ENFORCER.enforce_call(action='identity:get_role')
Aug 26 08:27:13 user devstack@keystone.service[44532]: ERROR keystone.server.flask.application
File "/opt/stack/keystone/keystone/common/rbac_enforcer/enforcer.py", line 402, in enforce_call
Aug 26 08:27:13 user devstack@keystone.service[44532]: ERROR keystone.server.flask.application policy_dict.update(cls._extract_member_target_data(
Aug 26 08:27:13 user devstack@keystone.service[44532]: ERROR keystone.server.flask.application
File "/opt/stack/keystone/keystone/common/rbac_enforcer/enforcer.py", line 234, in _extract_member_target_data
Aug 26 08:27:13 user devstack@keystone.service[44532]: ERROR keystone.server.flask.application member_name: func(flask.request.view_args[key])
Aug 26 08:27:13 user devstack@keystone.service[44532]: ERROR keystone.server.flask.application
File "/opt/stack/keystone/keystone/common/manager.py", line 115, in wrapped
Aug 26 08:27:13 user devstack@keystone.service[44532]: ERROR keystone.server.flask.application __ret_val = __f(*args, **kwargs)
Aug 26 08:27:13 user devstack@keystone.service[44532]: ERROR keystone.server.flask.application
File "/opt/stack/data/venv/lib/python3.10/site-packages/decorator.py", line 232, in fun
Aug 26 08:27:13 user devstack@keystone.service[44532]: ERROR keystone.server.flask.application return caller(func, *(extras + args), **kw)
Aug 26 08:27:13 user devstack@keystone.service[44532]: ERROR keystone.server.flask.application
File "/opt/stack/data/venv/lib/python3.10/site-packages/dogpile/cache/region.py", line 1577, in get_or_create_for_user_func
Aug 26 08:27:13 user devstack@keystone.service[44532]: ERROR keystone.server.flask.application return self.get_or_create(
Aug 26 08:27:13 user devstack@keystone.service[44532]: ERROR keystone.server.flask.application
File "/opt/stack/data/venv/lib/python3.10/site-packages/dogpile/cache/region.py", line 1042, in get_or_create
Aug 26 08:27:13 user devstack@keystone.service[44532]: ERROR keystone.server.flask.application with Lock(
Aug 26 08:27:13 user devstack@keystone.service[44532]: ERROR keystone.server.flask.application
File "/opt/stack/data/venv/lib/python3.10/site-packages/dogpile/lock.py", line 185, in __enter__
Aug 26 08:27:13 user devstack@keystone.service[44532]: ERROR keystone.server.flask.application return self._enter()
Aug 26 08:27:13 user devstack@keystone.service[44532]: ERROR keystone.server.flask.application
File "/opt/stack/data/venv/lib/python3.10/site-packages/dogpile/lock.py", line 94, in _enter
Aug 26 08:27:13 user devstack@keystone.service[44532]: ERROR keystone.server.flask.application generated = self._enter_create(value, createdtime)
Aug 26 08:27:13 user devstack@keystone.service[44532]: ERROR keystone.server.flask.application
File "/opt/stack/data/venv/lib/python3.10/site-packages/dogpile/lock.py", line 178, in _enter_create
Aug 26 08:27:13 user devstack@keystone.service[44532]: ERROR keystone.server.flask.application return self.creator()
Aug 26 08:27:13 user devstack@keystone.service[44532]: ERROR keystone.server.flask.application
File "/opt/stack/data/venv/lib/python3.10/site-packages/dogpile/cache/region.py", line 995, in gen_value
Aug 26 08:27:13 user devstack@keystone.service[44532]: ERROR keystone.server.flask.application created_value = creator(
Aug 26 08:27:13 user devstack@keystone.service[44532]: ERROR keystone.server.flask.application
File "/opt/stack/keystone/keystone/assignment/core.py", line 1276, in get_role
Aug 26 08:27:13 user devstack@keystone.service[44532]: ERROR keystone.server.flask.application return self.driver.get_role(role_id)
Aug 26 08:27:13 user devstack@keystone.service[44532]: ERROR keystone.server.flask.application
File "/opt/stack/keystone/keystone/assignment/role_backends/sql.py", line 70, in get_role
Aug 26 08:27:13 user devstack@keystone.service[44532]: ERROR keystone.server.flask.application return self._get_role(session, role_id).to_dict()
Aug 26 08:27:13 user devstack@keystone.service[44532]: ERROR keystone.server.flask.application
File "/opt/stack/keystone/keystone/assignment/role_backends/sql.py", line 65, in _get_role
Aug 26 08:27:13 user devstack@keystone.service[44532]: ERROR keystone.server.flask.application raise exception.RoleNotFound(role_id=role_id)
Aug 26 08:27:13 user devstack@keystone.service[44532]: ERROR keystone.server.flask.application keystone.exception.RoleNotFound: Could not find role: admin.
Aug 26 08:27:13 user devstack@keystone.service[44532]: ERROR keystone.server.flask.application
Aug 26 08:27:13 user devstack@keystone.service[44532]: [pid: 44532|app: 0|req: 106/326] 10.0.0.210 () {56 vars in 1091 bytes} [Sat Aug 26 08:27:12 2023] GET /identity/v3/roles/admin => generated 83 bytes in 135 msecs (HTTP/1.1 404) 5 headers in 183 bytes (1 switches on core 0)
Aug 26 08:27:13 user devstack@keystone.service[44532]: DEBUG keystone.server.flask.request_processing.middleware.auth_context [None req-31f41c3b-2fc3-4474-b095-767f711016f7 None admin] Authenticating user token {{(pid=44532) process_request /opt/stack/data/venv/lib/python3.10/site-packages/keystonemiddleware/auth_token/__init__.py:406}}
Aug 26 08:27:13 user devstack@keystone.service[44533]: DEBUG keystone.common.rbac_enforcer.enforcer [None req-1413fce2-837c-4c41-b84c-51ee8c6d96e9 None admin] RBAC: Authorizing `identity:validate_token()` {{(pid=44533) enforce_call /opt/stack/keystone/keystone/common/rbac_enforcer/enforcer.py:449}}
Aug 26 08:27:13 user devstack@keystone.service[44533]: DEBUG keystone.common.rbac_enforcer.enforcer [None req-1413fce2-837c-4c41-b84c-51ee8c6d96e9 None admin] RBAC: Authorization granted {{(pid=44533) enforce_call /opt/stack/keystone/keystone/common/rbac_enforcer/enforcer.py:457}}
Aug 26 08:27:13 user devstack@keystone.service[44531]: DEBUG keystone.server.flask.request_processing.middleware.auth_context [None req-f94d66af-0c60-482d-ba30-42156b6a6e38 None admin] Validating token access rules against request {{(pid=44531) validate_allowed_request /opt/stack/data/venv/lib/python3.10/site-packages/keystonemiddleware/auth_token/__init__.py:544}}
Aug 26 08:27:13 user devstack@keystone.service[44531]: DEBUG keystone.server.flask.request_processing.middleware.auth_context [None req-810f7443-33aa-40e7-86d5-07b4348bbd2b None admin] RBAC: auth_context: {'token': , 'domain_id': None, 'trust_id': None, 'trustor_id': None, 'trustee_id': None, 'domain_name': None, 'group_ids': [], 'user_id': '6500bac266594010a324554b5552b878', 'user_domain_id': 'default', 'system_scope': 'all', 'project_id': None, 'project_domain_id': None, 'roles': ['admin', 'member', 'reader'], 'is_admin_project': True, 'service_user_id': None, 'service_user_domain_id': None, 'service_project_id': None, 'service_project_domain_id': None, 'service_roles': []} {{(pid=44531) fill_context /opt/stack/keystone/keystone/server/flask/request_processing/middleware/auth_context.py:480}}
Aug 26 08:27:13 user devstack@keystone.service[44532]: DEBUG keystone.server.flask.request_processing.middleware.auth_context [None req-31f41c3b-2fc3-4474-b095-767f711016f7 None admin] Validating token access rules against request {{(pid=44532) validate_allowed_request /opt/stack/data/venv/lib/python3.10/site-packages/keystonemiddleware/auth_token/__init__.py:544}}
Aug 26 08:27:13 user devstack@keystone.service[44531]: DEBUG keystone.server.flask.request_processing.req_logging [None req-810f7443-33aa-40e7-86d5-07b4348bbd2b None admin] REQUEST_METHOD: `GET` {{(pid=44531) log_request_info /opt/stack/keystone/keystone/server/flask/request_processing/req_logging.py:27}}
Aug 26 08:27:13 user devstack@keystone.service[44531]: DEBUG keystone.server.flask.request_processing.req_logging [None req-810f7443-33aa-40e7-86d5-07b4348bbd2b None admin] SCRIPT_NAME: `/identity` {{(pid=44531) log_request_info /opt/stack/keystone/keystone/server/flask/request_processing/req_logging.py:28}}
Aug 26 08:27:13 user devstack@keystone.service[44531]: DEBUG keystone.server.flask.request_processing.req_logging [None req-810f7443-33aa-40e7-86d5-07b4348bbd2b None admin] PATH_INFO: `/v3/groups/f7078ed85a314485912188cb106f45be` {{(pid=44531) log_request_info /opt/stack/keystone/keystone/server/flask/request_processing/req_logging.py:29}}
Aug 26 08:27:13 user devstack@keystone.service[44531]: DEBUG keystone.common.rbac_enforcer.enforcer [None req-810f7443-33aa-40e7-86d5-07b4348bbd2b None admin] RBAC: Authorizing `identity:get_group(group_id=f7078ed85a314485912188cb106f45be)` {{(pid=44531) enforce_call /opt/stack/keystone/keystone/common/rbac_enforcer/enforcer.py:449}}
Aug 26 08:27:13 user devstack@keystone.service[44531]: DEBUG keystone.common.rbac_enforcer.enforcer [None req-810f7443-33aa-40e7-86d5-07b4348bbd2b None admin] RBAC: Authorization granted {{(pid=44531) enforce_call /opt/stack/keystone/keystone/common/rbac_enforcer/enforcer.py:457}}
Aug 26 08:27:13 user devstack@keystone.service[44531]: [pid: 44531|app: 0|req: 112/327] 10.0.0.210 () {56 vars in 1175 bytes} [Sat Aug 26 08:27:12 2023] GET /identity/v3/groups/f7078ed85a314485912188cb106f45be => generated 225 bytes in 135 msecs (HTTP/1.1 200) 5 headers in 177 bytes (1 switches on core 0)
Aug 26 08:27:13 user devstack@keystone.service[44531]: DEBUG keystone.server.flask.request_processing.middleware.auth_context [None req-810f7443-33aa-40e7-86d5-07b4348bbd2b None admin] Authenticating user token {{(pid=44531) process_request /opt/stack/data/venv/lib/python3.10/site-packages/keystonemiddleware/auth_token/__init__.py:406}}
Aug 26 08:27:13 user devstack@keystone.service[44532]: DEBUG keystone.server.flask.request_processing.middleware.auth_context [None req-0b0fa3e9-530c-46c5-a83b-563ac7799d87 None admin] RBAC: auth_context: {'token': , 'domain_id': None, 'trust_id': None, 'trustor_id': None, 'trustee_id': None, 'domain_name': None, 'group_ids': [], 'user_id': '6500bac266594010a324554b5552b878', 'user_domain_id': 'default', 'system_scope': 'all', 'project_id': None, 'project_domain_id': None, 'roles': ['admin', 'member', 'reader'], 'is_admin_project': True, 'service_user_id': None, 'service_user_domain_id': None, 'service_project_id': None, 'service_project_domain_id': None, 'service_roles': []} {{(pid=44532) fill_context /opt/stack/keystone/keystone/server/flask/request_processing/middleware/auth_context.py:480}}
Aug 26 08:27:13 user devstack@keystone.service[44532]: DEBUG keystone.server.flask.request_processing.req_logging [None req-0b0fa3e9-530c-46c5-a83b-563ac7799d87 None admin] REQUEST_METHOD: `GET` {{(pid=44532) log_request_info /opt/stack/keystone/keystone/server/flask/request_processing/req_logging.py:27}}
Aug 26 08:27:13 user devstack@keystone.service[44532]: DEBUG keystone.server.flask.request_processing.req_logging [None req-0b0fa3e9-530c-46c5-a83b-563ac7799d87 None admin] SCRIPT_NAME: `/identity` {{(pid=44532) log_request_info /opt/stack/keystone/keystone/server/flask/request_processing/req_logging.py:28}}
Aug 26 08:27:13 user devstack@keystone.service[44532]: DEBUG keystone.server.flask.request_processing.req_logging [None req-0b0fa3e9-530c-46c5-a83b-563ac7799d87 None admin] PATH_INFO: `/v3/role_assignments` {{(pid=44532) log_request_info /opt/stack/keystone/keystone/server/flask/request_processing/req_logging.py:29}}
Aug 26 08:27:13 user devstack@keystone.service[44532]: DEBUG keystone.common.rbac_enforcer.enforcer [None req-0b0fa3e9-530c-46c5-a83b-563ac7799d87 None admin] RBAC: Adding query filter params (group.id=f7078ed85a314485912188cb106f45be, role.id=217886f1fc4548db89da078264c5a774, scope.project.id=64c051e89c60461782c4ccb469eb3f1b) {{(pid=44532) _extract_filter_values /opt/stack/keystone/keystone/common/rbac_enforcer/enforcer.py:167}}
Aug 26 08:27:13 user devstack@keystone.service[44532]: DEBUG keystone.common.rbac_enforcer.enforcer [None req-0b0fa3e9-530c-46c5-a83b-563ac7799d87 None admin] RBAC: Authorizing `identity:list_role_assignments()` {{(pid=44532) enforce_call /opt/stack/keystone/keystone/common/rbac_enforcer/enforcer.py:449}}
Aug 26 08:27:13 user devstack@keystone.service[44532]: DEBUG keystone.common.rbac_enforcer.enforcer [None req-0b0fa3e9-530c-46c5-a83b-563ac7799d87 None admin] RBAC: Authorization granted {{(pid=44532) enforce_call /opt/stack/keystone/keystone/common/rbac_enforcer/enforcer.py:457}}
Aug 26 08:27:13 user devstack@keystone.service[44532]: [pid: 44532|app: 0|req: 107/328] 10.0.0.210 () {56 vars in 1371 bytes} [Sat Aug 26 08:27:12 2023] GET /identity/v3/role_assignments?group.id=f7078ed85a314485912188cb106f45be&scope.project.id=64c051e89c60461782c4ccb469eb3f1b&role.id=217886f1fc4548db89da078264c5a774 => generated 609 bytes in 134 msecs (HTTP/1.1 200) 5 headers in 177 bytes (1 switches on core 0)
Aug 26 08:27:13 user devstack@keystone.service[44532]: DEBUG keystone.server.flask.request_processing.middleware.auth_context [None req-0b0fa3e9-530c-46c5-a83b-563ac7799d87 None admin] Authenticating user token {{(pid=44532) process_request /opt/stack/data/venv/lib/python3.10/site-packages/keystonemiddleware/auth_token/__init__.py:406}}
Aug 26 08:27:13 user devstack@keystone.service[44533]: [pid: 44533|app: 0|req: 110/329] 10.0.0.210 () {58 vars in 1277 bytes} [Sat Aug 26 08:27:12 2023] GET /identity/v3/auth/tokens => generated 798 bytes in 266 msecs (HTTP/1.1 200) 6 headers in 358 bytes (1 switches on core 0)
Aug 26 08:27:13 user devstack@keystone.service[44533]: DEBUG keystone.server.flask.request_processing.middleware.auth_context [None req-1413fce2-837c-4c41-b84c-51ee8c6d96e9 None admin] Authenticating user token {{(pid=44533) process_request /opt/stack/data/venv/lib/python3.10/site-packages/keystonemiddleware/auth_token/__init__.py:406}}
Aug 26 08:27:13 user devstack@keystone.service[44531]: DEBUG keystone.server.flask.request_processing.middleware.auth_context [None req-810f7443-33aa-40e7-86d5-07b4348bbd2b None admin] Validating token access rules against request {{(pid=44531) validate_allowed_request /opt/stack/data/venv/lib/python3.10/site-packages/keystonemiddleware/auth_token/__init__.py:544}}
Aug 26 08:27:13 user devstack@keystone.service[44532]: DEBUG keystone.server.flask.request_processing.middleware.auth_context [None req-0b0fa3e9-530c-46c5-a83b-563ac7799d87 None admin] Validating token access rules against request {{(pid=44532) validate_allowed_request /opt/stack/data/venv/lib/python3.10/site-packages/keystonemiddleware/auth_token/__init__.py:544}}
Aug 26 08:27:13 user devstack@keystone.service[44531]: DEBUG keystone.server.flask.request_processing.middleware.auth_context [None req-ac2f43ba-35f4-4ca2-8c10-0002df0e6e9a None admin] RBAC: auth_context: {'token': , 'domain_id': None, 'trust_id': None, 'trustor_id': None, 'trustee_id': None, 'domain_name': None, 'group_ids': [], 'user_id': '6500bac266594010a324554b5552b878', 'user_domain_id': 'default', 'system_scope': 'all', 'project_id': None, 'project_domain_id': None, 'roles': ['admin', 'member', 'reader'], 'is_admin_project': True, 'service_user_id': None, 'service_user_domain_id': None, 'service_project_id': None, 'service_project_domain_id': None, 'service_roles': []} {{(pid=44531) fill_context /opt/stack/keystone/keystone/server/flask/request_processing/middleware/auth_context.py:480}}
Aug 26 08:27:13 user devstack@keystone.service[44531]: DEBUG keystone.server.flask.request_processing.req_logging [None req-ac2f43ba-35f4-4ca2-8c10-0002df0e6e9a None admin] REQUEST_METHOD: `GET` {{(pid=44531) log_request_info /opt/stack/keystone/keystone/server/flask/request_processing/req_logging.py:27}}
Aug 26 08:27:13 user devstack@keystone.service[44531]: DEBUG keystone.server.flask.request_processing.req_logging [None req-ac2f43ba-35f4-4ca2-8c10-0002df0e6e9a None admin] SCRIPT_NAME: `/identity` {{(pid=44531) log_request_info /opt/stack/keystone/keystone/server/flask/request_processing/req_logging.py:28}}
Aug 26 08:27:13 user devstack@keystone.service[44531]: DEBUG keystone.server.flask.request_processing.req_logging [None req-ac2f43ba-35f4-4ca2-8c10-0002df0e6e9a None admin] PATH_INFO: `/v3/roles` {{(pid=44531) log_request_info /opt/stack/keystone/keystone/server/flask/request_processing/req_logging.py:29}}
Aug 26 08:27:13 user devstack@keystone.service[44531]: DEBUG keystone.common.rbac_enforcer.enforcer [None req-ac2f43ba-35f4-4ca2-8c10-0002df0e6e9a None admin] RBAC: Adding query filter params (name=admin) {{(pid=44531) _extract_filter_values /opt/stack/keystone/keystone/common/rbac_enforcer/enforcer.py:167}}
Aug 26 08:27:13 user devstack@keystone.service[44531]: DEBUG keystone.common.rbac_enforcer.enforcer [None req-ac2f43ba-35f4-4ca2-8c10-0002df0e6e9a None admin] RBAC: Authorizing `identity:list_roles()` {{(pid=44531) enforce_call /opt/stack/keystone/keystone/common/rbac_enforcer/enforcer.py:449}}
Aug 26 08:27:13 user devstack@keystone.service[44533]: DEBUG keystone.server.flask.request_processing.middleware.auth_context [None req-1413fce2-837c-4c41-b84c-51ee8c6d96e9 None admin] Validating token access rules against request {{(pid=44533) validate_allowed_request /opt/stack/data/venv/lib/python3.10/site-packages/keystonemiddleware/auth_token/__init__.py:544}}
Aug 26 08:27:13 user devstack@keystone.service[44531]: DEBUG keystone.common.rbac_enforcer.enforcer [None req-ac2f43ba-35f4-4ca2-8c10-0002df0e6e9a None admin] RBAC: Authorization granted {{(pid=44531) enforce_call /opt/stack/keystone/keystone/common/rbac_enforcer/enforcer.py:457}}
Aug 26 08:27:13 user devstack@keystone.service[44531]: [pid: 44531|app: 0|req: 113/330] 10.0.0.210 () {56 vars in 1094 bytes} [Sat Aug 26 08:27:13 2023] GET /identity/v3/roles?name=admin => generated 337 bytes in 151 msecs (HTTP/1.1 200) 5 headers in 177 bytes (1 switches on core 0)
Aug 26 08:27:13 user devstack@keystone.service[44531]: DEBUG keystone.server.flask.request_processing.middleware.auth_context [None req-ac2f43ba-35f4-4ca2-8c10-0002df0e6e9a None admin] Authenticating user token {{(pid=44531) process_request /opt/stack/data/venv/lib/python3.10/site-packages/keystonemiddleware/auth_token/__init__.py:406}}
Aug 26 08:27:13 user devstack@keystone.service[44532]: DEBUG keystone.server.flask.request_processing.middleware.auth_context [None req-4f8c708e-d89a-4808-a7cb-07085ddbe8c7 None admin] RBAC: auth_context: {'token': , 'domain_id': None, 'trust_id': None, 'trustor_id': None, 'trustee_id': None, 'domain_name': None, 'group_ids': [], 'user_id': '6500bac266594010a324554b5552b878', 'user_domain_id': 'default', 'system_scope': 'all', 'project_id': None, 'project_domain_id': None, 'roles': ['admin', 'member', 'reader'], 'is_admin_project': True, 'service_user_id': None, 'service_user_domain_id': None, 'service_project_id': None, 'service_project_domain_id': None, 'service_roles': []} {{(pid=44532) fill_context /opt/stack/keystone/keystone/server/flask/request_processing/middleware/auth_context.py:480}}
Aug 26 08:27:13 user devstack@keystone.service[44532]: DEBUG keystone.server.flask.request_processing.req_logging [None req-4f8c708e-d89a-4808-a7cb-07085ddbe8c7 None admin] REQUEST_METHOD: `GET` {{(pid=44532) log_request_info /opt/stack/keystone/keystone/server/flask/request_processing/req_logging.py:27}}
Aug 26 08:27:13 user devstack@keystone.service[44532]: DEBUG keystone.server.flask.request_processing.req_logging [None req-4f8c708e-d89a-4808-a7cb-07085ddbe8c7 None admin] SCRIPT_NAME: `/identity` {{(pid=44532) log_request_info /opt/stack/keystone/keystone/server/flask/request_processing/req_logging.py:28}}
Aug 26 08:27:13 user devstack@keystone.service[44532]: DEBUG keystone.server.flask.request_processing.req_logging [None req-4f8c708e-d89a-4808-a7cb-07085ddbe8c7 None admin] PATH_INFO: `/v3/role_assignments` {{(pid=44532) log_request_info /opt/stack/keystone/keystone/server/flask/request_processing/req_logging.py:29}}
Aug 26 08:27:13 user devstack@keystone.service[44532]: DEBUG keystone.common.rbac_enforcer.enforcer [None req-4f8c708e-d89a-4808-a7cb-07085ddbe8c7 None admin] RBAC: Adding query filter params (group.id=f7078ed85a314485912188cb106f45be, role.id=fdb9e4cdb885439ab64d531045c3b853, scope.project.id=5ea25dffb9944467b9f2fd0e131d81f0) {{(pid=44532) _extract_filter_values /opt/stack/keystone/keystone/common/rbac_enforcer/enforcer.py:167}}
Aug 26 08:27:13 user devstack@keystone.service[44532]: DEBUG keystone.common.rbac_enforcer.enforcer [None req-4f8c708e-d89a-4808-a7cb-07085ddbe8c7 None admin] RBAC: Authorizing `identity:list_role_assignments()` {{(pid=44532) enforce_call /opt/stack/keystone/keystone/common/rbac_enforcer/enforcer.py:449}}
Aug 26 08:27:13 user devstack@keystone.service[44532]: DEBUG keystone.common.rbac_enforcer.enforcer [None req-4f8c708e-d89a-4808-a7cb-07085ddbe8c7 None admin] RBAC: Authorization granted {{(pid=44532) enforce_call /opt/stack/keystone/keystone/common/rbac_enforcer/enforcer.py:457}}
Aug 26 08:27:13 user devstack@keystone.service[44532]: [pid: 44532|app: 0|req: 108/331] 10.0.0.210 () {56 vars in 1371 bytes} [Sat Aug 26 08:27:13 2023] GET /identity/v3/role_assignments?group.id=f7078ed85a314485912188cb106f45be&scope.project.id=5ea25dffb9944467b9f2fd0e131d81f0&role.id=fdb9e4cdb885439ab64d531045c3b853 => generated 609 bytes in 130 msecs (HTTP/1.1 200) 5 headers in 177 bytes (1 switches on core 0)
Aug 26 08:27:13 user devstack@keystone.service[44533]: DEBUG keystone.server.flask.request_processing.middleware.auth_context [None req-2159981d-47e0-4857-bd79-1e5fb13853c2 None admin] RBAC: auth_context: {'token': , 'domain_id': None, 'trust_id': None, 'trustor_id': None, 'trustee_id': None, 'domain_name': None, 'group_ids': [], 'user_id': '6500bac266594010a324554b5552b878', 'user_domain_id': 'default', 'system_scope': 'all', 'project_id': None, 'project_domain_id': None, 'roles': ['admin', 'member', 'reader'], 'is_admin_project': True, 'service_user_id': None, 'service_user_domain_id': None, 'service_project_id': None, 'service_project_domain_id': None, 'service_roles': []} {{(pid=44533) fill_context /opt/stack/keystone/keystone/server/flask/request_processing/middleware/auth_context.py:480}}
Aug 26 08:27:13 user devstack@keystone.service[44533]: DEBUG keystone.server.flask.request_processing.req_logging [None req-2159981d-47e0-4857-bd79-1e5fb13853c2 None admin] REQUEST_METHOD: `GET` {{(pid=44533) log_request_info /opt/stack/keystone/keystone/server/flask/request_processing/req_logging.py:27}}
Aug 26 08:27:13 user devstack@keystone.service[44533]: DEBUG keystone.server.flask.request_processing.req_logging [None req-2159981d-47e0-4857-bd79-1e5fb13853c2 None admin] SCRIPT_NAME: `/identity` {{(pid=44533) log_request_info /opt/stack/keystone/keystone/server/flask/request_processing/req_logging.py:28}}
Aug 26 08:27:13 user devstack@keystone.service[44533]: DEBUG keystone.server.flask.request_processing.req_logging [None req-2159981d-47e0-4857-bd79-1e5fb13853c2 None admin] PATH_INFO: `/v3/projects/5ea25dffb9944467b9f2fd0e131d81f0` {{(pid=44533) log_request_info /opt/stack/keystone/keystone/server/flask/request_processing/req_logging.py:29}}
Aug 26 08:27:13 user devstack@keystone.service[44533]: DEBUG keystone.common.rbac_enforcer.enforcer [None req-2159981d-47e0-4857-bd79-1e5fb13853c2 None admin] RBAC: Authorizing `identity:get_project(project_id=5ea25dffb9944467b9f2fd0e131d81f0)` {{(pid=44533) enforce_call /opt/stack/keystone/keystone/common/rbac_enforcer/enforcer.py:449}}
Aug 26 08:27:13 user devstack@keystone.service[44533]: DEBUG keystone.common.rbac_enforcer.enforcer [None req-2159981d-47e0-4857-bd79-1e5fb13853c2 None admin] RBAC: Authorization granted {{(pid=44533) enforce_call /opt/stack/keystone/keystone/common/rbac_enforcer/enforcer.py:457}}
Aug 26 08:27:13 user devstack@keystone.service[44533]: [pid: 44533|app: 0|req: 111/332] 10.0.0.210 () {56 vars in 1181 bytes} [Sat Aug 26 08:27:13 2023] GET /identity/v3/projects/5ea25dffb9944467b9f2fd0e131d81f0 => generated 301 bytes in 139 msecs (HTTP/1.1 200) 5 headers in 177 bytes (1 switches on core 0)
Aug 26 08:27:13 user devstack@keystone.service[44532]: DEBUG keystone.server.flask.request_processing.middleware.auth_context [None req-4f8c708e-d89a-4808-a7cb-07085ddbe8c7 None admin] Authenticating user token {{(pid=44532) process_request /opt/stack/data/venv/lib/python3.10/site-packages/keystonemiddleware/auth_token/__init__.py:406}}
Aug 26 08:27:13 user devstack@keystone.service[44531]: DEBUG keystone.server.flask.request_processing.middleware.auth_context [None req-ac2f43ba-35f4-4ca2-8c10-0002df0e6e9a None admin] Validating token access rules against request {{(pid=44531) validate_allowed_request /opt/stack/data/venv/lib/python3.10/site-packages/keystonemiddleware/auth_token/__init__.py:544}}
Aug 26 08:27:13 user devstack@keystone.service[44532]: DEBUG keystone.server.flask.request_processing.middleware.auth_context [None req-4f8c708e-d89a-4808-a7cb-07085ddbe8c7 None admin] Validating token access rules against request {{(pid=44532) validate_allowed_request /opt/stack/data/venv/lib/python3.10/site-packages/keystonemiddleware/auth_token/__init__.py:544}}
Aug 26 08:27:13 user devstack@keystone.service[44531]: DEBUG keystone.server.flask.request_processing.middleware.auth_context [None req-d6334bc2-f254-4811-9171-527896f31ba3 None admin] RBAC: auth_context: {'token': , 'domain_id': None, 'trust_id': None, 'trustor_id': None, 'trustee_id': None, 'domain_name': None, 'group_ids': [], 'user_id': '6500bac266594010a324554b5552b878', 'user_domain_id': 'default', 'system_scope': 'all', 'project_id': None, 'project_domain_id': None, 'roles': ['admin', 'member', 'reader'], 'is_admin_project': True, 'service_user_id': None, 'service_user_domain_id': None, 'service_project_id': None, 'service_project_domain_id': None, 'service_roles': []} {{(pid=44531) fill_context /opt/stack/keystone/keystone/server/flask/request_processing/middleware/auth_context.py:480}}
Aug 26 08:27:13 user devstack@keystone.service[44531]: DEBUG keystone.server.flask.request_processing.req_logging [None req-d6334bc2-f254-4811-9171-527896f31ba3 None admin] REQUEST_METHOD: `GET` {{(pid=44531) log_request_info /opt/stack/keystone/keystone/server/flask/request_processing/req_logging.py:27}}
Aug 26 08:27:13 user devstack@keystone.service[44531]: DEBUG keystone.server.flask.request_processing.req_logging [None req-d6334bc2-f254-4811-9171-527896f31ba3 None admin] SCRIPT_NAME: `/identity` {{(pid=44531) log_request_info /opt/stack/keystone/keystone/server/flask/request_processing/req_logging.py:28}}
Aug 26 08:27:13 user devstack@keystone.service[44531]: DEBUG keystone.server.flask.request_processing.req_logging [None req-d6334bc2-f254-4811-9171-527896f31ba3 None admin] PATH_INFO: `/v3/auth/tokens` {{(pid=44531) log_request_info /opt/stack/keystone/keystone/server/flask/request_processing/req_logging.py:29}}
Aug 26 08:27:13 user devstack@keystone.service[44532]: DEBUG keystone.server.flask.request_processing.middleware.auth_context [None req-008067de-9cfc-42e9-9fd6-1ef74032ff97 None admin] RBAC: auth_context: {'token': , 'domain_id': None, 'trust_id': None, 'trustor_id': None, 'trustee_id': None, 'domain_name': None, 'group_ids': [], 'user_id': '6500bac266594010a324554b5552b878', 'user_domain_id': 'default', 'system_scope': 'all', 'project_id': None, 'project_domain_id': None, 'roles': ['admin', 'member', 'reader'], 'is_admin_project': True, 'service_user_id': None, 'service_user_domain_id': None, 'service_project_id': None, 'service_project_domain_id': None, 'service_roles': []} {{(pid=44532) fill_context /opt/stack/keystone/keystone/server/flask/request_processing/middleware/auth_context.py:480}}
Aug 26 08:27:13 user devstack@keystone.service[44532]: DEBUG keystone.server.flask.request_processing.req_logging [None req-008067de-9cfc-42e9-9fd6-1ef74032ff97 None admin] REQUEST_METHOD: `GET` {{(pid=44532) log_request_info /opt/stack/keystone/keystone/server/flask/request_processing/req_logging.py:27}}
Aug 26 08:27:13 user devstack@keystone.service[44532]: DEBUG keystone.server.flask.request_processing.req_logging [None req-008067de-9cfc-42e9-9fd6-1ef74032ff97 None admin] SCRIPT_NAME: `/identity` {{(pid=44532) log_request_info /opt/stack/keystone/keystone/server/flask/request_processing/req_logging.py:28}}
Aug 26 08:27:13 user devstack@keystone.service[44532]: DEBUG keystone.server.flask.request_processing.req_logging [None req-008067de-9cfc-42e9-9fd6-1ef74032ff97 None admin] PATH_INFO: `/v3/groups/f7078ed85a314485912188cb106f45be` {{(pid=44532) log_request_info /opt/stack/keystone/keystone/server/flask/request_processing/req_logging.py:29}}
Aug 26 08:27:13 user devstack@keystone.service[44532]: DEBUG keystone.common.rbac_enforcer.enforcer [None req-008067de-9cfc-42e9-9fd6-1ef74032ff97 None admin] RBAC: Authorizing `identity:get_group(group_id=f7078ed85a314485912188cb106f45be)` {{(pid=44532) enforce_call /opt/stack/keystone/keystone/common/rbac_enforcer/enforcer.py:449}}
Aug 26 08:27:13 user devstack@keystone.service[44532]: DEBUG keystone.common.rbac_enforcer.enforcer [None req-008067de-9cfc-42e9-9fd6-1ef74032ff97 None admin] RBAC: Authorization granted {{(pid=44532) enforce_call /opt/stack/keystone/keystone/common/rbac_enforcer/enforcer.py:457}}
Aug 26 08:27:13 user devstack@keystone.service[44532]: [pid: 44532|app: 0|req: 109/333] 10.0.0.210 () {56 vars in 1175 bytes} [Sat Aug 26 08:27:13 2023] GET /identity/v3/groups/f7078ed85a314485912188cb106f45be => generated 225 bytes in 146 msecs (HTTP/1.1 200) 5 headers in 177 bytes (1 switches on core 0)
Aug 26 08:27:13 user devstack@keystone.service[44533]: DEBUG keystone.server.flask.request_processing.middleware.auth_context [None req-2159981d-47e0-4857-bd79-1e5fb13853c2 None admin] Authenticating user token {{(pid=44533) process_request /opt/stack/data/venv/lib/python3.10/site-packages/keystonemiddleware/auth_token/__init__.py:406}}
Aug 26 08:27:13 user devstack@keystone.service[44531]: DEBUG keystone.common.rbac_enforcer.enforcer [None req-d6334bc2-f254-4811-9171-527896f31ba3 None admin] RBAC: Authorizing `identity:validate_token()` {{(pid=44531) enforce_call /opt/stack/keystone/keystone/common/rbac_enforcer/enforcer.py:449}}
Aug 26 08:27:13 user devstack@keystone.service[44531]: DEBUG keystone.common.rbac_enforcer.enforcer [None req-d6334bc2-f254-4811-9171-527896f31ba3 None admin] RBAC: Authorization granted {{(pid=44531) enforce_call /opt/stack/keystone/keystone/common/rbac_enforcer/enforcer.py:457}}
Aug 26 08:27:13 user devstack@keystone.service[44533]: DEBUG keystone.server.flask.request_processing.middleware.auth_context [None req-2159981d-47e0-4857-bd79-1e5fb13853c2 None admin] Validating token access rules against request {{(pid=44533) validate_allowed_request /opt/stack/data/venv/lib/python3.10/site-packages/keystonemiddleware/auth_token/__init__.py:544}}
Aug 26 08:27:13 user devstack@keystone.service[44531]: [pid: 44531|app: 0|req: 114/334] 10.0.0.210 () {58 vars in 1277 bytes} [Sat Aug 26 08:27:13 2023] GET /identity/v3/auth/tokens => generated 798 bytes in 312 msecs (HTTP/1.1 200) 6 headers in 358 bytes (1 switches on core 0)
Aug 26 08:27:13 user devstack@keystone.service[44532]: DEBUG keystone.server.flask.request_processing.middleware.auth_context [None req-008067de-9cfc-42e9-9fd6-1ef74032ff97 None admin] Authenticating user token {{(pid=44532) process_request /opt/stack/data/venv/lib/python3.10/site-packages/keystonemiddleware/auth_token/__init__.py:406}}
Aug 26 08:27:13 user devstack@keystone.service[44533]: DEBUG keystone.server.flask.request_processing.middleware.auth_context [None req-11b1bb9d-ba85-4968-a678-6d598d6878b5 None admin] RBAC: auth_context: {'token': , 'domain_id': None, 'trust_id': None, 'trustor_id': None, 'trustee_id': None, 'domain_name': None, 'group_ids': [], 'user_id': '6500bac266594010a324554b5552b878', 'user_domain_id': 'default', 'system_scope': 'all', 'project_id': None, 'project_domain_id': None, 'roles': ['admin', 'member', 'reader'], 'is_admin_project': True, 'service_user_id': None, 'service_user_domain_id': None, 'service_project_id': None, 'service_project_domain_id': None, 'service_roles': []} {{(pid=44533) fill_context /opt/stack/keystone/keystone/server/flask/request_processing/middleware/auth_context.py:480}}
Aug 26 08:27:13 user devstack@keystone.service[44533]: DEBUG keystone.server.flask.request_processing.req_logging [None req-11b1bb9d-ba85-4968-a678-6d598d6878b5 None admin] REQUEST_METHOD: `GET` {{(pid=44533) log_request_info /opt/stack/keystone/keystone/server/flask/request_processing/req_logging.py:27}}
Aug 26 08:27:13 user devstack@keystone.service[44533]: DEBUG keystone.server.flask.request_processing.req_logging [None req-11b1bb9d-ba85-4968-a678-6d598d6878b5 None admin] SCRIPT_NAME: `/identity` {{(pid=44533) log_request_info /opt/stack/keystone/keystone/server/flask/request_processing/req_logging.py:28}}
Aug 26 08:27:13 user devstack@keystone.service[44533]: DEBUG keystone.server.flask.request_processing.req_logging [None req-11b1bb9d-ba85-4968-a678-6d598d6878b5 None admin] PATH_INFO: `/v3/role_assignments` {{(pid=44533) log_request_info /opt/stack/keystone/keystone/server/flask/request_processing/req_logging.py:29}}
Aug 26 08:27:13 user devstack@keystone.service[44533]: DEBUG keystone.common.rbac_enforcer.enforcer [None req-11b1bb9d-ba85-4968-a678-6d598d6878b5 None admin] RBAC: Adding query filter params (group.id=f7078ed85a314485912188cb106f45be, role.id=217886f1fc4548db89da078264c5a774, scope.project.id=5ea25dffb9944467b9f2fd0e131d81f0) {{(pid=44533) _extract_filter_values /opt/stack/keystone/keystone/common/rbac_enforcer/enforcer.py:167}}
Aug 26 08:27:13 user devstack@keystone.service[44533]: DEBUG keystone.common.rbac_enforcer.enforcer [None req-11b1bb9d-ba85-4968-a678-6d598d6878b5 None admin] RBAC: Authorizing `identity:list_role_assignments()` {{(pid=44533) enforce_call /opt/stack/keystone/keystone/common/rbac_enforcer/enforcer.py:449}}
Aug 26 08:27:13 user devstack@keystone.service[44533]: DEBUG keystone.common.rbac_enforcer.enforcer [None req-11b1bb9d-ba85-4968-a678-6d598d6878b5 None admin] RBAC: Authorization granted {{(pid=44533) enforce_call /opt/stack/keystone/keystone/common/rbac_enforcer/enforcer.py:457}}
Aug 26 08:27:13 user devstack@keystone.service[44533]: [pid: 44533|app: 0|req: 112/335] 10.0.0.210 () {56 vars in 1371 bytes} [Sat Aug 26 08:27:13 2023] GET /identity/v3/role_assignments?group.id=f7078ed85a314485912188cb106f45be&scope.project.id=5ea25dffb9944467b9f2fd0e131d81f0&role.id=217886f1fc4548db89da078264c5a774 => generated 609 bytes in 147 msecs (HTTP/1.1 200) 5 headers in 177 bytes (1 switches on core 0)
Aug 26 08:27:13 user devstack@keystone.service[44532]: DEBUG keystone.server.flask.request_processing.middleware.auth_context [None req-008067de-9cfc-42e9-9fd6-1ef74032ff97 None admin] Validating token access rules against request {{(pid=44532) validate_allowed_request /opt/stack/data/venv/lib/python3.10/site-packages/keystonemiddleware/auth_token/__init__.py:544}}
Aug 26 08:27:13 user devstack@keystone.service[44532]: DEBUG keystone.server.flask.request_processing.middleware.auth_context [None req-c2990179-22fa-464c-8d10-8ac4ebebf161 None admin] RBAC: auth_context: {'token': , 'domain_id': None, 'trust_id': None, 'trustor_id': None, 'trustee_id': None, 'domain_name': None, 'group_ids': [], 'user_id': '6500bac266594010a324554b5552b878', 'user_domain_id': 'default', 'system_scope': 'all', 'project_id': None, 'project_domain_id': None, 'roles': ['admin', 'member', 'reader'], 'is_admin_project': True, 'service_user_id': None, 'service_user_domain_id': None, 'service_project_id': None, 'service_project_domain_id': None, 'service_roles': []} {{(pid=44532) fill_context /opt/stack/keystone/keystone/server/flask/request_processing/middleware/auth_context.py:480}}
Aug 26 08:27:13 user devstack@keystone.service[44532]: DEBUG keystone.server.flask.request_processing.req_logging [None req-c2990179-22fa-464c-8d10-8ac4ebebf161 None admin] REQUEST_METHOD: `GET` {{(pid=44532) log_request_info /opt/stack/keystone/keystone/server/flask/request_processing/req_logging.py:27}}
Aug 26 08:27:13 user devstack@keystone.service[44532]: DEBUG keystone.server.flask.request_processing.req_logging [None req-c2990179-22fa-464c-8d10-8ac4ebebf161 None admin] SCRIPT_NAME: `/identity` {{(pid=44532) log_request_info /opt/stack/keystone/keystone/server/flask/request_processing/req_logging.py:28}}
Aug 26 08:27:13 user devstack@keystone.service[44532]: DEBUG keystone.server.flask.request_processing.req_logging [None req-c2990179-22fa-464c-8d10-8ac4ebebf161 None admin] PATH_INFO: `/v3/projects/549d3fed307c4f4c84128afef97a358e` {{(pid=44532) log_request_info /opt/stack/keystone/keystone/server/flask/request_processing/req_logging.py:29}}
Aug 26 08:27:13 user devstack@keystone.service[44532]: DEBUG keystone.common.rbac_enforcer.enforcer [None req-c2990179-22fa-464c-8d10-8ac4ebebf161 None admin] RBAC: Authorizing `identity:get_project(project_id=549d3fed307c4f4c84128afef97a358e)` {{(pid=44532) enforce_call /opt/stack/keystone/keystone/common/rbac_enforcer/enforcer.py:449}}
Aug 26 08:27:13 user devstack@keystone.service[44532]: DEBUG keystone.common.rbac_enforcer.enforcer [None req-c2990179-22fa-464c-8d10-8ac4ebebf161 None admin] RBAC: Authorization granted {{(pid=44532) enforce_call /opt/stack/keystone/keystone/common/rbac_enforcer/enforcer.py:457}}
Aug 26 08:27:13 user devstack@keystone.service[44532]: [pid: 44532|app: 0|req: 110/336] 10.0.0.210 () {56 vars in 1181 bytes} [Sat Aug 26 08:27:13 2023] GET /identity/v3/projects/549d3fed307c4f4c84128afef97a358e => generated 343 bytes in 130 msecs (HTTP/1.1 200) 5 headers in 177 bytes (1 switches on core 0)
Aug 26 08:27:13 user devstack@keystone.service[44531]: DEBUG keystone.server.flask.request_processing.middleware.auth_context [None req-d6334bc2-f254-4811-9171-527896f31ba3 None admin] Authenticating user token {{(pid=44531) process_request /opt/stack/data/venv/lib/python3.10/site-packages/keystonemiddleware/auth_token/__init__.py:406}}
Aug 26 08:27:13 user devstack@keystone.service[44531]: DEBUG keystone.server.flask.request_processing.middleware.auth_context [None req-d6334bc2-f254-4811-9171-527896f31ba3 None admin] Validating token access rules against request {{(pid=44531) validate_allowed_request /opt/stack/data/venv/lib/python3.10/site-packages/keystonemiddleware/auth_token/__init__.py:544}}
Aug 26 08:27:13 user devstack@keystone.service[44531]: DEBUG keystone.server.flask.request_processing.middleware.auth_context [None req-099ecf84-3fd1-4b84-b8e4-38530b9b96c6 None admin] RBAC: auth_context: {'token': , 'domain_id': None, 'trust_id': None, 'trustor_id': None, 'trustee_id': None, 'domain_name': None, 'group_ids': [], 'user_id': '6500bac266594010a324554b5552b878', 'user_domain_id': 'default', 'system_scope': 'all', 'project_id': None, 'project_domain_id': None, 'roles': ['admin', 'member', 'reader'], 'is_admin_project': True, 'service_user_id': None, 'service_user_domain_id': None, 'service_project_id': None, 'service_project_domain_id': None, 'service_roles': []} {{(pid=44531) fill_context /opt/stack/keystone/keystone/server/flask/request_processing/middleware/auth_context.py:480}}
Aug 26 08:27:13 user devstack@keystone.service[44531]: DEBUG keystone.server.flask.request_processing.req_logging [None req-099ecf84-3fd1-4b84-b8e4-38530b9b96c6 None admin] REQUEST_METHOD: `GET` {{(pid=44531) log_request_info /opt/stack/keystone/keystone/server/flask/request_processing/req_logging.py:27}}
