Aug 26 08:26:46 user devstack@keystone.service[44531]: DEBUG keystone.server.flask.request_processing.middleware.auth_context [None req-e6a66c17-33c4-45d6-a500-bd86fa953695 None admin] RBAC: auth_context: {'token': , 'domain_id': None, 'trust_id': None, 'trustor_id': None, 'trustee_id': None, 'domain_name': None, 'group_ids': [], 'user_id': '6500bac266594010a324554b5552b878', 'user_domain_id': 'default', 'system_scope': 'all', 'project_id': None, 'project_domain_id': None, 'roles': ['admin', 'member', 'reader'], 'is_admin_project': True, 'service_user_id': None, 'service_user_domain_id': None, 'service_project_id': None, 'service_project_domain_id': None, 'service_roles': []} {{(pid=44531) fill_context /opt/stack/keystone/keystone/server/flask/request_processing/middleware/auth_context.py:480}}
Aug 26 08:26:46 user devstack@keystone.service[44531]: DEBUG keystone.server.flask.request_processing.req_logging [None req-e6a66c17-33c4-45d6-a500-bd86fa953695 None admin] REQUEST_METHOD: `GET` {{(pid=44531) log_request_info /opt/stack/keystone/keystone/server/flask/request_processing/req_logging.py:27}}
Aug 26 08:26:46 user devstack@keystone.service[44531]: DEBUG keystone.server.flask.request_processing.req_logging [None req-e6a66c17-33c4-45d6-a500-bd86fa953695 None admin] SCRIPT_NAME: `/identity` {{(pid=44531) log_request_info /opt/stack/keystone/keystone/server/flask/request_processing/req_logging.py:28}}
Aug 26 08:26:46 user devstack@keystone.service[44531]: DEBUG keystone.server.flask.request_processing.req_logging [None req-e6a66c17-33c4-45d6-a500-bd86fa953695 None admin] PATH_INFO: `/v3/users/6500bac266594010a324554b5552b878` {{(pid=44531) log_request_info /opt/stack/keystone/keystone/server/flask/request_processing/req_logging.py:29}}
Aug 26 08:26:46 user devstack@keystone.service[44532]: DEBUG keystone.server.flask.request_processing.middleware.auth_context [None req-a0ad9aa0-6da7-4ed0-b56e-56435d2a0030 None None] Validating token access rules against request {{(pid=44532) validate_allowed_request /opt/stack/data/venv/lib/python3.10/site-packages/keystonemiddleware/auth_token/__init__.py:544}}
Aug 26 08:26:46 user devstack@keystone.service[44531]: DEBUG keystone.common.rbac_enforcer.enforcer [None req-e6a66c17-33c4-45d6-a500-bd86fa953695 None admin] RBAC: Authorizing `identity:get_user(user_id=6500bac266594010a324554b5552b878)` {{(pid=44531) enforce_call /opt/stack/keystone/keystone/common/rbac_enforcer/enforcer.py:449}}
Aug 26 08:26:46 user devstack@keystone.service[44531]: DEBUG keystone.common.rbac_enforcer.enforcer [None req-e6a66c17-33c4-45d6-a500-bd86fa953695 None admin] RBAC: Authorization granted {{(pid=44531) enforce_call /opt/stack/keystone/keystone/common/rbac_enforcer/enforcer.py:457}}
Aug 26 08:26:46 user devstack@keystone.service[44531]: [pid: 44531|app: 0|req: 29/74] 10.0.0.210 () {56 vars in 1172 bytes} [Sat Aug 26 08:26:46 2023] GET /identity/v3/users/6500bac266594010a324554b5552b878 => generated 246 bytes in 120 msecs (HTTP/1.1 200) 5 headers in 177 bytes (1 switches on core 0)
Aug 26 08:26:46 user devstack@keystone.service[44531]: DEBUG keystone.server.flask.request_processing.middleware.auth_context [None req-e6a66c17-33c4-45d6-a500-bd86fa953695 None admin] Authenticating user token {{(pid=44531) process_request /opt/stack/data/venv/lib/python3.10/site-packages/keystonemiddleware/auth_token/__init__.py:406}}
Aug 26 08:26:46 user devstack@keystone.service[44532]: DEBUG keystone.server.flask.request_processing.middleware.auth_context [None req-568d3708-9a1d-4907-9580-e542a4dddb30 None admin] RBAC: auth_context: {'token': , 'domain_id': None, 'trust_id': None, 'trustor_id': None, 'trustee_id': None, 'domain_name': None, 'group_ids': [], 'user_id': '6500bac266594010a324554b5552b878', 'user_domain_id': 'default', 'system_scope': 'all', 'project_id': None, 'project_domain_id': None, 'roles': ['admin', 'member', 'reader'], 'is_admin_project': True, 'service_user_id': None, 'service_user_domain_id': None, 'service_project_id': None, 'service_project_domain_id': None, 'service_roles': []} {{(pid=44532) fill_context /opt/stack/keystone/keystone/server/flask/request_processing/middleware/auth_context.py:480}}
Aug 26 08:26:46 user devstack@keystone.service[44532]: DEBUG keystone.server.flask.request_processing.req_logging [None req-568d3708-9a1d-4907-9580-e542a4dddb30 None admin] REQUEST_METHOD: `GET` {{(pid=44532) log_request_info /opt/stack/keystone/keystone/server/flask/request_processing/req_logging.py:27}}
Aug 26 08:26:46 user devstack@keystone.service[44532]: DEBUG keystone.server.flask.request_processing.req_logging [None req-568d3708-9a1d-4907-9580-e542a4dddb30 None admin] SCRIPT_NAME: `/identity` {{(pid=44532) log_request_info /opt/stack/keystone/keystone/server/flask/request_processing/req_logging.py:28}}
Aug 26 08:26:46 user devstack@keystone.service[44532]: DEBUG keystone.server.flask.request_processing.req_logging [None req-568d3708-9a1d-4907-9580-e542a4dddb30 None admin] PATH_INFO: `/v3/roles` {{(pid=44532) log_request_info /opt/stack/keystone/keystone/server/flask/request_processing/req_logging.py:29}}
Aug 26 08:26:46 user devstack@keystone.service[44532]: DEBUG keystone.common.rbac_enforcer.enforcer [None req-568d3708-9a1d-4907-9580-e542a4dddb30 None admin] RBAC: Adding query filter params (name=anotherrole) {{(pid=44532) _extract_filter_values /opt/stack/keystone/keystone/common/rbac_enforcer/enforcer.py:167}}
Aug 26 08:26:46 user devstack@keystone.service[44532]: DEBUG keystone.common.rbac_enforcer.enforcer [None req-568d3708-9a1d-4907-9580-e542a4dddb30 None admin] RBAC: Authorizing `identity:list_roles()` {{(pid=44532) enforce_call /opt/stack/keystone/keystone/common/rbac_enforcer/enforcer.py:449}}
Aug 26 08:26:46 user devstack@keystone.service[44532]: DEBUG keystone.common.rbac_enforcer.enforcer [None req-568d3708-9a1d-4907-9580-e542a4dddb30 None admin] RBAC: Authorization granted {{(pid=44532) enforce_call /opt/stack/keystone/keystone/common/rbac_enforcer/enforcer.py:457}}
Aug 26 08:26:46 user devstack@keystone.service[44532]: [pid: 44532|app: 0|req: 22/75] 10.0.0.210 () {56 vars in 1106 bytes} [Sat Aug 26 08:26:46 2023] GET /identity/v3/roles?name=anotherrole => generated 332 bytes in 125 msecs (HTTP/1.1 200) 5 headers in 177 bytes (1 switches on core 0)
Aug 26 08:26:46 user devstack@keystone.service[44532]: DEBUG keystone.server.flask.request_processing.middleware.auth_context [None req-568d3708-9a1d-4907-9580-e542a4dddb30 None admin] Authenticating user token {{(pid=44532) process_request /opt/stack/data/venv/lib/python3.10/site-packages/keystonemiddleware/auth_token/__init__.py:406}}
Aug 26 08:26:46 user devstack@keystone.service[44533]: DEBUG keystone.server.flask.request_processing.middleware.auth_context [None req-6a81850c-ae92-4bbe-a022-7a7b913b1447 None admin] Validating token access rules against request {{(pid=44533) validate_allowed_request /opt/stack/data/venv/lib/python3.10/site-packages/keystonemiddleware/auth_token/__init__.py:544}}
Aug 26 08:26:46 user devstack@keystone.service[44531]: DEBUG keystone.server.flask.request_processing.middleware.auth_context [None req-e6a66c17-33c4-45d6-a500-bd86fa953695 None admin] Validating token access rules against request {{(pid=44531) validate_allowed_request /opt/stack/data/venv/lib/python3.10/site-packages/keystonemiddleware/auth_token/__init__.py:544}}
Aug 26 08:26:46 user devstack@keystone.service[44533]: DEBUG keystone.server.flask.request_processing.middleware.auth_context [None req-5b5fd667-1eb7-4d46-a96e-2397c3d644f2 None admin] RBAC: auth_context: {'token': , 'domain_id': None, 'trust_id': None, 'trustor_id': None, 'trustee_id': None, 'domain_name': None, 'group_ids': [], 'user_id': '6500bac266594010a324554b5552b878', 'user_domain_id': 'default', 'system_scope': 'all', 'project_id': None, 'project_domain_id': None, 'roles': ['admin', 'member', 'reader'], 'is_admin_project': True, 'service_user_id': None, 'service_user_domain_id': None, 'service_project_id': None, 'service_project_domain_id': None, 'service_roles': []} {{(pid=44533) fill_context /opt/stack/keystone/keystone/server/flask/request_processing/middleware/auth_context.py:480}}
Aug 26 08:26:46 user devstack@keystone.service[44533]: DEBUG keystone.server.flask.request_processing.req_logging [None req-5b5fd667-1eb7-4d46-a96e-2397c3d644f2 None admin] REQUEST_METHOD: `GET` {{(pid=44533) log_request_info /opt/stack/keystone/keystone/server/flask/request_processing/req_logging.py:27}}
Aug 26 08:26:46 user devstack@keystone.service[44533]: DEBUG keystone.server.flask.request_processing.req_logging [None req-5b5fd667-1eb7-4d46-a96e-2397c3d644f2 None admin] SCRIPT_NAME: `/identity` {{(pid=44533) log_request_info /opt/stack/keystone/keystone/server/flask/request_processing/req_logging.py:28}}
Aug 26 08:26:46 user devstack@keystone.service[44533]: DEBUG keystone.server.flask.request_processing.req_logging [None req-5b5fd667-1eb7-4d46-a96e-2397c3d644f2 None admin] PATH_INFO: `/v3/roles/member` {{(pid=44533) log_request_info /opt/stack/keystone/keystone/server/flask/request_processing/req_logging.py:29}}
Aug 26 08:26:46 user devstack@keystone.service[44533]: DEBUG keystone.common.rbac_enforcer.enforcer [None req-5b5fd667-1eb7-4d46-a96e-2397c3d644f2 None admin] Extracting inferred target data resulted in "NOT FOUND (404)". {{(pid=44533) enforce_call /opt/stack/keystone/keystone/common/rbac_enforcer/enforcer.py:409}}
Aug 26 08:26:46 user devstack@keystone.service[44533]: ERROR keystone.server.flask.application [None req-5b5fd667-1eb7-4d46-a96e-2397c3d644f2 None admin] Could not find role: member.: keystone.exception.RoleNotFound: Could not find role: member.
Aug 26 08:26:46 user devstack@keystone.service[44533]: ERROR keystone.server.flask.application
Traceback (most recent call last):
Aug 26 08:26:46 user devstack@keystone.service[44533]: ERROR keystone.server.flask.application
File "/opt/stack/data/venv/lib/python3.10/site-packages/flask/app.py", line 1823, in full_dispatch_request
Aug 26 08:26:46 user devstack@keystone.service[44533]: ERROR keystone.server.flask.application rv = self.dispatch_request()
Aug 26 08:26:46 user devstack@keystone.service[44533]: ERROR keystone.server.flask.application
File "/opt/stack/data/venv/lib/python3.10/site-packages/flask/app.py", line 1799, in dispatch_request
Aug 26 08:26:46 user devstack@keystone.service[44533]: ERROR keystone.server.flask.application return self.ensure_sync(self.view_functions[rule.endpoint])(**view_args)
Aug 26 08:26:46 user devstack@keystone.service[44533]: ERROR keystone.server.flask.application
File "/opt/stack/data/venv/lib/python3.10/site-packages/flask_restful/__init__.py", line 467, in wrapper
Aug 26 08:26:46 user devstack@keystone.service[44533]: ERROR keystone.server.flask.application resp = resource(*args, **kwargs)
Aug 26 08:26:46 user devstack@keystone.service[44533]: ERROR keystone.server.flask.application
File "/opt/stack/data/venv/lib/python3.10/site-packages/flask/views.py", line 107, in view
Aug 26 08:26:46 user devstack@keystone.service[44533]: ERROR keystone.server.flask.application return current_app.ensure_sync(self.dispatch_request)(**kwargs)
Aug 26 08:26:46 user devstack@keystone.service[44533]: ERROR keystone.server.flask.application
File "/opt/stack/data/venv/lib/python3.10/site-packages/flask_restful/__init__.py", line 582, in dispatch_request
Aug 26 08:26:46 user devstack@keystone.service[44533]: ERROR keystone.server.flask.application resp = meth(*args, **kwargs)
Aug 26 08:26:46 user devstack@keystone.service[44533]: ERROR keystone.server.flask.application
File "/opt/stack/keystone/keystone/api/roles.py", line 50, in get
Aug 26 08:26:46 user devstack@keystone.service[44533]: ERROR keystone.server.flask.application return self._get_role(role_id)
Aug 26 08:26:46 user devstack@keystone.service[44533]: ERROR keystone.server.flask.application
File "/opt/stack/keystone/keystone/api/roles.py", line 70, in _get_role
Aug 26 08:26:46 user devstack@keystone.service[44533]: ERROR keystone.server.flask.application ENFORCER.enforce_call(action='identity:get_role')
Aug 26 08:26:46 user devstack@keystone.service[44533]: ERROR keystone.server.flask.application
File "/opt/stack/keystone/keystone/common/rbac_enforcer/enforcer.py", line 402, in enforce_call
Aug 26 08:26:46 user devstack@keystone.service[44533]: ERROR keystone.server.flask.application policy_dict.update(cls._extract_member_target_data(
Aug 26 08:26:46 user devstack@keystone.service[44533]: ERROR keystone.server.flask.application
File "/opt/stack/keystone/keystone/common/rbac_enforcer/enforcer.py", line 234, in _extract_member_target_data
Aug 26 08:26:46 user devstack@keystone.service[44533]: ERROR keystone.server.flask.application member_name: func(flask.request.view_args[key])
Aug 26 08:26:46 user devstack@keystone.service[44533]: ERROR keystone.server.flask.application
File "/opt/stack/keystone/keystone/common/manager.py", line 115, in wrapped
Aug 26 08:26:46 user devstack@keystone.service[44533]: ERROR keystone.server.flask.application __ret_val = __f(*args, **kwargs)
Aug 26 08:26:46 user devstack@keystone.service[44533]: ERROR keystone.server.flask.application
File "/opt/stack/data/venv/lib/python3.10/site-packages/decorator.py", line 232, in fun
Aug 26 08:26:46 user devstack@keystone.service[44533]: ERROR keystone.server.flask.application return caller(func, *(extras + args), **kw)
Aug 26 08:26:46 user devstack@keystone.service[44533]: ERROR keystone.server.flask.application
File "/opt/stack/data/venv/lib/python3.10/site-packages/dogpile/cache/region.py", line 1577, in get_or_create_for_user_func
Aug 26 08:26:46 user devstack@keystone.service[44533]: ERROR keystone.server.flask.application return self.get_or_create(
Aug 26 08:26:46 user devstack@keystone.service[44533]: ERROR keystone.server.flask.application
File "/opt/stack/data/venv/lib/python3.10/site-packages/dogpile/cache/region.py", line 1042, in get_or_create
Aug 26 08:26:46 user devstack@keystone.service[44533]: ERROR keystone.server.flask.application with Lock(
Aug 26 08:26:46 user devstack@keystone.service[44533]: ERROR keystone.server.flask.application
File "/opt/stack/data/venv/lib/python3.10/site-packages/dogpile/lock.py", line 185, in __enter__
Aug 26 08:26:46 user devstack@keystone.service[44533]: ERROR keystone.server.flask.application return self._enter()
Aug 26 08:26:46 user devstack@keystone.service[44533]: ERROR keystone.server.flask.application
File "/opt/stack/data/venv/lib/python3.10/site-packages/dogpile/lock.py", line 94, in _enter
Aug 26 08:26:46 user devstack@keystone.service[44533]: ERROR keystone.server.flask.application generated = self._enter_create(value, createdtime)
Aug 26 08:26:46 user devstack@keystone.service[44533]: ERROR keystone.server.flask.application
File "/opt/stack/data/venv/lib/python3.10/site-packages/dogpile/lock.py", line 178, in _enter_create
Aug 26 08:26:46 user devstack@keystone.service[44533]: ERROR keystone.server.flask.application return self.creator()
Aug 26 08:26:46 user devstack@keystone.service[44533]: ERROR keystone.server.flask.application
File "/opt/stack/data/venv/lib/python3.10/site-packages/dogpile/cache/region.py", line 995, in gen_value
Aug 26 08:26:46 user devstack@keystone.service[44533]: ERROR keystone.server.flask.application created_value = creator(
Aug 26 08:26:46 user devstack@keystone.service[44533]: ERROR keystone.server.flask.application
File "/opt/stack/keystone/keystone/assignment/core.py", line 1276, in get_role
Aug 26 08:26:46 user devstack@keystone.service[44533]: ERROR keystone.server.flask.application return self.driver.get_role(role_id)
Aug 26 08:26:46 user devstack@keystone.service[44533]: ERROR keystone.server.flask.application
File "/opt/stack/keystone/keystone/assignment/role_backends/sql.py", line 70, in get_role
Aug 26 08:26:46 user devstack@keystone.service[44533]: ERROR keystone.server.flask.application return self._get_role(session, role_id).to_dict()
Aug 26 08:26:46 user devstack@keystone.service[44533]: ERROR keystone.server.flask.application
File "/opt/stack/keystone/keystone/assignment/role_backends/sql.py", line 65, in _get_role
Aug 26 08:26:46 user devstack@keystone.service[44533]: ERROR keystone.server.flask.application raise exception.RoleNotFound(role_id=role_id)
Aug 26 08:26:46 user devstack@keystone.service[44533]: ERROR keystone.server.flask.application keystone.exception.RoleNotFound: Could not find role: member.
Aug 26 08:26:46 user devstack@keystone.service[44533]: ERROR keystone.server.flask.application
Aug 26 08:26:46 user devstack@keystone.service[44533]: [pid: 44533|app: 0|req: 25/76] 10.0.0.210 () {56 vars in 1094 bytes} [Sat Aug 26 08:26:46 2023] GET /identity/v3/roles/member => generated 84 bytes in 129 msecs (HTTP/1.1 404) 5 headers in 183 bytes (1 switches on core 0)
Aug 26 08:26:46 user devstack@keystone.service[44533]: DEBUG keystone.server.flask.request_processing.middleware.auth_context [None req-5b5fd667-1eb7-4d46-a96e-2397c3d644f2 None admin] Authenticating user token {{(pid=44533) process_request /opt/stack/data/venv/lib/python3.10/site-packages/keystonemiddleware/auth_token/__init__.py:406}}
Aug 26 08:26:46 user devstack@keystone.service[44531]: DEBUG keystone.server.flask.request_processing.middleware.auth_context [None req-f4c8a171-460f-4118-91ff-27b2c46f8fe8 None admin] RBAC: auth_context: {'token': , 'domain_id': None, 'trust_id': None, 'trustor_id': None, 'trustee_id': None, 'domain_name': None, 'group_ids': [], 'user_id': '6500bac266594010a324554b5552b878', 'user_domain_id': 'default', 'system_scope': 'all', 'project_id': None, 'project_domain_id': None, 'roles': ['admin', 'member', 'reader'], 'is_admin_project': True, 'service_user_id': None, 'service_user_domain_id': None, 'service_project_id': None, 'service_project_domain_id': None, 'service_roles': []} {{(pid=44531) fill_context /opt/stack/keystone/keystone/server/flask/request_processing/middleware/auth_context.py:480}}
Aug 26 08:26:46 user devstack@keystone.service[44531]: DEBUG keystone.server.flask.request_processing.req_logging [None req-f4c8a171-460f-4118-91ff-27b2c46f8fe8 None admin] REQUEST_METHOD: `PUT` {{(pid=44531) log_request_info /opt/stack/keystone/keystone/server/flask/request_processing/req_logging.py:27}}
Aug 26 08:26:46 user devstack@keystone.service[44531]: DEBUG keystone.server.flask.request_processing.req_logging [None req-f4c8a171-460f-4118-91ff-27b2c46f8fe8 None admin] SCRIPT_NAME: `/identity` {{(pid=44531) log_request_info /opt/stack/keystone/keystone/server/flask/request_processing/req_logging.py:28}}
Aug 26 08:26:46 user devstack@keystone.service[44531]: DEBUG keystone.server.flask.request_processing.req_logging [None req-f4c8a171-460f-4118-91ff-27b2c46f8fe8 None admin] PATH_INFO: `/v3/projects/64c051e89c60461782c4ccb469eb3f1b/users/cb75641919ca4881a36d77407fda5362/roles/fdb9e4cdb885439ab64d531045c3b853` {{(pid=44531) log_request_info /opt/stack/keystone/keystone/server/flask/request_processing/req_logging.py:29}}
Aug 26 08:26:46 user devstack@keystone.service[44531]: DEBUG keystone.common.rbac_enforcer.enforcer [None req-f4c8a171-460f-4118-91ff-27b2c46f8fe8 None admin] RBAC: Authorizing `identity:create_grant(project_id=64c051e89c60461782c4ccb469eb3f1b, user_id=cb75641919ca4881a36d77407fda5362, role_id=fdb9e4cdb885439ab64d531045c3b853)` {{(pid=44531) enforce_call /opt/stack/keystone/keystone/common/rbac_enforcer/enforcer.py:449}}
Aug 26 08:26:46 user devstack@keystone.service[44531]: DEBUG keystone.common.rbac_enforcer.enforcer [None req-f4c8a171-460f-4118-91ff-27b2c46f8fe8 None admin] RBAC: Authorization granted {{(pid=44531) enforce_call /opt/stack/keystone/keystone/common/rbac_enforcer/enforcer.py:457}}
Aug 26 08:26:46 user devstack@keystone.service[44532]: DEBUG keystone.server.flask.request_processing.middleware.auth_context [None req-568d3708-9a1d-4907-9580-e542a4dddb30 None admin] Validating token access rules against request {{(pid=44532) validate_allowed_request /opt/stack/data/venv/lib/python3.10/site-packages/keystonemiddleware/auth_token/__init__.py:544}}
Aug 26 08:26:46 user devstack@keystone.service[44531]: [pid: 44531|app: 0|req: 30/77] 10.0.0.210 () {58 vars in 1434 bytes} [Sat Aug 26 08:26:46 2023] PUT /identity/v3/projects/64c051e89c60461782c4ccb469eb3f1b/users/cb75641919ca4881a36d77407fda5362/roles/fdb9e4cdb885439ab64d531045c3b853 => generated 0 bytes in 129 msecs (HTTP/1.1 204) 3 headers in 132 bytes (0 switches on core 0)
Aug 26 08:26:46 user devstack@keystone.service[44531]: DEBUG keystone.server.flask.request_processing.middleware.auth_context [None req-f4c8a171-460f-4118-91ff-27b2c46f8fe8 None admin] Authenticating user token {{(pid=44531) process_request /opt/stack/data/venv/lib/python3.10/site-packages/keystonemiddleware/auth_token/__init__.py:406}}
Aug 26 08:26:46 user devstack@keystone.service[44532]: DEBUG keystone.server.flask.request_processing.middleware.auth_context [None req-bd5a0096-64ee-4f9f-a27d-dc08d9894fe9 None admin] RBAC: auth_context: {'token': , 'domain_id': None, 'trust_id': None, 'trustor_id': None, 'trustee_id': None, 'domain_name': None, 'group_ids': [], 'user_id': '6500bac266594010a324554b5552b878', 'user_domain_id': 'default', 'system_scope': 'all', 'project_id': None, 'project_domain_id': None, 'roles': ['admin', 'member', 'reader'], 'is_admin_project': True, 'service_user_id': None, 'service_user_domain_id': None, 'service_project_id': None, 'service_project_domain_id': None, 'service_roles': []} {{(pid=44532) fill_context /opt/stack/keystone/keystone/server/flask/request_processing/middleware/auth_context.py:480}}
Aug 26 08:26:46 user devstack@keystone.service[44532]: DEBUG keystone.server.flask.request_processing.req_logging [None req-bd5a0096-64ee-4f9f-a27d-dc08d9894fe9 None admin] REQUEST_METHOD: `GET` {{(pid=44532) log_request_info /opt/stack/keystone/keystone/server/flask/request_processing/req_logging.py:27}}
Aug 26 08:26:46 user devstack@keystone.service[44532]: DEBUG keystone.server.flask.request_processing.req_logging [None req-bd5a0096-64ee-4f9f-a27d-dc08d9894fe9 None admin] SCRIPT_NAME: `/identity` {{(pid=44532) log_request_info /opt/stack/keystone/keystone/server/flask/request_processing/req_logging.py:28}}
Aug 26 08:26:46 user devstack@keystone.service[44532]: DEBUG keystone.server.flask.request_processing.req_logging [None req-bd5a0096-64ee-4f9f-a27d-dc08d9894fe9 None admin] PATH_INFO: `/v3/projects/64c051e89c60461782c4ccb469eb3f1b` {{(pid=44532) log_request_info /opt/stack/keystone/keystone/server/flask/request_processing/req_logging.py:29}}
Aug 26 08:26:46 user devstack@keystone.service[44532]: DEBUG keystone.common.rbac_enforcer.enforcer [None req-bd5a0096-64ee-4f9f-a27d-dc08d9894fe9 None admin] RBAC: Authorizing `identity:get_project(project_id=64c051e89c60461782c4ccb469eb3f1b)` {{(pid=44532) enforce_call /opt/stack/keystone/keystone/common/rbac_enforcer/enforcer.py:449}}
Aug 26 08:26:46 user devstack@keystone.service[44532]: DEBUG keystone.common.rbac_enforcer.enforcer [None req-bd5a0096-64ee-4f9f-a27d-dc08d9894fe9 None admin] RBAC: Authorization granted {{(pid=44532) enforce_call /opt/stack/keystone/keystone/common/rbac_enforcer/enforcer.py:457}}
Aug 26 08:26:46 user devstack@keystone.service[44532]: [pid: 44532|app: 0|req: 23/78] 10.0.0.210 () {56 vars in 1181 bytes} [Sat Aug 26 08:26:46 2023] GET /identity/v3/projects/64c051e89c60461782c4ccb469eb3f1b => generated 297 bytes in 123 msecs (HTTP/1.1 200) 5 headers in 177 bytes (1 switches on core 0)
Aug 26 08:26:46 user devstack@keystone.service[44532]: DEBUG keystone.server.flask.request_processing.middleware.auth_context [None req-bd5a0096-64ee-4f9f-a27d-dc08d9894fe9 None admin] Authenticating user token {{(pid=44532) process_request /opt/stack/data/venv/lib/python3.10/site-packages/keystonemiddleware/auth_token/__init__.py:406}}
Aug 26 08:26:46 user devstack@keystone.service[44533]: DEBUG keystone.server.flask.request_processing.middleware.auth_context [None req-5b5fd667-1eb7-4d46-a96e-2397c3d644f2 None admin] Validating token access rules against request {{(pid=44533) validate_allowed_request /opt/stack/data/venv/lib/python3.10/site-packages/keystonemiddleware/auth_token/__init__.py:544}}
Aug 26 08:26:46 user devstack@keystone.service[44531]: DEBUG keystone.server.flask.request_processing.middleware.auth_context [None req-f4c8a171-460f-4118-91ff-27b2c46f8fe8 None admin] Validating token access rules against request {{(pid=44531) validate_allowed_request /opt/stack/data/venv/lib/python3.10/site-packages/keystonemiddleware/auth_token/__init__.py:544}}
Aug 26 08:26:46 user devstack@keystone.service[44533]: DEBUG keystone.server.flask.request_processing.middleware.auth_context [None req-bdf0282b-a3f7-4071-8fea-b248ab93f11f None admin] RBAC: auth_context: {'token': , 'domain_id': None, 'trust_id': None, 'trustor_id': None, 'trustee_id': None, 'domain_name': None, 'group_ids': [], 'user_id': '6500bac266594010a324554b5552b878', 'user_domain_id': 'default', 'system_scope': 'all', 'project_id': None, 'project_domain_id': None, 'roles': ['admin', 'member', 'reader'], 'is_admin_project': True, 'service_user_id': None, 'service_user_domain_id': None, 'service_project_id': None, 'service_project_domain_id': None, 'service_roles': []} {{(pid=44533) fill_context /opt/stack/keystone/keystone/server/flask/request_processing/middleware/auth_context.py:480}}
Aug 26 08:26:46 user devstack@keystone.service[44533]: DEBUG keystone.server.flask.request_processing.req_logging [None req-bdf0282b-a3f7-4071-8fea-b248ab93f11f None admin] REQUEST_METHOD: `GET` {{(pid=44533) log_request_info /opt/stack/keystone/keystone/server/flask/request_processing/req_logging.py:27}}
Aug 26 08:26:46 user devstack@keystone.service[44533]: DEBUG keystone.server.flask.request_processing.req_logging [None req-bdf0282b-a3f7-4071-8fea-b248ab93f11f None admin] SCRIPT_NAME: `/identity` {{(pid=44533) log_request_info /opt/stack/keystone/keystone/server/flask/request_processing/req_logging.py:28}}
Aug 26 08:26:46 user devstack@keystone.service[44533]: DEBUG keystone.server.flask.request_processing.req_logging [None req-bdf0282b-a3f7-4071-8fea-b248ab93f11f None admin] PATH_INFO: `/v3/users/cb75641919ca4881a36d77407fda5362` {{(pid=44533) log_request_info /opt/stack/keystone/keystone/server/flask/request_processing/req_logging.py:29}}
Aug 26 08:26:46 user devstack@keystone.service[44533]: DEBUG keystone.common.rbac_enforcer.enforcer [None req-bdf0282b-a3f7-4071-8fea-b248ab93f11f None admin] RBAC: Authorizing `identity:get_user(user_id=cb75641919ca4881a36d77407fda5362)` {{(pid=44533) enforce_call /opt/stack/keystone/keystone/common/rbac_enforcer/enforcer.py:449}}
Aug 26 08:26:46 user devstack@keystone.service[44533]: DEBUG keystone.common.rbac_enforcer.enforcer [None req-bdf0282b-a3f7-4071-8fea-b248ab93f11f None admin] RBAC: Authorization granted {{(pid=44533) enforce_call /opt/stack/keystone/keystone/common/rbac_enforcer/enforcer.py:457}}
Aug 26 08:26:46 user devstack@keystone.service[44533]: [pid: 44533|app: 0|req: 26/79] 10.0.0.210 () {56 vars in 1172 bytes} [Sat Aug 26 08:26:46 2023] GET /identity/v3/users/cb75641919ca4881a36d77407fda5362 => generated 274 bytes in 126 msecs (HTTP/1.1 200) 5 headers in 177 bytes (1 switches on core 0)
Aug 26 08:26:46 user devstack@keystone.service[44533]: DEBUG keystone.server.flask.request_processing.middleware.auth_context [None req-bdf0282b-a3f7-4071-8fea-b248ab93f11f None admin] Authenticating user token {{(pid=44533) process_request /opt/stack/data/venv/lib/python3.10/site-packages/keystonemiddleware/auth_token/__init__.py:406}}
Aug 26 08:26:46 user devstack@keystone.service[44532]: DEBUG keystone.server.flask.request_processing.middleware.auth_context [None req-bd5a0096-64ee-4f9f-a27d-dc08d9894fe9 None admin] Validating token access rules against request {{(pid=44532) validate_allowed_request /opt/stack/data/venv/lib/python3.10/site-packages/keystonemiddleware/auth_token/__init__.py:544}}
Aug 26 08:26:46 user devstack@keystone.service[44531]: DEBUG keystone.server.flask.request_processing.middleware.auth_context [None req-c877145d-745b-4c02-b408-75883dbd909a None admin] RBAC: auth_context: {'token': , 'domain_id': None, 'trust_id': None, 'trustor_id': None, 'trustee_id': None, 'domain_name': None, 'group_ids': [], 'user_id': '6500bac266594010a324554b5552b878', 'user_domain_id': 'default', 'system_scope': 'all', 'project_id': None, 'project_domain_id': None, 'roles': ['admin', 'member', 'reader'], 'is_admin_project': True, 'service_user_id': None, 'service_user_domain_id': None, 'service_project_id': None, 'service_project_domain_id': None, 'service_roles': []} {{(pid=44531) fill_context /opt/stack/keystone/keystone/server/flask/request_processing/middleware/auth_context.py:480}}
Aug 26 08:26:46 user devstack@keystone.service[44531]: DEBUG keystone.server.flask.request_processing.req_logging [None req-c877145d-745b-4c02-b408-75883dbd909a None admin] REQUEST_METHOD: `GET` {{(pid=44531) log_request_info /opt/stack/keystone/keystone/server/flask/request_processing/req_logging.py:27}}
Aug 26 08:26:46 user devstack@keystone.service[44531]: DEBUG keystone.server.flask.request_processing.req_logging [None req-c877145d-745b-4c02-b408-75883dbd909a None admin] SCRIPT_NAME: `/identity` {{(pid=44531) log_request_info /opt/stack/keystone/keystone/server/flask/request_processing/req_logging.py:28}}
Aug 26 08:26:46 user devstack@keystone.service[44531]: DEBUG keystone.server.flask.request_processing.req_logging [None req-c877145d-745b-4c02-b408-75883dbd909a None admin] PATH_INFO: `/v3/roles` {{(pid=44531) log_request_info /opt/stack/keystone/keystone/server/flask/request_processing/req_logging.py:29}}
Aug 26 08:26:46 user devstack@keystone.service[44531]: DEBUG keystone.common.rbac_enforcer.enforcer [None req-c877145d-745b-4c02-b408-75883dbd909a None admin] RBAC: Adding query filter params (name=member) {{(pid=44531) _extract_filter_values /opt/stack/keystone/keystone/common/rbac_enforcer/enforcer.py:167}}
Aug 26 08:26:46 user devstack@keystone.service[44531]: DEBUG keystone.common.rbac_enforcer.enforcer [None req-c877145d-745b-4c02-b408-75883dbd909a None admin] RBAC: Authorizing `identity:list_roles()` {{(pid=44531) enforce_call /opt/stack/keystone/keystone/common/rbac_enforcer/enforcer.py:449}}
Aug 26 08:26:46 user devstack@keystone.service[44531]: DEBUG keystone.common.rbac_enforcer.enforcer [None req-c877145d-745b-4c02-b408-75883dbd909a None admin] RBAC: Authorization granted {{(pid=44531) enforce_call /opt/stack/keystone/keystone/common/rbac_enforcer/enforcer.py:457}}
Aug 26 08:26:46 user devstack@keystone.service[44533]: DEBUG keystone.server.flask.request_processing.middleware.auth_context [None req-bdf0282b-a3f7-4071-8fea-b248ab93f11f None admin] Validating token access rules against request {{(pid=44533) validate_allowed_request /opt/stack/data/venv/lib/python3.10/site-packages/keystonemiddleware/auth_token/__init__.py:544}}
Aug 26 08:26:46 user devstack@keystone.service[44532]: DEBUG keystone.server.flask.request_processing.middleware.auth_context [None req-2878653f-b82a-49b4-8f11-e8bb72f9c2d8 None admin] RBAC: auth_context: {'token': , 'domain_id': None, 'trust_id': None, 'trustor_id': None, 'trustee_id': None, 'domain_name': None, 'group_ids': [], 'user_id': '6500bac266594010a324554b5552b878', 'user_domain_id': 'default', 'system_scope': 'all', 'project_id': None, 'project_domain_id': None, 'roles': ['admin', 'member', 'reader'], 'is_admin_project': True, 'service_user_id': None, 'service_user_domain_id': None, 'service_project_id': None, 'service_project_domain_id': None, 'service_roles': []} {{(pid=44532) fill_context /opt/stack/keystone/keystone/server/flask/request_processing/middleware/auth_context.py:480}}
Aug 26 08:26:46 user devstack@keystone.service[44532]: DEBUG keystone.server.flask.request_processing.req_logging [None req-2878653f-b82a-49b4-8f11-e8bb72f9c2d8 None admin] REQUEST_METHOD: `GET` {{(pid=44532) log_request_info /opt/stack/keystone/keystone/server/flask/request_processing/req_logging.py:27}}
Aug 26 08:26:46 user devstack@keystone.service[44532]: DEBUG keystone.server.flask.request_processing.req_logging [None req-2878653f-b82a-49b4-8f11-e8bb72f9c2d8 None admin] SCRIPT_NAME: `/identity` {{(pid=44532) log_request_info /opt/stack/keystone/keystone/server/flask/request_processing/req_logging.py:28}}
Aug 26 08:26:46 user devstack@keystone.service[44532]: DEBUG keystone.server.flask.request_processing.req_logging [None req-2878653f-b82a-49b4-8f11-e8bb72f9c2d8 None admin] PATH_INFO: `/v3/domains/default` {{(pid=44532) log_request_info /opt/stack/keystone/keystone/server/flask/request_processing/req_logging.py:29}}
Aug 26 08:26:46 user devstack@keystone.service[44532]: DEBUG keystone.common.rbac_enforcer.enforcer [None req-2878653f-b82a-49b4-8f11-e8bb72f9c2d8 None admin] RBAC: Authorizing `identity:get_domain(domain_id=default)` {{(pid=44532) enforce_call /opt/stack/keystone/keystone/common/rbac_enforcer/enforcer.py:449}}
Aug 26 08:26:46 user devstack@keystone.service[44531]: [pid: 44531|app: 0|req: 31/80] 10.0.0.210 () {56 vars in 1096 bytes} [Sat Aug 26 08:26:46 2023] GET /identity/v3/roles?name=member => generated 339 bytes in 200 msecs (HTTP/1.1 200) 5 headers in 177 bytes (1 switches on core 0)
Aug 26 08:26:46 user devstack@keystone.service[44532]: DEBUG keystone.common.rbac_enforcer.enforcer [None req-2878653f-b82a-49b4-8f11-e8bb72f9c2d8 None admin] RBAC: Authorization granted {{(pid=44532) enforce_call /opt/stack/keystone/keystone/common/rbac_enforcer/enforcer.py:457}}
Aug 26 08:26:46 user devstack@keystone.service[44531]: DEBUG keystone.server.flask.request_processing.middleware.auth_context [None req-c877145d-745b-4c02-b408-75883dbd909a None admin] Authenticating user token {{(pid=44531) process_request /opt/stack/data/venv/lib/python3.10/site-packages/keystonemiddleware/auth_token/__init__.py:406}}
Aug 26 08:26:46 user devstack@keystone.service[44532]: [pid: 44532|app: 0|req: 24/81] 10.0.0.210 () {56 vars in 1103 bytes} [Sat Aug 26 08:26:46 2023] GET /identity/v3/domains/default => generated 198 bytes in 168 msecs (HTTP/1.1 200) 5 headers in 177 bytes (1 switches on core 0)
Aug 26 08:26:46 user devstack@keystone.service[44532]: DEBUG keystone.server.flask.request_processing.middleware.auth_context [None req-2878653f-b82a-49b4-8f11-e8bb72f9c2d8 None admin] Authenticating user token {{(pid=44532) process_request /opt/stack/data/venv/lib/python3.10/site-packages/keystonemiddleware/auth_token/__init__.py:406}}
Aug 26 08:26:46 user devstack@keystone.service[44533]: DEBUG keystone.server.flask.request_processing.middleware.auth_context [None req-8a2dac99-3d6a-4cb1-a438-c2b87d9c82b4 None admin] RBAC: auth_context: {'token': , 'domain_id': None, 'trust_id': None, 'trustor_id': None, 'trustee_id': None, 'domain_name': None, 'group_ids': [], 'user_id': '6500bac266594010a324554b5552b878', 'user_domain_id': 'default', 'system_scope': 'all', 'project_id': None, 'project_domain_id': None, 'roles': ['admin', 'member', 'reader'], 'is_admin_project': True, 'service_user_id': None, 'service_user_domain_id': None, 'service_project_id': None, 'service_project_domain_id': None, 'service_roles': []} {{(pid=44533) fill_context /opt/stack/keystone/keystone/server/flask/request_processing/middleware/auth_context.py:480}}
Aug 26 08:26:46 user devstack@keystone.service[44533]: DEBUG keystone.server.flask.request_processing.req_logging [None req-8a2dac99-3d6a-4cb1-a438-c2b87d9c82b4 None admin] REQUEST_METHOD: `PUT` {{(pid=44533) log_request_info /opt/stack/keystone/keystone/server/flask/request_processing/req_logging.py:27}}
Aug 26 08:26:46 user devstack@keystone.service[44533]: DEBUG keystone.server.flask.request_processing.req_logging [None req-8a2dac99-3d6a-4cb1-a438-c2b87d9c82b4 None admin] SCRIPT_NAME: `/identity` {{(pid=44533) log_request_info /opt/stack/keystone/keystone/server/flask/request_processing/req_logging.py:28}}
Aug 26 08:26:46 user devstack@keystone.service[44533]: DEBUG keystone.server.flask.request_processing.req_logging [None req-8a2dac99-3d6a-4cb1-a438-c2b87d9c82b4 None admin] PATH_INFO: `/v3/projects/64c051e89c60461782c4ccb469eb3f1b/users/6500bac266594010a324554b5552b878/roles/d01136f4b06d49229ab1c0cc0880f0b4` {{(pid=44533) log_request_info /opt/stack/keystone/keystone/server/flask/request_processing/req_logging.py:29}}
Aug 26 08:26:46 user devstack@keystone.service[44533]: DEBUG keystone.common.rbac_enforcer.enforcer [None req-8a2dac99-3d6a-4cb1-a438-c2b87d9c82b4 None admin] RBAC: Authorizing `identity:create_grant(project_id=64c051e89c60461782c4ccb469eb3f1b, user_id=6500bac266594010a324554b5552b878, role_id=d01136f4b06d49229ab1c0cc0880f0b4)` {{(pid=44533) enforce_call /opt/stack/keystone/keystone/common/rbac_enforcer/enforcer.py:449}}
Aug 26 08:26:46 user devstack@keystone.service[44533]: DEBUG keystone.common.rbac_enforcer.enforcer [None req-8a2dac99-3d6a-4cb1-a438-c2b87d9c82b4 None admin] RBAC: Authorization granted {{(pid=44533) enforce_call /opt/stack/keystone/keystone/common/rbac_enforcer/enforcer.py:457}}
Aug 26 08:26:46 user devstack@keystone.service[44533]: [pid: 44533|app: 0|req: 27/82] 10.0.0.210 () {58 vars in 1434 bytes} [Sat Aug 26 08:26:46 2023] PUT /identity/v3/projects/64c051e89c60461782c4ccb469eb3f1b/users/6500bac266594010a324554b5552b878/roles/d01136f4b06d49229ab1c0cc0880f0b4 => generated 0 bytes in 140 msecs (HTTP/1.1 204) 3 headers in 132 bytes (0 switches on core 0)
Aug 26 08:26:46 user devstack@keystone.service[44533]: DEBUG keystone.server.flask.request_processing.middleware.auth_context [None req-8a2dac99-3d6a-4cb1-a438-c2b87d9c82b4 None admin] Authenticating user token {{(pid=44533) process_request /opt/stack/data/venv/lib/python3.10/site-packages/keystonemiddleware/auth_token/__init__.py:406}}
Aug 26 08:26:46 user devstack@keystone.service[44532]: DEBUG keystone.server.flask.request_processing.middleware.auth_context [None req-2878653f-b82a-49b4-8f11-e8bb72f9c2d8 None admin] Validating token access rules against request {{(pid=44532) validate_allowed_request /opt/stack/data/venv/lib/python3.10/site-packages/keystonemiddleware/auth_token/__init__.py:544}}
Aug 26 08:26:46 user devstack@keystone.service[44531]: DEBUG keystone.server.flask.request_processing.middleware.auth_context [None req-c877145d-745b-4c02-b408-75883dbd909a None admin] Validating token access rules against request {{(pid=44531) validate_allowed_request /opt/stack/data/venv/lib/python3.10/site-packages/keystonemiddleware/auth_token/__init__.py:544}}
Aug 26 08:26:46 user devstack@keystone.service[44531]: DEBUG keystone.server.flask.request_processing.middleware.auth_context [None req-dc541fba-93b9-43f5-a0d4-5ae6806b8fc4 None admin] RBAC: auth_context: {'token': , 'domain_id': None, 'trust_id': None, 'trustor_id': None, 'trustee_id': None, 'domain_name': None, 'group_ids': [], 'user_id': '6500bac266594010a324554b5552b878', 'user_domain_id': 'default', 'system_scope': 'all', 'project_id': None, 'project_domain_id': None, 'roles': ['admin', 'member', 'reader'], 'is_admin_project': True, 'service_user_id': None, 'service_user_domain_id': None, 'service_project_id': None, 'service_project_domain_id': None, 'service_roles': []} {{(pid=44531) fill_context /opt/stack/keystone/keystone/server/flask/request_processing/middleware/auth_context.py:480}}
Aug 26 08:26:46 user devstack@keystone.service[44531]: DEBUG keystone.server.flask.request_processing.req_logging [None req-dc541fba-93b9-43f5-a0d4-5ae6806b8fc4 None admin] REQUEST_METHOD: `GET` {{(pid=44531) log_request_info /opt/stack/keystone/keystone/server/flask/request_processing/req_logging.py:27}}
Aug 26 08:26:46 user devstack@keystone.service[44531]: DEBUG keystone.server.flask.request_processing.req_logging [None req-dc541fba-93b9-43f5-a0d4-5ae6806b8fc4 None admin] SCRIPT_NAME: `/identity` {{(pid=44531) log_request_info /opt/stack/keystone/keystone/server/flask/request_processing/req_logging.py:28}}
Aug 26 08:26:46 user devstack@keystone.service[44531]: DEBUG keystone.server.flask.request_processing.req_logging [None req-dc541fba-93b9-43f5-a0d4-5ae6806b8fc4 None admin] PATH_INFO: `/v3/projects/64c051e89c60461782c4ccb469eb3f1b` {{(pid=44531) log_request_info /opt/stack/keystone/keystone/server/flask/request_processing/req_logging.py:29}}
Aug 26 08:26:46 user devstack@keystone.service[44532]: DEBUG keystone.server.flask.request_processing.middleware.auth_context [None req-1fdbe705-af02-489e-bbc6-8cb2071cae7e None admin] RBAC: auth_context: {'token': , 'domain_id': None, 'trust_id': None, 'trustor_id': None, 'trustee_id': None, 'domain_name': None, 'group_ids': [], 'user_id': '6500bac266594010a324554b5552b878', 'user_domain_id': 'default', 'system_scope': 'all', 'project_id': None, 'project_domain_id': None, 'roles': ['admin', 'member', 'reader'], 'is_admin_project': True, 'service_user_id': None, 'service_user_domain_id': None, 'service_project_id': None, 'service_project_domain_id': None, 'service_roles': []} {{(pid=44532) fill_context /opt/stack/keystone/keystone/server/flask/request_processing/middleware/auth_context.py:480}}
Aug 26 08:26:46 user devstack@keystone.service[44532]: DEBUG keystone.server.flask.request_processing.req_logging [None req-1fdbe705-af02-489e-bbc6-8cb2071cae7e None admin] REQUEST_METHOD: `GET` {{(pid=44532) log_request_info /opt/stack/keystone/keystone/server/flask/request_processing/req_logging.py:27}}
Aug 26 08:26:46 user devstack@keystone.service[44532]: DEBUG keystone.server.flask.request_processing.req_logging [None req-1fdbe705-af02-489e-bbc6-8cb2071cae7e None admin] SCRIPT_NAME: `/identity` {{(pid=44532) log_request_info /opt/stack/keystone/keystone/server/flask/request_processing/req_logging.py:28}}
Aug 26 08:26:46 user devstack@keystone.service[44532]: DEBUG keystone.server.flask.request_processing.req_logging [None req-1fdbe705-af02-489e-bbc6-8cb2071cae7e None admin] PATH_INFO: `/v3/users/cb75641919ca4881a36d77407fda5362` {{(pid=44532) log_request_info /opt/stack/keystone/keystone/server/flask/request_processing/req_logging.py:29}}
Aug 26 08:26:46 user devstack@keystone.service[44531]: DEBUG keystone.common.rbac_enforcer.enforcer [None req-dc541fba-93b9-43f5-a0d4-5ae6806b8fc4 None admin] RBAC: Authorizing `identity:get_project(project_id=64c051e89c60461782c4ccb469eb3f1b)` {{(pid=44531) enforce_call /opt/stack/keystone/keystone/common/rbac_enforcer/enforcer.py:449}}
Aug 26 08:26:46 user devstack@keystone.service[44532]: DEBUG keystone.common.rbac_enforcer.enforcer [None req-1fdbe705-af02-489e-bbc6-8cb2071cae7e None admin] RBAC: Authorizing `identity:get_user(user_id=cb75641919ca4881a36d77407fda5362)` {{(pid=44532) enforce_call /opt/stack/keystone/keystone/common/rbac_enforcer/enforcer.py:449}}
Aug 26 08:26:46 user devstack@keystone.service[44531]: DEBUG keystone.common.rbac_enforcer.enforcer [None req-dc541fba-93b9-43f5-a0d4-5ae6806b8fc4 None admin] RBAC: Authorization granted {{(pid=44531) enforce_call /opt/stack/keystone/keystone/common/rbac_enforcer/enforcer.py:457}}
Aug 26 08:26:46 user devstack@keystone.service[44532]: DEBUG keystone.common.rbac_enforcer.enforcer [None req-1fdbe705-af02-489e-bbc6-8cb2071cae7e None admin] RBAC: Authorization granted {{(pid=44532) enforce_call /opt/stack/keystone/keystone/common/rbac_enforcer/enforcer.py:457}}
Aug 26 08:26:46 user devstack@keystone.service[44531]: [pid: 44531|app: 0|req: 32/83] 10.0.0.210 () {56 vars in 1181 bytes} [Sat Aug 26 08:26:46 2023] GET /identity/v3/projects/64c051e89c60461782c4ccb469eb3f1b => generated 297 bytes in 129 msecs (HTTP/1.1 200) 5 headers in 177 bytes (1 switches on core 0)
Aug 26 08:26:46 user devstack@keystone.service[44532]: [pid: 44532|app: 0|req: 25/84] 10.0.0.210 () {56 vars in 1172 bytes} [Sat Aug 26 08:26:46 2023] GET /identity/v3/users/cb75641919ca4881a36d77407fda5362 => generated 274 bytes in 125 msecs (HTTP/1.1 200) 5 headers in 177 bytes (2 switches on core 0)
Aug 26 08:26:46 user devstack@keystone.service[44533]: DEBUG keystone.server.flask.request_processing.middleware.auth_context [None req-8a2dac99-3d6a-4cb1-a438-c2b87d9c82b4 None admin] Validating token access rules against request {{(pid=44533) validate_allowed_request /opt/stack/data/venv/lib/python3.10/site-packages/keystonemiddleware/auth_token/__init__.py:544}}
Aug 26 08:26:46 user devstack@keystone.service[44531]: DEBUG keystone.server.flask.request_processing.middleware.auth_context [None req-dc541fba-93b9-43f5-a0d4-5ae6806b8fc4 None admin] Authenticating user token {{(pid=44531) process_request /opt/stack/data/venv/lib/python3.10/site-packages/keystonemiddleware/auth_token/__init__.py:406}}
Aug 26 08:26:46 user devstack@keystone.service[44532]: DEBUG keystone.server.flask.request_processing.middleware.auth_context [None req-1fdbe705-af02-489e-bbc6-8cb2071cae7e None admin] Authenticating user token {{(pid=44532) process_request /opt/stack/data/venv/lib/python3.10/site-packages/keystonemiddleware/auth_token/__init__.py:406}}
Aug 26 08:26:46 user devstack@keystone.service[44533]: DEBUG keystone.server.flask.request_processing.middleware.auth_context [None req-3db4ed2d-5b88-42bf-8459-7624d06554bd None admin] RBAC: auth_context: {'token': , 'domain_id': None, 'trust_id': None, 'trustor_id': None, 'trustee_id': None, 'domain_name': None, 'group_ids': [], 'user_id': '6500bac266594010a324554b5552b878', 'user_domain_id': 'default', 'system_scope': 'all', 'project_id': None, 'project_domain_id': None, 'roles': ['admin', 'member', 'reader'], 'is_admin_project': True, 'service_user_id': None, 'service_user_domain_id': None, 'service_project_id': None, 'service_project_domain_id': None, 'service_roles': []} {{(pid=44533) fill_context /opt/stack/keystone/keystone/server/flask/request_processing/middleware/auth_context.py:480}}
Aug 26 08:26:46 user devstack@keystone.service[44533]: DEBUG keystone.server.flask.request_processing.req_logging [None req-3db4ed2d-5b88-42bf-8459-7624d06554bd None admin] REQUEST_METHOD: `POST` {{(pid=44533) log_request_info /opt/stack/keystone/keystone/server/flask/request_processing/req_logging.py:27}}
Aug 26 08:26:46 user devstack@keystone.service[44533]: DEBUG keystone.server.flask.request_processing.req_logging [None req-3db4ed2d-5b88-42bf-8459-7624d06554bd None admin] SCRIPT_NAME: `/identity` {{(pid=44533) log_request_info /opt/stack/keystone/keystone/server/flask/request_processing/req_logging.py:28}}
Aug 26 08:26:46 user devstack@keystone.service[44533]: DEBUG keystone.server.flask.request_processing.req_logging [None req-3db4ed2d-5b88-42bf-8459-7624d06554bd None admin] PATH_INFO: `/v3/users` {{(pid=44533) log_request_info /opt/stack/keystone/keystone/server/flask/request_processing/req_logging.py:29}}
Aug 26 08:26:46 user devstack@keystone.service[44533]: DEBUG keystone.common.rbac_enforcer.enforcer [None req-3db4ed2d-5b88-42bf-8459-7624d06554bd None admin] RBAC: Authorizing `identity:create_user()` {{(pid=44533) enforce_call /opt/stack/keystone/keystone/common/rbac_enforcer/enforcer.py:449}}
Aug 26 08:26:46 user devstack@keystone.service[44533]: DEBUG keystone.common.rbac_enforcer.enforcer [None req-3db4ed2d-5b88-42bf-8459-7624d06554bd None admin] RBAC: Authorization granted {{(pid=44533) enforce_call /opt/stack/keystone/keystone/common/rbac_enforcer/enforcer.py:457}}
Aug 26 08:26:46 user devstack@keystone.service[44533]: WARNING keystone.common.password_hashing [None req-3db4ed2d-5b88-42bf-8459-7624d06554bd None admin] Truncating password to algorithm specific maximum length 72 characters.
Aug 26 08:26:46 user devstack@keystone.service[44533]: [pid: 44533|app: 0|req: 28/85] 10.0.0.210 () {60 vars in 1127 bytes} [Sat Aug 26 08:26:46 2023] POST /identity/v3/users => generated 288 bytes in 140 msecs (HTTP/1.1 201) 5 headers in 182 bytes (1 switches on core 0)
Aug 26 08:26:46 user devstack@keystone.service[44531]: DEBUG keystone.server.flask.request_processing.middleware.auth_context [None req-dc541fba-93b9-43f5-a0d4-5ae6806b8fc4 None admin] Validating token access rules against request {{(pid=44531) validate_allowed_request /opt/stack/data/venv/lib/python3.10/site-packages/keystonemiddleware/auth_token/__init__.py:544}}
Aug 26 08:26:46 user devstack@keystone.service[44532]: DEBUG keystone.server.flask.request_processing.middleware.auth_context [None req-1fdbe705-af02-489e-bbc6-8cb2071cae7e None admin] Validating token access rules against request {{(pid=44532) validate_allowed_request /opt/stack/data/venv/lib/python3.10/site-packages/keystonemiddleware/auth_token/__init__.py:544}}
Aug 26 08:26:46 user devstack@keystone.service[44531]: DEBUG keystone.server.flask.request_processing.middleware.auth_context [None req-d60fc04a-980c-4627-a3f1-cefaf48e4cb8 None admin] RBAC: auth_context: {'token': , 'domain_id': None, 'trust_id': None, 'trustor_id': None, 'trustee_id': None, 'domain_name': None, 'group_ids': [], 'user_id': '6500bac266594010a324554b5552b878', 'user_domain_id': 'default', 'system_scope': 'all', 'project_id': None, 'project_domain_id': None, 'roles': ['admin', 'member', 'reader'], 'is_admin_project': True, 'service_user_id': None, 'service_user_domain_id': None, 'service_project_id': None, 'service_project_domain_id': None, 'service_roles': []} {{(pid=44531) fill_context /opt/stack/keystone/keystone/server/flask/request_processing/middleware/auth_context.py:480}}
