Aug 15 05:19:46 user devstack@keystone.service[44157]: DEBUG keystone.server.flask.request_processing.middleware.auth_context [None req-529197dd-1e42-41f8-b7fc-81c70d97bc7d admin admin] RBAC: auth_context: {'token': , 'domain_id': None, 'trust_id': None, 'trustor_id': None, 'trustee_id': None, 'domain_name': None, 'group_ids': [], 'user_id': '44110e1ccccf4387938aef23ec76c60c', 'user_domain_id': 'default', 'system_scope': None, 'project_id': 'b6806eca80d44b87b1a19efa0667e7fc', 'project_domain_id': 'default', 'roles': ['reader', 'admin', 'member'], 'is_admin_project': True, 'service_user_id': None, 'service_user_domain_id': None, 'service_project_id': None, 'service_project_domain_id': None, 'service_roles': []} {{(pid=44157) fill_context /opt/stack/keystone/keystone/server/flask/request_processing/middleware/auth_context.py:480}}
Aug 15 05:19:46 user devstack@keystone.service[44156]: DEBUG keystone.server.flask.request_processing.middleware.auth_context [None req-df329dc9-44e8-44ff-b19b-bd6e3825b720 admin admin] Validating token access rules against request {{(pid=44156) validate_allowed_request /opt/stack/data/venv/lib/python3.10/site-packages/keystonemiddleware/auth_token/__init__.py:544}}
Aug 15 05:19:46 user devstack@keystone.service[44157]: DEBUG keystone.server.flask.request_processing.req_logging [None req-529197dd-1e42-41f8-b7fc-81c70d97bc7d admin admin] REQUEST_METHOD: `GET` {{(pid=44157) log_request_info /opt/stack/keystone/keystone/server/flask/request_processing/req_logging.py:27}}
Aug 15 05:19:46 user devstack@keystone.service[44157]: DEBUG keystone.server.flask.request_processing.req_logging [None req-529197dd-1e42-41f8-b7fc-81c70d97bc7d admin admin] SCRIPT_NAME: `/identity` {{(pid=44157) log_request_info /opt/stack/keystone/keystone/server/flask/request_processing/req_logging.py:28}}
Aug 15 05:19:46 user devstack@keystone.service[44157]: DEBUG keystone.server.flask.request_processing.req_logging [None req-529197dd-1e42-41f8-b7fc-81c70d97bc7d admin admin] PATH_INFO: `/v3/projects/2ca0eede2608441faedd27be7157138f` {{(pid=44157) log_request_info /opt/stack/keystone/keystone/server/flask/request_processing/req_logging.py:29}}
Aug 15 05:19:46 user devstack@keystone.service[44157]: DEBUG keystone.common.rbac_enforcer.enforcer [None req-529197dd-1e42-41f8-b7fc-81c70d97bc7d admin admin] RBAC: Authorizing `identity:get_project(project_id=2ca0eede2608441faedd27be7157138f)` {{(pid=44157) enforce_call /opt/stack/keystone/keystone/common/rbac_enforcer/enforcer.py:449}}
Aug 15 05:19:46 user devstack@keystone.service[44157]: DEBUG keystone.common.rbac_enforcer.enforcer [None req-529197dd-1e42-41f8-b7fc-81c70d97bc7d admin admin] RBAC: Authorization granted {{(pid=44157) enforce_call /opt/stack/keystone/keystone/common/rbac_enforcer/enforcer.py:457}}
Aug 15 05:19:46 user devstack@keystone.service[44156]: DEBUG keystone.server.flask.request_processing.middleware.auth_context [None req-48bf0e62-66a7-4313-aebf-5df3c596765b admin admin] RBAC: auth_context: {'token': , 'domain_id': None, 'trust_id': None, 'trustor_id': None, 'trustee_id': None, 'domain_name': None, 'group_ids': [], 'user_id': '44110e1ccccf4387938aef23ec76c60c', 'user_domain_id': 'default', 'system_scope': None, 'project_id': 'b6806eca80d44b87b1a19efa0667e7fc', 'project_domain_id': 'default', 'roles': ['reader', 'admin', 'member'], 'is_admin_project': True, 'service_user_id': None, 'service_user_domain_id': None, 'service_project_id': None, 'service_project_domain_id': None, 'service_roles': []} {{(pid=44156) fill_context /opt/stack/keystone/keystone/server/flask/request_processing/middleware/auth_context.py:480}}
Aug 15 05:19:46 user devstack@keystone.service[44157]: [pid: 44157|app: 0|req: 94/287] 10.0.0.210 () {56 vars in 1202 bytes} [Tue Aug 15 05:19:46 2023] GET /identity/v3/projects/2ca0eede2608441faedd27be7157138f => generated 301 bytes in 30 msecs (HTTP/1.1 200) 5 headers in 177 bytes (2 switches on core 0)
Aug 15 05:19:46 user devstack@keystone.service[44156]: DEBUG keystone.server.flask.request_processing.req_logging [None req-48bf0e62-66a7-4313-aebf-5df3c596765b admin admin] REQUEST_METHOD: `GET` {{(pid=44156) log_request_info /opt/stack/keystone/keystone/server/flask/request_processing/req_logging.py:27}}
Aug 15 05:19:46 user devstack@keystone.service[44156]: DEBUG keystone.server.flask.request_processing.req_logging [None req-48bf0e62-66a7-4313-aebf-5df3c596765b admin admin] SCRIPT_NAME: `/identity` {{(pid=44156) log_request_info /opt/stack/keystone/keystone/server/flask/request_processing/req_logging.py:28}}
Aug 15 05:19:46 user devstack@keystone.service[44156]: DEBUG keystone.server.flask.request_processing.req_logging [None req-48bf0e62-66a7-4313-aebf-5df3c596765b admin admin] PATH_INFO: `/v3/projects/2ca0eede2608441faedd27be7157138f` {{(pid=44156) log_request_info /opt/stack/keystone/keystone/server/flask/request_processing/req_logging.py:29}}
Aug 15 05:19:46 user devstack@keystone.service[44156]: DEBUG keystone.common.rbac_enforcer.enforcer [None req-48bf0e62-66a7-4313-aebf-5df3c596765b admin admin] RBAC: Authorizing `identity:get_project(project_id=2ca0eede2608441faedd27be7157138f)` {{(pid=44156) enforce_call /opt/stack/keystone/keystone/common/rbac_enforcer/enforcer.py:449}}
Aug 15 05:19:46 user devstack@keystone.service[44156]: DEBUG keystone.common.rbac_enforcer.enforcer [None req-48bf0e62-66a7-4313-aebf-5df3c596765b admin admin] RBAC: Authorization granted {{(pid=44156) enforce_call /opt/stack/keystone/keystone/common/rbac_enforcer/enforcer.py:457}}
Aug 15 05:19:46 user devstack@keystone.service[44157]: DEBUG keystone.server.flask.request_processing.middleware.auth_context [None req-529197dd-1e42-41f8-b7fc-81c70d97bc7d admin admin] Authenticating user token {{(pid=44157) process_request /opt/stack/data/venv/lib/python3.10/site-packages/keystonemiddleware/auth_token/__init__.py:406}}
Aug 15 05:19:46 user devstack@keystone.service[44156]: [pid: 44156|app: 0|req: 99/288] 10.0.0.210 () {56 vars in 1202 bytes} [Tue Aug 15 05:19:46 2023] GET /identity/v3/projects/2ca0eede2608441faedd27be7157138f => generated 301 bytes in 23 msecs (HTTP/1.1 200) 5 headers in 177 bytes (2 switches on core 0)
Aug 15 05:19:46 user devstack@keystone.service[44156]: DEBUG keystone.server.flask.request_processing.middleware.auth_context [None req-48bf0e62-66a7-4313-aebf-5df3c596765b admin admin] Authenticating user token {{(pid=44156) process_request /opt/stack/data/venv/lib/python3.10/site-packages/keystonemiddleware/auth_token/__init__.py:406}}
Aug 15 05:19:46 user devstack@keystone.service[44157]: DEBUG keystone.server.flask.request_processing.middleware.auth_context [None req-529197dd-1e42-41f8-b7fc-81c70d97bc7d admin admin] Validating token access rules against request {{(pid=44157) validate_allowed_request /opt/stack/data/venv/lib/python3.10/site-packages/keystonemiddleware/auth_token/__init__.py:544}}
Aug 15 05:19:46 user devstack@keystone.service[44157]: DEBUG keystone.server.flask.request_processing.middleware.auth_context [None req-61d8bcc9-40d6-4e0b-ae50-eb5dcb825d6c admin admin] RBAC: auth_context: {'token': , 'domain_id': None, 'trust_id': None, 'trustor_id': None, 'trustee_id': None, 'domain_name': None, 'group_ids': [], 'user_id': '44110e1ccccf4387938aef23ec76c60c', 'user_domain_id': 'default', 'system_scope': None, 'project_id': 'b6806eca80d44b87b1a19efa0667e7fc', 'project_domain_id': 'default', 'roles': ['reader', 'admin', 'member'], 'is_admin_project': True, 'service_user_id': None, 'service_user_domain_id': None, 'service_project_id': None, 'service_project_domain_id': None, 'service_roles': []} {{(pid=44157) fill_context /opt/stack/keystone/keystone/server/flask/request_processing/middleware/auth_context.py:480}}
Aug 15 05:19:46 user devstack@keystone.service[44157]: DEBUG keystone.server.flask.request_processing.req_logging [None req-61d8bcc9-40d6-4e0b-ae50-eb5dcb825d6c admin admin] REQUEST_METHOD: `PUT` {{(pid=44157) log_request_info /opt/stack/keystone/keystone/server/flask/request_processing/req_logging.py:27}}
Aug 15 05:19:46 user devstack@keystone.service[44157]: DEBUG keystone.server.flask.request_processing.req_logging [None req-61d8bcc9-40d6-4e0b-ae50-eb5dcb825d6c admin admin] SCRIPT_NAME: `/identity` {{(pid=44157) log_request_info /opt/stack/keystone/keystone/server/flask/request_processing/req_logging.py:28}}
Aug 15 05:19:46 user devstack@keystone.service[44157]: DEBUG keystone.server.flask.request_processing.req_logging [None req-61d8bcc9-40d6-4e0b-ae50-eb5dcb825d6c admin admin] PATH_INFO: `/v3/projects/2ca0eede2608441faedd27be7157138f/groups/7061528af17749a79d94b3885bee3b99/roles/2674947a1d8149af96719c52f65bcbc2` {{(pid=44157) log_request_info /opt/stack/keystone/keystone/server/flask/request_processing/req_logging.py:29}}
Aug 15 05:19:46 user devstack@keystone.service[44157]: DEBUG keystone.common.rbac_enforcer.enforcer [None req-61d8bcc9-40d6-4e0b-ae50-eb5dcb825d6c admin admin] RBAC: Authorizing `identity:create_grant(project_id=2ca0eede2608441faedd27be7157138f, group_id=7061528af17749a79d94b3885bee3b99, role_id=2674947a1d8149af96719c52f65bcbc2)` {{(pid=44157) enforce_call /opt/stack/keystone/keystone/common/rbac_enforcer/enforcer.py:449}}
Aug 15 05:19:46 user devstack@keystone.service[44156]: DEBUG keystone.server.flask.request_processing.middleware.auth_context [None req-48bf0e62-66a7-4313-aebf-5df3c596765b admin admin] Validating token access rules against request {{(pid=44156) validate_allowed_request /opt/stack/data/venv/lib/python3.10/site-packages/keystonemiddleware/auth_token/__init__.py:544}}
Aug 15 05:19:46 user devstack@keystone.service[44157]: WARNING py.warnings [None req-61d8bcc9-40d6-4e0b-ae50-eb5dcb825d6c admin admin] /opt/stack/data/venv/lib/python3.10/site-packages/oslo_policy/policy.py:1130: UserWarning: Policy "identity:create_grant": "(role:admin and system_scope:all) or ((role:admin and domain_id:%(target.user.domain_id)s and domain_id:%(target.project.domain_id)s) or (role:admin and domain_id:%(target.user.domain_id)s and domain_id:%(target.domain.id)s) or (role:admin and domain_id:%(target.group.domain_id)s and domain_id:%(target.project.domain_id)s) or (role:admin and domain_id:%(target.group.domain_id)s and domain_id:%(target.domain.id)s)) and (domain_id:%(target.role.domain_id)s or None:%(target.role.domain_id)s)" failed scope check. The token used to make the request was project scoped but the policy requires ['system', 'domain'] scope. This behavior may change in the future where using the intended scope is required
Aug 15 05:19:46 user devstack@keystone.service[44157]: warnings.warn(msg)
Aug 15 05:19:46 user devstack@keystone.service[44157]:
Aug 15 05:19:46 user devstack@keystone.service[44155]: DEBUG keystone.server.flask.request_processing.middleware.auth_context [None req-29af4404-ec58-430c-9b14-7c4b6e0b9f19 None admin] Validating token access rules against request {{(pid=44155) validate_allowed_request /opt/stack/data/venv/lib/python3.10/site-packages/keystonemiddleware/auth_token/__init__.py:544}}
Aug 15 05:19:46 user devstack@keystone.service[44157]: DEBUG keystone.common.rbac_enforcer.enforcer [None req-61d8bcc9-40d6-4e0b-ae50-eb5dcb825d6c admin admin] RBAC: Authorization granted {{(pid=44157) enforce_call /opt/stack/keystone/keystone/common/rbac_enforcer/enforcer.py:457}}
Aug 15 05:19:46 user devstack@keystone.service[44156]: DEBUG keystone.server.flask.request_processing.middleware.auth_context [None req-97bf96aa-7bbc-4319-b286-6c47bdd0afea admin admin] RBAC: auth_context: {'token': , 'domain_id': None, 'trust_id': None, 'trustor_id': None, 'trustee_id': None, 'domain_name': None, 'group_ids': [], 'user_id': '44110e1ccccf4387938aef23ec76c60c', 'user_domain_id': 'default', 'system_scope': None, 'project_id': 'b6806eca80d44b87b1a19efa0667e7fc', 'project_domain_id': 'default', 'roles': ['reader', 'admin', 'member'], 'is_admin_project': True, 'service_user_id': None, 'service_user_domain_id': None, 'service_project_id': None, 'service_project_domain_id': None, 'service_roles': []} {{(pid=44156) fill_context /opt/stack/keystone/keystone/server/flask/request_processing/middleware/auth_context.py:480}}
Aug 15 05:19:46 user devstack@keystone.service[44156]: DEBUG keystone.server.flask.request_processing.req_logging [None req-97bf96aa-7bbc-4319-b286-6c47bdd0afea admin admin] REQUEST_METHOD: `PUT` {{(pid=44156) log_request_info /opt/stack/keystone/keystone/server/flask/request_processing/req_logging.py:27}}
Aug 15 05:19:46 user devstack@keystone.service[44156]: DEBUG keystone.server.flask.request_processing.req_logging [None req-97bf96aa-7bbc-4319-b286-6c47bdd0afea admin admin] SCRIPT_NAME: `/identity` {{(pid=44156) log_request_info /opt/stack/keystone/keystone/server/flask/request_processing/req_logging.py:28}}
Aug 15 05:19:46 user devstack@keystone.service[44156]: DEBUG keystone.server.flask.request_processing.req_logging [None req-97bf96aa-7bbc-4319-b286-6c47bdd0afea admin admin] PATH_INFO: `/v3/projects/2ca0eede2608441faedd27be7157138f/groups/7061528af17749a79d94b3885bee3b99/roles/a5b23a591a45499eb9f3ae569b23f1d3` {{(pid=44156) log_request_info /opt/stack/keystone/keystone/server/flask/request_processing/req_logging.py:29}}
Aug 15 05:19:46 user devstack@keystone.service[44156]: DEBUG keystone.common.rbac_enforcer.enforcer [None req-97bf96aa-7bbc-4319-b286-6c47bdd0afea admin admin] RBAC: Authorizing `identity:create_grant(project_id=2ca0eede2608441faedd27be7157138f, group_id=7061528af17749a79d94b3885bee3b99, role_id=a5b23a591a45499eb9f3ae569b23f1d3)` {{(pid=44156) enforce_call /opt/stack/keystone/keystone/common/rbac_enforcer/enforcer.py:449}}
Aug 15 05:19:46 user devstack@keystone.service[44156]: DEBUG keystone.common.rbac_enforcer.enforcer [None req-97bf96aa-7bbc-4319-b286-6c47bdd0afea admin admin] RBAC: Authorization granted {{(pid=44156) enforce_call /opt/stack/keystone/keystone/common/rbac_enforcer/enforcer.py:457}}
Aug 15 05:19:46 user devstack@keystone.service[44157]: [pid: 44157|app: 0|req: 95/289] 10.0.0.210 () {58 vars in 1458 bytes} [Tue Aug 15 05:19:46 2023] PUT /identity/v3/projects/2ca0eede2608441faedd27be7157138f/groups/7061528af17749a79d94b3885bee3b99/roles/2674947a1d8149af96719c52f65bcbc2 => generated 0 bytes in 33 msecs (HTTP/1.1 204) 3 headers in 132 bytes (1 switches on core 0)
Aug 15 05:19:46 user devstack@keystone.service[44156]: [pid: 44156|app: 0|req: 100/290] 10.0.0.210 () {58 vars in 1458 bytes} [Tue Aug 15 05:19:46 2023] PUT /identity/v3/projects/2ca0eede2608441faedd27be7157138f/groups/7061528af17749a79d94b3885bee3b99/roles/a5b23a591a45499eb9f3ae569b23f1d3 => generated 0 bytes in 36 msecs (HTTP/1.1 204) 3 headers in 132 bytes (1 switches on core 0)
Aug 15 05:19:46 user devstack@keystone.service[44155]: DEBUG keystone.server.flask.request_processing.middleware.auth_context [None req-3b5c9ac3-cf85-4663-a9d6-cad00444564b None admin] RBAC: auth_context: {'token': , 'domain_id': None, 'trust_id': None, 'trustor_id': None, 'trustee_id': None, 'domain_name': None, 'group_ids': [], 'user_id': '44110e1ccccf4387938aef23ec76c60c', 'user_domain_id': 'default', 'system_scope': 'all', 'project_id': None, 'project_domain_id': None, 'roles': ['admin', 'member', 'reader'], 'is_admin_project': True, 'service_user_id': None, 'service_user_domain_id': None, 'service_project_id': None, 'service_project_domain_id': None, 'service_roles': []} {{(pid=44155) fill_context /opt/stack/keystone/keystone/server/flask/request_processing/middleware/auth_context.py:480}}
Aug 15 05:19:46 user devstack@keystone.service[44155]: DEBUG keystone.server.flask.request_processing.req_logging [None req-3b5c9ac3-cf85-4663-a9d6-cad00444564b None admin] REQUEST_METHOD: `GET` {{(pid=44155) log_request_info /opt/stack/keystone/keystone/server/flask/request_processing/req_logging.py:27}}
Aug 15 05:19:46 user devstack@keystone.service[44155]: DEBUG keystone.server.flask.request_processing.req_logging [None req-3b5c9ac3-cf85-4663-a9d6-cad00444564b None admin] SCRIPT_NAME: `/identity` {{(pid=44155) log_request_info /opt/stack/keystone/keystone/server/flask/request_processing/req_logging.py:28}}
Aug 15 05:19:46 user devstack@keystone.service[44155]: DEBUG keystone.server.flask.request_processing.req_logging [None req-3b5c9ac3-cf85-4663-a9d6-cad00444564b None admin] PATH_INFO: `/v3/roles` {{(pid=44155) log_request_info /opt/stack/keystone/keystone/server/flask/request_processing/req_logging.py:29}}
Aug 15 05:19:46 user devstack@keystone.service[44155]: DEBUG keystone.common.rbac_enforcer.enforcer [None req-3b5c9ac3-cf85-4663-a9d6-cad00444564b None admin] RBAC: Adding query filter params (name=reader) {{(pid=44155) _extract_filter_values /opt/stack/keystone/keystone/common/rbac_enforcer/enforcer.py:167}}
Aug 15 05:19:46 user devstack@keystone.service[44155]: DEBUG keystone.common.rbac_enforcer.enforcer [None req-3b5c9ac3-cf85-4663-a9d6-cad00444564b None admin] RBAC: Authorizing `identity:list_roles()` {{(pid=44155) enforce_call /opt/stack/keystone/keystone/common/rbac_enforcer/enforcer.py:449}}
Aug 15 05:19:46 user devstack@keystone.service[44155]: DEBUG keystone.common.rbac_enforcer.enforcer [None req-3b5c9ac3-cf85-4663-a9d6-cad00444564b None admin] RBAC: Authorization granted {{(pid=44155) enforce_call /opt/stack/keystone/keystone/common/rbac_enforcer/enforcer.py:457}}
Aug 15 05:19:46 user devstack@keystone.service[44157]: DEBUG keystone.server.flask.request_processing.middleware.auth_context [None req-61d8bcc9-40d6-4e0b-ae50-eb5dcb825d6c admin admin] Authenticating user token {{(pid=44157) process_request /opt/stack/data/venv/lib/python3.10/site-packages/keystonemiddleware/auth_token/__init__.py:406}}
Aug 15 05:19:46 user devstack@keystone.service[44155]: [pid: 44155|app: 0|req: 96/291] 10.0.0.210 () {56 vars in 1096 bytes} [Tue Aug 15 05:19:46 2023] GET /identity/v3/roles?name=reader => generated 339 bytes in 193 msecs (HTTP/1.1 200) 5 headers in 177 bytes (2 switches on core 0)
Aug 15 05:19:46 user devstack@keystone.service[44156]: DEBUG keystone.server.flask.request_processing.middleware.auth_context [None req-97bf96aa-7bbc-4319-b286-6c47bdd0afea admin admin] Authenticating user token {{(pid=44156) process_request /opt/stack/data/venv/lib/python3.10/site-packages/keystonemiddleware/auth_token/__init__.py:406}}
Aug 15 05:19:46 user devstack@keystone.service[44157]: DEBUG keystone.server.flask.request_processing.middleware.auth_context [None req-61d8bcc9-40d6-4e0b-ae50-eb5dcb825d6c admin admin] Validating token access rules against request {{(pid=44157) validate_allowed_request /opt/stack/data/venv/lib/python3.10/site-packages/keystonemiddleware/auth_token/__init__.py:544}}
Aug 15 05:19:46 user devstack@keystone.service[44156]: DEBUG keystone.server.flask.request_processing.middleware.auth_context [None req-97bf96aa-7bbc-4319-b286-6c47bdd0afea admin admin] Validating token access rules against request {{(pid=44156) validate_allowed_request /opt/stack/data/venv/lib/python3.10/site-packages/keystonemiddleware/auth_token/__init__.py:544}}
Aug 15 05:19:47 user devstack@keystone.service[44157]: DEBUG keystone.server.flask.request_processing.middleware.auth_context [None req-6027b49a-5f99-4610-aebc-11170f82e3b8 admin admin] RBAC: auth_context: {'token': , 'domain_id': None, 'trust_id': None, 'trustor_id': None, 'trustee_id': None, 'domain_name': None, 'group_ids': [], 'user_id': '44110e1ccccf4387938aef23ec76c60c', 'user_domain_id': 'default', 'system_scope': None, 'project_id': 'b6806eca80d44b87b1a19efa0667e7fc', 'project_domain_id': 'default', 'roles': ['reader', 'admin', 'member'], 'is_admin_project': True, 'service_user_id': None, 'service_user_domain_id': None, 'service_project_id': None, 'service_project_domain_id': None, 'service_roles': []} {{(pid=44157) fill_context /opt/stack/keystone/keystone/server/flask/request_processing/middleware/auth_context.py:480}}
Aug 15 05:19:47 user devstack@keystone.service[44157]: DEBUG keystone.server.flask.request_processing.req_logging [None req-6027b49a-5f99-4610-aebc-11170f82e3b8 admin admin] REQUEST_METHOD: `GET` {{(pid=44157) log_request_info /opt/stack/keystone/keystone/server/flask/request_processing/req_logging.py:27}}
Aug 15 05:19:47 user devstack@keystone.service[44157]: DEBUG keystone.server.flask.request_processing.req_logging [None req-6027b49a-5f99-4610-aebc-11170f82e3b8 admin admin] SCRIPT_NAME: `/identity` {{(pid=44157) log_request_info /opt/stack/keystone/keystone/server/flask/request_processing/req_logging.py:28}}
Aug 15 05:19:47 user devstack@keystone.service[44157]: DEBUG keystone.server.flask.request_processing.req_logging [None req-6027b49a-5f99-4610-aebc-11170f82e3b8 admin admin] PATH_INFO: `/v3/roles/admin` {{(pid=44157) log_request_info /opt/stack/keystone/keystone/server/flask/request_processing/req_logging.py:29}}
Aug 15 05:19:47 user devstack@keystone.service[44156]: DEBUG keystone.server.flask.request_processing.middleware.auth_context [None req-a646c309-8f57-4d94-83c3-a6258621da33 None admin] RBAC: auth_context: {'token': , 'domain_id': None, 'trust_id': None, 'trustor_id': None, 'trustee_id': None, 'domain_name': None, 'group_ids': [], 'user_id': '44110e1ccccf4387938aef23ec76c60c', 'user_domain_id': 'default', 'system_scope': 'all', 'project_id': None, 'project_domain_id': None, 'roles': ['admin', 'member', 'reader'], 'is_admin_project': True, 'service_user_id': None, 'service_user_domain_id': None, 'service_project_id': None, 'service_project_domain_id': None, 'service_roles': []} {{(pid=44156) fill_context /opt/stack/keystone/keystone/server/flask/request_processing/middleware/auth_context.py:480}}
Aug 15 05:19:47 user devstack@keystone.service[44156]: DEBUG keystone.server.flask.request_processing.req_logging [None req-a646c309-8f57-4d94-83c3-a6258621da33 None admin] REQUEST_METHOD: `GET` {{(pid=44156) log_request_info /opt/stack/keystone/keystone/server/flask/request_processing/req_logging.py:27}}
Aug 15 05:19:47 user devstack@keystone.service[44156]: DEBUG keystone.server.flask.request_processing.req_logging [None req-a646c309-8f57-4d94-83c3-a6258621da33 None admin] SCRIPT_NAME: `/identity` {{(pid=44156) log_request_info /opt/stack/keystone/keystone/server/flask/request_processing/req_logging.py:28}}
Aug 15 05:19:47 user devstack@keystone.service[44156]: DEBUG keystone.server.flask.request_processing.req_logging [None req-a646c309-8f57-4d94-83c3-a6258621da33 None admin] PATH_INFO: `/v3/users/16d426015a2f4dca9458c93ee3b7a1fa` {{(pid=44156) log_request_info /opt/stack/keystone/keystone/server/flask/request_processing/req_logging.py:29}}
Aug 15 05:19:47 user devstack@keystone.service[44156]: DEBUG keystone.common.rbac_enforcer.enforcer [None req-a646c309-8f57-4d94-83c3-a6258621da33 None admin] RBAC: Authorizing `identity:get_user(user_id=16d426015a2f4dca9458c93ee3b7a1fa)` {{(pid=44156) enforce_call /opt/stack/keystone/keystone/common/rbac_enforcer/enforcer.py:449}}
Aug 15 05:19:47 user devstack@keystone.service[44156]: DEBUG keystone.common.rbac_enforcer.enforcer [None req-a646c309-8f57-4d94-83c3-a6258621da33 None admin] RBAC: Authorization granted {{(pid=44156) enforce_call /opt/stack/keystone/keystone/common/rbac_enforcer/enforcer.py:457}}
Aug 15 05:19:47 user devstack@keystone.service[44156]: [pid: 44156|app: 0|req: 101/292] 10.0.0.210 () {56 vars in 1172 bytes} [Tue Aug 15 05:19:46 2023] GET /identity/v3/users/16d426015a2f4dca9458c93ee3b7a1fa => generated 292 bytes in 134 msecs (HTTP/1.1 200) 5 headers in 177 bytes (1 switches on core 0)
Aug 15 05:19:47 user devstack@keystone.service[44157]: DEBUG keystone.common.rbac_enforcer.enforcer [None req-6027b49a-5f99-4610-aebc-11170f82e3b8 admin admin] Extracting inferred target data resulted in "NOT FOUND (404)". {{(pid=44157) enforce_call /opt/stack/keystone/keystone/common/rbac_enforcer/enforcer.py:409}}
Aug 15 05:19:47 user devstack@keystone.service[44155]: DEBUG keystone.server.flask.request_processing.middleware.auth_context [None req-3b5c9ac3-cf85-4663-a9d6-cad00444564b None admin] Authenticating user token {{(pid=44155) process_request /opt/stack/data/venv/lib/python3.10/site-packages/keystonemiddleware/auth_token/__init__.py:406}}
Aug 15 05:19:47 user devstack@keystone.service[44157]: ERROR keystone.server.flask.application [None req-6027b49a-5f99-4610-aebc-11170f82e3b8 admin admin] Could not find role: admin.: keystone.exception.RoleNotFound: Could not find role: admin.
Aug 15 05:19:47 user devstack@keystone.service[44157]: ERROR keystone.server.flask.application
Traceback (most recent call last):
Aug 15 05:19:47 user devstack@keystone.service[44157]: ERROR keystone.server.flask.application
File "/opt/stack/data/venv/lib/python3.10/site-packages/flask/app.py", line 1823, in full_dispatch_request
Aug 15 05:19:47 user devstack@keystone.service[44157]: ERROR keystone.server.flask.application rv = self.dispatch_request()
Aug 15 05:19:47 user devstack@keystone.service[44157]: ERROR keystone.server.flask.application
File "/opt/stack/data/venv/lib/python3.10/site-packages/flask/app.py", line 1799, in dispatch_request
Aug 15 05:19:47 user devstack@keystone.service[44157]: ERROR keystone.server.flask.application return self.ensure_sync(self.view_functions[rule.endpoint])(**view_args)
Aug 15 05:19:47 user devstack@keystone.service[44157]: ERROR keystone.server.flask.application
File "/opt/stack/data/venv/lib/python3.10/site-packages/flask_restful/__init__.py", line 467, in wrapper
Aug 15 05:19:47 user devstack@keystone.service[44157]: ERROR keystone.server.flask.application resp = resource(*args, **kwargs)
Aug 15 05:19:47 user devstack@keystone.service[44157]: ERROR keystone.server.flask.application
File "/opt/stack/data/venv/lib/python3.10/site-packages/flask/views.py", line 107, in view
Aug 15 05:19:47 user devstack@keystone.service[44157]: ERROR keystone.server.flask.application return current_app.ensure_sync(self.dispatch_request)(**kwargs)
Aug 15 05:19:47 user devstack@keystone.service[44157]: ERROR keystone.server.flask.application
File "/opt/stack/data/venv/lib/python3.10/site-packages/flask_restful/__init__.py", line 582, in dispatch_request
Aug 15 05:19:47 user devstack@keystone.service[44157]: ERROR keystone.server.flask.application resp = meth(*args, **kwargs)
Aug 15 05:19:47 user devstack@keystone.service[44157]: ERROR keystone.server.flask.application
File "/opt/stack/keystone/keystone/api/roles.py", line 50, in get
Aug 15 05:19:47 user devstack@keystone.service[44157]: ERROR keystone.server.flask.application return self._get_role(role_id)
Aug 15 05:19:47 user devstack@keystone.service[44157]: ERROR keystone.server.flask.application
File "/opt/stack/keystone/keystone/api/roles.py", line 70, in _get_role
Aug 15 05:19:47 user devstack@keystone.service[44157]: ERROR keystone.server.flask.application ENFORCER.enforce_call(action='identity:get_role')
Aug 15 05:19:47 user devstack@keystone.service[44157]: ERROR keystone.server.flask.application
File "/opt/stack/keystone/keystone/common/rbac_enforcer/enforcer.py", line 402, in enforce_call
Aug 15 05:19:47 user devstack@keystone.service[44157]: ERROR keystone.server.flask.application policy_dict.update(cls._extract_member_target_data(
Aug 15 05:19:47 user devstack@keystone.service[44157]: ERROR keystone.server.flask.application
File "/opt/stack/keystone/keystone/common/rbac_enforcer/enforcer.py", line 234, in _extract_member_target_data
Aug 15 05:19:47 user devstack@keystone.service[44157]: ERROR keystone.server.flask.application member_name: func(flask.request.view_args[key])
Aug 15 05:19:47 user devstack@keystone.service[44157]: ERROR keystone.server.flask.application
File "/opt/stack/keystone/keystone/common/manager.py", line 115, in wrapped
Aug 15 05:19:47 user devstack@keystone.service[44157]: ERROR keystone.server.flask.application __ret_val = __f(*args, **kwargs)
Aug 15 05:19:47 user devstack@keystone.service[44157]: ERROR keystone.server.flask.application
File "/opt/stack/data/venv/lib/python3.10/site-packages/decorator.py", line 232, in fun
Aug 15 05:19:47 user devstack@keystone.service[44157]: ERROR keystone.server.flask.application return caller(func, *(extras + args), **kw)
Aug 15 05:19:47 user devstack@keystone.service[44157]: ERROR keystone.server.flask.application
File "/opt/stack/data/venv/lib/python3.10/site-packages/dogpile/cache/region.py", line 1577, in get_or_create_for_user_func
Aug 15 05:19:47 user devstack@keystone.service[44157]: ERROR keystone.server.flask.application return self.get_or_create(
Aug 15 05:19:47 user devstack@keystone.service[44157]: ERROR keystone.server.flask.application
File "/opt/stack/data/venv/lib/python3.10/site-packages/dogpile/cache/region.py", line 1042, in get_or_create
Aug 15 05:19:47 user devstack@keystone.service[44157]: ERROR keystone.server.flask.application with Lock(
Aug 15 05:19:47 user devstack@keystone.service[44157]: ERROR keystone.server.flask.application
File "/opt/stack/data/venv/lib/python3.10/site-packages/dogpile/lock.py", line 185, in __enter__
Aug 15 05:19:47 user devstack@keystone.service[44157]: ERROR keystone.server.flask.application return self._enter()
Aug 15 05:19:47 user devstack@keystone.service[44157]: ERROR keystone.server.flask.application
File "/opt/stack/data/venv/lib/python3.10/site-packages/dogpile/lock.py", line 94, in _enter
Aug 15 05:19:47 user devstack@keystone.service[44157]: ERROR keystone.server.flask.application generated = self._enter_create(value, createdtime)
Aug 15 05:19:47 user devstack@keystone.service[44157]: ERROR keystone.server.flask.application
File "/opt/stack/data/venv/lib/python3.10/site-packages/dogpile/lock.py", line 178, in _enter_create
Aug 15 05:19:47 user devstack@keystone.service[44157]: ERROR keystone.server.flask.application return self.creator()
Aug 15 05:19:47 user devstack@keystone.service[44157]: ERROR keystone.server.flask.application
File "/opt/stack/data/venv/lib/python3.10/site-packages/dogpile/cache/region.py", line 995, in gen_value
Aug 15 05:19:47 user devstack@keystone.service[44157]: ERROR keystone.server.flask.application created_value = creator(
Aug 15 05:19:47 user devstack@keystone.service[44157]: ERROR keystone.server.flask.application
File "/opt/stack/keystone/keystone/assignment/core.py", line 1276, in get_role
Aug 15 05:19:47 user devstack@keystone.service[44157]: ERROR keystone.server.flask.application return self.driver.get_role(role_id)
Aug 15 05:19:47 user devstack@keystone.service[44157]: ERROR keystone.server.flask.application
File "/opt/stack/keystone/keystone/assignment/role_backends/sql.py", line 70, in get_role
Aug 15 05:19:47 user devstack@keystone.service[44157]: ERROR keystone.server.flask.application return self._get_role(session, role_id).to_dict()
Aug 15 05:19:47 user devstack@keystone.service[44157]: ERROR keystone.server.flask.application
File "/opt/stack/keystone/keystone/assignment/role_backends/sql.py", line 65, in _get_role
Aug 15 05:19:47 user devstack@keystone.service[44157]: ERROR keystone.server.flask.application raise exception.RoleNotFound(role_id=role_id)
Aug 15 05:19:47 user devstack@keystone.service[44157]: ERROR keystone.server.flask.application keystone.exception.RoleNotFound: Could not find role: admin.
Aug 15 05:19:47 user devstack@keystone.service[44157]: ERROR keystone.server.flask.application
Aug 15 05:19:47 user devstack@keystone.service[44157]: [pid: 44157|app: 0|req: 96/293] 10.0.0.210 () {56 vars in 1112 bytes} [Tue Aug 15 05:19:46 2023] GET /identity/v3/roles/admin => generated 83 bytes in 151 msecs (HTTP/1.1 404) 5 headers in 183 bytes (1 switches on core 0)
Aug 15 05:19:47 user devstack@keystone.service[44156]: DEBUG keystone.server.flask.request_processing.middleware.auth_context [None req-a646c309-8f57-4d94-83c3-a6258621da33 None admin] Authenticating user token {{(pid=44156) process_request /opt/stack/data/venv/lib/python3.10/site-packages/keystonemiddleware/auth_token/__init__.py:406}}
Aug 15 05:19:47 user devstack@keystone.service[44156]: DEBUG keystone.server.flask.request_processing.middleware.auth_context [None req-a646c309-8f57-4d94-83c3-a6258621da33 None admin] Validating token access rules against request {{(pid=44156) validate_allowed_request /opt/stack/data/venv/lib/python3.10/site-packages/keystonemiddleware/auth_token/__init__.py:544}}
Aug 15 05:19:47 user devstack@keystone.service[44156]: DEBUG keystone.server.flask.request_processing.middleware.auth_context [None req-0e804aa7-a7e8-496b-bb0a-93f9ec0ded4f admin admin] RBAC: auth_context: {'token': , 'domain_id': None, 'trust_id': None, 'trustor_id': None, 'trustee_id': None, 'domain_name': None, 'group_ids': [], 'user_id': '44110e1ccccf4387938aef23ec76c60c', 'user_domain_id': 'default', 'system_scope': None, 'project_id': 'b6806eca80d44b87b1a19efa0667e7fc', 'project_domain_id': 'default', 'roles': ['reader', 'admin', 'member'], 'is_admin_project': True, 'service_user_id': None, 'service_user_domain_id': None, 'service_project_id': None, 'service_project_domain_id': None, 'service_roles': []} {{(pid=44156) fill_context /opt/stack/keystone/keystone/server/flask/request_processing/middleware/auth_context.py:480}}
Aug 15 05:19:47 user devstack@keystone.service[44156]: DEBUG keystone.server.flask.request_processing.req_logging [None req-0e804aa7-a7e8-496b-bb0a-93f9ec0ded4f admin admin] REQUEST_METHOD: `GET` {{(pid=44156) log_request_info /opt/stack/keystone/keystone/server/flask/request_processing/req_logging.py:27}}
Aug 15 05:19:47 user devstack@keystone.service[44156]: DEBUG keystone.server.flask.request_processing.req_logging [None req-0e804aa7-a7e8-496b-bb0a-93f9ec0ded4f admin admin] SCRIPT_NAME: `/identity` {{(pid=44156) log_request_info /opt/stack/keystone/keystone/server/flask/request_processing/req_logging.py:28}}
Aug 15 05:19:47 user devstack@keystone.service[44156]: DEBUG keystone.server.flask.request_processing.req_logging [None req-0e804aa7-a7e8-496b-bb0a-93f9ec0ded4f admin admin] PATH_INFO: `/v3/roles` {{(pid=44156) log_request_info /opt/stack/keystone/keystone/server/flask/request_processing/req_logging.py:29}}
Aug 15 05:19:47 user devstack@keystone.service[44156]: DEBUG keystone.common.rbac_enforcer.enforcer [None req-0e804aa7-a7e8-496b-bb0a-93f9ec0ded4f admin admin] RBAC: Adding query filter params (name=admin) {{(pid=44156) _extract_filter_values /opt/stack/keystone/keystone/common/rbac_enforcer/enforcer.py:167}}
Aug 15 05:19:47 user devstack@keystone.service[44156]: DEBUG keystone.common.rbac_enforcer.enforcer [None req-0e804aa7-a7e8-496b-bb0a-93f9ec0ded4f admin admin] RBAC: Authorizing `identity:list_roles()` {{(pid=44156) enforce_call /opt/stack/keystone/keystone/common/rbac_enforcer/enforcer.py:449}}
Aug 15 05:19:47 user devstack@keystone.service[44156]: DEBUG keystone.common.rbac_enforcer.enforcer [None req-0e804aa7-a7e8-496b-bb0a-93f9ec0ded4f admin admin] RBAC: Authorization granted {{(pid=44156) enforce_call /opt/stack/keystone/keystone/common/rbac_enforcer/enforcer.py:457}}
Aug 15 05:19:47 user devstack@keystone.service[44156]: [pid: 44156|app: 0|req: 102/294] 10.0.0.210 () {56 vars in 1115 bytes} [Tue Aug 15 05:19:47 2023] GET /identity/v3/roles?name=admin => generated 337 bytes in 27 msecs (HTTP/1.1 200) 5 headers in 177 bytes (1 switches on core 0)
Aug 15 05:19:47 user devstack@keystone.service[44157]: DEBUG keystone.server.flask.request_processing.middleware.auth_context [None req-6027b49a-5f99-4610-aebc-11170f82e3b8 admin admin] Authenticating user token {{(pid=44157) process_request /opt/stack/data/venv/lib/python3.10/site-packages/keystonemiddleware/auth_token/__init__.py:406}}
Aug 15 05:19:47 user devstack@keystone.service[44157]: DEBUG keystone.server.flask.request_processing.middleware.auth_context [None req-6027b49a-5f99-4610-aebc-11170f82e3b8 admin admin] Validating token access rules against request {{(pid=44157) validate_allowed_request /opt/stack/data/venv/lib/python3.10/site-packages/keystonemiddleware/auth_token/__init__.py:544}}
Aug 15 05:19:47 user devstack@keystone.service[44157]: DEBUG keystone.server.flask.request_processing.middleware.auth_context [None req-f0a0fb34-c5b1-47bd-9e9f-f9d757bf940d admin admin] RBAC: auth_context: {'token': , 'domain_id': None, 'trust_id': None, 'trustor_id': None, 'trustee_id': None, 'domain_name': None, 'group_ids': [], 'user_id': '44110e1ccccf4387938aef23ec76c60c', 'user_domain_id': 'default', 'system_scope': None, 'project_id': 'b6806eca80d44b87b1a19efa0667e7fc', 'project_domain_id': 'default', 'roles': ['reader', 'admin', 'member'], 'is_admin_project': True, 'service_user_id': None, 'service_user_domain_id': None, 'service_project_id': None, 'service_project_domain_id': None, 'service_roles': []} {{(pid=44157) fill_context /opt/stack/keystone/keystone/server/flask/request_processing/middleware/auth_context.py:480}}
Aug 15 05:19:47 user devstack@keystone.service[44157]: DEBUG keystone.server.flask.request_processing.req_logging [None req-f0a0fb34-c5b1-47bd-9e9f-f9d757bf940d admin admin] REQUEST_METHOD: `GET` {{(pid=44157) log_request_info /opt/stack/keystone/keystone/server/flask/request_processing/req_logging.py:27}}
Aug 15 05:19:47 user devstack@keystone.service[44157]: DEBUG keystone.server.flask.request_processing.req_logging [None req-f0a0fb34-c5b1-47bd-9e9f-f9d757bf940d admin admin] SCRIPT_NAME: `/identity` {{(pid=44157) log_request_info /opt/stack/keystone/keystone/server/flask/request_processing/req_logging.py:28}}
Aug 15 05:19:47 user devstack@keystone.service[44157]: DEBUG keystone.server.flask.request_processing.req_logging [None req-f0a0fb34-c5b1-47bd-9e9f-f9d757bf940d admin admin] PATH_INFO: `/v3/groups/c17e2a9e50934ccabbc2b6b01ad1cc88` {{(pid=44157) log_request_info /opt/stack/keystone/keystone/server/flask/request_processing/req_logging.py:29}}
Aug 15 05:19:47 user devstack@keystone.service[44157]: DEBUG keystone.common.rbac_enforcer.enforcer [None req-f0a0fb34-c5b1-47bd-9e9f-f9d757bf940d admin admin] RBAC: Authorizing `identity:get_group(group_id=c17e2a9e50934ccabbc2b6b01ad1cc88)` {{(pid=44157) enforce_call /opt/stack/keystone/keystone/common/rbac_enforcer/enforcer.py:449}}
Aug 15 05:19:47 user devstack@keystone.service[44157]: DEBUG keystone.common.rbac_enforcer.enforcer [None req-f0a0fb34-c5b1-47bd-9e9f-f9d757bf940d admin admin] RBAC: Authorization granted {{(pid=44157) enforce_call /opt/stack/keystone/keystone/common/rbac_enforcer/enforcer.py:457}}
Aug 15 05:19:47 user devstack@keystone.service[44157]: [pid: 44157|app: 0|req: 97/295] 10.0.0.210 () {56 vars in 1196 bytes} [Tue Aug 15 05:19:47 2023] GET /identity/v3/groups/c17e2a9e50934ccabbc2b6b01ad1cc88 => generated 228 bytes in 25 msecs (HTTP/1.1 200) 5 headers in 177 bytes (1 switches on core 0)
Aug 15 05:19:47 user devstack@keystone.service[44156]: DEBUG keystone.server.flask.request_processing.middleware.auth_context [None req-0e804aa7-a7e8-496b-bb0a-93f9ec0ded4f admin admin] Authenticating user token {{(pid=44156) process_request /opt/stack/data/venv/lib/python3.10/site-packages/keystonemiddleware/auth_token/__init__.py:406}}
Aug 15 05:19:47 user devstack@keystone.service[44156]: DEBUG keystone.server.flask.request_processing.middleware.auth_context [None req-0e804aa7-a7e8-496b-bb0a-93f9ec0ded4f admin admin] Validating token access rules against request {{(pid=44156) validate_allowed_request /opt/stack/data/venv/lib/python3.10/site-packages/keystonemiddleware/auth_token/__init__.py:544}}
Aug 15 05:19:47 user devstack@keystone.service[44156]: DEBUG keystone.server.flask.request_processing.middleware.auth_context [None req-251c40c0-e19c-4558-84fa-e2eb9630a348 admin admin] RBAC: auth_context: {'token': , 'domain_id': None, 'trust_id': None, 'trustor_id': None, 'trustee_id': None, 'domain_name': None, 'group_ids': [], 'user_id': '44110e1ccccf4387938aef23ec76c60c', 'user_domain_id': 'default', 'system_scope': None, 'project_id': 'b6806eca80d44b87b1a19efa0667e7fc', 'project_domain_id': 'default', 'roles': ['reader', 'admin', 'member'], 'is_admin_project': True, 'service_user_id': None, 'service_user_domain_id': None, 'service_project_id': None, 'service_project_domain_id': None, 'service_roles': []} {{(pid=44156) fill_context /opt/stack/keystone/keystone/server/flask/request_processing/middleware/auth_context.py:480}}
Aug 15 05:19:47 user devstack@keystone.service[44156]: DEBUG keystone.server.flask.request_processing.req_logging [None req-251c40c0-e19c-4558-84fa-e2eb9630a348 admin admin] REQUEST_METHOD: `GET` {{(pid=44156) log_request_info /opt/stack/keystone/keystone/server/flask/request_processing/req_logging.py:27}}
Aug 15 05:19:47 user devstack@keystone.service[44156]: DEBUG keystone.server.flask.request_processing.req_logging [None req-251c40c0-e19c-4558-84fa-e2eb9630a348 admin admin] SCRIPT_NAME: `/identity` {{(pid=44156) log_request_info /opt/stack/keystone/keystone/server/flask/request_processing/req_logging.py:28}}
Aug 15 05:19:47 user devstack@keystone.service[44156]: DEBUG keystone.server.flask.request_processing.req_logging [None req-251c40c0-e19c-4558-84fa-e2eb9630a348 admin admin] PATH_INFO: `/v3/projects/b6806eca80d44b87b1a19efa0667e7fc` {{(pid=44156) log_request_info /opt/stack/keystone/keystone/server/flask/request_processing/req_logging.py:29}}
Aug 15 05:19:47 user devstack@keystone.service[44156]: DEBUG keystone.common.rbac_enforcer.enforcer [None req-251c40c0-e19c-4558-84fa-e2eb9630a348 admin admin] RBAC: Authorizing `identity:get_project(project_id=b6806eca80d44b87b1a19efa0667e7fc)` {{(pid=44156) enforce_call /opt/stack/keystone/keystone/common/rbac_enforcer/enforcer.py:449}}
Aug 15 05:19:47 user devstack@keystone.service[44156]: DEBUG keystone.common.rbac_enforcer.enforcer [None req-251c40c0-e19c-4558-84fa-e2eb9630a348 admin admin] RBAC: Authorization granted {{(pid=44156) enforce_call /opt/stack/keystone/keystone/common/rbac_enforcer/enforcer.py:457}}
Aug 15 05:19:47 user devstack@keystone.service[44156]: [pid: 44156|app: 0|req: 103/296] 10.0.0.210 () {56 vars in 1202 bytes} [Tue Aug 15 05:19:47 2023] GET /identity/v3/projects/b6806eca80d44b87b1a19efa0667e7fc => generated 343 bytes in 18 msecs (HTTP/1.1 200) 5 headers in 177 bytes (1 switches on core 0)
Aug 15 05:19:47 user devstack@keystone.service[44157]: DEBUG keystone.server.flask.request_processing.middleware.auth_context [None req-f0a0fb34-c5b1-47bd-9e9f-f9d757bf940d admin admin] Authenticating user token {{(pid=44157) process_request /opt/stack/data/venv/lib/python3.10/site-packages/keystonemiddleware/auth_token/__init__.py:406}}
Aug 15 05:19:47 user devstack@keystone.service[44155]: DEBUG keystone.server.flask.request_processing.middleware.auth_context [None req-3b5c9ac3-cf85-4663-a9d6-cad00444564b None admin] Validating token access rules against request {{(pid=44155) validate_allowed_request /opt/stack/data/venv/lib/python3.10/site-packages/keystonemiddleware/auth_token/__init__.py:544}}
Aug 15 05:19:47 user devstack@keystone.service[44157]: DEBUG keystone.server.flask.request_processing.middleware.auth_context [None req-f0a0fb34-c5b1-47bd-9e9f-f9d757bf940d admin admin] Validating token access rules against request {{(pid=44157) validate_allowed_request /opt/stack/data/venv/lib/python3.10/site-packages/keystonemiddleware/auth_token/__init__.py:544}}
Aug 15 05:19:47 user devstack@keystone.service[44157]: DEBUG keystone.server.flask.request_processing.middleware.auth_context [None req-e8606fa5-13f9-4d40-804d-5b36c058c1ca admin admin] RBAC: auth_context: {'token': , 'domain_id': None, 'trust_id': None, 'trustor_id': None, 'trustee_id': None, 'domain_name': None, 'group_ids': [], 'user_id': '44110e1ccccf4387938aef23ec76c60c', 'user_domain_id': 'default', 'system_scope': None, 'project_id': 'b6806eca80d44b87b1a19efa0667e7fc', 'project_domain_id': 'default', 'roles': ['reader', 'admin', 'member'], 'is_admin_project': True, 'service_user_id': None, 'service_user_domain_id': None, 'service_project_id': None, 'service_project_domain_id': None, 'service_roles': []} {{(pid=44157) fill_context /opt/stack/keystone/keystone/server/flask/request_processing/middleware/auth_context.py:480}}
Aug 15 05:19:47 user devstack@keystone.service[44157]: DEBUG keystone.server.flask.request_processing.req_logging [None req-e8606fa5-13f9-4d40-804d-5b36c058c1ca admin admin] REQUEST_METHOD: `PUT` {{(pid=44157) log_request_info /opt/stack/keystone/keystone/server/flask/request_processing/req_logging.py:27}}
Aug 15 05:19:47 user devstack@keystone.service[44157]: DEBUG keystone.server.flask.request_processing.req_logging [None req-e8606fa5-13f9-4d40-804d-5b36c058c1ca admin admin] SCRIPT_NAME: `/identity` {{(pid=44157) log_request_info /opt/stack/keystone/keystone/server/flask/request_processing/req_logging.py:28}}
Aug 15 05:19:47 user devstack@keystone.service[44157]: DEBUG keystone.server.flask.request_processing.req_logging [None req-e8606fa5-13f9-4d40-804d-5b36c058c1ca admin admin] PATH_INFO: `/v3/projects/b6806eca80d44b87b1a19efa0667e7fc/groups/c17e2a9e50934ccabbc2b6b01ad1cc88/roles/c7fbf7006f134bd982e490e143ecc036` {{(pid=44157) log_request_info /opt/stack/keystone/keystone/server/flask/request_processing/req_logging.py:29}}
Aug 15 05:19:47 user devstack@keystone.service[44157]: DEBUG keystone.common.rbac_enforcer.enforcer [None req-e8606fa5-13f9-4d40-804d-5b36c058c1ca admin admin] RBAC: Authorizing `identity:create_grant(project_id=b6806eca80d44b87b1a19efa0667e7fc, group_id=c17e2a9e50934ccabbc2b6b01ad1cc88, role_id=c7fbf7006f134bd982e490e143ecc036)` {{(pid=44157) enforce_call /opt/stack/keystone/keystone/common/rbac_enforcer/enforcer.py:449}}
Aug 15 05:19:47 user devstack@keystone.service[44157]: DEBUG keystone.common.rbac_enforcer.enforcer [None req-e8606fa5-13f9-4d40-804d-5b36c058c1ca admin admin] RBAC: Authorization granted {{(pid=44157) enforce_call /opt/stack/keystone/keystone/common/rbac_enforcer/enforcer.py:457}}
Aug 15 05:19:47 user devstack@keystone.service[44157]: [pid: 44157|app: 0|req: 98/297] 10.0.0.210 () {58 vars in 1458 bytes} [Tue Aug 15 05:19:47 2023] PUT /identity/v3/projects/b6806eca80d44b87b1a19efa0667e7fc/groups/c17e2a9e50934ccabbc2b6b01ad1cc88/roles/c7fbf7006f134bd982e490e143ecc036 => generated 0 bytes in 30 msecs (HTTP/1.1 204) 3 headers in 132 bytes (0 switches on core 0)
Aug 15 05:19:47 user devstack@keystone.service[44155]: DEBUG keystone.server.flask.request_processing.middleware.auth_context [None req-6408ed2a-3155-4f28-b366-610c14bee30b None admin] RBAC: auth_context: {'token': , 'domain_id': None, 'trust_id': None, 'trustor_id': None, 'trustee_id': None, 'domain_name': None, 'group_ids': [], 'user_id': '44110e1ccccf4387938aef23ec76c60c', 'user_domain_id': 'default', 'system_scope': 'all', 'project_id': None, 'project_domain_id': None, 'roles': ['admin', 'member', 'reader'], 'is_admin_project': True, 'service_user_id': None, 'service_user_domain_id': None, 'service_project_id': None, 'service_project_domain_id': None, 'service_roles': []} {{(pid=44155) fill_context /opt/stack/keystone/keystone/server/flask/request_processing/middleware/auth_context.py:480}}
Aug 15 05:19:47 user devstack@keystone.service[44155]: DEBUG keystone.server.flask.request_processing.req_logging [None req-6408ed2a-3155-4f28-b366-610c14bee30b None admin] REQUEST_METHOD: `GET` {{(pid=44155) log_request_info /opt/stack/keystone/keystone/server/flask/request_processing/req_logging.py:27}}
Aug 15 05:19:47 user devstack@keystone.service[44155]: DEBUG keystone.server.flask.request_processing.req_logging [None req-6408ed2a-3155-4f28-b366-610c14bee30b None admin] SCRIPT_NAME: `/identity` {{(pid=44155) log_request_info /opt/stack/keystone/keystone/server/flask/request_processing/req_logging.py:28}}
Aug 15 05:19:47 user devstack@keystone.service[44155]: DEBUG keystone.server.flask.request_processing.req_logging [None req-6408ed2a-3155-4f28-b366-610c14bee30b None admin] PATH_INFO: `/v3/role_assignments` {{(pid=44155) log_request_info /opt/stack/keystone/keystone/server/flask/request_processing/req_logging.py:29}}
Aug 15 05:19:47 user devstack@keystone.service[44155]: DEBUG keystone.common.rbac_enforcer.enforcer [None req-6408ed2a-3155-4f28-b366-610c14bee30b None admin] RBAC: Adding query filter params (role.id=4f20057a4e06412b99940d62bc531e56, user.id=16d426015a2f4dca9458c93ee3b7a1fa, scope.system=all) {{(pid=44155) _extract_filter_values /opt/stack/keystone/keystone/common/rbac_enforcer/enforcer.py:167}}
Aug 15 05:19:47 user devstack@keystone.service[44155]: DEBUG keystone.common.rbac_enforcer.enforcer [None req-6408ed2a-3155-4f28-b366-610c14bee30b None admin] RBAC: Authorizing `identity:list_role_assignments()` {{(pid=44155) enforce_call /opt/stack/keystone/keystone/common/rbac_enforcer/enforcer.py:449}}
Aug 15 05:19:47 user devstack@keystone.service[44155]: DEBUG keystone.common.rbac_enforcer.enforcer [None req-6408ed2a-3155-4f28-b366-610c14bee30b None admin] RBAC: Authorization granted {{(pid=44155) enforce_call /opt/stack/keystone/keystone/common/rbac_enforcer/enforcer.py:457}}
Aug 15 05:19:47 user devstack@keystone.service[44155]: [pid: 44155|app: 0|req: 97/298] 10.0.0.210 () {56 vars in 1303 bytes} [Tue Aug 15 05:19:47 2023] GET /identity/v3/role_assignments?user.id=16d426015a2f4dca9458c93ee3b7a1fa&scope.system=all&role.id=4f20057a4e06412b99940d62bc531e56 => generated 508 bytes in 146 msecs (HTTP/1.1 200) 5 headers in 177 bytes (1 switches on core 0)
Aug 15 05:19:47 user devstack@keystone.service[44156]: DEBUG keystone.server.flask.request_processing.req_logging [None req-ca3fdb7a-415d-47b7-8286-1edd6457bcf5 None None] REQUEST_METHOD: `GET` {{(pid=44156) log_request_info /opt/stack/keystone/keystone/server/flask/request_processing/req_logging.py:27}}
Aug 15 05:19:47 user devstack@keystone.service[44156]: DEBUG keystone.server.flask.request_processing.req_logging [None req-ca3fdb7a-415d-47b7-8286-1edd6457bcf5 None None] SCRIPT_NAME: `/identity` {{(pid=44156) log_request_info /opt/stack/keystone/keystone/server/flask/request_processing/req_logging.py:28}}
