Aug 15 05:19:41 user devstack@keystone.service[44156]: DEBUG keystone.server.flask.request_processing.middleware.auth_context [None req-fb52b344-1a10-4dae-a858-36ad6b36e470 None admin] RBAC: auth_context: {'token': , 'domain_id': None, 'trust_id': None, 'trustor_id': None, 'trustee_id': None, 'domain_name': None, 'group_ids': [], 'user_id': '44110e1ccccf4387938aef23ec76c60c', 'user_domain_id': 'default', 'system_scope': 'all', 'project_id': None, 'project_domain_id': None, 'roles': ['admin', 'member', 'reader'], 'is_admin_project': True, 'service_user_id': None, 'service_user_domain_id': None, 'service_project_id': None, 'service_project_domain_id': None, 'service_roles': []} {{(pid=44156) fill_context /opt/stack/keystone/keystone/server/flask/request_processing/middleware/auth_context.py:480}}
Aug 15 05:19:41 user devstack@keystone.service[44155]: [pid: 44155|app: 0|req: 79/235] 10.0.0.210 () {56 vars in 1096 bytes} [Tue Aug 15 05:19:41 2023] GET /identity/v3/roles?name=reader => generated 339 bytes in 125 msecs (HTTP/1.1 200) 5 headers in 177 bytes (2 switches on core 0)
Aug 15 05:19:41 user devstack@keystone.service[44156]: DEBUG keystone.server.flask.request_processing.req_logging [None req-fb52b344-1a10-4dae-a858-36ad6b36e470 None admin] REQUEST_METHOD: `GET` {{(pid=44156) log_request_info /opt/stack/keystone/keystone/server/flask/request_processing/req_logging.py:27}}
Aug 15 05:19:41 user devstack@keystone.service[44156]: DEBUG keystone.server.flask.request_processing.req_logging [None req-fb52b344-1a10-4dae-a858-36ad6b36e470 None admin] SCRIPT_NAME: `/identity` {{(pid=44156) log_request_info /opt/stack/keystone/keystone/server/flask/request_processing/req_logging.py:28}}
Aug 15 05:19:41 user devstack@keystone.service[44156]: DEBUG keystone.server.flask.request_processing.req_logging [None req-fb52b344-1a10-4dae-a858-36ad6b36e470 None admin] PATH_INFO: `/v3/roles` {{(pid=44156) log_request_info /opt/stack/keystone/keystone/server/flask/request_processing/req_logging.py:29}}
Aug 15 05:19:41 user devstack@keystone.service[44156]: DEBUG keystone.common.rbac_enforcer.enforcer [None req-fb52b344-1a10-4dae-a858-36ad6b36e470 None admin] RBAC: Adding query filter params (name=member) {{(pid=44156) _extract_filter_values /opt/stack/keystone/keystone/common/rbac_enforcer/enforcer.py:167}}
Aug 15 05:19:41 user devstack@keystone.service[44156]: DEBUG keystone.common.rbac_enforcer.enforcer [None req-fb52b344-1a10-4dae-a858-36ad6b36e470 None admin] RBAC: Authorizing `identity:list_roles()` {{(pid=44156) enforce_call /opt/stack/keystone/keystone/common/rbac_enforcer/enforcer.py:449}}
Aug 15 05:19:41 user devstack@keystone.service[44156]: DEBUG keystone.common.rbac_enforcer.enforcer [None req-fb52b344-1a10-4dae-a858-36ad6b36e470 None admin] RBAC: Authorization granted {{(pid=44156) enforce_call /opt/stack/keystone/keystone/common/rbac_enforcer/enforcer.py:457}}
Aug 15 05:19:41 user devstack@keystone.service[44155]: DEBUG keystone.server.flask.request_processing.middleware.auth_context [None req-714c19bf-dd4a-4e1e-b173-9f5c97cdf0fb None admin] Authenticating user token {{(pid=44155) process_request /opt/stack/data/venv/lib/python3.10/site-packages/keystonemiddleware/auth_token/__init__.py:406}}
Aug 15 05:19:41 user devstack@keystone.service[44156]: [pid: 44156|app: 0|req: 80/236] 10.0.0.210 () {56 vars in 1096 bytes} [Tue Aug 15 05:19:41 2023] GET /identity/v3/roles?name=member => generated 339 bytes in 121 msecs (HTTP/1.1 200) 5 headers in 177 bytes (1 switches on core 0)
Aug 15 05:19:41 user devstack@keystone.service[44156]: DEBUG keystone.server.flask.request_processing.middleware.auth_context [None req-fb52b344-1a10-4dae-a858-36ad6b36e470 None admin] Authenticating user token {{(pid=44156) process_request /opt/stack/data/venv/lib/python3.10/site-packages/keystonemiddleware/auth_token/__init__.py:406}}
Aug 15 05:19:41 user devstack@keystone.service[44157]: DEBUG keystone.server.flask.request_processing.middleware.auth_context [None req-924c08aa-b269-4824-b459-84cb66d147ff None admin] Validating token access rules against request {{(pid=44157) validate_allowed_request /opt/stack/data/venv/lib/python3.10/site-packages/keystonemiddleware/auth_token/__init__.py:544}}
Aug 15 05:19:41 user devstack@keystone.service[44157]: DEBUG keystone.server.flask.request_processing.middleware.auth_context [None req-34fa32e5-00b2-4d43-9ab4-f78ceae9e8a5 None admin] RBAC: auth_context: {'token': , 'domain_id': None, 'trust_id': None, 'trustor_id': None, 'trustee_id': None, 'domain_name': None, 'group_ids': [], 'user_id': '44110e1ccccf4387938aef23ec76c60c', 'user_domain_id': 'default', 'system_scope': 'all', 'project_id': None, 'project_domain_id': None, 'roles': ['admin', 'member', 'reader'], 'is_admin_project': True, 'service_user_id': None, 'service_user_domain_id': None, 'service_project_id': None, 'service_project_domain_id': None, 'service_roles': []} {{(pid=44157) fill_context /opt/stack/keystone/keystone/server/flask/request_processing/middleware/auth_context.py:480}}
Aug 15 05:19:41 user devstack@keystone.service[44157]: DEBUG keystone.server.flask.request_processing.req_logging [None req-34fa32e5-00b2-4d43-9ab4-f78ceae9e8a5 None admin] REQUEST_METHOD: `POST` {{(pid=44157) log_request_info /opt/stack/keystone/keystone/server/flask/request_processing/req_logging.py:27}}
Aug 15 05:19:41 user devstack@keystone.service[44157]: DEBUG keystone.server.flask.request_processing.req_logging [None req-34fa32e5-00b2-4d43-9ab4-f78ceae9e8a5 None admin] SCRIPT_NAME: `/identity` {{(pid=44157) log_request_info /opt/stack/keystone/keystone/server/flask/request_processing/req_logging.py:28}}
Aug 15 05:19:41 user devstack@keystone.service[44157]: DEBUG keystone.server.flask.request_processing.req_logging [None req-34fa32e5-00b2-4d43-9ab4-f78ceae9e8a5 None admin] PATH_INFO: `/v3/groups` {{(pid=44157) log_request_info /opt/stack/keystone/keystone/server/flask/request_processing/req_logging.py:29}}
Aug 15 05:19:41 user devstack@keystone.service[44157]: DEBUG keystone.common.rbac_enforcer.enforcer [None req-34fa32e5-00b2-4d43-9ab4-f78ceae9e8a5 None admin] RBAC: Authorizing `identity:create_group()` {{(pid=44157) enforce_call /opt/stack/keystone/keystone/common/rbac_enforcer/enforcer.py:449}}
Aug 15 05:19:41 user devstack@keystone.service[44157]: DEBUG keystone.common.rbac_enforcer.enforcer [None req-34fa32e5-00b2-4d43-9ab4-f78ceae9e8a5 None admin] RBAC: Authorization granted {{(pid=44157) enforce_call /opt/stack/keystone/keystone/common/rbac_enforcer/enforcer.py:457}}
Aug 15 05:19:41 user devstack@keystone.service[44157]: [pid: 44157|app: 0|req: 78/237] 10.0.0.210 () {60 vars in 1129 bytes} [Tue Aug 15 05:19:41 2023] POST /identity/v3/groups => generated 228 bytes in 141 msecs (HTTP/1.1 201) 5 headers in 182 bytes (1 switches on core 0)
Aug 15 05:19:41 user devstack@keystone.service[44155]: DEBUG keystone.server.flask.request_processing.middleware.auth_context [None req-714c19bf-dd4a-4e1e-b173-9f5c97cdf0fb None admin] Validating token access rules against request {{(pid=44155) validate_allowed_request /opt/stack/data/venv/lib/python3.10/site-packages/keystonemiddleware/auth_token/__init__.py:544}}
Aug 15 05:19:41 user devstack@keystone.service[44156]: DEBUG keystone.server.flask.request_processing.middleware.auth_context [None req-fb52b344-1a10-4dae-a858-36ad6b36e470 None admin] Validating token access rules against request {{(pid=44156) validate_allowed_request /opt/stack/data/venv/lib/python3.10/site-packages/keystonemiddleware/auth_token/__init__.py:544}}
Aug 15 05:19:41 user devstack@keystone.service[44155]: DEBUG keystone.server.flask.request_processing.middleware.auth_context [None req-bfac5374-dfa5-4461-8390-b1ac4c918666 None admin] RBAC: auth_context: {'token': , 'domain_id': None, 'trust_id': None, 'trustor_id': None, 'trustee_id': None, 'domain_name': None, 'group_ids': [], 'user_id': '44110e1ccccf4387938aef23ec76c60c', 'user_domain_id': 'default', 'system_scope': 'all', 'project_id': None, 'project_domain_id': None, 'roles': ['admin', 'member', 'reader'], 'is_admin_project': True, 'service_user_id': None, 'service_user_domain_id': None, 'service_project_id': None, 'service_project_domain_id': None, 'service_roles': []} {{(pid=44155) fill_context /opt/stack/keystone/keystone/server/flask/request_processing/middleware/auth_context.py:480}}
Aug 15 05:19:41 user devstack@keystone.service[44155]: DEBUG keystone.server.flask.request_processing.req_logging [None req-bfac5374-dfa5-4461-8390-b1ac4c918666 None admin] REQUEST_METHOD: `GET` {{(pid=44155) log_request_info /opt/stack/keystone/keystone/server/flask/request_processing/req_logging.py:27}}
Aug 15 05:19:41 user devstack@keystone.service[44155]: DEBUG keystone.server.flask.request_processing.req_logging [None req-bfac5374-dfa5-4461-8390-b1ac4c918666 None admin] SCRIPT_NAME: `/identity` {{(pid=44155) log_request_info /opt/stack/keystone/keystone/server/flask/request_processing/req_logging.py:28}}
Aug 15 05:19:41 user devstack@keystone.service[44155]: DEBUG keystone.server.flask.request_processing.req_logging [None req-bfac5374-dfa5-4461-8390-b1ac4c918666 None admin] PATH_INFO: `/v3/users/16d426015a2f4dca9458c93ee3b7a1fa` {{(pid=44155) log_request_info /opt/stack/keystone/keystone/server/flask/request_processing/req_logging.py:29}}
Aug 15 05:19:41 user devstack@keystone.service[44155]: DEBUG keystone.common.rbac_enforcer.enforcer [None req-bfac5374-dfa5-4461-8390-b1ac4c918666 None admin] RBAC: Authorizing `identity:get_user(user_id=16d426015a2f4dca9458c93ee3b7a1fa)` {{(pid=44155) enforce_call /opt/stack/keystone/keystone/common/rbac_enforcer/enforcer.py:449}}
Aug 15 05:19:41 user devstack@keystone.service[44155]: DEBUG keystone.common.rbac_enforcer.enforcer [None req-bfac5374-dfa5-4461-8390-b1ac4c918666 None admin] RBAC: Authorization granted {{(pid=44155) enforce_call /opt/stack/keystone/keystone/common/rbac_enforcer/enforcer.py:457}}
Aug 15 05:19:41 user devstack@keystone.service[44155]: [pid: 44155|app: 0|req: 80/238] 10.0.0.210 () {56 vars in 1172 bytes} [Tue Aug 15 05:19:41 2023] GET /identity/v3/users/16d426015a2f4dca9458c93ee3b7a1fa => generated 292 bytes in 128 msecs (HTTP/1.1 200) 5 headers in 177 bytes (2 switches on core 0)
Aug 15 05:19:41 user devstack@keystone.service[44157]: DEBUG keystone.server.flask.request_processing.middleware.auth_context [None req-34fa32e5-00b2-4d43-9ab4-f78ceae9e8a5 None admin] Authenticating user token {{(pid=44157) process_request /opt/stack/data/venv/lib/python3.10/site-packages/keystonemiddleware/auth_token/__init__.py:406}}
Aug 15 05:19:41 user devstack@keystone.service[44156]: DEBUG keystone.server.flask.request_processing.middleware.auth_context [None req-4e995093-6eaf-4393-be0f-3d95b150eea7 None admin] RBAC: auth_context: {'token': , 'domain_id': None, 'trust_id': None, 'trustor_id': None, 'trustee_id': None, 'domain_name': None, 'group_ids': [], 'user_id': '44110e1ccccf4387938aef23ec76c60c', 'user_domain_id': 'default', 'system_scope': 'all', 'project_id': None, 'project_domain_id': None, 'roles': ['admin', 'member', 'reader'], 'is_admin_project': True, 'service_user_id': None, 'service_user_domain_id': None, 'service_project_id': None, 'service_project_domain_id': None, 'service_roles': []} {{(pid=44156) fill_context /opt/stack/keystone/keystone/server/flask/request_processing/middleware/auth_context.py:480}}
Aug 15 05:19:41 user devstack@keystone.service[44156]: DEBUG keystone.server.flask.request_processing.req_logging [None req-4e995093-6eaf-4393-be0f-3d95b150eea7 None admin] REQUEST_METHOD: `GET` {{(pid=44156) log_request_info /opt/stack/keystone/keystone/server/flask/request_processing/req_logging.py:27}}
Aug 15 05:19:41 user devstack@keystone.service[44156]: DEBUG keystone.server.flask.request_processing.req_logging [None req-4e995093-6eaf-4393-be0f-3d95b150eea7 None admin] SCRIPT_NAME: `/identity` {{(pid=44156) log_request_info /opt/stack/keystone/keystone/server/flask/request_processing/req_logging.py:28}}
Aug 15 05:19:41 user devstack@keystone.service[44156]: DEBUG keystone.server.flask.request_processing.req_logging [None req-4e995093-6eaf-4393-be0f-3d95b150eea7 None admin] PATH_INFO: `/v3/users/3829cbf50bd24bf3b46505ecd6c9034d` {{(pid=44156) log_request_info /opt/stack/keystone/keystone/server/flask/request_processing/req_logging.py:29}}
Aug 15 05:19:41 user devstack@keystone.service[44156]: DEBUG keystone.common.rbac_enforcer.enforcer [None req-4e995093-6eaf-4393-be0f-3d95b150eea7 None admin] RBAC: Authorizing `identity:get_user(user_id=3829cbf50bd24bf3b46505ecd6c9034d)` {{(pid=44156) enforce_call /opt/stack/keystone/keystone/common/rbac_enforcer/enforcer.py:449}}
Aug 15 05:19:41 user devstack@keystone.service[44156]: DEBUG keystone.common.rbac_enforcer.enforcer [None req-4e995093-6eaf-4393-be0f-3d95b150eea7 None admin] RBAC: Authorization granted {{(pid=44156) enforce_call /opt/stack/keystone/keystone/common/rbac_enforcer/enforcer.py:457}}
Aug 15 05:19:41 user devstack@keystone.service[44156]: [pid: 44156|app: 0|req: 81/239] 10.0.0.210 () {56 vars in 1172 bytes} [Tue Aug 15 05:19:41 2023] GET /identity/v3/users/3829cbf50bd24bf3b46505ecd6c9034d => generated 292 bytes in 130 msecs (HTTP/1.1 200) 5 headers in 177 bytes (1 switches on core 0)
Aug 15 05:19:41 user devstack@keystone.service[44155]: DEBUG keystone.server.flask.request_processing.middleware.auth_context [None req-bfac5374-dfa5-4461-8390-b1ac4c918666 None admin] Authenticating user token {{(pid=44155) process_request /opt/stack/data/venv/lib/python3.10/site-packages/keystonemiddleware/auth_token/__init__.py:406}}
Aug 15 05:19:42 user devstack@keystone.service[44157]: DEBUG keystone.server.flask.request_processing.middleware.auth_context [None req-34fa32e5-00b2-4d43-9ab4-f78ceae9e8a5 None admin] Validating token access rules against request {{(pid=44157) validate_allowed_request /opt/stack/data/venv/lib/python3.10/site-packages/keystonemiddleware/auth_token/__init__.py:544}}
Aug 15 05:19:42 user devstack@keystone.service[44155]: DEBUG keystone.server.flask.request_processing.middleware.auth_context [None req-bfac5374-dfa5-4461-8390-b1ac4c918666 None admin] Validating token access rules against request {{(pid=44155) validate_allowed_request /opt/stack/data/venv/lib/python3.10/site-packages/keystonemiddleware/auth_token/__init__.py:544}}
Aug 15 05:19:42 user devstack@keystone.service[44157]: DEBUG keystone.server.flask.request_processing.middleware.auth_context [None req-74fb5a36-5b44-4370-a5c2-91f62679a395 None admin] RBAC: auth_context: {'token': , 'domain_id': None, 'trust_id': None, 'trustor_id': None, 'trustee_id': None, 'domain_name': None, 'group_ids': [], 'user_id': '44110e1ccccf4387938aef23ec76c60c', 'user_domain_id': 'default', 'system_scope': 'all', 'project_id': None, 'project_domain_id': None, 'roles': ['admin', 'member', 'reader'], 'is_admin_project': True, 'service_user_id': None, 'service_user_domain_id': None, 'service_project_id': None, 'service_project_domain_id': None, 'service_roles': []} {{(pid=44157) fill_context /opt/stack/keystone/keystone/server/flask/request_processing/middleware/auth_context.py:480}}
Aug 15 05:19:42 user devstack@keystone.service[44157]: DEBUG keystone.server.flask.request_processing.req_logging [None req-74fb5a36-5b44-4370-a5c2-91f62679a395 None admin] REQUEST_METHOD: `GET` {{(pid=44157) log_request_info /opt/stack/keystone/keystone/server/flask/request_processing/req_logging.py:27}}
Aug 15 05:19:42 user devstack@keystone.service[44157]: DEBUG keystone.server.flask.request_processing.req_logging [None req-74fb5a36-5b44-4370-a5c2-91f62679a395 None admin] SCRIPT_NAME: `/identity` {{(pid=44157) log_request_info /opt/stack/keystone/keystone/server/flask/request_processing/req_logging.py:28}}
Aug 15 05:19:42 user devstack@keystone.service[44157]: DEBUG keystone.server.flask.request_processing.req_logging [None req-74fb5a36-5b44-4370-a5c2-91f62679a395 None admin] PATH_INFO: `/v3/role_assignments` {{(pid=44157) log_request_info /opt/stack/keystone/keystone/server/flask/request_processing/req_logging.py:29}}
Aug 15 05:19:42 user devstack@keystone.service[44157]: DEBUG keystone.common.rbac_enforcer.enforcer [None req-74fb5a36-5b44-4370-a5c2-91f62679a395 None admin] RBAC: Adding query filter params (role.id=4f20057a4e06412b99940d62bc531e56, user.id=16d426015a2f4dca9458c93ee3b7a1fa, scope.system=all) {{(pid=44157) _extract_filter_values /opt/stack/keystone/keystone/common/rbac_enforcer/enforcer.py:167}}
Aug 15 05:19:42 user devstack@keystone.service[44157]: DEBUG keystone.common.rbac_enforcer.enforcer [None req-74fb5a36-5b44-4370-a5c2-91f62679a395 None admin] RBAC: Authorizing `identity:list_role_assignments()` {{(pid=44157) enforce_call /opt/stack/keystone/keystone/common/rbac_enforcer/enforcer.py:449}}
Aug 15 05:19:42 user devstack@keystone.service[44157]: DEBUG keystone.common.rbac_enforcer.enforcer [None req-74fb5a36-5b44-4370-a5c2-91f62679a395 None admin] RBAC: Authorization granted {{(pid=44157) enforce_call /opt/stack/keystone/keystone/common/rbac_enforcer/enforcer.py:457}}
Aug 15 05:19:42 user devstack@keystone.service[44155]: DEBUG keystone.server.flask.request_processing.middleware.auth_context [None req-f1055c9e-8faf-464a-9e1e-5f6538ddeb90 None admin] RBAC: auth_context: {'token': , 'domain_id': None, 'trust_id': None, 'trustor_id': None, 'trustee_id': None, 'domain_name': None, 'group_ids': [], 'user_id': '44110e1ccccf4387938aef23ec76c60c', 'user_domain_id': 'default', 'system_scope': 'all', 'project_id': None, 'project_domain_id': None, 'roles': ['admin', 'member', 'reader'], 'is_admin_project': True, 'service_user_id': None, 'service_user_domain_id': None, 'service_project_id': None, 'service_project_domain_id': None, 'service_roles': []} {{(pid=44155) fill_context /opt/stack/keystone/keystone/server/flask/request_processing/middleware/auth_context.py:480}}
Aug 15 05:19:42 user devstack@keystone.service[44157]: [pid: 44157|app: 0|req: 79/240] 10.0.0.210 () {56 vars in 1303 bytes} [Tue Aug 15 05:19:41 2023] GET /identity/v3/role_assignments?user.id=16d426015a2f4dca9458c93ee3b7a1fa&scope.system=all&role.id=4f20057a4e06412b99940d62bc531e56 => generated 225 bytes in 125 msecs (HTTP/1.1 200) 5 headers in 177 bytes (1 switches on core 0)
Aug 15 05:19:42 user devstack@keystone.service[44155]: DEBUG keystone.server.flask.request_processing.req_logging [None req-f1055c9e-8faf-464a-9e1e-5f6538ddeb90 None admin] REQUEST_METHOD: `PUT` {{(pid=44155) log_request_info /opt/stack/keystone/keystone/server/flask/request_processing/req_logging.py:27}}
Aug 15 05:19:42 user devstack@keystone.service[44155]: DEBUG keystone.server.flask.request_processing.req_logging [None req-f1055c9e-8faf-464a-9e1e-5f6538ddeb90 None admin] SCRIPT_NAME: `/identity` {{(pid=44155) log_request_info /opt/stack/keystone/keystone/server/flask/request_processing/req_logging.py:28}}
Aug 15 05:19:42 user devstack@keystone.service[44155]: DEBUG keystone.server.flask.request_processing.req_logging [None req-f1055c9e-8faf-464a-9e1e-5f6538ddeb90 None admin] PATH_INFO: `/v3/system/users/3829cbf50bd24bf3b46505ecd6c9034d/roles/2674947a1d8149af96719c52f65bcbc2` {{(pid=44155) log_request_info /opt/stack/keystone/keystone/server/flask/request_processing/req_logging.py:29}}
Aug 15 05:19:42 user devstack@keystone.service[44155]: DEBUG keystone.common.rbac_enforcer.enforcer [None req-f1055c9e-8faf-464a-9e1e-5f6538ddeb90 None admin] RBAC: Authorizing `identity:create_system_grant_for_user(user_id=3829cbf50bd24bf3b46505ecd6c9034d, role_id=2674947a1d8149af96719c52f65bcbc2)` {{(pid=44155) enforce_call /opt/stack/keystone/keystone/common/rbac_enforcer/enforcer.py:449}}
Aug 15 05:19:42 user devstack@keystone.service[44155]: DEBUG keystone.common.rbac_enforcer.enforcer [None req-f1055c9e-8faf-464a-9e1e-5f6538ddeb90 None admin] RBAC: Authorization granted {{(pid=44155) enforce_call /opt/stack/keystone/keystone/common/rbac_enforcer/enforcer.py:457}}
Aug 15 05:19:42 user devstack@keystone.service[44155]: [pid: 44155|app: 0|req: 81/241] 10.0.0.210 () {58 vars in 1329 bytes} [Tue Aug 15 05:19:41 2023] PUT /identity/v3/system/users/3829cbf50bd24bf3b46505ecd6c9034d/roles/2674947a1d8149af96719c52f65bcbc2 => generated 0 bytes in 123 msecs (HTTP/1.1 204) 3 headers in 132 bytes (0 switches on core 0)
Aug 15 05:19:43 user devstack@keystone.service[44156]: DEBUG keystone.server.flask.request_processing.req_logging [None req-9550e99a-aa35-4aa7-b878-76672fcc53bd None None] REQUEST_METHOD: `GET` {{(pid=44156) log_request_info /opt/stack/keystone/keystone/server/flask/request_processing/req_logging.py:27}}
Aug 15 05:19:43 user devstack@keystone.service[44156]: DEBUG keystone.server.flask.request_processing.req_logging [None req-9550e99a-aa35-4aa7-b878-76672fcc53bd None None] SCRIPT_NAME: `/identity` {{(pid=44156) log_request_info /opt/stack/keystone/keystone/server/flask/request_processing/req_logging.py:28}}
Aug 15 05:19:43 user devstack@keystone.service[44156]: DEBUG keystone.server.flask.request_processing.req_logging [None req-9550e99a-aa35-4aa7-b878-76672fcc53bd None None] PATH_INFO: `/` {{(pid=44156) log_request_info /opt/stack/keystone/keystone/server/flask/request_processing/req_logging.py:29}}
Aug 15 05:19:43 user devstack@keystone.service[44156]: [pid: 44156|app: 0|req: 82/242] 10.0.0.210 () {54 vars in 921 bytes} [Tue Aug 15 05:19:43 2023] GET /identity => generated 269 bytes in 4 msecs (HTTP/1.1 300) 6 headers in 233 bytes (1 switches on core 0)
Aug 15 05:19:43 user devstack@keystone.service[44157]: DEBUG keystone.server.flask.request_processing.req_logging [None req-7efd3921-9e86-49d3-b754-e3b56e015d5d None None] REQUEST_METHOD: `POST` {{(pid=44157) log_request_info /opt/stack/keystone/keystone/server/flask/request_processing/req_logging.py:27}}
Aug 15 05:19:43 user devstack@keystone.service[44157]: DEBUG keystone.server.flask.request_processing.req_logging [None req-7efd3921-9e86-49d3-b754-e3b56e015d5d None None] SCRIPT_NAME: `/identity` {{(pid=44157) log_request_info /opt/stack/keystone/keystone/server/flask/request_processing/req_logging.py:28}}
Aug 15 05:19:43 user devstack@keystone.service[44157]: DEBUG keystone.server.flask.request_processing.req_logging [None req-7efd3921-9e86-49d3-b754-e3b56e015d5d None None] PATH_INFO: `/v3/auth/tokens` {{(pid=44157) log_request_info /opt/stack/keystone/keystone/server/flask/request_processing/req_logging.py:29}}
Aug 15 05:19:43 user devstack@keystone.service[44157]: WARNING keystone.common.password_hashing [None req-7efd3921-9e86-49d3-b754-e3b56e015d5d None None] Truncating password to algorithm specific maximum length 72 characters.
Aug 15 05:19:43 user devstack@keystone.service[44157]: DEBUG keystone.auth.core [None req-7efd3921-9e86-49d3-b754-e3b56e015d5d None None] MFA Rules not processed for user `44110e1ccccf4387938aef23ec76c60c`. Rule list: `[]` (Enabled: `True`). {{(pid=44157) check_auth_methods_against_rules /opt/stack/keystone/keystone/auth/core.py:438}}
Aug 15 05:19:43 user devstack@keystone.service[44157]: DEBUG keystone.common.fernet_utils [None req-7efd3921-9e86-49d3-b754-e3b56e015d5d None None] Loaded 2 Fernet keys from /etc/keystone/fernet-keys/, but `[fernet_tokens] max_active_keys = 3`; perhaps there have not been enough key rotations to reach `max_active_keys` yet? {{(pid=44157) load_keys /opt/stack/keystone/keystone/common/fernet_utils.py:286}}
Aug 15 05:19:43 user devstack@keystone.service[44157]: [pid: 44157|app: 0|req: 80/243] 10.0.0.210 () {58 vars in 1018 bytes} [Tue Aug 15 05:19:43 2023] POST /identity/v3/auth/tokens => generated 798 bytes in 78 msecs (HTTP/1.1 201) 6 headers in 363 bytes (1 switches on core 0)
Aug 15 05:19:43 user devstack@keystone.service[44155]: DEBUG keystone.server.flask.request_processing.req_logging [None req-167ed488-c4e9-47e0-b72c-2c3adf0f26e2 None None] REQUEST_METHOD: `GET` {{(pid=44155) log_request_info /opt/stack/keystone/keystone/server/flask/request_processing/req_logging.py:27}}
Aug 15 05:19:43 user devstack@keystone.service[44155]: DEBUG keystone.server.flask.request_processing.req_logging [None req-167ed488-c4e9-47e0-b72c-2c3adf0f26e2 None None] SCRIPT_NAME: `/identity` {{(pid=44155) log_request_info /opt/stack/keystone/keystone/server/flask/request_processing/req_logging.py:28}}
Aug 15 05:19:43 user devstack@keystone.service[44155]: DEBUG keystone.server.flask.request_processing.req_logging [None req-167ed488-c4e9-47e0-b72c-2c3adf0f26e2 None None] PATH_INFO: `/` {{(pid=44155) log_request_info /opt/stack/keystone/keystone/server/flask/request_processing/req_logging.py:29}}
Aug 15 05:19:43 user devstack@keystone.service[44155]: [pid: 44155|app: 0|req: 82/244] 10.0.0.210 () {54 vars in 921 bytes} [Tue Aug 15 05:19:43 2023] GET /identity => generated 269 bytes in 3 msecs (HTTP/1.1 300) 6 headers in 233 bytes (1 switches on core 0)
Aug 15 05:19:43 user devstack@keystone.service[44156]: DEBUG keystone.server.flask.request_processing.req_logging [None req-1fa06976-862d-4302-a364-a2fb4b4975b6 None None] REQUEST_METHOD: `POST` {{(pid=44156) log_request_info /opt/stack/keystone/keystone/server/flask/request_processing/req_logging.py:27}}
Aug 15 05:19:43 user devstack@keystone.service[44156]: DEBUG keystone.server.flask.request_processing.req_logging [None req-1fa06976-862d-4302-a364-a2fb4b4975b6 None None] SCRIPT_NAME: `/identity` {{(pid=44156) log_request_info /opt/stack/keystone/keystone/server/flask/request_processing/req_logging.py:28}}
Aug 15 05:19:43 user devstack@keystone.service[44156]: DEBUG keystone.server.flask.request_processing.req_logging [None req-1fa06976-862d-4302-a364-a2fb4b4975b6 None None] PATH_INFO: `/v3/auth/tokens` {{(pid=44156) log_request_info /opt/stack/keystone/keystone/server/flask/request_processing/req_logging.py:29}}
Aug 15 05:19:43 user devstack@keystone.service[44156]: WARNING keystone.common.password_hashing [None req-1fa06976-862d-4302-a364-a2fb4b4975b6 None None] Truncating password to algorithm specific maximum length 72 characters.
Aug 15 05:19:43 user devstack@keystone.service[44156]: DEBUG keystone.auth.core [None req-1fa06976-862d-4302-a364-a2fb4b4975b6 None None] MFA Rules not processed for user `44110e1ccccf4387938aef23ec76c60c`. Rule list: `[]` (Enabled: `True`). {{(pid=44156) check_auth_methods_against_rules /opt/stack/keystone/keystone/auth/core.py:438}}
Aug 15 05:19:43 user devstack@keystone.service[44156]: DEBUG keystone.common.fernet_utils [None req-1fa06976-862d-4302-a364-a2fb4b4975b6 None None] Loaded 2 Fernet keys from /etc/keystone/fernet-keys/, but `[fernet_tokens] max_active_keys = 3`; perhaps there have not been enough key rotations to reach `max_active_keys` yet? {{(pid=44156) load_keys /opt/stack/keystone/keystone/common/fernet_utils.py:286}}
Aug 15 05:19:43 user devstack@keystone.service[44157]: DEBUG keystone.server.flask.request_processing.req_logging [None req-a90255ed-4523-4359-a4a6-7c0a9af54eea None None] REQUEST_METHOD: `GET` {{(pid=44157) log_request_info /opt/stack/keystone/keystone/server/flask/request_processing/req_logging.py:27}}
Aug 15 05:19:43 user devstack@keystone.service[44157]: DEBUG keystone.server.flask.request_processing.req_logging [None req-a90255ed-4523-4359-a4a6-7c0a9af54eea None None] SCRIPT_NAME: `/identity` {{(pid=44157) log_request_info /opt/stack/keystone/keystone/server/flask/request_processing/req_logging.py:28}}
Aug 15 05:19:43 user devstack@keystone.service[44157]: DEBUG keystone.server.flask.request_processing.req_logging [None req-a90255ed-4523-4359-a4a6-7c0a9af54eea None None] PATH_INFO: `/` {{(pid=44157) log_request_info /opt/stack/keystone/keystone/server/flask/request_processing/req_logging.py:29}}
Aug 15 05:19:43 user devstack@keystone.service[44157]: [pid: 44157|app: 0|req: 81/245] 10.0.0.210 () {54 vars in 921 bytes} [Tue Aug 15 05:19:43 2023] GET /identity => generated 269 bytes in 3 msecs (HTTP/1.1 300) 6 headers in 233 bytes (1 switches on core 0)
Aug 15 05:19:43 user devstack@keystone.service[44155]: DEBUG keystone.server.flask.request_processing.req_logging [None req-2f287b62-e216-445c-b756-e11ec90e4600 None None] REQUEST_METHOD: `POST` {{(pid=44155) log_request_info /opt/stack/keystone/keystone/server/flask/request_processing/req_logging.py:27}}
Aug 15 05:19:43 user devstack@keystone.service[44155]: DEBUG keystone.server.flask.request_processing.req_logging [None req-2f287b62-e216-445c-b756-e11ec90e4600 None None] SCRIPT_NAME: `/identity` {{(pid=44155) log_request_info /opt/stack/keystone/keystone/server/flask/request_processing/req_logging.py:28}}
Aug 15 05:19:43 user devstack@keystone.service[44155]: DEBUG keystone.server.flask.request_processing.req_logging [None req-2f287b62-e216-445c-b756-e11ec90e4600 None None] PATH_INFO: `/v3/auth/tokens` {{(pid=44155) log_request_info /opt/stack/keystone/keystone/server/flask/request_processing/req_logging.py:29}}
Aug 15 05:19:43 user devstack@keystone.service[44155]: WARNING keystone.common.password_hashing [None req-2f287b62-e216-445c-b756-e11ec90e4600 None None] Truncating password to algorithm specific maximum length 72 characters.
Aug 15 05:19:43 user devstack@keystone.service[44155]: DEBUG keystone.auth.core [None req-2f287b62-e216-445c-b756-e11ec90e4600 None None] MFA Rules not processed for user `44110e1ccccf4387938aef23ec76c60c`. Rule list: `[]` (Enabled: `True`). {{(pid=44155) check_auth_methods_against_rules /opt/stack/keystone/keystone/auth/core.py:438}}
Aug 15 05:19:43 user devstack@keystone.service[44155]: DEBUG keystone.common.fernet_utils [None req-2f287b62-e216-445c-b756-e11ec90e4600 None None] Loaded 2 Fernet keys from /etc/keystone/fernet-keys/, but `[fernet_tokens] max_active_keys = 3`; perhaps there have not been enough key rotations to reach `max_active_keys` yet? {{(pid=44155) load_keys /opt/stack/keystone/keystone/common/fernet_utils.py:286}}
Aug 15 05:19:43 user devstack@keystone.service[44155]: [pid: 44155|app: 0|req: 83/246] 10.0.0.210 () {58 vars in 1018 bytes} [Tue Aug 15 05:19:43 2023] POST /identity/v3/auth/tokens => generated 798 bytes in 77 msecs (HTTP/1.1 201) 6 headers in 363 bytes (1 switches on core 0)
Aug 15 05:19:43 user devstack@keystone.service[44157]: DEBUG keystone.server.flask.request_processing.middleware.auth_context [None req-a90255ed-4523-4359-a4a6-7c0a9af54eea None None] Authenticating user token {{(pid=44157) process_request /opt/stack/data/venv/lib/python3.10/site-packages/keystonemiddleware/auth_token/__init__.py:406}}
Aug 15 05:19:43 user devstack@keystone.service[44156]: [pid: 44156|app: 0|req: 83/247] 10.0.0.210 () {58 vars in 1018 bytes} [Tue Aug 15 05:19:43 2023] POST /identity/v3/auth/tokens => generated 798 bytes in 116 msecs (HTTP/1.1 201) 6 headers in 363 bytes (1 switches on core 0)
Aug 15 05:19:43 user devstack@keystone.service[44157]: DEBUG keystone.server.flask.request_processing.middleware.auth_context [None req-a90255ed-4523-4359-a4a6-7c0a9af54eea None None] Validating token access rules against request {{(pid=44157) validate_allowed_request /opt/stack/data/venv/lib/python3.10/site-packages/keystonemiddleware/auth_token/__init__.py:544}}
Aug 15 05:19:43 user devstack@keystone.service[44157]: DEBUG keystone.server.flask.request_processing.middleware.auth_context [None req-330755ea-de0f-4caf-8d18-afd78c801fb7 None admin] RBAC: auth_context: {'token': , 'domain_id': None, 'trust_id': None, 'trustor_id': None, 'trustee_id': None, 'domain_name': None, 'group_ids': [], 'user_id': '44110e1ccccf4387938aef23ec76c60c', 'user_domain_id': 'default', 'system_scope': 'all', 'project_id': None, 'project_domain_id': None, 'roles': ['admin', 'member', 'reader'], 'is_admin_project': True, 'service_user_id': None, 'service_user_domain_id': None, 'service_project_id': None, 'service_project_domain_id': None, 'service_roles': []} {{(pid=44157) fill_context /opt/stack/keystone/keystone/server/flask/request_processing/middleware/auth_context.py:480}}
Aug 15 05:19:43 user devstack@keystone.service[44157]: DEBUG keystone.server.flask.request_processing.req_logging [None req-330755ea-de0f-4caf-8d18-afd78c801fb7 None admin] REQUEST_METHOD: `GET` {{(pid=44157) log_request_info /opt/stack/keystone/keystone/server/flask/request_processing/req_logging.py:27}}
Aug 15 05:19:43 user devstack@keystone.service[44157]: DEBUG keystone.server.flask.request_processing.req_logging [None req-330755ea-de0f-4caf-8d18-afd78c801fb7 None admin] SCRIPT_NAME: `/identity` {{(pid=44157) log_request_info /opt/stack/keystone/keystone/server/flask/request_processing/req_logging.py:28}}
Aug 15 05:19:43 user devstack@keystone.service[44157]: DEBUG keystone.server.flask.request_processing.req_logging [None req-330755ea-de0f-4caf-8d18-afd78c801fb7 None admin] PATH_INFO: `/v3/domains/default` {{(pid=44157) log_request_info /opt/stack/keystone/keystone/server/flask/request_processing/req_logging.py:29}}
Aug 15 05:19:43 user devstack@keystone.service[44157]: DEBUG keystone.common.rbac_enforcer.enforcer [None req-330755ea-de0f-4caf-8d18-afd78c801fb7 None admin] RBAC: Authorizing `identity:get_domain(domain_id=default)` {{(pid=44157) enforce_call /opt/stack/keystone/keystone/common/rbac_enforcer/enforcer.py:449}}
Aug 15 05:19:43 user devstack@keystone.service[44157]: DEBUG keystone.common.rbac_enforcer.enforcer [None req-330755ea-de0f-4caf-8d18-afd78c801fb7 None admin] RBAC: Authorization granted {{(pid=44157) enforce_call /opt/stack/keystone/keystone/common/rbac_enforcer/enforcer.py:457}}
Aug 15 05:19:43 user devstack@keystone.service[44157]: [pid: 44157|app: 0|req: 82/248] 10.0.0.210 () {56 vars in 1103 bytes} [Tue Aug 15 05:19:43 2023] GET /identity/v3/domains/default => generated 198 bytes in 145 msecs (HTTP/1.1 200) 5 headers in 177 bytes (1 switches on core 0)
Aug 15 05:19:43 user devstack@keystone.service[44155]: DEBUG keystone.server.flask.request_processing.middleware.auth_context [None req-2f287b62-e216-445c-b756-e11ec90e4600 None None] Authenticating user token {{(pid=44155) process_request /opt/stack/data/venv/lib/python3.10/site-packages/keystonemiddleware/auth_token/__init__.py:406}}
Aug 15 05:19:44 user devstack@keystone.service[44156]: DEBUG keystone.server.flask.request_processing.middleware.auth_context [None req-1fa06976-862d-4302-a364-a2fb4b4975b6 None None] Authenticating user token {{(pid=44156) process_request /opt/stack/data/venv/lib/python3.10/site-packages/keystonemiddleware/auth_token/__init__.py:406}}
Aug 15 05:19:44 user devstack@keystone.service[44157]: DEBUG keystone.server.flask.request_processing.middleware.auth_context [None req-330755ea-de0f-4caf-8d18-afd78c801fb7 None admin] Authenticating user token {{(pid=44157) process_request /opt/stack/data/venv/lib/python3.10/site-packages/keystonemiddleware/auth_token/__init__.py:406}}
Aug 15 05:19:44 user devstack@keystone.service[44155]: DEBUG keystone.server.flask.request_processing.middleware.auth_context [None req-2f287b62-e216-445c-b756-e11ec90e4600 None None] Validating token access rules against request {{(pid=44155) validate_allowed_request /opt/stack/data/venv/lib/python3.10/site-packages/keystonemiddleware/auth_token/__init__.py:544}}
Aug 15 05:19:44 user devstack@keystone.service[44155]: DEBUG keystone.server.flask.request_processing.middleware.auth_context [None req-440be96a-af64-4a38-b864-7cd2bdae5c27 None admin] RBAC: auth_context: {'token': , 'domain_id': None, 'trust_id': None, 'trustor_id': None, 'trustee_id': None, 'domain_name': None, 'group_ids': [], 'user_id': '44110e1ccccf4387938aef23ec76c60c', 'user_domain_id': 'default', 'system_scope': 'all', 'project_id': None, 'project_domain_id': None, 'roles': ['admin', 'member', 'reader'], 'is_admin_project': True, 'service_user_id': None, 'service_user_domain_id': None, 'service_project_id': None, 'service_project_domain_id': None, 'service_roles': []} {{(pid=44155) fill_context /opt/stack/keystone/keystone/server/flask/request_processing/middleware/auth_context.py:480}}
Aug 15 05:19:44 user devstack@keystone.service[44155]: DEBUG keystone.server.flask.request_processing.req_logging [None req-440be96a-af64-4a38-b864-7cd2bdae5c27 None admin] REQUEST_METHOD: `POST` {{(pid=44155) log_request_info /opt/stack/keystone/keystone/server/flask/request_processing/req_logging.py:27}}
Aug 15 05:19:44 user devstack@keystone.service[44155]: DEBUG keystone.server.flask.request_processing.req_logging [None req-440be96a-af64-4a38-b864-7cd2bdae5c27 None admin] SCRIPT_NAME: `/identity` {{(pid=44155) log_request_info /opt/stack/keystone/keystone/server/flask/request_processing/req_logging.py:28}}
Aug 15 05:19:44 user devstack@keystone.service[44155]: DEBUG keystone.server.flask.request_processing.req_logging [None req-440be96a-af64-4a38-b864-7cd2bdae5c27 None admin] PATH_INFO: `/v3/groups` {{(pid=44155) log_request_info /opt/stack/keystone/keystone/server/flask/request_processing/req_logging.py:29}}
Aug 15 05:19:44 user devstack@keystone.service[44155]: DEBUG keystone.common.rbac_enforcer.enforcer [None req-440be96a-af64-4a38-b864-7cd2bdae5c27 None admin] RBAC: Authorizing `identity:create_group()` {{(pid=44155) enforce_call /opt/stack/keystone/keystone/common/rbac_enforcer/enforcer.py:449}}
Aug 15 05:19:44 user devstack@keystone.service[44155]: DEBUG keystone.common.rbac_enforcer.enforcer [None req-440be96a-af64-4a38-b864-7cd2bdae5c27 None admin] RBAC: Authorization granted {{(pid=44155) enforce_call /opt/stack/keystone/keystone/common/rbac_enforcer/enforcer.py:457}}
Aug 15 05:19:44 user devstack@keystone.service[44156]: DEBUG keystone.server.flask.request_processing.middleware.auth_context [None req-1fa06976-862d-4302-a364-a2fb4b4975b6 None None] Validating token access rules against request {{(pid=44156) validate_allowed_request /opt/stack/data/venv/lib/python3.10/site-packages/keystonemiddleware/auth_token/__init__.py:544}}
Aug 15 05:19:44 user devstack@keystone.service[44155]: [pid: 44155|app: 0|req: 84/249] 10.0.0.210 () {60 vars in 1129 bytes} [Tue Aug 15 05:19:43 2023] POST /identity/v3/groups => generated 225 bytes in 151 msecs (HTTP/1.1 201) 5 headers in 182 bytes (1 switches on core 0)
Aug 15 05:19:44 user devstack@keystone.service[44156]: DEBUG keystone.server.flask.request_processing.middleware.auth_context [None req-715afb3c-8e8b-4329-b74a-ed74bd427371 None admin] RBAC: auth_context: {'token': , 'domain_id': None, 'trust_id': None, 'trustor_id': None, 'trustee_id': None, 'domain_name': None, 'group_ids': [], 'user_id': '44110e1ccccf4387938aef23ec76c60c', 'user_domain_id': 'default', 'system_scope': 'all', 'project_id': None, 'project_domain_id': None, 'roles': ['admin', 'member', 'reader'], 'is_admin_project': True, 'service_user_id': None, 'service_user_domain_id': None, 'service_project_id': None, 'service_project_domain_id': None, 'service_roles': []} {{(pid=44156) fill_context /opt/stack/keystone/keystone/server/flask/request_processing/middleware/auth_context.py:480}}
Aug 15 05:19:44 user devstack@keystone.service[44156]: DEBUG keystone.server.flask.request_processing.req_logging [None req-715afb3c-8e8b-4329-b74a-ed74bd427371 None admin] REQUEST_METHOD: `GET` {{(pid=44156) log_request_info /opt/stack/keystone/keystone/server/flask/request_processing/req_logging.py:27}}
Aug 15 05:19:44 user devstack@keystone.service[44156]: DEBUG keystone.server.flask.request_processing.req_logging [None req-715afb3c-8e8b-4329-b74a-ed74bd427371 None admin] SCRIPT_NAME: `/identity` {{(pid=44156) log_request_info /opt/stack/keystone/keystone/server/flask/request_processing/req_logging.py:28}}
Aug 15 05:19:44 user devstack@keystone.service[44156]: DEBUG keystone.server.flask.request_processing.req_logging [None req-715afb3c-8e8b-4329-b74a-ed74bd427371 None admin] PATH_INFO: `/v3/roles/reader` {{(pid=44156) log_request_info /opt/stack/keystone/keystone/server/flask/request_processing/req_logging.py:29}}
Aug 15 05:19:44 user devstack@keystone.service[44157]: DEBUG keystone.server.flask.request_processing.middleware.auth_context [None req-330755ea-de0f-4caf-8d18-afd78c801fb7 None admin] Validating token access rules against request {{(pid=44157) validate_allowed_request /opt/stack/data/venv/lib/python3.10/site-packages/keystonemiddleware/auth_token/__init__.py:544}}
Aug 15 05:19:44 user devstack@keystone.service[44156]: DEBUG keystone.common.rbac_enforcer.enforcer [None req-715afb3c-8e8b-4329-b74a-ed74bd427371 None admin] Extracting inferred target data resulted in "NOT FOUND (404)". {{(pid=44156) enforce_call /opt/stack/keystone/keystone/common/rbac_enforcer/enforcer.py:409}}
Aug 15 05:19:44 user devstack@keystone.service[44156]: ERROR keystone.server.flask.application [None req-715afb3c-8e8b-4329-b74a-ed74bd427371 None admin] Could not find role: reader.: keystone.exception.RoleNotFound: Could not find role: reader.
Aug 15 05:19:44 user devstack@keystone.service[44156]: ERROR keystone.server.flask.application
Traceback (most recent call last):
Aug 15 05:19:44 user devstack@keystone.service[44156]: ERROR keystone.server.flask.application
File "/opt/stack/data/venv/lib/python3.10/site-packages/flask/app.py", line 1823, in full_dispatch_request
Aug 15 05:19:44 user devstack@keystone.service[44156]: ERROR keystone.server.flask.application rv = self.dispatch_request()
Aug 15 05:19:44 user devstack@keystone.service[44156]: ERROR keystone.server.flask.application
File "/opt/stack/data/venv/lib/python3.10/site-packages/flask/app.py", line 1799, in dispatch_request
Aug 15 05:19:44 user devstack@keystone.service[44156]: ERROR keystone.server.flask.application return self.ensure_sync(self.view_functions[rule.endpoint])(**view_args)
Aug 15 05:19:44 user devstack@keystone.service[44156]: ERROR keystone.server.flask.application
File "/opt/stack/data/venv/lib/python3.10/site-packages/flask_restful/__init__.py", line 467, in wrapper
Aug 15 05:19:44 user devstack@keystone.service[44156]: ERROR keystone.server.flask.application resp = resource(*args, **kwargs)
Aug 15 05:19:44 user devstack@keystone.service[44156]: ERROR keystone.server.flask.application
File "/opt/stack/data/venv/lib/python3.10/site-packages/flask/views.py", line 107, in view
Aug 15 05:19:44 user devstack@keystone.service[44156]: ERROR keystone.server.flask.application return current_app.ensure_sync(self.dispatch_request)(**kwargs)
Aug 15 05:19:44 user devstack@keystone.service[44156]: ERROR keystone.server.flask.application
File "/opt/stack/data/venv/lib/python3.10/site-packages/flask_restful/__init__.py", line 582, in dispatch_request
Aug 15 05:19:44 user devstack@keystone.service[44156]: ERROR keystone.server.flask.application resp = meth(*args, **kwargs)
Aug 15 05:19:44 user devstack@keystone.service[44156]: ERROR keystone.server.flask.application
File "/opt/stack/keystone/keystone/api/roles.py", line 50, in get
Aug 15 05:19:44 user devstack@keystone.service[44156]: ERROR keystone.server.flask.application return self._get_role(role_id)
Aug 15 05:19:44 user devstack@keystone.service[44156]: ERROR keystone.server.flask.application
File "/opt/stack/keystone/keystone/api/roles.py", line 70, in _get_role
Aug 15 05:19:44 user devstack@keystone.service[44156]: ERROR keystone.server.flask.application ENFORCER.enforce_call(action='identity:get_role')
Aug 15 05:19:44 user devstack@keystone.service[44156]: ERROR keystone.server.flask.application
File "/opt/stack/keystone/keystone/common/rbac_enforcer/enforcer.py", line 402, in enforce_call
Aug 15 05:19:44 user devstack@keystone.service[44156]: ERROR keystone.server.flask.application policy_dict.update(cls._extract_member_target_data(
Aug 15 05:19:44 user devstack@keystone.service[44156]: ERROR keystone.server.flask.application
File "/opt/stack/keystone/keystone/common/rbac_enforcer/enforcer.py", line 234, in _extract_member_target_data
Aug 15 05:19:44 user devstack@keystone.service[44156]: ERROR keystone.server.flask.application member_name: func(flask.request.view_args[key])
Aug 15 05:19:44 user devstack@keystone.service[44156]: ERROR keystone.server.flask.application
File "/opt/stack/keystone/keystone/common/manager.py", line 115, in wrapped
Aug 15 05:19:44 user devstack@keystone.service[44156]: ERROR keystone.server.flask.application __ret_val = __f(*args, **kwargs)
Aug 15 05:19:44 user devstack@keystone.service[44156]: ERROR keystone.server.flask.application
File "/opt/stack/data/venv/lib/python3.10/site-packages/decorator.py", line 232, in fun
Aug 15 05:19:44 user devstack@keystone.service[44156]: ERROR keystone.server.flask.application return caller(func, *(extras + args), **kw)
Aug 15 05:19:44 user devstack@keystone.service[44156]: ERROR keystone.server.flask.application
File "/opt/stack/data/venv/lib/python3.10/site-packages/dogpile/cache/region.py", line 1577, in get_or_create_for_user_func
Aug 15 05:19:44 user devstack@keystone.service[44156]: ERROR keystone.server.flask.application return self.get_or_create(
Aug 15 05:19:44 user devstack@keystone.service[44156]: ERROR keystone.server.flask.application
File "/opt/stack/data/venv/lib/python3.10/site-packages/dogpile/cache/region.py", line 1042, in get_or_create
Aug 15 05:19:44 user devstack@keystone.service[44156]: ERROR keystone.server.flask.application with Lock(
Aug 15 05:19:44 user devstack@keystone.service[44156]: ERROR keystone.server.flask.application
File "/opt/stack/data/venv/lib/python3.10/site-packages/dogpile/lock.py", line 185, in __enter__
Aug 15 05:19:44 user devstack@keystone.service[44156]: ERROR keystone.server.flask.application return self._enter()
Aug 15 05:19:44 user devstack@keystone.service[44156]: ERROR keystone.server.flask.application
File "/opt/stack/data/venv/lib/python3.10/site-packages/dogpile/lock.py", line 94, in _enter
Aug 15 05:19:44 user devstack@keystone.service[44156]: ERROR keystone.server.flask.application generated = self._enter_create(value, createdtime)
Aug 15 05:19:44 user devstack@keystone.service[44156]: ERROR keystone.server.flask.application
File "/opt/stack/data/venv/lib/python3.10/site-packages/dogpile/lock.py", line 178, in _enter_create
Aug 15 05:19:44 user devstack@keystone.service[44156]: ERROR keystone.server.flask.application return self.creator()
Aug 15 05:19:44 user devstack@keystone.service[44156]: ERROR keystone.server.flask.application
File "/opt/stack/data/venv/lib/python3.10/site-packages/dogpile/cache/region.py", line 995, in gen_value
Aug 15 05:19:44 user devstack@keystone.service[44156]: ERROR keystone.server.flask.application created_value = creator(
Aug 15 05:19:44 user devstack@keystone.service[44156]: ERROR keystone.server.flask.application
File "/opt/stack/keystone/keystone/assignment/core.py", line 1276, in get_role
Aug 15 05:19:44 user devstack@keystone.service[44156]: ERROR keystone.server.flask.application return self.driver.get_role(role_id)
Aug 15 05:19:44 user devstack@keystone.service[44156]: ERROR keystone.server.flask.application
File "/opt/stack/keystone/keystone/assignment/role_backends/sql.py", line 70, in get_role
Aug 15 05:19:44 user devstack@keystone.service[44156]: ERROR keystone.server.flask.application return self._get_role(session, role_id).to_dict()
Aug 15 05:19:44 user devstack@keystone.service[44156]: ERROR keystone.server.flask.application
File "/opt/stack/keystone/keystone/assignment/role_backends/sql.py", line 65, in _get_role
Aug 15 05:19:44 user devstack@keystone.service[44156]: ERROR keystone.server.flask.application raise exception.RoleNotFound(role_id=role_id)
Aug 15 05:19:44 user devstack@keystone.service[44156]: ERROR keystone.server.flask.application keystone.exception.RoleNotFound: Could not find role: reader.
Aug 15 05:19:44 user devstack@keystone.service[44156]: ERROR keystone.server.flask.application
Aug 15 05:19:44 user devstack@keystone.service[44156]: [pid: 44156|app: 0|req: 84/250] 10.0.0.210 () {56 vars in 1094 bytes} [Tue Aug 15 05:19:44 2023] GET /identity/v3/roles/reader => generated 84 bytes in 132 msecs (HTTP/1.1 404) 5 headers in 183 bytes (1 switches on core 0)
Aug 15 05:19:44 user devstack@keystone.service[44155]: DEBUG keystone.server.flask.request_processing.middleware.auth_context [None req-440be96a-af64-4a38-b864-7cd2bdae5c27 None admin] Authenticating user token {{(pid=44155) process_request /opt/stack/data/venv/lib/python3.10/site-packages/keystonemiddleware/auth_token/__init__.py:406}}
Aug 15 05:19:44 user devstack@keystone.service[44157]: DEBUG keystone.server.flask.request_processing.middleware.auth_context [None req-181b5bad-c555-4e02-9383-c0458af51e02 None admin] RBAC: auth_context: {'token': , 'domain_id': None, 'trust_id': None, 'trustor_id': None, 'trustee_id': None, 'domain_name': None, 'group_ids': [], 'user_id': '44110e1ccccf4387938aef23ec76c60c', 'user_domain_id': 'default', 'system_scope': 'all', 'project_id': None, 'project_domain_id': None, 'roles': ['admin', 'member', 'reader'], 'is_admin_project': True, 'service_user_id': None, 'service_user_domain_id': None, 'service_project_id': None, 'service_project_domain_id': None, 'service_roles': []} {{(pid=44157) fill_context /opt/stack/keystone/keystone/server/flask/request_processing/middleware/auth_context.py:480}}
Aug 15 05:19:44 user devstack@keystone.service[44157]: DEBUG keystone.server.flask.request_processing.req_logging [None req-181b5bad-c555-4e02-9383-c0458af51e02 None admin] REQUEST_METHOD: `GET` {{(pid=44157) log_request_info /opt/stack/keystone/keystone/server/flask/request_processing/req_logging.py:27}}
Aug 15 05:19:44 user devstack@keystone.service[44157]: DEBUG keystone.server.flask.request_processing.req_logging [None req-181b5bad-c555-4e02-9383-c0458af51e02 None admin] SCRIPT_NAME: `/identity` {{(pid=44157) log_request_info /opt/stack/keystone/keystone/server/flask/request_processing/req_logging.py:28}}
Aug 15 05:19:44 user devstack@keystone.service[44157]: DEBUG keystone.server.flask.request_processing.req_logging [None req-181b5bad-c555-4e02-9383-c0458af51e02 None admin] PATH_INFO: `/v3/roles/member` {{(pid=44157) log_request_info /opt/stack/keystone/keystone/server/flask/request_processing/req_logging.py:29}}
