Aug 15 17:33:35 user devstack@keystone.service[44441]: DEBUG keystone.server.flask.request_processing.middleware.auth_context [None req-f98f8e3c-6d17-404b-b999-cf74f84ac5fc admin admin] Validating token access rules against request {{(pid=44441) validate_allowed_request /opt/stack/data/venv/lib/python3.10/site-packages/keystonemiddleware/auth_token/__init__.py:544}}
Aug 15 17:33:35 user devstack@keystone.service[44441]: DEBUG keystone.server.flask.request_processing.middleware.auth_context [None req-95c0b6fa-e320-42cd-aa83-3e3baaeaf725 admin admin] RBAC: auth_context: {'token': , 'domain_id': None, 'trust_id': None, 'trustor_id': None, 'trustee_id': None, 'domain_name': None, 'group_ids': [], 'user_id': '11789ea090574f3592e50bb7969363c2', 'user_domain_id': 'default', 'system_scope': None, 'project_id': 'd8b94772033b4529b2f86709fac0a483', 'project_domain_id': 'default', 'roles': ['admin', 'reader', 'member'], 'is_admin_project': True, 'service_user_id': None, 'service_user_domain_id': None, 'service_project_id': None, 'service_project_domain_id': None, 'service_roles': []} {{(pid=44441) fill_context /opt/stack/keystone/keystone/server/flask/request_processing/middleware/auth_context.py:480}}
Aug 15 17:33:35 user devstack@keystone.service[44441]: DEBUG keystone.server.flask.request_processing.req_logging [None req-95c0b6fa-e320-42cd-aa83-3e3baaeaf725 admin admin] REQUEST_METHOD: `GET` {{(pid=44441) log_request_info /opt/stack/keystone/keystone/server/flask/request_processing/req_logging.py:27}}
Aug 15 17:33:35 user devstack@keystone.service[44441]: DEBUG keystone.server.flask.request_processing.req_logging [None req-95c0b6fa-e320-42cd-aa83-3e3baaeaf725 admin admin] SCRIPT_NAME: `/identity` {{(pid=44441) log_request_info /opt/stack/keystone/keystone/server/flask/request_processing/req_logging.py:28}}
Aug 15 17:33:35 user devstack@keystone.service[44441]: DEBUG keystone.server.flask.request_processing.req_logging [None req-95c0b6fa-e320-42cd-aa83-3e3baaeaf725 admin admin] PATH_INFO: `/v3/groups/4342b5f1019a45c5ace8c4d52189ff6d` {{(pid=44441) log_request_info /opt/stack/keystone/keystone/server/flask/request_processing/req_logging.py:29}}
Aug 15 17:33:35 user devstack@keystone.service[44441]: DEBUG keystone.common.rbac_enforcer.enforcer [None req-95c0b6fa-e320-42cd-aa83-3e3baaeaf725 admin admin] RBAC: Authorizing `identity:get_group(group_id=4342b5f1019a45c5ace8c4d52189ff6d)` {{(pid=44441) enforce_call /opt/stack/keystone/keystone/common/rbac_enforcer/enforcer.py:449}}
Aug 15 17:33:35 user devstack@keystone.service[44441]: DEBUG keystone.common.rbac_enforcer.enforcer [None req-95c0b6fa-e320-42cd-aa83-3e3baaeaf725 admin admin] RBAC: Authorization granted {{(pid=44441) enforce_call /opt/stack/keystone/keystone/common/rbac_enforcer/enforcer.py:457}}
Aug 15 17:33:35 user devstack@keystone.service[44441]: [pid: 44441|app: 0|req: 102/286] 10.0.0.210 () {56 vars in 1196 bytes} [Tue Aug 15 17:33:35 2023] GET /identity/v3/groups/4342b5f1019a45c5ace8c4d52189ff6d => generated 225 bytes in 18 msecs (HTTP/1.1 200) 5 headers in 177 bytes (1 switches on core 0)
Aug 15 17:33:35 user devstack@keystone.service[44440]: [pid: 44440|app: 0|req: 94/287] 10.0.0.210 () {56 vars in 1127 bytes} [Tue Aug 15 17:33:35 2023] GET /identity/v3/roles?name=anotherrole => generated 332 bytes in 44 msecs (HTTP/1.1 200) 5 headers in 177 bytes (2 switches on core 0)
Aug 15 17:33:35 user devstack@keystone.service[44441]: DEBUG keystone.server.flask.request_processing.middleware.auth_context [None req-95c0b6fa-e320-42cd-aa83-3e3baaeaf725 admin admin] Authenticating user token {{(pid=44441) process_request /opt/stack/data/venv/lib/python3.10/site-packages/keystonemiddleware/auth_token/__init__.py:406}}
Aug 15 17:33:35 user devstack@keystone.service[44440]: DEBUG keystone.server.flask.request_processing.middleware.auth_context [None req-c21a77b5-cb1e-442c-bd3a-82fd8f7b3019 admin admin] Authenticating user token {{(pid=44440) process_request /opt/stack/data/venv/lib/python3.10/site-packages/keystonemiddleware/auth_token/__init__.py:406}}
Aug 15 17:33:35 user devstack@keystone.service[44441]: DEBUG keystone.server.flask.request_processing.middleware.auth_context [None req-95c0b6fa-e320-42cd-aa83-3e3baaeaf725 admin admin] Validating token access rules against request {{(pid=44441) validate_allowed_request /opt/stack/data/venv/lib/python3.10/site-packages/keystonemiddleware/auth_token/__init__.py:544}}
Aug 15 17:33:35 user devstack@keystone.service[44440]: DEBUG keystone.server.flask.request_processing.middleware.auth_context [None req-c21a77b5-cb1e-442c-bd3a-82fd8f7b3019 admin admin] Validating token access rules against request {{(pid=44440) validate_allowed_request /opt/stack/data/venv/lib/python3.10/site-packages/keystonemiddleware/auth_token/__init__.py:544}}
Aug 15 17:33:35 user devstack@keystone.service[44441]: DEBUG keystone.server.flask.request_processing.middleware.auth_context [None req-aaa59c4f-2d8b-48ee-8b46-ba5adb8224ac admin admin] RBAC: auth_context: {'token': , 'domain_id': None, 'trust_id': None, 'trustor_id': None, 'trustee_id': None, 'domain_name': None, 'group_ids': [], 'user_id': '11789ea090574f3592e50bb7969363c2', 'user_domain_id': 'default', 'system_scope': None, 'project_id': 'd8b94772033b4529b2f86709fac0a483', 'project_domain_id': 'default', 'roles': ['admin', 'reader', 'member'], 'is_admin_project': True, 'service_user_id': None, 'service_user_domain_id': None, 'service_project_id': None, 'service_project_domain_id': None, 'service_roles': []} {{(pid=44441) fill_context /opt/stack/keystone/keystone/server/flask/request_processing/middleware/auth_context.py:480}}
Aug 15 17:33:35 user devstack@keystone.service[44441]: DEBUG keystone.server.flask.request_processing.req_logging [None req-aaa59c4f-2d8b-48ee-8b46-ba5adb8224ac admin admin] REQUEST_METHOD: `GET` {{(pid=44441) log_request_info /opt/stack/keystone/keystone/server/flask/request_processing/req_logging.py:27}}
Aug 15 17:33:35 user devstack@keystone.service[44441]: DEBUG keystone.server.flask.request_processing.req_logging [None req-aaa59c4f-2d8b-48ee-8b46-ba5adb8224ac admin admin] SCRIPT_NAME: `/identity` {{(pid=44441) log_request_info /opt/stack/keystone/keystone/server/flask/request_processing/req_logging.py:28}}
Aug 15 17:33:35 user devstack@keystone.service[44441]: DEBUG keystone.server.flask.request_processing.req_logging [None req-aaa59c4f-2d8b-48ee-8b46-ba5adb8224ac admin admin] PATH_INFO: `/v3/projects/fb81a30469084565bc3c56e64e608c6d` {{(pid=44441) log_request_info /opt/stack/keystone/keystone/server/flask/request_processing/req_logging.py:29}}
Aug 15 17:33:35 user devstack@keystone.service[44441]: DEBUG keystone.common.rbac_enforcer.enforcer [None req-aaa59c4f-2d8b-48ee-8b46-ba5adb8224ac admin admin] RBAC: Authorizing `identity:get_project(project_id=fb81a30469084565bc3c56e64e608c6d)` {{(pid=44441) enforce_call /opt/stack/keystone/keystone/common/rbac_enforcer/enforcer.py:449}}
Aug 15 17:33:35 user devstack@keystone.service[44441]: DEBUG keystone.common.rbac_enforcer.enforcer [None req-aaa59c4f-2d8b-48ee-8b46-ba5adb8224ac admin admin] RBAC: Authorization granted {{(pid=44441) enforce_call /opt/stack/keystone/keystone/common/rbac_enforcer/enforcer.py:457}}
Aug 15 17:33:35 user devstack@keystone.service[44440]: DEBUG keystone.server.flask.request_processing.middleware.auth_context [None req-cb95b8c1-332e-4c09-8f03-1db946001ac2 admin admin] RBAC: auth_context: {'token': , 'domain_id': None, 'trust_id': None, 'trustor_id': None, 'trustee_id': None, 'domain_name': None, 'group_ids': [], 'user_id': '11789ea090574f3592e50bb7969363c2', 'user_domain_id': 'default', 'system_scope': None, 'project_id': 'd8b94772033b4529b2f86709fac0a483', 'project_domain_id': 'default', 'roles': ['admin', 'reader', 'member'], 'is_admin_project': True, 'service_user_id': None, 'service_user_domain_id': None, 'service_project_id': None, 'service_project_domain_id': None, 'service_roles': []} {{(pid=44440) fill_context /opt/stack/keystone/keystone/server/flask/request_processing/middleware/auth_context.py:480}}
Aug 15 17:33:35 user devstack@keystone.service[44440]: DEBUG keystone.server.flask.request_processing.req_logging [None req-cb95b8c1-332e-4c09-8f03-1db946001ac2 admin admin] REQUEST_METHOD: `GET` {{(pid=44440) log_request_info /opt/stack/keystone/keystone/server/flask/request_processing/req_logging.py:27}}
Aug 15 17:33:35 user devstack@keystone.service[44441]: [pid: 44441|app: 0|req: 103/288] 10.0.0.210 () {56 vars in 1202 bytes} [Tue Aug 15 17:33:35 2023] GET /identity/v3/projects/fb81a30469084565bc3c56e64e608c6d => generated 301 bytes in 18 msecs (HTTP/1.1 200) 5 headers in 177 bytes (1 switches on core 0)
Aug 15 17:33:35 user devstack@keystone.service[44440]: DEBUG keystone.server.flask.request_processing.req_logging [None req-cb95b8c1-332e-4c09-8f03-1db946001ac2 admin admin] SCRIPT_NAME: `/identity` {{(pid=44440) log_request_info /opt/stack/keystone/keystone/server/flask/request_processing/req_logging.py:28}}
Aug 15 17:33:35 user devstack@keystone.service[44440]: DEBUG keystone.server.flask.request_processing.req_logging [None req-cb95b8c1-332e-4c09-8f03-1db946001ac2 admin admin] PATH_INFO: `/v3/groups/4342b5f1019a45c5ace8c4d52189ff6d` {{(pid=44440) log_request_info /opt/stack/keystone/keystone/server/flask/request_processing/req_logging.py:29}}
Aug 15 17:33:35 user devstack@keystone.service[44440]: DEBUG keystone.common.rbac_enforcer.enforcer [None req-cb95b8c1-332e-4c09-8f03-1db946001ac2 admin admin] RBAC: Authorizing `identity:get_group(group_id=4342b5f1019a45c5ace8c4d52189ff6d)` {{(pid=44440) enforce_call /opt/stack/keystone/keystone/common/rbac_enforcer/enforcer.py:449}}
Aug 15 17:33:35 user devstack@keystone.service[44440]: WARNING py.warnings [None req-cb95b8c1-332e-4c09-8f03-1db946001ac2 admin admin] /opt/stack/data/venv/lib/python3.10/site-packages/oslo_policy/policy.py:1130: UserWarning: Policy "identity:get_group": "(role:reader and system_scope:all) or (role:reader and domain_id:%(target.group.domain_id)s)" failed scope check. The token used to make the request was project scoped but the policy requires ['system', 'domain'] scope. This behavior may change in the future where using the intended scope is required
Aug 15 17:33:35 user devstack@keystone.service[44440]: warnings.warn(msg)
Aug 15 17:33:35 user devstack@keystone.service[44440]:
Aug 15 17:33:35 user devstack@keystone.service[44440]: DEBUG keystone.common.rbac_enforcer.enforcer [None req-cb95b8c1-332e-4c09-8f03-1db946001ac2 admin admin] RBAC: Authorization granted {{(pid=44440) enforce_call /opt/stack/keystone/keystone/common/rbac_enforcer/enforcer.py:457}}
Aug 15 17:33:35 user devstack@keystone.service[44442]: DEBUG keystone.server.flask.request_processing.middleware.auth_context [None req-4070a733-db7c-4ebd-ab35-64e249093f8d admin admin] Validating token access rules against request {{(pid=44442) validate_allowed_request /opt/stack/data/venv/lib/python3.10/site-packages/keystonemiddleware/auth_token/__init__.py:544}}
Aug 15 17:33:35 user devstack@keystone.service[44440]: [pid: 44440|app: 0|req: 95/289] 10.0.0.210 () {56 vars in 1196 bytes} [Tue Aug 15 17:33:35 2023] GET /identity/v3/groups/4342b5f1019a45c5ace8c4d52189ff6d => generated 225 bytes in 23 msecs (HTTP/1.1 200) 5 headers in 177 bytes (1 switches on core 0)
Aug 15 17:33:35 user devstack@keystone.service[44441]: DEBUG keystone.server.flask.request_processing.middleware.auth_context [None req-aaa59c4f-2d8b-48ee-8b46-ba5adb8224ac admin admin] Authenticating user token {{(pid=44441) process_request /opt/stack/data/venv/lib/python3.10/site-packages/keystonemiddleware/auth_token/__init__.py:406}}
Aug 15 17:33:35 user devstack@keystone.service[44440]: DEBUG keystone.server.flask.request_processing.middleware.auth_context [None req-cb95b8c1-332e-4c09-8f03-1db946001ac2 admin admin] Authenticating user token {{(pid=44440) process_request /opt/stack/data/venv/lib/python3.10/site-packages/keystonemiddleware/auth_token/__init__.py:406}}
Aug 15 17:33:35 user devstack@keystone.service[44441]: DEBUG keystone.server.flask.request_processing.middleware.auth_context [None req-aaa59c4f-2d8b-48ee-8b46-ba5adb8224ac admin admin] Validating token access rules against request {{(pid=44441) validate_allowed_request /opt/stack/data/venv/lib/python3.10/site-packages/keystonemiddleware/auth_token/__init__.py:544}}
Aug 15 17:33:35 user devstack@keystone.service[44440]: DEBUG keystone.server.flask.request_processing.middleware.auth_context [None req-cb95b8c1-332e-4c09-8f03-1db946001ac2 admin admin] Validating token access rules against request {{(pid=44440) validate_allowed_request /opt/stack/data/venv/lib/python3.10/site-packages/keystonemiddleware/auth_token/__init__.py:544}}
Aug 15 17:33:35 user devstack@keystone.service[44441]: DEBUG keystone.server.flask.request_processing.middleware.auth_context [None req-988337be-f082-445c-8cff-b038788cc2f2 admin admin] RBAC: auth_context: {'token': , 'domain_id': None, 'trust_id': None, 'trustor_id': None, 'trustee_id': None, 'domain_name': None, 'group_ids': [], 'user_id': '11789ea090574f3592e50bb7969363c2', 'user_domain_id': 'default', 'system_scope': None, 'project_id': 'd8b94772033b4529b2f86709fac0a483', 'project_domain_id': 'default', 'roles': ['admin', 'reader', 'member'], 'is_admin_project': True, 'service_user_id': None, 'service_user_domain_id': None, 'service_project_id': None, 'service_project_domain_id': None, 'service_roles': []} {{(pid=44441) fill_context /opt/stack/keystone/keystone/server/flask/request_processing/middleware/auth_context.py:480}}
Aug 15 17:33:35 user devstack@keystone.service[44441]: DEBUG keystone.server.flask.request_processing.req_logging [None req-988337be-f082-445c-8cff-b038788cc2f2 admin admin] REQUEST_METHOD: `PUT` {{(pid=44441) log_request_info /opt/stack/keystone/keystone/server/flask/request_processing/req_logging.py:27}}
Aug 15 17:33:35 user devstack@keystone.service[44441]: DEBUG keystone.server.flask.request_processing.req_logging [None req-988337be-f082-445c-8cff-b038788cc2f2 admin admin] SCRIPT_NAME: `/identity` {{(pid=44441) log_request_info /opt/stack/keystone/keystone/server/flask/request_processing/req_logging.py:28}}
Aug 15 17:33:35 user devstack@keystone.service[44441]: DEBUG keystone.server.flask.request_processing.req_logging [None req-988337be-f082-445c-8cff-b038788cc2f2 admin admin] PATH_INFO: `/v3/projects/fb81a30469084565bc3c56e64e608c6d/groups/4342b5f1019a45c5ace8c4d52189ff6d/roles/ed775f329ac640e9bea24d8d1de43f58` {{(pid=44441) log_request_info /opt/stack/keystone/keystone/server/flask/request_processing/req_logging.py:29}}
Aug 15 17:33:35 user devstack@keystone.service[44440]: DEBUG keystone.server.flask.request_processing.middleware.auth_context [None req-800c72e0-16d9-4c13-9825-da45e0b3361e admin admin] RBAC: auth_context: {'token': , 'domain_id': None, 'trust_id': None, 'trustor_id': None, 'trustee_id': None, 'domain_name': None, 'group_ids': [], 'user_id': '11789ea090574f3592e50bb7969363c2', 'user_domain_id': 'default', 'system_scope': None, 'project_id': 'd8b94772033b4529b2f86709fac0a483', 'project_domain_id': 'default', 'roles': ['admin', 'reader', 'member'], 'is_admin_project': True, 'service_user_id': None, 'service_user_domain_id': None, 'service_project_id': None, 'service_project_domain_id': None, 'service_roles': []} {{(pid=44440) fill_context /opt/stack/keystone/keystone/server/flask/request_processing/middleware/auth_context.py:480}}
Aug 15 17:33:35 user devstack@keystone.service[44440]: DEBUG keystone.server.flask.request_processing.req_logging [None req-800c72e0-16d9-4c13-9825-da45e0b3361e admin admin] REQUEST_METHOD: `GET` {{(pid=44440) log_request_info /opt/stack/keystone/keystone/server/flask/request_processing/req_logging.py:27}}
Aug 15 17:33:35 user devstack@keystone.service[44440]: DEBUG keystone.server.flask.request_processing.req_logging [None req-800c72e0-16d9-4c13-9825-da45e0b3361e admin admin] SCRIPT_NAME: `/identity` {{(pid=44440) log_request_info /opt/stack/keystone/keystone/server/flask/request_processing/req_logging.py:28}}
Aug 15 17:33:35 user devstack@keystone.service[44440]: DEBUG keystone.server.flask.request_processing.req_logging [None req-800c72e0-16d9-4c13-9825-da45e0b3361e admin admin] PATH_INFO: `/v3/projects/fb81a30469084565bc3c56e64e608c6d` {{(pid=44440) log_request_info /opt/stack/keystone/keystone/server/flask/request_processing/req_logging.py:29}}
Aug 15 17:33:35 user devstack@keystone.service[44441]: DEBUG keystone.common.rbac_enforcer.enforcer [None req-988337be-f082-445c-8cff-b038788cc2f2 admin admin] RBAC: Authorizing `identity:create_grant(project_id=fb81a30469084565bc3c56e64e608c6d, group_id=4342b5f1019a45c5ace8c4d52189ff6d, role_id=ed775f329ac640e9bea24d8d1de43f58)` {{(pid=44441) enforce_call /opt/stack/keystone/keystone/common/rbac_enforcer/enforcer.py:449}}
Aug 15 17:33:35 user devstack@keystone.service[44440]: DEBUG keystone.common.rbac_enforcer.enforcer [None req-800c72e0-16d9-4c13-9825-da45e0b3361e admin admin] RBAC: Authorizing `identity:get_project(project_id=fb81a30469084565bc3c56e64e608c6d)` {{(pid=44440) enforce_call /opt/stack/keystone/keystone/common/rbac_enforcer/enforcer.py:449}}
Aug 15 17:33:35 user devstack@keystone.service[44441]: DEBUG keystone.common.rbac_enforcer.enforcer [None req-988337be-f082-445c-8cff-b038788cc2f2 admin admin] RBAC: Authorization granted {{(pid=44441) enforce_call /opt/stack/keystone/keystone/common/rbac_enforcer/enforcer.py:457}}
Aug 15 17:33:35 user devstack@keystone.service[44440]: DEBUG keystone.common.rbac_enforcer.enforcer [None req-800c72e0-16d9-4c13-9825-da45e0b3361e admin admin] RBAC: Authorization granted {{(pid=44440) enforce_call /opt/stack/keystone/keystone/common/rbac_enforcer/enforcer.py:457}}
Aug 15 17:33:35 user devstack@keystone.service[44440]: [pid: 44440|app: 0|req: 96/290] 10.0.0.210 () {56 vars in 1202 bytes} [Tue Aug 15 17:33:35 2023] GET /identity/v3/projects/fb81a30469084565bc3c56e64e608c6d => generated 301 bytes in 20 msecs (HTTP/1.1 200) 5 headers in 177 bytes (1 switches on core 0)
Aug 15 17:33:35 user devstack@keystone.service[44440]: DEBUG keystone.server.flask.request_processing.middleware.auth_context [None req-800c72e0-16d9-4c13-9825-da45e0b3361e admin admin] Authenticating user token {{(pid=44440) process_request /opt/stack/data/venv/lib/python3.10/site-packages/keystonemiddleware/auth_token/__init__.py:406}}
Aug 15 17:33:35 user devstack@keystone.service[44442]: DEBUG keystone.server.flask.request_processing.middleware.auth_context [None req-8bf52c92-f44f-48f5-aaad-4874a1446d5e None admin] RBAC: auth_context: {'token': , 'domain_id': None, 'trust_id': None, 'trustor_id': None, 'trustee_id': None, 'domain_name': None, 'group_ids': [], 'user_id': '11789ea090574f3592e50bb7969363c2', 'user_domain_id': 'default', 'system_scope': 'all', 'project_id': None, 'project_domain_id': None, 'roles': ['admin', 'member', 'reader'], 'is_admin_project': True, 'service_user_id': None, 'service_user_domain_id': None, 'service_project_id': None, 'service_project_domain_id': None, 'service_roles': []} {{(pid=44442) fill_context /opt/stack/keystone/keystone/server/flask/request_processing/middleware/auth_context.py:480}}
Aug 15 17:33:35 user devstack@keystone.service[44442]: DEBUG keystone.server.flask.request_processing.req_logging [None req-8bf52c92-f44f-48f5-aaad-4874a1446d5e None admin] REQUEST_METHOD: `GET` {{(pid=44442) log_request_info /opt/stack/keystone/keystone/server/flask/request_processing/req_logging.py:27}}
Aug 15 17:33:35 user devstack@keystone.service[44442]: DEBUG keystone.server.flask.request_processing.req_logging [None req-8bf52c92-f44f-48f5-aaad-4874a1446d5e None admin] SCRIPT_NAME: `/identity` {{(pid=44442) log_request_info /opt/stack/keystone/keystone/server/flask/request_processing/req_logging.py:28}}
Aug 15 17:33:35 user devstack@keystone.service[44442]: DEBUG keystone.server.flask.request_processing.req_logging [None req-8bf52c92-f44f-48f5-aaad-4874a1446d5e None admin] PATH_INFO: `/v3/role_assignments` {{(pid=44442) log_request_info /opt/stack/keystone/keystone/server/flask/request_processing/req_logging.py:29}}
Aug 15 17:33:35 user devstack@keystone.service[44442]: DEBUG keystone.common.rbac_enforcer.enforcer [None req-8bf52c92-f44f-48f5-aaad-4874a1446d5e None admin] RBAC: Adding query filter params (role.id=8448ee18b2b743d8829d594004e936e6, user.id=4d09c07d3fac431991d96e5afbe256cc, scope.system=all) {{(pid=44442) _extract_filter_values /opt/stack/keystone/keystone/common/rbac_enforcer/enforcer.py:167}}
Aug 15 17:33:35 user devstack@keystone.service[44442]: DEBUG keystone.common.rbac_enforcer.enforcer [None req-8bf52c92-f44f-48f5-aaad-4874a1446d5e None admin] RBAC: Authorizing `identity:list_role_assignments()` {{(pid=44442) enforce_call /opt/stack/keystone/keystone/common/rbac_enforcer/enforcer.py:449}}
Aug 15 17:33:35 user devstack@keystone.service[44442]: DEBUG keystone.common.rbac_enforcer.enforcer [None req-8bf52c92-f44f-48f5-aaad-4874a1446d5e None admin] RBAC: Authorization granted {{(pid=44442) enforce_call /opt/stack/keystone/keystone/common/rbac_enforcer/enforcer.py:457}}
Aug 15 17:33:35 user devstack@keystone.service[44441]: [pid: 44441|app: 0|req: 104/291] 10.0.0.210 () {58 vars in 1458 bytes} [Tue Aug 15 17:33:35 2023] PUT /identity/v3/projects/fb81a30469084565bc3c56e64e608c6d/groups/4342b5f1019a45c5ace8c4d52189ff6d/roles/ed775f329ac640e9bea24d8d1de43f58 => generated 0 bytes in 33 msecs (HTTP/1.1 204) 3 headers in 132 bytes (1 switches on core 0)
Aug 15 17:33:35 user devstack@keystone.service[44440]: DEBUG keystone.server.flask.request_processing.middleware.auth_context [None req-800c72e0-16d9-4c13-9825-da45e0b3361e admin admin] Validating token access rules against request {{(pid=44440) validate_allowed_request /opt/stack/data/venv/lib/python3.10/site-packages/keystonemiddleware/auth_token/__init__.py:544}}
Aug 15 17:33:35 user devstack@keystone.service[44442]: [pid: 44442|app: 0|req: 92/292] 10.0.0.210 () {56 vars in 1303 bytes} [Tue Aug 15 17:33:35 2023] GET /identity/v3/role_assignments?user.id=4d09c07d3fac431991d96e5afbe256cc&scope.system=all&role.id=8448ee18b2b743d8829d594004e936e6 => generated 508 bytes in 148 msecs (HTTP/1.1 200) 5 headers in 177 bytes (2 switches on core 0)
Aug 15 17:33:35 user devstack@keystone.service[44440]: DEBUG keystone.server.flask.request_processing.middleware.auth_context [None req-34f31c47-25f2-4719-9196-fda00b076ac1 admin admin] RBAC: auth_context: {'token': , 'domain_id': None, 'trust_id': None, 'trustor_id': None, 'trustee_id': None, 'domain_name': None, 'group_ids': [], 'user_id': '11789ea090574f3592e50bb7969363c2', 'user_domain_id': 'default', 'system_scope': None, 'project_id': 'd8b94772033b4529b2f86709fac0a483', 'project_domain_id': 'default', 'roles': ['admin', 'reader', 'member'], 'is_admin_project': True, 'service_user_id': None, 'service_user_domain_id': None, 'service_project_id': None, 'service_project_domain_id': None, 'service_roles': []} {{(pid=44440) fill_context /opt/stack/keystone/keystone/server/flask/request_processing/middleware/auth_context.py:480}}
Aug 15 17:33:35 user devstack@keystone.service[44440]: DEBUG keystone.server.flask.request_processing.req_logging [None req-34f31c47-25f2-4719-9196-fda00b076ac1 admin admin] REQUEST_METHOD: `PUT` {{(pid=44440) log_request_info /opt/stack/keystone/keystone/server/flask/request_processing/req_logging.py:27}}
Aug 15 17:33:35 user devstack@keystone.service[44440]: DEBUG keystone.server.flask.request_processing.req_logging [None req-34f31c47-25f2-4719-9196-fda00b076ac1 admin admin] SCRIPT_NAME: `/identity` {{(pid=44440) log_request_info /opt/stack/keystone/keystone/server/flask/request_processing/req_logging.py:28}}
Aug 15 17:33:35 user devstack@keystone.service[44440]: DEBUG keystone.server.flask.request_processing.req_logging [None req-34f31c47-25f2-4719-9196-fda00b076ac1 admin admin] PATH_INFO: `/v3/projects/fb81a30469084565bc3c56e64e608c6d/groups/4342b5f1019a45c5ace8c4d52189ff6d/roles/64885d99aa4140e8aa5d33d905552e82` {{(pid=44440) log_request_info /opt/stack/keystone/keystone/server/flask/request_processing/req_logging.py:29}}
Aug 15 17:33:35 user devstack@keystone.service[44440]: DEBUG keystone.common.rbac_enforcer.enforcer [None req-34f31c47-25f2-4719-9196-fda00b076ac1 admin admin] RBAC: Authorizing `identity:create_grant(project_id=fb81a30469084565bc3c56e64e608c6d, group_id=4342b5f1019a45c5ace8c4d52189ff6d, role_id=64885d99aa4140e8aa5d33d905552e82)` {{(pid=44440) enforce_call /opt/stack/keystone/keystone/common/rbac_enforcer/enforcer.py:449}}
Aug 15 17:33:35 user devstack@keystone.service[44440]: WARNING py.warnings [None req-34f31c47-25f2-4719-9196-fda00b076ac1 admin admin] /opt/stack/data/venv/lib/python3.10/site-packages/oslo_policy/policy.py:1130: UserWarning: Policy "identity:create_grant": "(role:admin and system_scope:all) or ((role:admin and domain_id:%(target.user.domain_id)s and domain_id:%(target.project.domain_id)s) or (role:admin and domain_id:%(target.user.domain_id)s and domain_id:%(target.domain.id)s) or (role:admin and domain_id:%(target.group.domain_id)s and domain_id:%(target.project.domain_id)s) or (role:admin and domain_id:%(target.group.domain_id)s and domain_id:%(target.domain.id)s)) and (domain_id:%(target.role.domain_id)s or None:%(target.role.domain_id)s)" failed scope check. The token used to make the request was project scoped but the policy requires ['system', 'domain'] scope. This behavior may change in the future where using the intended scope is required
Aug 15 17:33:35 user devstack@keystone.service[44440]: warnings.warn(msg)
Aug 15 17:33:35 user devstack@keystone.service[44440]:
Aug 15 17:33:35 user devstack@keystone.service[44440]: DEBUG keystone.common.rbac_enforcer.enforcer [None req-34f31c47-25f2-4719-9196-fda00b076ac1 admin admin] RBAC: Authorization granted {{(pid=44440) enforce_call /opt/stack/keystone/keystone/common/rbac_enforcer/enforcer.py:457}}
Aug 15 17:33:36 user devstack@keystone.service[44440]: [pid: 44440|app: 0|req: 97/293] 10.0.0.210 () {58 vars in 1458 bytes} [Tue Aug 15 17:33:35 2023] PUT /identity/v3/projects/fb81a30469084565bc3c56e64e608c6d/groups/4342b5f1019a45c5ace8c4d52189ff6d/roles/64885d99aa4140e8aa5d33d905552e82 => generated 0 bytes in 98 msecs (HTTP/1.1 204) 3 headers in 132 bytes (0 switches on core 0)
Aug 15 17:33:36 user devstack@keystone.service[44441]: DEBUG keystone.server.flask.request_processing.middleware.auth_context [None req-988337be-f082-445c-8cff-b038788cc2f2 admin admin] Authenticating user token {{(pid=44441) process_request /opt/stack/data/venv/lib/python3.10/site-packages/keystonemiddleware/auth_token/__init__.py:406}}
Aug 15 17:33:36 user devstack@keystone.service[44441]: DEBUG keystone.server.flask.request_processing.middleware.auth_context [None req-988337be-f082-445c-8cff-b038788cc2f2 admin admin] Validating token access rules against request {{(pid=44441) validate_allowed_request /opt/stack/data/venv/lib/python3.10/site-packages/keystonemiddleware/auth_token/__init__.py:544}}
Aug 15 17:33:36 user devstack@keystone.service[44441]: DEBUG keystone.server.flask.request_processing.middleware.auth_context [None req-b1ba6f3e-ecc0-4559-8c5c-ed92022b9b35 admin admin] RBAC: auth_context: {'token': , 'domain_id': None, 'trust_id': None, 'trustor_id': None, 'trustee_id': None, 'domain_name': None, 'group_ids': [], 'user_id': '11789ea090574f3592e50bb7969363c2', 'user_domain_id': 'default', 'system_scope': None, 'project_id': 'd8b94772033b4529b2f86709fac0a483', 'project_domain_id': 'default', 'roles': ['admin', 'reader', 'member'], 'is_admin_project': True, 'service_user_id': None, 'service_user_domain_id': None, 'service_project_id': None, 'service_project_domain_id': None, 'service_roles': []} {{(pid=44441) fill_context /opt/stack/keystone/keystone/server/flask/request_processing/middleware/auth_context.py:480}}
Aug 15 17:33:36 user devstack@keystone.service[44441]: DEBUG keystone.server.flask.request_processing.req_logging [None req-b1ba6f3e-ecc0-4559-8c5c-ed92022b9b35 admin admin] REQUEST_METHOD: `GET` {{(pid=44441) log_request_info /opt/stack/keystone/keystone/server/flask/request_processing/req_logging.py:27}}
Aug 15 17:33:36 user devstack@keystone.service[44441]: DEBUG keystone.server.flask.request_processing.req_logging [None req-b1ba6f3e-ecc0-4559-8c5c-ed92022b9b35 admin admin] SCRIPT_NAME: `/identity` {{(pid=44441) log_request_info /opt/stack/keystone/keystone/server/flask/request_processing/req_logging.py:28}}
Aug 15 17:33:36 user devstack@keystone.service[44441]: DEBUG keystone.server.flask.request_processing.req_logging [None req-b1ba6f3e-ecc0-4559-8c5c-ed92022b9b35 admin admin] PATH_INFO: `/v3/roles/admin` {{(pid=44441) log_request_info /opt/stack/keystone/keystone/server/flask/request_processing/req_logging.py:29}}
Aug 15 17:33:36 user devstack@keystone.service[44441]: DEBUG keystone.common.rbac_enforcer.enforcer [None req-b1ba6f3e-ecc0-4559-8c5c-ed92022b9b35 admin admin] Extracting inferred target data resulted in "NOT FOUND (404)". {{(pid=44441) enforce_call /opt/stack/keystone/keystone/common/rbac_enforcer/enforcer.py:409}}
Aug 15 17:33:36 user devstack@keystone.service[44441]: ERROR keystone.server.flask.application [None req-b1ba6f3e-ecc0-4559-8c5c-ed92022b9b35 admin admin] Could not find role: admin.: keystone.exception.RoleNotFound: Could not find role: admin.
Aug 15 17:33:36 user devstack@keystone.service[44441]: ERROR keystone.server.flask.application
Traceback (most recent call last):
Aug 15 17:33:36 user devstack@keystone.service[44441]: ERROR keystone.server.flask.application
File "/opt/stack/data/venv/lib/python3.10/site-packages/flask/app.py", line 1823, in full_dispatch_request
Aug 15 17:33:36 user devstack@keystone.service[44441]: ERROR keystone.server.flask.application rv = self.dispatch_request()
Aug 15 17:33:36 user devstack@keystone.service[44441]: ERROR keystone.server.flask.application
File "/opt/stack/data/venv/lib/python3.10/site-packages/flask/app.py", line 1799, in dispatch_request
Aug 15 17:33:36 user devstack@keystone.service[44441]: ERROR keystone.server.flask.application return self.ensure_sync(self.view_functions[rule.endpoint])(**view_args)
Aug 15 17:33:36 user devstack@keystone.service[44441]: ERROR keystone.server.flask.application
File "/opt/stack/data/venv/lib/python3.10/site-packages/flask_restful/__init__.py", line 467, in wrapper
Aug 15 17:33:36 user devstack@keystone.service[44441]: ERROR keystone.server.flask.application resp = resource(*args, **kwargs)
Aug 15 17:33:36 user devstack@keystone.service[44441]: ERROR keystone.server.flask.application
File "/opt/stack/data/venv/lib/python3.10/site-packages/flask/views.py", line 107, in view
Aug 15 17:33:36 user devstack@keystone.service[44441]: ERROR keystone.server.flask.application return current_app.ensure_sync(self.dispatch_request)(**kwargs)
Aug 15 17:33:36 user devstack@keystone.service[44441]: ERROR keystone.server.flask.application
File "/opt/stack/data/venv/lib/python3.10/site-packages/flask_restful/__init__.py", line 582, in dispatch_request
Aug 15 17:33:36 user devstack@keystone.service[44441]: ERROR keystone.server.flask.application resp = meth(*args, **kwargs)
Aug 15 17:33:36 user devstack@keystone.service[44441]: ERROR keystone.server.flask.application
File "/opt/stack/keystone/keystone/api/roles.py", line 50, in get
Aug 15 17:33:36 user devstack@keystone.service[44441]: ERROR keystone.server.flask.application return self._get_role(role_id)
Aug 15 17:33:36 user devstack@keystone.service[44441]: ERROR keystone.server.flask.application
File "/opt/stack/keystone/keystone/api/roles.py", line 70, in _get_role
Aug 15 17:33:36 user devstack@keystone.service[44441]: ERROR keystone.server.flask.application ENFORCER.enforce_call(action='identity:get_role')
Aug 15 17:33:36 user devstack@keystone.service[44441]: ERROR keystone.server.flask.application
File "/opt/stack/keystone/keystone/common/rbac_enforcer/enforcer.py", line 402, in enforce_call
Aug 15 17:33:36 user devstack@keystone.service[44441]: ERROR keystone.server.flask.application policy_dict.update(cls._extract_member_target_data(
Aug 15 17:33:36 user devstack@keystone.service[44441]: ERROR keystone.server.flask.application
File "/opt/stack/keystone/keystone/common/rbac_enforcer/enforcer.py", line 234, in _extract_member_target_data
Aug 15 17:33:36 user devstack@keystone.service[44441]: ERROR keystone.server.flask.application member_name: func(flask.request.view_args[key])
Aug 15 17:33:36 user devstack@keystone.service[44441]: ERROR keystone.server.flask.application
File "/opt/stack/keystone/keystone/common/manager.py", line 115, in wrapped
Aug 15 17:33:36 user devstack@keystone.service[44441]: ERROR keystone.server.flask.application __ret_val = __f(*args, **kwargs)
Aug 15 17:33:36 user devstack@keystone.service[44441]: ERROR keystone.server.flask.application
File "/opt/stack/data/venv/lib/python3.10/site-packages/decorator.py", line 232, in fun
Aug 15 17:33:36 user devstack@keystone.service[44441]: ERROR keystone.server.flask.application return caller(func, *(extras + args), **kw)
Aug 15 17:33:36 user devstack@keystone.service[44441]: ERROR keystone.server.flask.application
File "/opt/stack/data/venv/lib/python3.10/site-packages/dogpile/cache/region.py", line 1577, in get_or_create_for_user_func
Aug 15 17:33:36 user devstack@keystone.service[44441]: ERROR keystone.server.flask.application return self.get_or_create(
Aug 15 17:33:36 user devstack@keystone.service[44441]: ERROR keystone.server.flask.application
File "/opt/stack/data/venv/lib/python3.10/site-packages/dogpile/cache/region.py", line 1042, in get_or_create
Aug 15 17:33:36 user devstack@keystone.service[44441]: ERROR keystone.server.flask.application with Lock(
Aug 15 17:33:36 user devstack@keystone.service[44441]: ERROR keystone.server.flask.application
File "/opt/stack/data/venv/lib/python3.10/site-packages/dogpile/lock.py", line 185, in __enter__
Aug 15 17:33:36 user devstack@keystone.service[44441]: ERROR keystone.server.flask.application return self._enter()
Aug 15 17:33:36 user devstack@keystone.service[44441]: ERROR keystone.server.flask.application
File "/opt/stack/data/venv/lib/python3.10/site-packages/dogpile/lock.py", line 94, in _enter
Aug 15 17:33:36 user devstack@keystone.service[44441]: ERROR keystone.server.flask.application generated = self._enter_create(value, createdtime)
Aug 15 17:33:36 user devstack@keystone.service[44441]: ERROR keystone.server.flask.application
File "/opt/stack/data/venv/lib/python3.10/site-packages/dogpile/lock.py", line 178, in _enter_create
Aug 15 17:33:36 user devstack@keystone.service[44441]: ERROR keystone.server.flask.application return self.creator()
Aug 15 17:33:36 user devstack@keystone.service[44441]: ERROR keystone.server.flask.application
File "/opt/stack/data/venv/lib/python3.10/site-packages/dogpile/cache/region.py", line 995, in gen_value
Aug 15 17:33:36 user devstack@keystone.service[44441]: ERROR keystone.server.flask.application created_value = creator(
Aug 15 17:33:36 user devstack@keystone.service[44441]: ERROR keystone.server.flask.application
File "/opt/stack/keystone/keystone/assignment/core.py", line 1276, in get_role
Aug 15 17:33:36 user devstack@keystone.service[44441]: ERROR keystone.server.flask.application return self.driver.get_role(role_id)
Aug 15 17:33:36 user devstack@keystone.service[44441]: ERROR keystone.server.flask.application
File "/opt/stack/keystone/keystone/assignment/role_backends/sql.py", line 70, in get_role
Aug 15 17:33:36 user devstack@keystone.service[44441]: ERROR keystone.server.flask.application return self._get_role(session, role_id).to_dict()
Aug 15 17:33:36 user devstack@keystone.service[44441]: ERROR keystone.server.flask.application
File "/opt/stack/keystone/keystone/assignment/role_backends/sql.py", line 65, in _get_role
Aug 15 17:33:36 user devstack@keystone.service[44441]: ERROR keystone.server.flask.application raise exception.RoleNotFound(role_id=role_id)
Aug 15 17:33:36 user devstack@keystone.service[44441]: ERROR keystone.server.flask.application keystone.exception.RoleNotFound: Could not find role: admin.
Aug 15 17:33:36 user devstack@keystone.service[44441]: ERROR keystone.server.flask.application
Aug 15 17:33:36 user devstack@keystone.service[44441]: [pid: 44441|app: 0|req: 105/294] 10.0.0.210 () {56 vars in 1112 bytes} [Tue Aug 15 17:33:36 2023] GET /identity/v3/roles/admin => generated 83 bytes in 87 msecs (HTTP/1.1 404) 5 headers in 183 bytes (1 switches on core 0)
Aug 15 17:33:36 user devstack@keystone.service[44442]: DEBUG keystone.server.flask.request_processing.middleware.auth_context [None req-8bf52c92-f44f-48f5-aaad-4874a1446d5e None admin] Authenticating user token {{(pid=44442) process_request /opt/stack/data/venv/lib/python3.10/site-packages/keystonemiddleware/auth_token/__init__.py:406}}
Aug 15 17:33:36 user devstack@keystone.service[44442]: DEBUG keystone.server.flask.request_processing.middleware.auth_context [None req-8bf52c92-f44f-48f5-aaad-4874a1446d5e None admin] Validating token access rules against request {{(pid=44442) validate_allowed_request /opt/stack/data/venv/lib/python3.10/site-packages/keystonemiddleware/auth_token/__init__.py:544}}
Aug 15 17:33:36 user devstack@keystone.service[44442]: DEBUG keystone.server.flask.request_processing.middleware.auth_context [None req-46c92699-482a-4623-a96a-7cfaf7f0dc31 admin admin] RBAC: auth_context: {'token': , 'domain_id': None, 'trust_id': None, 'trustor_id': None, 'trustee_id': None, 'domain_name': None, 'group_ids': [], 'user_id': '11789ea090574f3592e50bb7969363c2', 'user_domain_id': 'default', 'system_scope': None, 'project_id': 'd8b94772033b4529b2f86709fac0a483', 'project_domain_id': 'default', 'roles': ['admin', 'reader', 'member'], 'is_admin_project': True, 'service_user_id': None, 'service_user_domain_id': None, 'service_project_id': None, 'service_project_domain_id': None, 'service_roles': []} {{(pid=44442) fill_context /opt/stack/keystone/keystone/server/flask/request_processing/middleware/auth_context.py:480}}
Aug 15 17:33:36 user devstack@keystone.service[44442]: DEBUG keystone.server.flask.request_processing.req_logging [None req-46c92699-482a-4623-a96a-7cfaf7f0dc31 admin admin] REQUEST_METHOD: `GET` {{(pid=44442) log_request_info /opt/stack/keystone/keystone/server/flask/request_processing/req_logging.py:27}}
Aug 15 17:33:36 user devstack@keystone.service[44442]: DEBUG keystone.server.flask.request_processing.req_logging [None req-46c92699-482a-4623-a96a-7cfaf7f0dc31 admin admin] SCRIPT_NAME: `/identity` {{(pid=44442) log_request_info /opt/stack/keystone/keystone/server/flask/request_processing/req_logging.py:28}}
Aug 15 17:33:36 user devstack@keystone.service[44442]: DEBUG keystone.server.flask.request_processing.req_logging [None req-46c92699-482a-4623-a96a-7cfaf7f0dc31 admin admin] PATH_INFO: `/v3/roles` {{(pid=44442) log_request_info /opt/stack/keystone/keystone/server/flask/request_processing/req_logging.py:29}}
Aug 15 17:33:36 user devstack@keystone.service[44442]: DEBUG keystone.common.rbac_enforcer.enforcer [None req-46c92699-482a-4623-a96a-7cfaf7f0dc31 admin admin] RBAC: Adding query filter params (name=admin) {{(pid=44442) _extract_filter_values /opt/stack/keystone/keystone/common/rbac_enforcer/enforcer.py:167}}
Aug 15 17:33:36 user devstack@keystone.service[44442]: DEBUG keystone.common.rbac_enforcer.enforcer [None req-46c92699-482a-4623-a96a-7cfaf7f0dc31 admin admin] RBAC: Authorizing `identity:list_roles()` {{(pid=44442) enforce_call /opt/stack/keystone/keystone/common/rbac_enforcer/enforcer.py:449}}
Aug 15 17:33:36 user devstack@keystone.service[44442]: DEBUG keystone.common.rbac_enforcer.enforcer [None req-46c92699-482a-4623-a96a-7cfaf7f0dc31 admin admin] RBAC: Authorization granted {{(pid=44442) enforce_call /opt/stack/keystone/keystone/common/rbac_enforcer/enforcer.py:457}}
Aug 15 17:33:36 user devstack@keystone.service[44442]: [pid: 44442|app: 0|req: 93/295] 10.0.0.210 () {56 vars in 1115 bytes} [Tue Aug 15 17:33:36 2023] GET /identity/v3/roles?name=admin => generated 337 bytes in 34 msecs (HTTP/1.1 200) 5 headers in 177 bytes (1 switches on core 0)
Aug 15 17:33:36 user devstack@keystone.service[44440]: DEBUG keystone.server.flask.request_processing.middleware.auth_context [None req-34f31c47-25f2-4719-9196-fda00b076ac1 admin admin] Authenticating user token {{(pid=44440) process_request /opt/stack/data/venv/lib/python3.10/site-packages/keystonemiddleware/auth_token/__init__.py:406}}
Aug 15 17:33:36 user devstack@keystone.service[44440]: DEBUG keystone.server.flask.request_processing.middleware.auth_context [None req-34f31c47-25f2-4719-9196-fda00b076ac1 admin admin] Validating token access rules against request {{(pid=44440) validate_allowed_request /opt/stack/data/venv/lib/python3.10/site-packages/keystonemiddleware/auth_token/__init__.py:544}}
Aug 15 17:33:36 user devstack@keystone.service[44440]: DEBUG keystone.server.flask.request_processing.middleware.auth_context [None req-f0c52599-9343-49fc-9e6e-f49177daaefc admin admin] RBAC: auth_context: {'token': , 'domain_id': None, 'trust_id': None, 'trustor_id': None, 'trustee_id': None, 'domain_name': None, 'group_ids': [], 'user_id': '11789ea090574f3592e50bb7969363c2', 'user_domain_id': 'default', 'system_scope': None, 'project_id': 'd8b94772033b4529b2f86709fac0a483', 'project_domain_id': 'default', 'roles': ['admin', 'reader', 'member'], 'is_admin_project': True, 'service_user_id': None, 'service_user_domain_id': None, 'service_project_id': None, 'service_project_domain_id': None, 'service_roles': []} {{(pid=44440) fill_context /opt/stack/keystone/keystone/server/flask/request_processing/middleware/auth_context.py:480}}
Aug 15 17:33:36 user devstack@keystone.service[44440]: DEBUG keystone.server.flask.request_processing.req_logging [None req-f0c52599-9343-49fc-9e6e-f49177daaefc admin admin] REQUEST_METHOD: `GET` {{(pid=44440) log_request_info /opt/stack/keystone/keystone/server/flask/request_processing/req_logging.py:27}}
Aug 15 17:33:36 user devstack@keystone.service[44440]: DEBUG keystone.server.flask.request_processing.req_logging [None req-f0c52599-9343-49fc-9e6e-f49177daaefc admin admin] SCRIPT_NAME: `/identity` {{(pid=44440) log_request_info /opt/stack/keystone/keystone/server/flask/request_processing/req_logging.py:28}}
Aug 15 17:33:36 user devstack@keystone.service[44440]: DEBUG keystone.server.flask.request_processing.req_logging [None req-f0c52599-9343-49fc-9e6e-f49177daaefc admin admin] PATH_INFO: `/v3/groups/60305b890e0d4c2c9785cdf9704dbe21` {{(pid=44440) log_request_info /opt/stack/keystone/keystone/server/flask/request_processing/req_logging.py:29}}
Aug 15 17:33:36 user devstack@keystone.service[44440]: DEBUG keystone.common.rbac_enforcer.enforcer [None req-f0c52599-9343-49fc-9e6e-f49177daaefc admin admin] RBAC: Authorizing `identity:get_group(group_id=60305b890e0d4c2c9785cdf9704dbe21)` {{(pid=44440) enforce_call /opt/stack/keystone/keystone/common/rbac_enforcer/enforcer.py:449}}
Aug 15 17:33:36 user devstack@keystone.service[44440]: DEBUG keystone.common.rbac_enforcer.enforcer [None req-f0c52599-9343-49fc-9e6e-f49177daaefc admin admin] RBAC: Authorization granted {{(pid=44440) enforce_call /opt/stack/keystone/keystone/common/rbac_enforcer/enforcer.py:457}}
Aug 15 17:33:36 user devstack@keystone.service[44440]: [pid: 44440|app: 0|req: 98/296] 10.0.0.210 () {56 vars in 1196 bytes} [Tue Aug 15 17:33:36 2023] GET /identity/v3/groups/60305b890e0d4c2c9785cdf9704dbe21 => generated 228 bytes in 27 msecs (HTTP/1.1 200) 5 headers in 177 bytes (1 switches on core 0)
Aug 15 17:33:36 user devstack@keystone.service[44441]: DEBUG keystone.server.flask.request_processing.middleware.auth_context [None req-b1ba6f3e-ecc0-4559-8c5c-ed92022b9b35 admin admin] Authenticating user token {{(pid=44441) process_request /opt/stack/data/venv/lib/python3.10/site-packages/keystonemiddleware/auth_token/__init__.py:406}}
Aug 15 17:33:36 user devstack@keystone.service[44441]: DEBUG keystone.server.flask.request_processing.middleware.auth_context [None req-b1ba6f3e-ecc0-4559-8c5c-ed92022b9b35 admin admin] Validating token access rules against request {{(pid=44441) validate_allowed_request /opt/stack/data/venv/lib/python3.10/site-packages/keystonemiddleware/auth_token/__init__.py:544}}
Aug 15 17:33:36 user devstack@keystone.service[44441]: DEBUG keystone.server.flask.request_processing.middleware.auth_context [None req-0fd0da38-3e63-4356-a85d-1dcea29a7606 admin admin] RBAC: auth_context: {'token': , 'domain_id': None, 'trust_id': None, 'trustor_id': None, 'trustee_id': None, 'domain_name': None, 'group_ids': [], 'user_id': '11789ea090574f3592e50bb7969363c2', 'user_domain_id': 'default', 'system_scope': None, 'project_id': 'd8b94772033b4529b2f86709fac0a483', 'project_domain_id': 'default', 'roles': ['admin', 'reader', 'member'], 'is_admin_project': True, 'service_user_id': None, 'service_user_domain_id': None, 'service_project_id': None, 'service_project_domain_id': None, 'service_roles': []} {{(pid=44441) fill_context /opt/stack/keystone/keystone/server/flask/request_processing/middleware/auth_context.py:480}}
Aug 15 17:33:36 user devstack@keystone.service[44441]: DEBUG keystone.server.flask.request_processing.req_logging [None req-0fd0da38-3e63-4356-a85d-1dcea29a7606 admin admin] REQUEST_METHOD: `GET` {{(pid=44441) log_request_info /opt/stack/keystone/keystone/server/flask/request_processing/req_logging.py:27}}
Aug 15 17:33:36 user devstack@keystone.service[44441]: DEBUG keystone.server.flask.request_processing.req_logging [None req-0fd0da38-3e63-4356-a85d-1dcea29a7606 admin admin] SCRIPT_NAME: `/identity` {{(pid=44441) log_request_info /opt/stack/keystone/keystone/server/flask/request_processing/req_logging.py:28}}
Aug 15 17:33:36 user devstack@keystone.service[44441]: DEBUG keystone.server.flask.request_processing.req_logging [None req-0fd0da38-3e63-4356-a85d-1dcea29a7606 admin admin] PATH_INFO: `/v3/projects/d8b94772033b4529b2f86709fac0a483` {{(pid=44441) log_request_info /opt/stack/keystone/keystone/server/flask/request_processing/req_logging.py:29}}
Aug 15 17:33:36 user devstack@keystone.service[44441]: DEBUG keystone.common.rbac_enforcer.enforcer [None req-0fd0da38-3e63-4356-a85d-1dcea29a7606 admin admin] RBAC: Authorizing `identity:get_project(project_id=d8b94772033b4529b2f86709fac0a483)` {{(pid=44441) enforce_call /opt/stack/keystone/keystone/common/rbac_enforcer/enforcer.py:449}}
Aug 15 17:33:36 user devstack@keystone.service[44441]: DEBUG keystone.common.rbac_enforcer.enforcer [None req-0fd0da38-3e63-4356-a85d-1dcea29a7606 admin admin] RBAC: Authorization granted {{(pid=44441) enforce_call /opt/stack/keystone/keystone/common/rbac_enforcer/enforcer.py:457}}
Aug 15 17:33:36 user devstack@keystone.service[44441]: [pid: 44441|app: 0|req: 106/297] 10.0.0.210 () {56 vars in 1202 bytes} [Tue Aug 15 17:33:36 2023] GET /identity/v3/projects/d8b94772033b4529b2f86709fac0a483 => generated 343 bytes in 34 msecs (HTTP/1.1 200) 5 headers in 177 bytes (2 switches on core 0)
Aug 15 17:33:36 user devstack@keystone.service[44442]: DEBUG keystone.server.flask.request_processing.middleware.auth_context [None req-46c92699-482a-4623-a96a-7cfaf7f0dc31 admin admin] Authenticating user token {{(pid=44442) process_request /opt/stack/data/venv/lib/python3.10/site-packages/keystonemiddleware/auth_token/__init__.py:406}}
Aug 15 17:33:36 user devstack@keystone.service[44442]: DEBUG keystone.server.flask.request_processing.middleware.auth_context [None req-46c92699-482a-4623-a96a-7cfaf7f0dc31 admin admin] Validating token access rules against request {{(pid=44442) validate_allowed_request /opt/stack/data/venv/lib/python3.10/site-packages/keystonemiddleware/auth_token/__init__.py:544}}
Aug 15 17:33:36 user devstack@keystone.service[44442]: DEBUG keystone.server.flask.request_processing.middleware.auth_context [None req-d3a548e5-7ff3-4798-8611-c6e646d8e3af admin admin] RBAC: auth_context: {'token': , 'domain_id': None, 'trust_id': None, 'trustor_id': None, 'trustee_id': None, 'domain_name': None, 'group_ids': [], 'user_id': '11789ea090574f3592e50bb7969363c2', 'user_domain_id': 'default', 'system_scope': None, 'project_id': 'd8b94772033b4529b2f86709fac0a483', 'project_domain_id': 'default', 'roles': ['admin', 'reader', 'member'], 'is_admin_project': True, 'service_user_id': None, 'service_user_domain_id': None, 'service_project_id': None, 'service_project_domain_id': None, 'service_roles': []} {{(pid=44442) fill_context /opt/stack/keystone/keystone/server/flask/request_processing/middleware/auth_context.py:480}}
Aug 15 17:33:36 user devstack@keystone.service[44442]: DEBUG keystone.server.flask.request_processing.req_logging [None req-d3a548e5-7ff3-4798-8611-c6e646d8e3af admin admin] REQUEST_METHOD: `PUT` {{(pid=44442) log_request_info /opt/stack/keystone/keystone/server/flask/request_processing/req_logging.py:27}}
Aug 15 17:33:36 user devstack@keystone.service[44442]: DEBUG keystone.server.flask.request_processing.req_logging [None req-d3a548e5-7ff3-4798-8611-c6e646d8e3af admin admin] SCRIPT_NAME: `/identity` {{(pid=44442) log_request_info /opt/stack/keystone/keystone/server/flask/request_processing/req_logging.py:28}}
Aug 15 17:33:36 user devstack@keystone.service[44442]: DEBUG keystone.server.flask.request_processing.req_logging [None req-d3a548e5-7ff3-4798-8611-c6e646d8e3af admin admin] PATH_INFO: `/v3/projects/d8b94772033b4529b2f86709fac0a483/groups/60305b890e0d4c2c9785cdf9704dbe21/roles/6ebb9458948f462786970cdbb5d8609a` {{(pid=44442) log_request_info /opt/stack/keystone/keystone/server/flask/request_processing/req_logging.py:29}}
