Aug 01 16:42:24 user devstack@keystone.service[43899]: DEBUG keystone.server.flask.request_processing.req_logging [None req-868c9275-2907-44f7-866d-7a2d58e93756 None None] SCRIPT_NAME: `/identity` {{(pid=43899) log_request_info /opt/stack/keystone/keystone/server/flask/request_processing/req_logging.py:28}}
Aug 01 16:42:24 user devstack@keystone.service[43899]: DEBUG keystone.server.flask.request_processing.req_logging [None req-868c9275-2907-44f7-866d-7a2d58e93756 None None] PATH_INFO: `/v3/auth/tokens` {{(pid=43899) log_request_info /opt/stack/keystone/keystone/server/flask/request_processing/req_logging.py:29}}
Aug 01 16:42:24 user devstack@keystone.service[43899]: WARNING keystone.common.password_hashing [None req-868c9275-2907-44f7-866d-7a2d58e93756 None None] Truncating password to algorithm specific maximum length 54 characters.
Aug 01 16:42:24 user devstack@keystone.service[43899]: DEBUG keystone.auth.core [None req-868c9275-2907-44f7-866d-7a2d58e93756 None None] MFA Rules not processed for user `27bf4d2a16364b2f898cfa1cef67f65a`. Rule list: `[]` (Enabled: `True`). {{(pid=43899) check_auth_methods_against_rules /opt/stack/keystone/keystone/auth/core.py:438}}
Aug 01 16:42:24 user devstack@keystone.service[43899]: DEBUG keystone.common.fernet_utils [None req-868c9275-2907-44f7-866d-7a2d58e93756 None None] Loaded 2 Fernet keys from /etc/keystone/fernet-keys/, but `[fernet_tokens] max_active_keys = 3`; perhaps there have not been enough key rotations to reach `max_active_keys` yet? {{(pid=43899) load_keys /opt/stack/keystone/keystone/common/fernet_utils.py:286}}
Aug 01 16:42:24 user devstack@keystone.service[43899]: [pid: 43899|app: 0|req: 85/245] 10.0.0.210 () {58 vars in 1018 bytes} [Tue Aug 1 16:42:24 2023] POST /identity/v3/auth/tokens => generated 798 bytes in 75 msecs (HTTP/1.1 201) 6 headers in 363 bytes (1 switches on core 0)
Aug 01 16:42:24 user devstack@keystone.service[43898]: DEBUG keystone.server.flask.request_processing.middleware.auth_context [None req-a26de580-186d-4e10-a5ae-7600759e6c14 None None] Authenticating user token {{(pid=43898) process_request /usr/local/lib/python3.10/dist-packages/keystonemiddleware/auth_token/__init__.py:406}}
Aug 01 16:42:24 user devstack@keystone.service[43897]: DEBUG keystone.server.flask.request_processing.middleware.auth_context [None req-6d5c3ce1-ca03-47cf-af0e-9e36fdb33f4a None None] Authenticating user token {{(pid=43897) process_request /usr/local/lib/python3.10/dist-packages/keystonemiddleware/auth_token/__init__.py:406}}
Aug 01 16:42:24 user devstack@keystone.service[43897]: DEBUG keystone.server.flask.request_processing.middleware.auth_context [None req-6d5c3ce1-ca03-47cf-af0e-9e36fdb33f4a None None] Validating token access rules against request {{(pid=43897) validate_allowed_request /usr/local/lib/python3.10/dist-packages/keystonemiddleware/auth_token/__init__.py:544}}
Aug 01 16:42:24 user devstack@keystone.service[43898]: DEBUG keystone.server.flask.request_processing.middleware.auth_context [None req-a26de580-186d-4e10-a5ae-7600759e6c14 None None] Validating token access rules against request {{(pid=43898) validate_allowed_request /usr/local/lib/python3.10/dist-packages/keystonemiddleware/auth_token/__init__.py:544}}
Aug 01 16:42:24 user devstack@keystone.service[43897]: DEBUG keystone.server.flask.request_processing.middleware.auth_context [None req-64189372-4d1e-46ea-a0ce-5e8e31b37301 None admin] RBAC: auth_context: {'token': , 'domain_id': None, 'trust_id': None, 'trustor_id': None, 'trustee_id': None, 'domain_name': None, 'group_ids': [], 'user_id': '27bf4d2a16364b2f898cfa1cef67f65a', 'user_domain_id': 'default', 'system_scope': 'all', 'project_id': None, 'project_domain_id': None, 'roles': ['admin', 'member', 'reader'], 'is_admin_project': True, 'service_user_id': None, 'service_user_domain_id': None, 'service_project_id': None, 'service_project_domain_id': None, 'service_roles': []} {{(pid=43897) fill_context /opt/stack/keystone/keystone/server/flask/request_processing/middleware/auth_context.py:480}}
Aug 01 16:42:24 user devstack@keystone.service[43897]: DEBUG keystone.server.flask.request_processing.req_logging [None req-64189372-4d1e-46ea-a0ce-5e8e31b37301 None admin] REQUEST_METHOD: `GET` {{(pid=43897) log_request_info /opt/stack/keystone/keystone/server/flask/request_processing/req_logging.py:27}}
Aug 01 16:42:24 user devstack@keystone.service[43897]: DEBUG keystone.server.flask.request_processing.req_logging [None req-64189372-4d1e-46ea-a0ce-5e8e31b37301 None admin] SCRIPT_NAME: `/identity` {{(pid=43897) log_request_info /opt/stack/keystone/keystone/server/flask/request_processing/req_logging.py:28}}
Aug 01 16:42:24 user devstack@keystone.service[43897]: DEBUG keystone.server.flask.request_processing.req_logging [None req-64189372-4d1e-46ea-a0ce-5e8e31b37301 None admin] PATH_INFO: `/v3/roles/member` {{(pid=43897) log_request_info /opt/stack/keystone/keystone/server/flask/request_processing/req_logging.py:29}}
Aug 01 16:42:24 user devstack@keystone.service[43898]: DEBUG dbcounter [-] [43898] Writing DB stats keystone:SELECT=100 {{(pid=43898) stat_writer /usr/local/lib/python3.10/dist-packages/dbcounter.py:117}}
Aug 01 16:42:24 user devstack@keystone.service[43898]: DEBUG keystone.server.flask.request_processing.middleware.auth_context [None req-0c37c09b-3317-416b-945f-fb3096d8f480 None admin] RBAC: auth_context: {'token': , 'domain_id': None, 'trust_id': None, 'trustor_id': None, 'trustee_id': None, 'domain_name': None, 'group_ids': [], 'user_id': '27bf4d2a16364b2f898cfa1cef67f65a', 'user_domain_id': 'default', 'system_scope': 'all', 'project_id': None, 'project_domain_id': None, 'roles': ['admin', 'member', 'reader'], 'is_admin_project': True, 'service_user_id': None, 'service_user_domain_id': None, 'service_project_id': None, 'service_project_domain_id': None, 'service_roles': []} {{(pid=43898) fill_context /opt/stack/keystone/keystone/server/flask/request_processing/middleware/auth_context.py:480}}
Aug 01 16:42:24 user devstack@keystone.service[43898]: DEBUG keystone.server.flask.request_processing.req_logging [None req-0c37c09b-3317-416b-945f-fb3096d8f480 None admin] REQUEST_METHOD: `GET` {{(pid=43898) log_request_info /opt/stack/keystone/keystone/server/flask/request_processing/req_logging.py:27}}
Aug 01 16:42:24 user devstack@keystone.service[43898]: DEBUG keystone.server.flask.request_processing.req_logging [None req-0c37c09b-3317-416b-945f-fb3096d8f480 None admin] SCRIPT_NAME: `/identity` {{(pid=43898) log_request_info /opt/stack/keystone/keystone/server/flask/request_processing/req_logging.py:28}}
Aug 01 16:42:24 user devstack@keystone.service[43898]: DEBUG keystone.server.flask.request_processing.req_logging [None req-0c37c09b-3317-416b-945f-fb3096d8f480 None admin] PATH_INFO: `/v3/domains/default` {{(pid=43898) log_request_info /opt/stack/keystone/keystone/server/flask/request_processing/req_logging.py:29}}
Aug 01 16:42:24 user devstack@keystone.service[43898]: DEBUG keystone.common.rbac_enforcer.enforcer [None req-0c37c09b-3317-416b-945f-fb3096d8f480 None admin] RBAC: Authorizing `identity:get_domain(domain_id=default)` {{(pid=43898) enforce_call /opt/stack/keystone/keystone/common/rbac_enforcer/enforcer.py:449}}
Aug 01 16:42:24 user devstack@keystone.service[43897]: DEBUG keystone.common.rbac_enforcer.enforcer [None req-64189372-4d1e-46ea-a0ce-5e8e31b37301 None admin] Extracting inferred target data resulted in "NOT FOUND (404)". {{(pid=43897) enforce_call /opt/stack/keystone/keystone/common/rbac_enforcer/enforcer.py:409}}
Aug 01 16:42:24 user devstack@keystone.service[43898]: DEBUG keystone.common.rbac_enforcer.enforcer [None req-0c37c09b-3317-416b-945f-fb3096d8f480 None admin] RBAC: Authorization granted {{(pid=43898) enforce_call /opt/stack/keystone/keystone/common/rbac_enforcer/enforcer.py:457}}
Aug 01 16:42:24 user devstack@keystone.service[43898]: [pid: 43898|app: 0|req: 82/246] 10.0.0.210 () {56 vars in 1103 bytes} [Tue Aug 1 16:42:24 2023] GET /identity/v3/domains/default => generated 198 bytes in 125 msecs (HTTP/1.1 200) 5 headers in 177 bytes (1 switches on core 0)
Aug 01 16:42:24 user devstack@keystone.service[43897]: ERROR keystone.server.flask.application [None req-64189372-4d1e-46ea-a0ce-5e8e31b37301 None admin] Could not find role: member.: keystone.exception.RoleNotFound: Could not find role: member.
Aug 01 16:42:24 user devstack@keystone.service[43897]: ERROR keystone.server.flask.application
Traceback (most recent call last):
Aug 01 16:42:24 user devstack@keystone.service[43897]: ERROR keystone.server.flask.application
File "/usr/local/lib/python3.10/dist-packages/flask/app.py", line 1823, in full_dispatch_request
Aug 01 16:42:24 user devstack@keystone.service[43897]: ERROR keystone.server.flask.application rv = self.dispatch_request()
Aug 01 16:42:24 user devstack@keystone.service[43897]: ERROR keystone.server.flask.application
File "/usr/local/lib/python3.10/dist-packages/flask/app.py", line 1799, in dispatch_request
Aug 01 16:42:24 user devstack@keystone.service[43897]: ERROR keystone.server.flask.application return self.ensure_sync(self.view_functions[rule.endpoint])(**view_args)
Aug 01 16:42:24 user devstack@keystone.service[43897]: ERROR keystone.server.flask.application
File "/usr/local/lib/python3.10/dist-packages/flask_restful/__init__.py", line 467, in wrapper
Aug 01 16:42:24 user devstack@keystone.service[43897]: ERROR keystone.server.flask.application resp = resource(*args, **kwargs)
Aug 01 16:42:24 user devstack@keystone.service[43897]: ERROR keystone.server.flask.application
File "/usr/local/lib/python3.10/dist-packages/flask/views.py", line 107, in view
Aug 01 16:42:24 user devstack@keystone.service[43897]: ERROR keystone.server.flask.application return current_app.ensure_sync(self.dispatch_request)(**kwargs)
Aug 01 16:42:24 user devstack@keystone.service[43897]: ERROR keystone.server.flask.application
File "/usr/local/lib/python3.10/dist-packages/flask_restful/__init__.py", line 582, in dispatch_request
Aug 01 16:42:24 user devstack@keystone.service[43897]: ERROR keystone.server.flask.application resp = meth(*args, **kwargs)
Aug 01 16:42:24 user devstack@keystone.service[43897]: ERROR keystone.server.flask.application
File "/opt/stack/keystone/keystone/api/roles.py", line 50, in get
Aug 01 16:42:24 user devstack@keystone.service[43897]: ERROR keystone.server.flask.application return self._get_role(role_id)
Aug 01 16:42:24 user devstack@keystone.service[43897]: ERROR keystone.server.flask.application
File "/opt/stack/keystone/keystone/api/roles.py", line 70, in _get_role
Aug 01 16:42:24 user devstack@keystone.service[43897]: ERROR keystone.server.flask.application ENFORCER.enforce_call(action='identity:get_role')
Aug 01 16:42:24 user devstack@keystone.service[43897]: ERROR keystone.server.flask.application
File "/opt/stack/keystone/keystone/common/rbac_enforcer/enforcer.py", line 402, in enforce_call
Aug 01 16:42:24 user devstack@keystone.service[43897]: ERROR keystone.server.flask.application policy_dict.update(cls._extract_member_target_data(
Aug 01 16:42:24 user devstack@keystone.service[43897]: ERROR keystone.server.flask.application
File "/opt/stack/keystone/keystone/common/rbac_enforcer/enforcer.py", line 234, in _extract_member_target_data
Aug 01 16:42:24 user devstack@keystone.service[43897]: ERROR keystone.server.flask.application member_name: func(flask.request.view_args[key])
Aug 01 16:42:24 user devstack@keystone.service[43897]: ERROR keystone.server.flask.application
File "/opt/stack/keystone/keystone/common/manager.py", line 115, in wrapped
Aug 01 16:42:24 user devstack@keystone.service[43897]: ERROR keystone.server.flask.application __ret_val = __f(*args, **kwargs)
Aug 01 16:42:24 user devstack@keystone.service[43897]: ERROR keystone.server.flask.application
File "/usr/local/lib/python3.10/dist-packages/decorator.py", line 232, in fun
Aug 01 16:42:24 user devstack@keystone.service[43897]: ERROR keystone.server.flask.application return caller(func, *(extras + args), **kw)
Aug 01 16:42:24 user devstack@keystone.service[43897]: ERROR keystone.server.flask.application
File "/usr/local/lib/python3.10/dist-packages/dogpile/cache/region.py", line 1577, in get_or_create_for_user_func
Aug 01 16:42:24 user devstack@keystone.service[43897]: ERROR keystone.server.flask.application return self.get_or_create(
Aug 01 16:42:24 user devstack@keystone.service[43897]: ERROR keystone.server.flask.application
File "/usr/local/lib/python3.10/dist-packages/dogpile/cache/region.py", line 1042, in get_or_create
Aug 01 16:42:24 user devstack@keystone.service[43897]: ERROR keystone.server.flask.application with Lock(
Aug 01 16:42:24 user devstack@keystone.service[43897]: ERROR keystone.server.flask.application
File "/usr/local/lib/python3.10/dist-packages/dogpile/lock.py", line 185, in __enter__
Aug 01 16:42:24 user devstack@keystone.service[43897]: ERROR keystone.server.flask.application return self._enter()
Aug 01 16:42:24 user devstack@keystone.service[43897]: ERROR keystone.server.flask.application
File "/usr/local/lib/python3.10/dist-packages/dogpile/lock.py", line 94, in _enter
Aug 01 16:42:24 user devstack@keystone.service[43897]: ERROR keystone.server.flask.application generated = self._enter_create(value, createdtime)
Aug 01 16:42:24 user devstack@keystone.service[43897]: ERROR keystone.server.flask.application
File "/usr/local/lib/python3.10/dist-packages/dogpile/lock.py", line 178, in _enter_create
Aug 01 16:42:24 user devstack@keystone.service[43897]: ERROR keystone.server.flask.application return self.creator()
Aug 01 16:42:24 user devstack@keystone.service[43897]: ERROR keystone.server.flask.application
File "/usr/local/lib/python3.10/dist-packages/dogpile/cache/region.py", line 995, in gen_value
Aug 01 16:42:24 user devstack@keystone.service[43897]: ERROR keystone.server.flask.application created_value = creator(
Aug 01 16:42:24 user devstack@keystone.service[43897]: ERROR keystone.server.flask.application
File "/opt/stack/keystone/keystone/assignment/core.py", line 1276, in get_role
Aug 01 16:42:24 user devstack@keystone.service[43897]: ERROR keystone.server.flask.application return self.driver.get_role(role_id)
Aug 01 16:42:24 user devstack@keystone.service[43897]: ERROR keystone.server.flask.application
File "/opt/stack/keystone/keystone/assignment/role_backends/sql.py", line 70, in get_role
Aug 01 16:42:24 user devstack@keystone.service[43897]: ERROR keystone.server.flask.application return self._get_role(session, role_id).to_dict()
Aug 01 16:42:24 user devstack@keystone.service[43897]: ERROR keystone.server.flask.application
File "/opt/stack/keystone/keystone/assignment/role_backends/sql.py", line 65, in _get_role
Aug 01 16:42:24 user devstack@keystone.service[43897]: ERROR keystone.server.flask.application raise exception.RoleNotFound(role_id=role_id)
Aug 01 16:42:24 user devstack@keystone.service[43897]: ERROR keystone.server.flask.application keystone.exception.RoleNotFound: Could not find role: member.
Aug 01 16:42:24 user devstack@keystone.service[43897]: ERROR keystone.server.flask.application
Aug 01 16:42:24 user devstack@keystone.service[43897]: [pid: 43897|app: 0|req: 80/247] 10.0.0.210 () {56 vars in 1094 bytes} [Tue Aug 1 16:42:24 2023] GET /identity/v3/roles/member => generated 84 bytes in 128 msecs (HTTP/1.1 404) 5 headers in 183 bytes (1 switches on core 0)
Aug 01 16:42:24 user devstack@keystone.service[43899]: DEBUG keystone.server.flask.request_processing.middleware.auth_context [None req-868c9275-2907-44f7-866d-7a2d58e93756 None None] Authenticating user token {{(pid=43899) process_request /usr/local/lib/python3.10/dist-packages/keystonemiddleware/auth_token/__init__.py:406}}
Aug 01 16:42:24 user devstack@keystone.service[43898]: DEBUG keystone.server.flask.request_processing.middleware.auth_context [None req-0c37c09b-3317-416b-945f-fb3096d8f480 None admin] Authenticating user token {{(pid=43898) process_request /usr/local/lib/python3.10/dist-packages/keystonemiddleware/auth_token/__init__.py:406}}
Aug 01 16:42:24 user devstack@keystone.service[43899]: DEBUG dbcounter [-] [43899] Writing DB stats keystone:SELECT=100 {{(pid=43899) stat_writer /usr/local/lib/python3.10/dist-packages/dbcounter.py:117}}
Aug 01 16:42:24 user devstack@keystone.service[43897]: DEBUG keystone.server.flask.request_processing.middleware.auth_context [None req-64189372-4d1e-46ea-a0ce-5e8e31b37301 None admin] Authenticating user token {{(pid=43897) process_request /usr/local/lib/python3.10/dist-packages/keystonemiddleware/auth_token/__init__.py:406}}
Aug 01 16:42:24 user devstack@keystone.service[43898]: DEBUG keystone.server.flask.request_processing.middleware.auth_context [None req-0c37c09b-3317-416b-945f-fb3096d8f480 None admin] Validating token access rules against request {{(pid=43898) validate_allowed_request /usr/local/lib/python3.10/dist-packages/keystonemiddleware/auth_token/__init__.py:544}}
Aug 01 16:42:24 user devstack@keystone.service[43899]: DEBUG keystone.server.flask.request_processing.middleware.auth_context [None req-868c9275-2907-44f7-866d-7a2d58e93756 None None] Validating token access rules against request {{(pid=43899) validate_allowed_request /usr/local/lib/python3.10/dist-packages/keystonemiddleware/auth_token/__init__.py:544}}
Aug 01 16:42:24 user devstack@keystone.service[43897]: DEBUG dbcounter [-] [43897] Writing DB stats keystone:SELECT=100 {{(pid=43897) stat_writer /usr/local/lib/python3.10/dist-packages/dbcounter.py:117}}
Aug 01 16:42:24 user devstack@keystone.service[43898]: DEBUG keystone.server.flask.request_processing.middleware.auth_context [None req-b78f810f-0d40-4f50-8063-545ba152dd81 None admin] RBAC: auth_context: {'token': , 'domain_id': None, 'trust_id': None, 'trustor_id': None, 'trustee_id': None, 'domain_name': None, 'group_ids': [], 'user_id': '27bf4d2a16364b2f898cfa1cef67f65a', 'user_domain_id': 'default', 'system_scope': 'all', 'project_id': None, 'project_domain_id': None, 'roles': ['admin', 'member', 'reader'], 'is_admin_project': True, 'service_user_id': None, 'service_user_domain_id': None, 'service_project_id': None, 'service_project_domain_id': None, 'service_roles': []} {{(pid=43898) fill_context /opt/stack/keystone/keystone/server/flask/request_processing/middleware/auth_context.py:480}}
Aug 01 16:42:24 user devstack@keystone.service[43898]: DEBUG keystone.server.flask.request_processing.req_logging [None req-b78f810f-0d40-4f50-8063-545ba152dd81 None admin] REQUEST_METHOD: `GET` {{(pid=43898) log_request_info /opt/stack/keystone/keystone/server/flask/request_processing/req_logging.py:27}}
Aug 01 16:42:24 user devstack@keystone.service[43898]: DEBUG keystone.server.flask.request_processing.req_logging [None req-b78f810f-0d40-4f50-8063-545ba152dd81 None admin] SCRIPT_NAME: `/identity` {{(pid=43898) log_request_info /opt/stack/keystone/keystone/server/flask/request_processing/req_logging.py:28}}
Aug 01 16:42:24 user devstack@keystone.service[43898]: DEBUG keystone.server.flask.request_processing.req_logging [None req-b78f810f-0d40-4f50-8063-545ba152dd81 None admin] PATH_INFO: `/v3/roles` {{(pid=43898) log_request_info /opt/stack/keystone/keystone/server/flask/request_processing/req_logging.py:29}}
Aug 01 16:42:24 user devstack@keystone.service[43898]: DEBUG keystone.common.rbac_enforcer.enforcer [None req-b78f810f-0d40-4f50-8063-545ba152dd81 None admin] RBAC: Adding query filter params (name=member) {{(pid=43898) _extract_filter_values /opt/stack/keystone/keystone/common/rbac_enforcer/enforcer.py:167}}
Aug 01 16:42:24 user devstack@keystone.service[43898]: DEBUG keystone.common.rbac_enforcer.enforcer [None req-b78f810f-0d40-4f50-8063-545ba152dd81 None admin] RBAC: Authorizing `identity:list_roles()` {{(pid=43898) enforce_call /opt/stack/keystone/keystone/common/rbac_enforcer/enforcer.py:449}}
Aug 01 16:42:24 user devstack@keystone.service[43898]: DEBUG keystone.common.rbac_enforcer.enforcer [None req-b78f810f-0d40-4f50-8063-545ba152dd81 None admin] RBAC: Authorization granted {{(pid=43898) enforce_call /opt/stack/keystone/keystone/common/rbac_enforcer/enforcer.py:457}}
Aug 01 16:42:24 user devstack@keystone.service[43898]: [pid: 43898|app: 0|req: 83/248] 10.0.0.210 () {56 vars in 1096 bytes} [Tue Aug 1 16:42:24 2023] GET /identity/v3/roles?name=member => generated 339 bytes in 120 msecs (HTTP/1.1 200) 5 headers in 177 bytes (1 switches on core 0)
Aug 01 16:42:24 user devstack@keystone.service[43898]: DEBUG keystone.server.flask.request_processing.middleware.auth_context [None req-b78f810f-0d40-4f50-8063-545ba152dd81 None admin] Authenticating user token {{(pid=43898) process_request /usr/local/lib/python3.10/dist-packages/keystonemiddleware/auth_token/__init__.py:406}}
Aug 01 16:42:24 user devstack@keystone.service[43899]: DEBUG keystone.server.flask.request_processing.middleware.auth_context [None req-18173e1d-a420-446c-bd1f-4b0c42ba9fe6 None admin] RBAC: auth_context: {'token': , 'domain_id': None, 'trust_id': None, 'trustor_id': None, 'trustee_id': None, 'domain_name': None, 'group_ids': [], 'user_id': '27bf4d2a16364b2f898cfa1cef67f65a', 'user_domain_id': 'default', 'system_scope': 'all', 'project_id': None, 'project_domain_id': None, 'roles': ['admin', 'member', 'reader'], 'is_admin_project': True, 'service_user_id': None, 'service_user_domain_id': None, 'service_project_id': None, 'service_project_domain_id': None, 'service_roles': []} {{(pid=43899) fill_context /opt/stack/keystone/keystone/server/flask/request_processing/middleware/auth_context.py:480}}
Aug 01 16:42:24 user devstack@keystone.service[43899]: DEBUG keystone.server.flask.request_processing.req_logging [None req-18173e1d-a420-446c-bd1f-4b0c42ba9fe6 None admin] REQUEST_METHOD: `POST` {{(pid=43899) log_request_info /opt/stack/keystone/keystone/server/flask/request_processing/req_logging.py:27}}
Aug 01 16:42:24 user devstack@keystone.service[43899]: DEBUG keystone.server.flask.request_processing.req_logging [None req-18173e1d-a420-446c-bd1f-4b0c42ba9fe6 None admin] SCRIPT_NAME: `/identity` {{(pid=43899) log_request_info /opt/stack/keystone/keystone/server/flask/request_processing/req_logging.py:28}}
Aug 01 16:42:24 user devstack@keystone.service[43899]: DEBUG keystone.server.flask.request_processing.req_logging [None req-18173e1d-a420-446c-bd1f-4b0c42ba9fe6 None admin] PATH_INFO: `/v3/groups` {{(pid=43899) log_request_info /opt/stack/keystone/keystone/server/flask/request_processing/req_logging.py:29}}
Aug 01 16:42:24 user devstack@keystone.service[43899]: DEBUG keystone.common.rbac_enforcer.enforcer [None req-18173e1d-a420-446c-bd1f-4b0c42ba9fe6 None admin] RBAC: Authorizing `identity:create_group()` {{(pid=43899) enforce_call /opt/stack/keystone/keystone/common/rbac_enforcer/enforcer.py:449}}
Aug 01 16:42:24 user devstack@keystone.service[43899]: DEBUG keystone.common.rbac_enforcer.enforcer [None req-18173e1d-a420-446c-bd1f-4b0c42ba9fe6 None admin] RBAC: Authorization granted {{(pid=43899) enforce_call /opt/stack/keystone/keystone/common/rbac_enforcer/enforcer.py:457}}
Aug 01 16:42:24 user devstack@keystone.service[43897]: DEBUG keystone.server.flask.request_processing.middleware.auth_context [None req-64189372-4d1e-46ea-a0ce-5e8e31b37301 None admin] Validating token access rules against request {{(pid=43897) validate_allowed_request /usr/local/lib/python3.10/dist-packages/keystonemiddleware/auth_token/__init__.py:544}}
Aug 01 16:42:24 user devstack@keystone.service[43899]: [pid: 43899|app: 0|req: 86/249] 10.0.0.210 () {60 vars in 1129 bytes} [Tue Aug 1 16:42:24 2023] POST /identity/v3/groups => generated 225 bytes in 145 msecs (HTTP/1.1 201) 5 headers in 182 bytes (1 switches on core 0)
Aug 01 16:42:24 user devstack@keystone.service[43897]: DEBUG keystone.server.flask.request_processing.middleware.auth_context [None req-bf389afd-6842-4536-bc16-e72ee3457d90 None admin] RBAC: auth_context: {'token': , 'domain_id': None, 'trust_id': None, 'trustor_id': None, 'trustee_id': None, 'domain_name': None, 'group_ids': [], 'user_id': '27bf4d2a16364b2f898cfa1cef67f65a', 'user_domain_id': 'default', 'system_scope': 'all', 'project_id': None, 'project_domain_id': None, 'roles': ['admin', 'member', 'reader'], 'is_admin_project': True, 'service_user_id': None, 'service_user_domain_id': None, 'service_project_id': None, 'service_project_domain_id': None, 'service_roles': []} {{(pid=43897) fill_context /opt/stack/keystone/keystone/server/flask/request_processing/middleware/auth_context.py:480}}
Aug 01 16:42:24 user devstack@keystone.service[43897]: DEBUG keystone.server.flask.request_processing.req_logging [None req-bf389afd-6842-4536-bc16-e72ee3457d90 None admin] REQUEST_METHOD: `GET` {{(pid=43897) log_request_info /opt/stack/keystone/keystone/server/flask/request_processing/req_logging.py:27}}
Aug 01 16:42:24 user devstack@keystone.service[43897]: DEBUG keystone.server.flask.request_processing.req_logging [None req-bf389afd-6842-4536-bc16-e72ee3457d90 None admin] SCRIPT_NAME: `/identity` {{(pid=43897) log_request_info /opt/stack/keystone/keystone/server/flask/request_processing/req_logging.py:28}}
Aug 01 16:42:24 user devstack@keystone.service[43897]: DEBUG keystone.server.flask.request_processing.req_logging [None req-bf389afd-6842-4536-bc16-e72ee3457d90 None admin] PATH_INFO: `/v3/roles/reader` {{(pid=43897) log_request_info /opt/stack/keystone/keystone/server/flask/request_processing/req_logging.py:29}}
Aug 01 16:42:24 user devstack@keystone.service[43898]: DEBUG dbcounter [-] [43898] Writing DB stats keystone:SELECT=100 {{(pid=43898) stat_writer /usr/local/lib/python3.10/dist-packages/dbcounter.py:117}}
Aug 01 16:42:24 user devstack@keystone.service[43897]: DEBUG keystone.common.rbac_enforcer.enforcer [None req-bf389afd-6842-4536-bc16-e72ee3457d90 None admin] Extracting inferred target data resulted in "NOT FOUND (404)". {{(pid=43897) enforce_call /opt/stack/keystone/keystone/common/rbac_enforcer/enforcer.py:409}}
Aug 01 16:42:24 user devstack@keystone.service[43897]: ERROR keystone.server.flask.application [None req-bf389afd-6842-4536-bc16-e72ee3457d90 None admin] Could not find role: reader.: keystone.exception.RoleNotFound: Could not find role: reader.
Aug 01 16:42:24 user devstack@keystone.service[43897]: ERROR keystone.server.flask.application
Traceback (most recent call last):
Aug 01 16:42:24 user devstack@keystone.service[43897]: ERROR keystone.server.flask.application
File "/usr/local/lib/python3.10/dist-packages/flask/app.py", line 1823, in full_dispatch_request
Aug 01 16:42:24 user devstack@keystone.service[43897]: ERROR keystone.server.flask.application rv = self.dispatch_request()
Aug 01 16:42:24 user devstack@keystone.service[43897]: ERROR keystone.server.flask.application
File "/usr/local/lib/python3.10/dist-packages/flask/app.py", line 1799, in dispatch_request
Aug 01 16:42:24 user devstack@keystone.service[43897]: ERROR keystone.server.flask.application return self.ensure_sync(self.view_functions[rule.endpoint])(**view_args)
Aug 01 16:42:24 user devstack@keystone.service[43897]: ERROR keystone.server.flask.application
File "/usr/local/lib/python3.10/dist-packages/flask_restful/__init__.py", line 467, in wrapper
Aug 01 16:42:24 user devstack@keystone.service[43897]: ERROR keystone.server.flask.application resp = resource(*args, **kwargs)
Aug 01 16:42:24 user devstack@keystone.service[43897]: ERROR keystone.server.flask.application
File "/usr/local/lib/python3.10/dist-packages/flask/views.py", line 107, in view
Aug 01 16:42:24 user devstack@keystone.service[43897]: ERROR keystone.server.flask.application return current_app.ensure_sync(self.dispatch_request)(**kwargs)
Aug 01 16:42:24 user devstack@keystone.service[43897]: ERROR keystone.server.flask.application
File "/usr/local/lib/python3.10/dist-packages/flask_restful/__init__.py", line 582, in dispatch_request
Aug 01 16:42:24 user devstack@keystone.service[43897]: ERROR keystone.server.flask.application resp = meth(*args, **kwargs)
Aug 01 16:42:24 user devstack@keystone.service[43897]: ERROR keystone.server.flask.application
File "/opt/stack/keystone/keystone/api/roles.py", line 50, in get
Aug 01 16:42:24 user devstack@keystone.service[43897]: ERROR keystone.server.flask.application return self._get_role(role_id)
Aug 01 16:42:24 user devstack@keystone.service[43897]: ERROR keystone.server.flask.application
File "/opt/stack/keystone/keystone/api/roles.py", line 70, in _get_role
Aug 01 16:42:24 user devstack@keystone.service[43897]: ERROR keystone.server.flask.application ENFORCER.enforce_call(action='identity:get_role')
Aug 01 16:42:24 user devstack@keystone.service[43897]: ERROR keystone.server.flask.application
File "/opt/stack/keystone/keystone/common/rbac_enforcer/enforcer.py", line 402, in enforce_call
Aug 01 16:42:24 user devstack@keystone.service[43897]: ERROR keystone.server.flask.application policy_dict.update(cls._extract_member_target_data(
Aug 01 16:42:24 user devstack@keystone.service[43897]: ERROR keystone.server.flask.application
File "/opt/stack/keystone/keystone/common/rbac_enforcer/enforcer.py", line 234, in _extract_member_target_data
Aug 01 16:42:24 user devstack@keystone.service[43897]: ERROR keystone.server.flask.application member_name: func(flask.request.view_args[key])
Aug 01 16:42:24 user devstack@keystone.service[43897]: ERROR keystone.server.flask.application
File "/opt/stack/keystone/keystone/common/manager.py", line 115, in wrapped
Aug 01 16:42:24 user devstack@keystone.service[43897]: ERROR keystone.server.flask.application __ret_val = __f(*args, **kwargs)
Aug 01 16:42:24 user devstack@keystone.service[43897]: ERROR keystone.server.flask.application
File "/usr/local/lib/python3.10/dist-packages/decorator.py", line 232, in fun
Aug 01 16:42:24 user devstack@keystone.service[43897]: ERROR keystone.server.flask.application return caller(func, *(extras + args), **kw)
Aug 01 16:42:24 user devstack@keystone.service[43897]: ERROR keystone.server.flask.application
File "/usr/local/lib/python3.10/dist-packages/dogpile/cache/region.py", line 1577, in get_or_create_for_user_func
Aug 01 16:42:24 user devstack@keystone.service[43897]: ERROR keystone.server.flask.application return self.get_or_create(
Aug 01 16:42:24 user devstack@keystone.service[43897]: ERROR keystone.server.flask.application
File "/usr/local/lib/python3.10/dist-packages/dogpile/cache/region.py", line 1042, in get_or_create
Aug 01 16:42:24 user devstack@keystone.service[43897]: ERROR keystone.server.flask.application with Lock(
Aug 01 16:42:24 user devstack@keystone.service[43897]: ERROR keystone.server.flask.application
File "/usr/local/lib/python3.10/dist-packages/dogpile/lock.py", line 185, in __enter__
Aug 01 16:42:24 user devstack@keystone.service[43897]: ERROR keystone.server.flask.application return self._enter()
Aug 01 16:42:24 user devstack@keystone.service[43897]: ERROR keystone.server.flask.application
File "/usr/local/lib/python3.10/dist-packages/dogpile/lock.py", line 94, in _enter
Aug 01 16:42:24 user devstack@keystone.service[43897]: ERROR keystone.server.flask.application generated = self._enter_create(value, createdtime)
Aug 01 16:42:24 user devstack@keystone.service[43897]: ERROR keystone.server.flask.application
File "/usr/local/lib/python3.10/dist-packages/dogpile/lock.py", line 178, in _enter_create
Aug 01 16:42:24 user devstack@keystone.service[43897]: ERROR keystone.server.flask.application return self.creator()
Aug 01 16:42:24 user devstack@keystone.service[43897]: ERROR keystone.server.flask.application
File "/usr/local/lib/python3.10/dist-packages/dogpile/cache/region.py", line 995, in gen_value
Aug 01 16:42:24 user devstack@keystone.service[43897]: ERROR keystone.server.flask.application created_value = creator(
Aug 01 16:42:24 user devstack@keystone.service[43897]: ERROR keystone.server.flask.application
File "/opt/stack/keystone/keystone/assignment/core.py", line 1276, in get_role
Aug 01 16:42:24 user devstack@keystone.service[43897]: ERROR keystone.server.flask.application return self.driver.get_role(role_id)
Aug 01 16:42:24 user devstack@keystone.service[43897]: ERROR keystone.server.flask.application
File "/opt/stack/keystone/keystone/assignment/role_backends/sql.py", line 70, in get_role
Aug 01 16:42:24 user devstack@keystone.service[43897]: ERROR keystone.server.flask.application return self._get_role(session, role_id).to_dict()
Aug 01 16:42:24 user devstack@keystone.service[43897]: ERROR keystone.server.flask.application
File "/opt/stack/keystone/keystone/assignment/role_backends/sql.py", line 65, in _get_role
Aug 01 16:42:24 user devstack@keystone.service[43897]: ERROR keystone.server.flask.application raise exception.RoleNotFound(role_id=role_id)
Aug 01 16:42:24 user devstack@keystone.service[43897]: ERROR keystone.server.flask.application keystone.exception.RoleNotFound: Could not find role: reader.
Aug 01 16:42:24 user devstack@keystone.service[43897]: ERROR keystone.server.flask.application
Aug 01 16:42:24 user devstack@keystone.service[43897]: [pid: 43897|app: 0|req: 81/250] 10.0.0.210 () {56 vars in 1094 bytes} [Tue Aug 1 16:42:24 2023] GET /identity/v3/roles/reader => generated 84 bytes in 127 msecs (HTTP/1.1 404) 5 headers in 183 bytes (1 switches on core 0)
Aug 01 16:42:24 user devstack@keystone.service[43899]: DEBUG keystone.server.flask.request_processing.middleware.auth_context [None req-18173e1d-a420-446c-bd1f-4b0c42ba9fe6 None admin] Authenticating user token {{(pid=43899) process_request /usr/local/lib/python3.10/dist-packages/keystonemiddleware/auth_token/__init__.py:406}}
Aug 01 16:42:24 user devstack@keystone.service[43898]: DEBUG keystone.server.flask.request_processing.middleware.auth_context [None req-b78f810f-0d40-4f50-8063-545ba152dd81 None admin] Validating token access rules against request {{(pid=43898) validate_allowed_request /usr/local/lib/python3.10/dist-packages/keystonemiddleware/auth_token/__init__.py:544}}
Aug 01 16:42:24 user devstack@keystone.service[43898]: DEBUG keystone.server.flask.request_processing.middleware.auth_context [None req-07bc187f-d230-4399-a0f1-dcad7ccaff54 None admin] RBAC: auth_context: {'token': , 'domain_id': None, 'trust_id': None, 'trustor_id': None, 'trustee_id': None, 'domain_name': None, 'group_ids': [], 'user_id': '27bf4d2a16364b2f898cfa1cef67f65a', 'user_domain_id': 'default', 'system_scope': 'all', 'project_id': None, 'project_domain_id': None, 'roles': ['admin', 'member', 'reader'], 'is_admin_project': True, 'service_user_id': None, 'service_user_domain_id': None, 'service_project_id': None, 'service_project_domain_id': None, 'service_roles': []} {{(pid=43898) fill_context /opt/stack/keystone/keystone/server/flask/request_processing/middleware/auth_context.py:480}}
Aug 01 16:42:24 user devstack@keystone.service[43898]: DEBUG keystone.server.flask.request_processing.req_logging [None req-07bc187f-d230-4399-a0f1-dcad7ccaff54 None admin] REQUEST_METHOD: `GET` {{(pid=43898) log_request_info /opt/stack/keystone/keystone/server/flask/request_processing/req_logging.py:27}}
Aug 01 16:42:24 user devstack@keystone.service[43898]: DEBUG keystone.server.flask.request_processing.req_logging [None req-07bc187f-d230-4399-a0f1-dcad7ccaff54 None admin] SCRIPT_NAME: `/identity` {{(pid=43898) log_request_info /opt/stack/keystone/keystone/server/flask/request_processing/req_logging.py:28}}
Aug 01 16:42:24 user devstack@keystone.service[43898]: DEBUG keystone.server.flask.request_processing.req_logging [None req-07bc187f-d230-4399-a0f1-dcad7ccaff54 None admin] PATH_INFO: `/v3/users/84fab8e86930426c8a4a9d203745bf1b` {{(pid=43898) log_request_info /opt/stack/keystone/keystone/server/flask/request_processing/req_logging.py:29}}
Aug 01 16:42:24 user devstack@keystone.service[43898]: DEBUG keystone.common.rbac_enforcer.enforcer [None req-07bc187f-d230-4399-a0f1-dcad7ccaff54 None admin] RBAC: Authorizing `identity:get_user(user_id=84fab8e86930426c8a4a9d203745bf1b)` {{(pid=43898) enforce_call /opt/stack/keystone/keystone/common/rbac_enforcer/enforcer.py:449}}
Aug 01 16:42:24 user devstack@keystone.service[43898]: DEBUG keystone.common.rbac_enforcer.enforcer [None req-07bc187f-d230-4399-a0f1-dcad7ccaff54 None admin] RBAC: Authorization granted {{(pid=43898) enforce_call /opt/stack/keystone/keystone/common/rbac_enforcer/enforcer.py:457}}
Aug 01 16:42:24 user devstack@keystone.service[43898]: [pid: 43898|app: 0|req: 84/251] 10.0.0.210 () {56 vars in 1172 bytes} [Tue Aug 1 16:42:24 2023] GET /identity/v3/users/84fab8e86930426c8a4a9d203745bf1b => generated 292 bytes in 124 msecs (HTTP/1.1 200) 5 headers in 177 bytes (2 switches on core 0)
Aug 01 16:42:24 user devstack@keystone.service[43897]: DEBUG keystone.server.flask.request_processing.middleware.auth_context [None req-bf389afd-6842-4536-bc16-e72ee3457d90 None admin] Authenticating user token {{(pid=43897) process_request /usr/local/lib/python3.10/dist-packages/keystonemiddleware/auth_token/__init__.py:406}}
Aug 01 16:42:24 user devstack@keystone.service[43899]: DEBUG keystone.server.flask.request_processing.middleware.auth_context [None req-18173e1d-a420-446c-bd1f-4b0c42ba9fe6 None admin] Validating token access rules against request {{(pid=43899) validate_allowed_request /usr/local/lib/python3.10/dist-packages/keystonemiddleware/auth_token/__init__.py:544}}
Aug 01 16:42:24 user devstack@keystone.service[43897]: DEBUG keystone.server.flask.request_processing.middleware.auth_context [None req-bf389afd-6842-4536-bc16-e72ee3457d90 None admin] Validating token access rules against request {{(pid=43897) validate_allowed_request /usr/local/lib/python3.10/dist-packages/keystonemiddleware/auth_token/__init__.py:544}}
Aug 01 16:42:24 user devstack@keystone.service[43899]: DEBUG dbcounter [-] [43899] Writing DB stats keystone:SELECT=99,keystone:INSERT=1 {{(pid=43899) stat_writer /usr/local/lib/python3.10/dist-packages/dbcounter.py:117}}
Aug 01 16:42:24 user devstack@keystone.service[43899]: DEBUG keystone.server.flask.request_processing.middleware.auth_context [None req-64730faa-bc15-402c-8e79-ffa219d6849a None admin] RBAC: auth_context: {'token': , 'domain_id': None, 'trust_id': None, 'trustor_id': None, 'trustee_id': None, 'domain_name': None, 'group_ids': [], 'user_id': '27bf4d2a16364b2f898cfa1cef67f65a', 'user_domain_id': 'default', 'system_scope': 'all', 'project_id': None, 'project_domain_id': None, 'roles': ['admin', 'member', 'reader'], 'is_admin_project': True, 'service_user_id': None, 'service_user_domain_id': None, 'service_project_id': None, 'service_project_domain_id': None, 'service_roles': []} {{(pid=43899) fill_context /opt/stack/keystone/keystone/server/flask/request_processing/middleware/auth_context.py:480}}
Aug 01 16:42:24 user devstack@keystone.service[43899]: DEBUG keystone.server.flask.request_processing.req_logging [None req-64730faa-bc15-402c-8e79-ffa219d6849a None admin] REQUEST_METHOD: `GET` {{(pid=43899) log_request_info /opt/stack/keystone/keystone/server/flask/request_processing/req_logging.py:27}}
Aug 01 16:42:24 user devstack@keystone.service[43899]: DEBUG keystone.server.flask.request_processing.req_logging [None req-64730faa-bc15-402c-8e79-ffa219d6849a None admin] SCRIPT_NAME: `/identity` {{(pid=43899) log_request_info /opt/stack/keystone/keystone/server/flask/request_processing/req_logging.py:28}}
Aug 01 16:42:24 user devstack@keystone.service[43899]: DEBUG keystone.server.flask.request_processing.req_logging [None req-64730faa-bc15-402c-8e79-ffa219d6849a None admin] PATH_INFO: `/v3/roles` {{(pid=43899) log_request_info /opt/stack/keystone/keystone/server/flask/request_processing/req_logging.py:29}}
Aug 01 16:42:24 user devstack@keystone.service[43897]: DEBUG dbcounter [-] [43897] Writing DB stats keystone:SELECT=100 {{(pid=43897) stat_writer /usr/local/lib/python3.10/dist-packages/dbcounter.py:117}}
Aug 01 16:42:24 user devstack@keystone.service[43899]: DEBUG keystone.common.rbac_enforcer.enforcer [None req-64730faa-bc15-402c-8e79-ffa219d6849a None admin] RBAC: Adding query filter params (name=reader) {{(pid=43899) _extract_filter_values /opt/stack/keystone/keystone/common/rbac_enforcer/enforcer.py:167}}
Aug 01 16:42:24 user devstack@keystone.service[43899]: DEBUG keystone.common.rbac_enforcer.enforcer [None req-64730faa-bc15-402c-8e79-ffa219d6849a None admin] RBAC: Authorizing `identity:list_roles()` {{(pid=43899) enforce_call /opt/stack/keystone/keystone/common/rbac_enforcer/enforcer.py:449}}
Aug 01 16:42:24 user devstack@keystone.service[43899]: DEBUG keystone.common.rbac_enforcer.enforcer [None req-64730faa-bc15-402c-8e79-ffa219d6849a None admin] RBAC: Authorization granted {{(pid=43899) enforce_call /opt/stack/keystone/keystone/common/rbac_enforcer/enforcer.py:457}}
Aug 01 16:42:24 user devstack@keystone.service[43899]: [pid: 43899|app: 0|req: 87/252] 10.0.0.210 () {56 vars in 1096 bytes} [Tue Aug 1 16:42:24 2023] GET /identity/v3/roles?name=reader => generated 339 bytes in 193 msecs (HTTP/1.1 200) 5 headers in 177 bytes (1 switches on core 0)
Aug 01 16:42:24 user devstack@keystone.service[43897]: DEBUG keystone.server.flask.request_processing.middleware.auth_context [None req-668ad111-1ad9-4d75-b3d7-69e13e89043e None admin] RBAC: auth_context: {'token': , 'domain_id': None, 'trust_id': None, 'trustor_id': None, 'trustee_id': None, 'domain_name': None, 'group_ids': [], 'user_id': '27bf4d2a16364b2f898cfa1cef67f65a', 'user_domain_id': 'default', 'system_scope': 'all', 'project_id': None, 'project_domain_id': None, 'roles': ['admin', 'member', 'reader'], 'is_admin_project': True, 'service_user_id': None, 'service_user_domain_id': None, 'service_project_id': None, 'service_project_domain_id': None, 'service_roles': []} {{(pid=43897) fill_context /opt/stack/keystone/keystone/server/flask/request_processing/middleware/auth_context.py:480}}
Aug 01 16:42:24 user devstack@keystone.service[43897]: DEBUG keystone.server.flask.request_processing.req_logging [None req-668ad111-1ad9-4d75-b3d7-69e13e89043e None admin] REQUEST_METHOD: `GET` {{(pid=43897) log_request_info /opt/stack/keystone/keystone/server/flask/request_processing/req_logging.py:27}}
Aug 01 16:42:24 user devstack@keystone.service[43897]: DEBUG keystone.server.flask.request_processing.req_logging [None req-668ad111-1ad9-4d75-b3d7-69e13e89043e None admin] SCRIPT_NAME: `/identity` {{(pid=43897) log_request_info /opt/stack/keystone/keystone/server/flask/request_processing/req_logging.py:28}}
Aug 01 16:42:24 user devstack@keystone.service[43897]: DEBUG keystone.server.flask.request_processing.req_logging [None req-668ad111-1ad9-4d75-b3d7-69e13e89043e None admin] PATH_INFO: `/v3/role_assignments` {{(pid=43897) log_request_info /opt/stack/keystone/keystone/server/flask/request_processing/req_logging.py:29}}
Aug 01 16:42:24 user devstack@keystone.service[43897]: DEBUG keystone.common.rbac_enforcer.enforcer [None req-668ad111-1ad9-4d75-b3d7-69e13e89043e None admin] RBAC: Adding query filter params (role.id=fb632c02759c420e9a15df397f3f257d, user.id=84fab8e86930426c8a4a9d203745bf1b, scope.system=all) {{(pid=43897) _extract_filter_values /opt/stack/keystone/keystone/common/rbac_enforcer/enforcer.py:167}}
Aug 01 16:42:24 user devstack@keystone.service[43897]: DEBUG keystone.common.rbac_enforcer.enforcer [None req-668ad111-1ad9-4d75-b3d7-69e13e89043e None admin] RBAC: Authorizing `identity:list_role_assignments()` {{(pid=43897) enforce_call /opt/stack/keystone/keystone/common/rbac_enforcer/enforcer.py:449}}
Aug 01 16:42:24 user devstack@keystone.service[43897]: DEBUG keystone.common.rbac_enforcer.enforcer [None req-668ad111-1ad9-4d75-b3d7-69e13e89043e None admin] RBAC: Authorization granted {{(pid=43897) enforce_call /opt/stack/keystone/keystone/common/rbac_enforcer/enforcer.py:457}}
Aug 01 16:42:24 user devstack@keystone.service[43898]: DEBUG keystone.server.flask.request_processing.middleware.auth_context [None req-07bc187f-d230-4399-a0f1-dcad7ccaff54 None admin] Authenticating user token {{(pid=43898) process_request /usr/local/lib/python3.10/dist-packages/keystonemiddleware/auth_token/__init__.py:406}}
Aug 01 16:42:24 user devstack@keystone.service[43897]: [pid: 43897|app: 0|req: 82/253] 10.0.0.210 () {56 vars in 1303 bytes} [Tue Aug 1 16:42:24 2023] GET /identity/v3/role_assignments?user.id=84fab8e86930426c8a4a9d203745bf1b&scope.system=all&role.id=fb632c02759c420e9a15df397f3f257d => generated 508 bytes in 142 msecs (HTTP/1.1 200) 5 headers in 177 bytes (1 switches on core 0)
Aug 01 16:42:24 user devstack@keystone.service[43898]: DEBUG keystone.server.flask.request_processing.middleware.auth_context [None req-07bc187f-d230-4399-a0f1-dcad7ccaff54 None admin] Validating token access rules against request {{(pid=43898) validate_allowed_request /usr/local/lib/python3.10/dist-packages/keystonemiddleware/auth_token/__init__.py:544}}
Aug 01 16:42:24 user devstack@keystone.service[43898]: DEBUG dbcounter [-] [43898] Writing DB stats keystone:SELECT=100 {{(pid=43898) stat_writer /usr/local/lib/python3.10/dist-packages/dbcounter.py:117}}
Aug 01 16:42:24 user devstack@keystone.service[43898]: DEBUG keystone.server.flask.request_processing.middleware.auth_context [None req-c416a498-663c-4d25-b103-0fc83303260e None admin] RBAC: auth_context: {'token': , 'domain_id': None, 'trust_id': None, 'trustor_id': None, 'trustee_id': None, 'domain_name': None, 'group_ids': [], 'user_id': '27bf4d2a16364b2f898cfa1cef67f65a', 'user_domain_id': 'default', 'system_scope': 'all', 'project_id': None, 'project_domain_id': None, 'roles': ['admin', 'member', 'reader'], 'is_admin_project': True, 'service_user_id': None, 'service_user_domain_id': None, 'service_project_id': None, 'service_project_domain_id': None, 'service_roles': []} {{(pid=43898) fill_context /opt/stack/keystone/keystone/server/flask/request_processing/middleware/auth_context.py:480}}
Aug 01 16:42:24 user devstack@keystone.service[43898]: DEBUG keystone.server.flask.request_processing.req_logging [None req-c416a498-663c-4d25-b103-0fc83303260e None admin] REQUEST_METHOD: `GET` {{(pid=43898) log_request_info /opt/stack/keystone/keystone/server/flask/request_processing/req_logging.py:27}}
Aug 01 16:42:24 user devstack@keystone.service[43898]: DEBUG keystone.server.flask.request_processing.req_logging [None req-c416a498-663c-4d25-b103-0fc83303260e None admin] SCRIPT_NAME: `/identity` {{(pid=43898) log_request_info /opt/stack/keystone/keystone/server/flask/request_processing/req_logging.py:28}}
Aug 01 16:42:24 user devstack@keystone.service[43898]: DEBUG keystone.server.flask.request_processing.req_logging [None req-c416a498-663c-4d25-b103-0fc83303260e None admin] PATH_INFO: `/v3/users/700ce0dc7bfc48e5a577d9508c1221e0` {{(pid=43898) log_request_info /opt/stack/keystone/keystone/server/flask/request_processing/req_logging.py:29}}
Aug 01 16:42:24 user devstack@keystone.service[43898]: DEBUG keystone.common.rbac_enforcer.enforcer [None req-c416a498-663c-4d25-b103-0fc83303260e None admin] RBAC: Authorizing `identity:get_user(user_id=700ce0dc7bfc48e5a577d9508c1221e0)` {{(pid=43898) enforce_call /opt/stack/keystone/keystone/common/rbac_enforcer/enforcer.py:449}}
Aug 01 16:42:24 user devstack@keystone.service[43898]: DEBUG keystone.common.rbac_enforcer.enforcer [None req-c416a498-663c-4d25-b103-0fc83303260e None admin] RBAC: Authorization granted {{(pid=43898) enforce_call /opt/stack/keystone/keystone/common/rbac_enforcer/enforcer.py:457}}
Aug 01 16:42:24 user devstack@keystone.service[43898]: [pid: 43898|app: 0|req: 85/254] 10.0.0.210 () {56 vars in 1172 bytes} [Tue Aug 1 16:42:24 2023] GET /identity/v3/users/700ce0dc7bfc48e5a577d9508c1221e0 => generated 292 bytes in 129 msecs (HTTP/1.1 200) 5 headers in 177 bytes (1 switches on core 0)
Aug 01 16:42:24 user devstack@keystone.service[43899]: DEBUG keystone.server.flask.request_processing.middleware.auth_context [None req-64730faa-bc15-402c-8e79-ffa219d6849a None admin] Authenticating user token {{(pid=43899) process_request /usr/local/lib/python3.10/dist-packages/keystonemiddleware/auth_token/__init__.py:406}}
Aug 01 16:42:24 user devstack@keystone.service[43899]: DEBUG keystone.server.flask.request_processing.middleware.auth_context [None req-64730faa-bc15-402c-8e79-ffa219d6849a None admin] Validating token access rules against request {{(pid=43899) validate_allowed_request /usr/local/lib/python3.10/dist-packages/keystonemiddleware/auth_token/__init__.py:544}}
Aug 01 16:42:24 user devstack@keystone.service[43899]: DEBUG keystone.server.flask.request_processing.middleware.auth_context [None req-6403661a-bc18-4631-a1b0-f10156a96be6 None admin] RBAC: auth_context: {'token': , 'domain_id': None, 'trust_id': None, 'trustor_id': None, 'trustee_id': None, 'domain_name': None, 'group_ids': [], 'user_id': '27bf4d2a16364b2f898cfa1cef67f65a', 'user_domain_id': 'default', 'system_scope': 'all', 'project_id': None, 'project_domain_id': None, 'roles': ['admin', 'member', 'reader'], 'is_admin_project': True, 'service_user_id': None, 'service_user_domain_id': None, 'service_project_id': None, 'service_project_domain_id': None, 'service_roles': []} {{(pid=43899) fill_context /opt/stack/keystone/keystone/server/flask/request_processing/middleware/auth_context.py:480}}
Aug 01 16:42:24 user devstack@keystone.service[43899]: DEBUG keystone.server.flask.request_processing.req_logging [None req-6403661a-bc18-4631-a1b0-f10156a96be6 None admin] REQUEST_METHOD: `PUT` {{(pid=43899) log_request_info /opt/stack/keystone/keystone/server/flask/request_processing/req_logging.py:27}}
Aug 01 16:42:24 user devstack@keystone.service[43899]: DEBUG keystone.server.flask.request_processing.req_logging [None req-6403661a-bc18-4631-a1b0-f10156a96be6 None admin] SCRIPT_NAME: `/identity` {{(pid=43899) log_request_info /opt/stack/keystone/keystone/server/flask/request_processing/req_logging.py:28}}
