Aug 01 13:40:14 user devstack@keystone.service[43862]: ERROR keystone.server.flask.application rv = self.dispatch_request()
Aug 01 13:40:14 user devstack@keystone.service[43862]: ERROR keystone.server.flask.application
File "/usr/local/lib/python3.10/dist-packages/flask/app.py", line 1799, in dispatch_request
Aug 01 13:40:14 user devstack@keystone.service[43862]: ERROR keystone.server.flask.application return self.ensure_sync(self.view_functions[rule.endpoint])(**view_args)
Aug 01 13:40:14 user devstack@keystone.service[43862]: ERROR keystone.server.flask.application
File "/usr/local/lib/python3.10/dist-packages/flask_restful/__init__.py", line 467, in wrapper
Aug 01 13:40:14 user devstack@keystone.service[43862]: ERROR keystone.server.flask.application resp = resource(*args, **kwargs)
Aug 01 13:40:14 user devstack@keystone.service[43862]: ERROR keystone.server.flask.application
File "/usr/local/lib/python3.10/dist-packages/flask/views.py", line 107, in view
Aug 01 13:40:14 user devstack@keystone.service[43862]: ERROR keystone.server.flask.application return current_app.ensure_sync(self.dispatch_request)(**kwargs)
Aug 01 13:40:14 user devstack@keystone.service[43862]: ERROR keystone.server.flask.application
File "/usr/local/lib/python3.10/dist-packages/flask_restful/__init__.py", line 582, in dispatch_request
Aug 01 13:40:14 user devstack@keystone.service[43862]: ERROR keystone.server.flask.application resp = meth(*args, **kwargs)
Aug 01 13:40:14 user devstack@keystone.service[43862]: ERROR keystone.server.flask.application
File "/opt/stack/keystone/keystone/api/roles.py", line 50, in get
Aug 01 13:40:14 user devstack@keystone.service[43862]: ERROR keystone.server.flask.application return self._get_role(role_id)
Aug 01 13:40:14 user devstack@keystone.service[43862]: ERROR keystone.server.flask.application
File "/opt/stack/keystone/keystone/api/roles.py", line 70, in _get_role
Aug 01 13:40:14 user devstack@keystone.service[43862]: ERROR keystone.server.flask.application ENFORCER.enforce_call(action='identity:get_role')
Aug 01 13:40:14 user devstack@keystone.service[43862]: ERROR keystone.server.flask.application
File "/opt/stack/keystone/keystone/common/rbac_enforcer/enforcer.py", line 402, in enforce_call
Aug 01 13:40:14 user devstack@keystone.service[43862]: ERROR keystone.server.flask.application policy_dict.update(cls._extract_member_target_data(
Aug 01 13:40:14 user devstack@keystone.service[43862]: ERROR keystone.server.flask.application
File "/opt/stack/keystone/keystone/common/rbac_enforcer/enforcer.py", line 234, in _extract_member_target_data
Aug 01 13:40:14 user devstack@keystone.service[43862]: ERROR keystone.server.flask.application member_name: func(flask.request.view_args[key])
Aug 01 13:40:14 user devstack@keystone.service[43862]: ERROR keystone.server.flask.application
File "/opt/stack/keystone/keystone/common/manager.py", line 115, in wrapped
Aug 01 13:40:14 user devstack@keystone.service[43862]: ERROR keystone.server.flask.application __ret_val = __f(*args, **kwargs)
Aug 01 13:40:14 user devstack@keystone.service[43862]: ERROR keystone.server.flask.application
File "/usr/local/lib/python3.10/dist-packages/decorator.py", line 232, in fun
Aug 01 13:40:14 user devstack@keystone.service[43862]: ERROR keystone.server.flask.application return caller(func, *(extras + args), **kw)
Aug 01 13:40:14 user devstack@keystone.service[43862]: ERROR keystone.server.flask.application
File "/usr/local/lib/python3.10/dist-packages/dogpile/cache/region.py", line 1577, in get_or_create_for_user_func
Aug 01 13:40:14 user devstack@keystone.service[43862]: ERROR keystone.server.flask.application return self.get_or_create(
Aug 01 13:40:14 user devstack@keystone.service[43862]: ERROR keystone.server.flask.application
File "/usr/local/lib/python3.10/dist-packages/dogpile/cache/region.py", line 1042, in get_or_create
Aug 01 13:40:14 user devstack@keystone.service[43862]: ERROR keystone.server.flask.application with Lock(
Aug 01 13:40:14 user devstack@keystone.service[43862]: ERROR keystone.server.flask.application
File "/usr/local/lib/python3.10/dist-packages/dogpile/lock.py", line 185, in __enter__
Aug 01 13:40:14 user devstack@keystone.service[43862]: ERROR keystone.server.flask.application return self._enter()
Aug 01 13:40:14 user devstack@keystone.service[43862]: ERROR keystone.server.flask.application
File "/usr/local/lib/python3.10/dist-packages/dogpile/lock.py", line 94, in _enter
Aug 01 13:40:14 user devstack@keystone.service[43862]: ERROR keystone.server.flask.application generated = self._enter_create(value, createdtime)
Aug 01 13:40:14 user devstack@keystone.service[43862]: ERROR keystone.server.flask.application
File "/usr/local/lib/python3.10/dist-packages/dogpile/lock.py", line 178, in _enter_create
Aug 01 13:40:14 user devstack@keystone.service[43862]: ERROR keystone.server.flask.application return self.creator()
Aug 01 13:40:14 user devstack@keystone.service[43862]: ERROR keystone.server.flask.application
File "/usr/local/lib/python3.10/dist-packages/dogpile/cache/region.py", line 995, in gen_value
Aug 01 13:40:14 user devstack@keystone.service[43862]: ERROR keystone.server.flask.application created_value = creator(
Aug 01 13:40:14 user devstack@keystone.service[43862]: ERROR keystone.server.flask.application
File "/opt/stack/keystone/keystone/assignment/core.py", line 1276, in get_role
Aug 01 13:40:14 user devstack@keystone.service[43862]: ERROR keystone.server.flask.application return self.driver.get_role(role_id)
Aug 01 13:40:14 user devstack@keystone.service[43862]: ERROR keystone.server.flask.application
File "/opt/stack/keystone/keystone/assignment/role_backends/sql.py", line 70, in get_role
Aug 01 13:40:14 user devstack@keystone.service[43862]: ERROR keystone.server.flask.application return self._get_role(session, role_id).to_dict()
Aug 01 13:40:14 user devstack@keystone.service[43862]: ERROR keystone.server.flask.application
File "/opt/stack/keystone/keystone/assignment/role_backends/sql.py", line 65, in _get_role
Aug 01 13:40:14 user devstack@keystone.service[43862]: ERROR keystone.server.flask.application raise exception.RoleNotFound(role_id=role_id)
Aug 01 13:40:14 user devstack@keystone.service[43862]: ERROR keystone.server.flask.application keystone.exception.RoleNotFound: Could not find role: anotherrole.
Aug 01 13:40:14 user devstack@keystone.service[43862]: ERROR keystone.server.flask.application
Aug 01 13:40:14 user devstack@keystone.service[43862]: [pid: 43862|app: 0|req: 104/305] 10.0.0.210 () {56 vars in 1109 bytes} [Tue Aug 1 13:40:14 2023] GET /identity/v3/roles/anotherrole => generated 89 bytes in 133 msecs (HTTP/1.1 404) 5 headers in 183 bytes (1 switches on core 0)
Aug 01 13:40:14 user devstack@keystone.service[43860]: DEBUG keystone.server.flask.request_processing.middleware.auth_context [None req-9f6ddfaf-5f7e-42e6-860f-e6137bf243d9 None admin] Authenticating user token {{(pid=43860) process_request /usr/local/lib/python3.10/dist-packages/keystonemiddleware/auth_token/__init__.py:406}}
Aug 01 13:40:14 user devstack@keystone.service[43860]: DEBUG dbcounter [-] [43860] Writing DB stats keystone:SELECT=99,keystone:INSERT=1 {{(pid=43860) stat_writer /usr/local/lib/python3.10/dist-packages/dbcounter.py:117}}
Aug 01 13:40:14 user devstack@keystone.service[43862]: DEBUG keystone.server.flask.request_processing.middleware.auth_context [None req-a61a0d7a-9cd1-4e92-8d1e-b0443f7e9b93 None admin] Authenticating user token {{(pid=43862) process_request /usr/local/lib/python3.10/dist-packages/keystonemiddleware/auth_token/__init__.py:406}}
Aug 01 13:40:14 user devstack@keystone.service[43861]: DEBUG dbcounter [-] [43861] Writing DB stats keystone:SELECT=100 {{(pid=43861) stat_writer /usr/local/lib/python3.10/dist-packages/dbcounter.py:117}}
Aug 01 13:40:14 user devstack@keystone.service[43861]: DEBUG keystone.server.flask.request_processing.middleware.auth_context [None req-360fb0b6-c961-4f2c-bd32-195f9009b7ef None None] Validating token access rules against request {{(pid=43861) validate_allowed_request /usr/local/lib/python3.10/dist-packages/keystonemiddleware/auth_token/__init__.py:544}}
Aug 01 13:40:14 user devstack@keystone.service[43860]: DEBUG keystone.server.flask.request_processing.middleware.auth_context [None req-9f6ddfaf-5f7e-42e6-860f-e6137bf243d9 None admin] Validating token access rules against request {{(pid=43860) validate_allowed_request /usr/local/lib/python3.10/dist-packages/keystonemiddleware/auth_token/__init__.py:544}}
Aug 01 13:40:14 user devstack@keystone.service[43861]: DEBUG keystone.server.flask.request_processing.middleware.auth_context [None req-62f24ae3-85f5-4b4c-928c-5efdc6fc959c None admin] RBAC: auth_context: {'token': , 'domain_id': None, 'trust_id': None, 'trustor_id': None, 'trustee_id': None, 'domain_name': None, 'group_ids': [], 'user_id': 'ea10b57fe861459ebb3f24f0777198c9', 'user_domain_id': 'default', 'system_scope': 'all', 'project_id': None, 'project_domain_id': None, 'roles': ['admin', 'member', 'reader'], 'is_admin_project': True, 'service_user_id': None, 'service_user_domain_id': None, 'service_project_id': None, 'service_project_domain_id': None, 'service_roles': []} {{(pid=43861) fill_context /opt/stack/keystone/keystone/server/flask/request_processing/middleware/auth_context.py:480}}
Aug 01 13:40:14 user devstack@keystone.service[43861]: DEBUG keystone.server.flask.request_processing.req_logging [None req-62f24ae3-85f5-4b4c-928c-5efdc6fc959c None admin] REQUEST_METHOD: `GET` {{(pid=43861) log_request_info /opt/stack/keystone/keystone/server/flask/request_processing/req_logging.py:27}}
Aug 01 13:40:14 user devstack@keystone.service[43861]: DEBUG keystone.server.flask.request_processing.req_logging [None req-62f24ae3-85f5-4b4c-928c-5efdc6fc959c None admin] SCRIPT_NAME: `/identity` {{(pid=43861) log_request_info /opt/stack/keystone/keystone/server/flask/request_processing/req_logging.py:28}}
Aug 01 13:40:14 user devstack@keystone.service[43861]: DEBUG keystone.server.flask.request_processing.req_logging [None req-62f24ae3-85f5-4b4c-928c-5efdc6fc959c None admin] PATH_INFO: `/v3/auth/tokens` {{(pid=43861) log_request_info /opt/stack/keystone/keystone/server/flask/request_processing/req_logging.py:29}}
Aug 01 13:40:14 user devstack@keystone.service[43860]: DEBUG keystone.server.flask.request_processing.middleware.auth_context [None req-259c9d12-cf74-42d1-87ef-a2ae0069931b None admin] RBAC: auth_context: {'token': , 'domain_id': None, 'trust_id': None, 'trustor_id': None, 'trustee_id': None, 'domain_name': None, 'group_ids': [], 'user_id': 'ea10b57fe861459ebb3f24f0777198c9', 'user_domain_id': 'default', 'system_scope': 'all', 'project_id': None, 'project_domain_id': None, 'roles': ['admin', 'member', 'reader'], 'is_admin_project': True, 'service_user_id': None, 'service_user_domain_id': None, 'service_project_id': None, 'service_project_domain_id': None, 'service_roles': []} {{(pid=43860) fill_context /opt/stack/keystone/keystone/server/flask/request_processing/middleware/auth_context.py:480}}
Aug 01 13:40:14 user devstack@keystone.service[43860]: DEBUG keystone.server.flask.request_processing.req_logging [None req-259c9d12-cf74-42d1-87ef-a2ae0069931b None admin] REQUEST_METHOD: `GET` {{(pid=43860) log_request_info /opt/stack/keystone/keystone/server/flask/request_processing/req_logging.py:27}}
Aug 01 13:40:14 user devstack@keystone.service[43860]: DEBUG keystone.server.flask.request_processing.req_logging [None req-259c9d12-cf74-42d1-87ef-a2ae0069931b None admin] SCRIPT_NAME: `/identity` {{(pid=43860) log_request_info /opt/stack/keystone/keystone/server/flask/request_processing/req_logging.py:28}}
Aug 01 13:40:14 user devstack@keystone.service[43860]: DEBUG keystone.server.flask.request_processing.req_logging [None req-259c9d12-cf74-42d1-87ef-a2ae0069931b None admin] PATH_INFO: `/v3/roles` {{(pid=43860) log_request_info /opt/stack/keystone/keystone/server/flask/request_processing/req_logging.py:29}}
Aug 01 13:40:14 user devstack@keystone.service[43860]: DEBUG keystone.common.rbac_enforcer.enforcer [None req-259c9d12-cf74-42d1-87ef-a2ae0069931b None admin] RBAC: Adding query filter params (name=anotherrole) {{(pid=43860) _extract_filter_values /opt/stack/keystone/keystone/common/rbac_enforcer/enforcer.py:167}}
Aug 01 13:40:14 user devstack@keystone.service[43860]: DEBUG keystone.common.rbac_enforcer.enforcer [None req-259c9d12-cf74-42d1-87ef-a2ae0069931b None admin] RBAC: Authorizing `identity:list_roles()` {{(pid=43860) enforce_call /opt/stack/keystone/keystone/common/rbac_enforcer/enforcer.py:449}}
Aug 01 13:40:14 user devstack@keystone.service[43860]: DEBUG keystone.common.rbac_enforcer.enforcer [None req-259c9d12-cf74-42d1-87ef-a2ae0069931b None admin] RBAC: Authorization granted {{(pid=43860) enforce_call /opt/stack/keystone/keystone/common/rbac_enforcer/enforcer.py:457}}
Aug 01 13:40:14 user devstack@keystone.service[43862]: DEBUG dbcounter [-] [43862] Writing DB stats keystone:SELECT=100 {{(pid=43862) stat_writer /usr/local/lib/python3.10/dist-packages/dbcounter.py:117}}
Aug 01 13:40:14 user devstack@keystone.service[43862]: DEBUG keystone.server.flask.request_processing.middleware.auth_context [None req-a61a0d7a-9cd1-4e92-8d1e-b0443f7e9b93 None admin] Validating token access rules against request {{(pid=43862) validate_allowed_request /usr/local/lib/python3.10/dist-packages/keystonemiddleware/auth_token/__init__.py:544}}
Aug 01 13:40:14 user devstack@keystone.service[43860]: [pid: 43860|app: 0|req: 103/306] 10.0.0.210 () {56 vars in 1106 bytes} [Tue Aug 1 13:40:14 2023] GET /identity/v3/roles?name=anotherrole => generated 332 bytes in 150 msecs (HTTP/1.1 200) 5 headers in 177 bytes (1 switches on core 0)
Aug 01 13:40:14 user devstack@keystone.service[43860]: DEBUG keystone.server.flask.request_processing.req_logging [None req-8284547e-9b6b-456f-b640-f41cdb14993d None None] REQUEST_METHOD: `GET` {{(pid=43860) log_request_info /opt/stack/keystone/keystone/server/flask/request_processing/req_logging.py:27}}
Aug 01 13:40:14 user devstack@keystone.service[43860]: DEBUG keystone.server.flask.request_processing.req_logging [None req-8284547e-9b6b-456f-b640-f41cdb14993d None None] SCRIPT_NAME: `/identity` {{(pid=43860) log_request_info /opt/stack/keystone/keystone/server/flask/request_processing/req_logging.py:28}}
Aug 01 13:40:14 user devstack@keystone.service[43860]: DEBUG keystone.server.flask.request_processing.req_logging [None req-8284547e-9b6b-456f-b640-f41cdb14993d None None] PATH_INFO: `/` {{(pid=43860) log_request_info /opt/stack/keystone/keystone/server/flask/request_processing/req_logging.py:29}}
Aug 01 13:40:14 user devstack@keystone.service[43860]: [pid: 43860|app: 0|req: 104/307] 10.0.0.210 () {54 vars in 921 bytes} [Tue Aug 1 13:40:14 2023] GET /identity => generated 269 bytes in 2 msecs (HTTP/1.1 300) 6 headers in 233 bytes (1 switches on core 0)
Aug 01 13:40:14 user devstack@keystone.service[43860]: DEBUG keystone.server.flask.request_processing.req_logging [None req-d542a4f0-946b-46ee-ae13-4a48fdd4b24c None None] REQUEST_METHOD: `GET` {{(pid=43860) log_request_info /opt/stack/keystone/keystone/server/flask/request_processing/req_logging.py:27}}
Aug 01 13:40:14 user devstack@keystone.service[43860]: DEBUG keystone.server.flask.request_processing.req_logging [None req-d542a4f0-946b-46ee-ae13-4a48fdd4b24c None None] SCRIPT_NAME: `/identity` {{(pid=43860) log_request_info /opt/stack/keystone/keystone/server/flask/request_processing/req_logging.py:28}}
Aug 01 13:40:14 user devstack@keystone.service[43860]: DEBUG keystone.server.flask.request_processing.req_logging [None req-d542a4f0-946b-46ee-ae13-4a48fdd4b24c None None] PATH_INFO: `/` {{(pid=43860) log_request_info /opt/stack/keystone/keystone/server/flask/request_processing/req_logging.py:29}}
Aug 01 13:40:14 user devstack@keystone.service[43860]: [pid: 43860|app: 0|req: 105/308] 10.0.0.210 () {54 vars in 921 bytes} [Tue Aug 1 13:40:14 2023] GET /identity => generated 269 bytes in 2 msecs (HTTP/1.1 300) 6 headers in 233 bytes (1 switches on core 0)
Aug 01 13:40:14 user devstack@keystone.service[43860]: DEBUG keystone.server.flask.request_processing.middleware.auth_context [None req-d542a4f0-946b-46ee-ae13-4a48fdd4b24c None None] Authenticating user token {{(pid=43860) process_request /usr/local/lib/python3.10/dist-packages/keystonemiddleware/auth_token/__init__.py:406}}
Aug 01 13:40:14 user devstack@keystone.service[43861]: DEBUG keystone.common.rbac_enforcer.enforcer [None req-62f24ae3-85f5-4b4c-928c-5efdc6fc959c None admin] RBAC: Authorizing `identity:validate_token()` {{(pid=43861) enforce_call /opt/stack/keystone/keystone/common/rbac_enforcer/enforcer.py:449}}
Aug 01 13:40:14 user devstack@keystone.service[43861]: DEBUG keystone.common.rbac_enforcer.enforcer [None req-62f24ae3-85f5-4b4c-928c-5efdc6fc959c None admin] RBAC: Authorization granted {{(pid=43861) enforce_call /opt/stack/keystone/keystone/common/rbac_enforcer/enforcer.py:457}}
Aug 01 13:40:14 user devstack@keystone.service[43862]: DEBUG keystone.server.flask.request_processing.middleware.auth_context [None req-9579fa77-bdb6-4145-85d1-709b2399ba45 None admin] RBAC: auth_context: {'token': , 'domain_id': None, 'trust_id': None, 'trustor_id': None, 'trustee_id': None, 'domain_name': None, 'group_ids': [], 'user_id': 'ea10b57fe861459ebb3f24f0777198c9', 'user_domain_id': 'default', 'system_scope': 'all', 'project_id': None, 'project_domain_id': None, 'roles': ['admin', 'member', 'reader'], 'is_admin_project': True, 'service_user_id': None, 'service_user_domain_id': None, 'service_project_id': None, 'service_project_domain_id': None, 'service_roles': []} {{(pid=43862) fill_context /opt/stack/keystone/keystone/server/flask/request_processing/middleware/auth_context.py:480}}
Aug 01 13:40:14 user devstack@keystone.service[43862]: DEBUG keystone.server.flask.request_processing.req_logging [None req-9579fa77-bdb6-4145-85d1-709b2399ba45 None admin] REQUEST_METHOD: `GET` {{(pid=43862) log_request_info /opt/stack/keystone/keystone/server/flask/request_processing/req_logging.py:27}}
Aug 01 13:40:14 user devstack@keystone.service[43862]: DEBUG keystone.server.flask.request_processing.req_logging [None req-9579fa77-bdb6-4145-85d1-709b2399ba45 None admin] SCRIPT_NAME: `/identity` {{(pid=43862) log_request_info /opt/stack/keystone/keystone/server/flask/request_processing/req_logging.py:28}}
Aug 01 13:40:14 user devstack@keystone.service[43862]: DEBUG keystone.server.flask.request_processing.req_logging [None req-9579fa77-bdb6-4145-85d1-709b2399ba45 None admin] PATH_INFO: `/v3/roles/member` {{(pid=43862) log_request_info /opt/stack/keystone/keystone/server/flask/request_processing/req_logging.py:29}}
Aug 01 13:40:14 user devstack@keystone.service[43862]: DEBUG keystone.common.rbac_enforcer.enforcer [None req-9579fa77-bdb6-4145-85d1-709b2399ba45 None admin] Extracting inferred target data resulted in "NOT FOUND (404)". {{(pid=43862) enforce_call /opt/stack/keystone/keystone/common/rbac_enforcer/enforcer.py:409}}
Aug 01 13:40:14 user devstack@keystone.service[43862]: ERROR keystone.server.flask.application [None req-9579fa77-bdb6-4145-85d1-709b2399ba45 None admin] Could not find role: member.: keystone.exception.RoleNotFound: Could not find role: member.
Aug 01 13:40:14 user devstack@keystone.service[43862]: ERROR keystone.server.flask.application
Traceback (most recent call last):
Aug 01 13:40:14 user devstack@keystone.service[43862]: ERROR keystone.server.flask.application
File "/usr/local/lib/python3.10/dist-packages/flask/app.py", line 1823, in full_dispatch_request
Aug 01 13:40:14 user devstack@keystone.service[43862]: ERROR keystone.server.flask.application rv = self.dispatch_request()
Aug 01 13:40:14 user devstack@keystone.service[43862]: ERROR keystone.server.flask.application
File "/usr/local/lib/python3.10/dist-packages/flask/app.py", line 1799, in dispatch_request
Aug 01 13:40:14 user devstack@keystone.service[43862]: ERROR keystone.server.flask.application return self.ensure_sync(self.view_functions[rule.endpoint])(**view_args)
Aug 01 13:40:14 user devstack@keystone.service[43862]: ERROR keystone.server.flask.application
File "/usr/local/lib/python3.10/dist-packages/flask_restful/__init__.py", line 467, in wrapper
Aug 01 13:40:14 user devstack@keystone.service[43862]: ERROR keystone.server.flask.application resp = resource(*args, **kwargs)
Aug 01 13:40:14 user devstack@keystone.service[43862]: ERROR keystone.server.flask.application
File "/usr/local/lib/python3.10/dist-packages/flask/views.py", line 107, in view
Aug 01 13:40:14 user devstack@keystone.service[43862]: ERROR keystone.server.flask.application return current_app.ensure_sync(self.dispatch_request)(**kwargs)
Aug 01 13:40:14 user devstack@keystone.service[43862]: ERROR keystone.server.flask.application
File "/usr/local/lib/python3.10/dist-packages/flask_restful/__init__.py", line 582, in dispatch_request
Aug 01 13:40:14 user devstack@keystone.service[43862]: ERROR keystone.server.flask.application resp = meth(*args, **kwargs)
Aug 01 13:40:14 user devstack@keystone.service[43862]: ERROR keystone.server.flask.application
File "/opt/stack/keystone/keystone/api/roles.py", line 50, in get
Aug 01 13:40:14 user devstack@keystone.service[43862]: ERROR keystone.server.flask.application return self._get_role(role_id)
Aug 01 13:40:14 user devstack@keystone.service[43862]: ERROR keystone.server.flask.application
File "/opt/stack/keystone/keystone/api/roles.py", line 70, in _get_role
Aug 01 13:40:14 user devstack@keystone.service[43862]: ERROR keystone.server.flask.application ENFORCER.enforce_call(action='identity:get_role')
Aug 01 13:40:14 user devstack@keystone.service[43862]: ERROR keystone.server.flask.application
File "/opt/stack/keystone/keystone/common/rbac_enforcer/enforcer.py", line 402, in enforce_call
Aug 01 13:40:14 user devstack@keystone.service[43862]: ERROR keystone.server.flask.application policy_dict.update(cls._extract_member_target_data(
Aug 01 13:40:14 user devstack@keystone.service[43862]: ERROR keystone.server.flask.application
File "/opt/stack/keystone/keystone/common/rbac_enforcer/enforcer.py", line 234, in _extract_member_target_data
Aug 01 13:40:14 user devstack@keystone.service[43862]: ERROR keystone.server.flask.application member_name: func(flask.request.view_args[key])
Aug 01 13:40:14 user devstack@keystone.service[43862]: ERROR keystone.server.flask.application
File "/opt/stack/keystone/keystone/common/manager.py", line 115, in wrapped
Aug 01 13:40:14 user devstack@keystone.service[43862]: ERROR keystone.server.flask.application __ret_val = __f(*args, **kwargs)
Aug 01 13:40:14 user devstack@keystone.service[43862]: ERROR keystone.server.flask.application
File "/usr/local/lib/python3.10/dist-packages/decorator.py", line 232, in fun
Aug 01 13:40:14 user devstack@keystone.service[43862]: ERROR keystone.server.flask.application return caller(func, *(extras + args), **kw)
Aug 01 13:40:14 user devstack@keystone.service[43862]: ERROR keystone.server.flask.application
File "/usr/local/lib/python3.10/dist-packages/dogpile/cache/region.py", line 1577, in get_or_create_for_user_func
Aug 01 13:40:14 user devstack@keystone.service[43862]: ERROR keystone.server.flask.application return self.get_or_create(
Aug 01 13:40:14 user devstack@keystone.service[43862]: ERROR keystone.server.flask.application
File "/usr/local/lib/python3.10/dist-packages/dogpile/cache/region.py", line 1042, in get_or_create
Aug 01 13:40:14 user devstack@keystone.service[43862]: ERROR keystone.server.flask.application with Lock(
Aug 01 13:40:14 user devstack@keystone.service[43862]: ERROR keystone.server.flask.application
File "/usr/local/lib/python3.10/dist-packages/dogpile/lock.py", line 185, in __enter__
Aug 01 13:40:14 user devstack@keystone.service[43862]: ERROR keystone.server.flask.application return self._enter()
Aug 01 13:40:14 user devstack@keystone.service[43862]: ERROR keystone.server.flask.application
File "/usr/local/lib/python3.10/dist-packages/dogpile/lock.py", line 94, in _enter
Aug 01 13:40:14 user devstack@keystone.service[43862]: ERROR keystone.server.flask.application generated = self._enter_create(value, createdtime)
Aug 01 13:40:14 user devstack@keystone.service[43862]: ERROR keystone.server.flask.application
File "/usr/local/lib/python3.10/dist-packages/dogpile/lock.py", line 178, in _enter_create
Aug 01 13:40:14 user devstack@keystone.service[43862]: ERROR keystone.server.flask.application return self.creator()
Aug 01 13:40:14 user devstack@keystone.service[43862]: ERROR keystone.server.flask.application
File "/usr/local/lib/python3.10/dist-packages/dogpile/cache/region.py", line 995, in gen_value
Aug 01 13:40:14 user devstack@keystone.service[43862]: ERROR keystone.server.flask.application created_value = creator(
Aug 01 13:40:14 user devstack@keystone.service[43862]: ERROR keystone.server.flask.application
File "/opt/stack/keystone/keystone/assignment/core.py", line 1276, in get_role
Aug 01 13:40:14 user devstack@keystone.service[43862]: ERROR keystone.server.flask.application return self.driver.get_role(role_id)
Aug 01 13:40:14 user devstack@keystone.service[43862]: ERROR keystone.server.flask.application
File "/opt/stack/keystone/keystone/assignment/role_backends/sql.py", line 70, in get_role
Aug 01 13:40:14 user devstack@keystone.service[43862]: ERROR keystone.server.flask.application return self._get_role(session, role_id).to_dict()
Aug 01 13:40:14 user devstack@keystone.service[43862]: ERROR keystone.server.flask.application
File "/opt/stack/keystone/keystone/assignment/role_backends/sql.py", line 65, in _get_role
Aug 01 13:40:14 user devstack@keystone.service[43862]: ERROR keystone.server.flask.application raise exception.RoleNotFound(role_id=role_id)
Aug 01 13:40:14 user devstack@keystone.service[43862]: ERROR keystone.server.flask.application keystone.exception.RoleNotFound: Could not find role: member.
Aug 01 13:40:14 user devstack@keystone.service[43862]: ERROR keystone.server.flask.application
Aug 01 13:40:14 user devstack@keystone.service[43862]: [pid: 43862|app: 0|req: 105/309] 10.0.0.210 () {56 vars in 1094 bytes} [Tue Aug 1 13:40:14 2023] GET /identity/v3/roles/member => generated 84 bytes in 127 msecs (HTTP/1.1 404) 5 headers in 183 bytes (1 switches on core 0)
Aug 01 13:40:14 user devstack@keystone.service[43862]: DEBUG keystone.server.flask.request_processing.req_logging [None req-380a3aae-d91e-49c5-bb1a-8e792f0f2383 None None] REQUEST_METHOD: `POST` {{(pid=43862) log_request_info /opt/stack/keystone/keystone/server/flask/request_processing/req_logging.py:27}}
Aug 01 13:40:14 user devstack@keystone.service[43862]: DEBUG keystone.server.flask.request_processing.req_logging [None req-380a3aae-d91e-49c5-bb1a-8e792f0f2383 None None] SCRIPT_NAME: `/identity` {{(pid=43862) log_request_info /opt/stack/keystone/keystone/server/flask/request_processing/req_logging.py:28}}
Aug 01 13:40:14 user devstack@keystone.service[43862]: DEBUG keystone.server.flask.request_processing.req_logging [None req-380a3aae-d91e-49c5-bb1a-8e792f0f2383 None None] PATH_INFO: `/v3/auth/tokens` {{(pid=43862) log_request_info /opt/stack/keystone/keystone/server/flask/request_processing/req_logging.py:29}}
Aug 01 13:40:14 user devstack@keystone.service[43862]: WARNING keystone.common.password_hashing [None req-380a3aae-d91e-49c5-bb1a-8e792f0f2383 None None] Truncating password to algorithm specific maximum length 54 characters.
Aug 01 13:40:14 user devstack@keystone.service[43862]: DEBUG keystone.auth.core [None req-380a3aae-d91e-49c5-bb1a-8e792f0f2383 None None] MFA Rules not processed for user `ea10b57fe861459ebb3f24f0777198c9`. Rule list: `[]` (Enabled: `True`). {{(pid=43862) check_auth_methods_against_rules /opt/stack/keystone/keystone/auth/core.py:438}}
Aug 01 13:40:14 user devstack@keystone.service[43862]: DEBUG keystone.common.fernet_utils [None req-380a3aae-d91e-49c5-bb1a-8e792f0f2383 None None] Loaded 2 Fernet keys from /etc/keystone/fernet-keys/, but `[fernet_tokens] max_active_keys = 3`; perhaps there have not been enough key rotations to reach `max_active_keys` yet? {{(pid=43862) load_keys /opt/stack/keystone/keystone/common/fernet_utils.py:286}}
Aug 01 13:40:14 user devstack@keystone.service[43861]: DEBUG dbcounter [-] [43861] Writing DB stats keystone:SELECT=100 {{(pid=43861) stat_writer /usr/local/lib/python3.10/dist-packages/dbcounter.py:117}}
Aug 01 13:40:14 user devstack@keystone.service[43860]: DEBUG keystone.server.flask.request_processing.middleware.auth_context [None req-d542a4f0-946b-46ee-ae13-4a48fdd4b24c None None] Validating token access rules against request {{(pid=43860) validate_allowed_request /usr/local/lib/python3.10/dist-packages/keystonemiddleware/auth_token/__init__.py:544}}
Aug 01 13:40:14 user devstack@keystone.service[43860]: DEBUG dbcounter [-] [43860] Writing DB stats keystone:SELECT=100 {{(pid=43860) stat_writer /usr/local/lib/python3.10/dist-packages/dbcounter.py:117}}
Aug 01 13:40:14 user devstack@keystone.service[43861]: [pid: 43861|app: 0|req: 100/310] 10.0.0.210 () {58 vars in 1277 bytes} [Tue Aug 1 13:40:14 2023] GET /identity/v3/auth/tokens => generated 798 bytes in 282 msecs (HTTP/1.1 200) 6 headers in 358 bytes (1 switches on core 0)
Aug 01 13:40:14 user devstack@keystone.service[43861]: DEBUG keystone.server.flask.request_processing.req_logging [None req-5782b9b7-5ef3-408f-b431-e0f93cc49738 None None] REQUEST_METHOD: `POST` {{(pid=43861) log_request_info /opt/stack/keystone/keystone/server/flask/request_processing/req_logging.py:27}}
Aug 01 13:40:14 user devstack@keystone.service[43861]: DEBUG keystone.server.flask.request_processing.req_logging [None req-5782b9b7-5ef3-408f-b431-e0f93cc49738 None None] SCRIPT_NAME: `/identity` {{(pid=43861) log_request_info /opt/stack/keystone/keystone/server/flask/request_processing/req_logging.py:28}}
Aug 01 13:40:14 user devstack@keystone.service[43861]: DEBUG keystone.server.flask.request_processing.req_logging [None req-5782b9b7-5ef3-408f-b431-e0f93cc49738 None None] PATH_INFO: `/v3/auth/tokens` {{(pid=43861) log_request_info /opt/stack/keystone/keystone/server/flask/request_processing/req_logging.py:29}}
Aug 01 13:40:14 user devstack@keystone.service[43862]: [pid: 43862|app: 0|req: 106/311] 10.0.0.210 () {58 vars in 1018 bytes} [Tue Aug 1 13:40:14 2023] POST /identity/v3/auth/tokens => generated 798 bytes in 70 msecs (HTTP/1.1 201) 6 headers in 363 bytes (1 switches on core 0)
Aug 01 13:40:14 user devstack@keystone.service[43862]: DEBUG keystone.server.flask.request_processing.middleware.auth_context [None req-380a3aae-d91e-49c5-bb1a-8e792f0f2383 None None] Authenticating user token {{(pid=43862) process_request /usr/local/lib/python3.10/dist-packages/keystonemiddleware/auth_token/__init__.py:406}}
Aug 01 13:40:14 user devstack@keystone.service[43861]: WARNING keystone.common.password_hashing [None req-5782b9b7-5ef3-408f-b431-e0f93cc49738 None None] Truncating password to algorithm specific maximum length 54 characters.
Aug 01 13:40:14 user devstack@keystone.service[43861]: DEBUG keystone.auth.core [None req-5782b9b7-5ef3-408f-b431-e0f93cc49738 None None] MFA Rules not processed for user `ea10b57fe861459ebb3f24f0777198c9`. Rule list: `[]` (Enabled: `True`). {{(pid=43861) check_auth_methods_against_rules /opt/stack/keystone/keystone/auth/core.py:438}}
Aug 01 13:40:14 user devstack@keystone.service[43861]: DEBUG keystone.common.fernet_utils [None req-5782b9b7-5ef3-408f-b431-e0f93cc49738 None None] Loaded 2 Fernet keys from /etc/keystone/fernet-keys/, but `[fernet_tokens] max_active_keys = 3`; perhaps there have not been enough key rotations to reach `max_active_keys` yet? {{(pid=43861) load_keys /opt/stack/keystone/keystone/common/fernet_utils.py:286}}
Aug 01 13:40:14 user devstack@keystone.service[43860]: DEBUG keystone.server.flask.request_processing.middleware.auth_context [None req-95f5271b-2d46-4a83-a5dc-a8ac287aef45 None admin] RBAC: auth_context: {'token': , 'domain_id': None, 'trust_id': None, 'trustor_id': None, 'trustee_id': None, 'domain_name': None, 'group_ids': [], 'user_id': 'ea10b57fe861459ebb3f24f0777198c9', 'user_domain_id': 'default', 'system_scope': 'all', 'project_id': None, 'project_domain_id': None, 'roles': ['admin', 'member', 'reader'], 'is_admin_project': True, 'service_user_id': None, 'service_user_domain_id': None, 'service_project_id': None, 'service_project_domain_id': None, 'service_roles': []} {{(pid=43860) fill_context /opt/stack/keystone/keystone/server/flask/request_processing/middleware/auth_context.py:480}}
Aug 01 13:40:14 user devstack@keystone.service[43860]: DEBUG keystone.server.flask.request_processing.req_logging [None req-95f5271b-2d46-4a83-a5dc-a8ac287aef45 None admin] REQUEST_METHOD: `GET` {{(pid=43860) log_request_info /opt/stack/keystone/keystone/server/flask/request_processing/req_logging.py:27}}
Aug 01 13:40:14 user devstack@keystone.service[43860]: DEBUG keystone.server.flask.request_processing.req_logging [None req-95f5271b-2d46-4a83-a5dc-a8ac287aef45 None admin] SCRIPT_NAME: `/identity` {{(pid=43860) log_request_info /opt/stack/keystone/keystone/server/flask/request_processing/req_logging.py:28}}
Aug 01 13:40:14 user devstack@keystone.service[43860]: DEBUG keystone.server.flask.request_processing.req_logging [None req-95f5271b-2d46-4a83-a5dc-a8ac287aef45 None admin] PATH_INFO: `/v3/auth/tokens` {{(pid=43860) log_request_info /opt/stack/keystone/keystone/server/flask/request_processing/req_logging.py:29}}
Aug 01 13:40:14 user devstack@keystone.service[43862]: DEBUG dbcounter [-] [43862] Writing DB stats keystone:SELECT=100 {{(pid=43862) stat_writer /usr/local/lib/python3.10/dist-packages/dbcounter.py:117}}
Aug 01 13:40:14 user devstack@keystone.service[43861]: [pid: 43861|app: 0|req: 101/312] 10.0.0.210 () {58 vars in 1018 bytes} [Tue Aug 1 13:40:14 2023] POST /identity/v3/auth/tokens => generated 798 bytes in 82 msecs (HTTP/1.1 201) 6 headers in 363 bytes (1 switches on core 0)
Aug 01 13:40:14 user devstack@keystone.service[43861]: DEBUG keystone.server.flask.request_processing.middleware.auth_context [None req-5782b9b7-5ef3-408f-b431-e0f93cc49738 None None] Authenticating user token {{(pid=43861) process_request /usr/local/lib/python3.10/dist-packages/keystonemiddleware/auth_token/__init__.py:406}}
Aug 01 13:40:14 user devstack@keystone.service[43862]: DEBUG keystone.server.flask.request_processing.middleware.auth_context [None req-380a3aae-d91e-49c5-bb1a-8e792f0f2383 None None] Validating token access rules against request {{(pid=43862) validate_allowed_request /usr/local/lib/python3.10/dist-packages/keystonemiddleware/auth_token/__init__.py:544}}
Aug 01 13:40:14 user devstack@keystone.service[43860]: DEBUG keystone.common.rbac_enforcer.enforcer [None req-95f5271b-2d46-4a83-a5dc-a8ac287aef45 None admin] RBAC: Authorizing `identity:validate_token()` {{(pid=43860) enforce_call /opt/stack/keystone/keystone/common/rbac_enforcer/enforcer.py:449}}
Aug 01 13:40:14 user devstack@keystone.service[43860]: DEBUG keystone.common.rbac_enforcer.enforcer [None req-95f5271b-2d46-4a83-a5dc-a8ac287aef45 None admin] RBAC: Authorization granted {{(pid=43860) enforce_call /opt/stack/keystone/keystone/common/rbac_enforcer/enforcer.py:457}}
Aug 01 13:40:14 user devstack@keystone.service[43862]: DEBUG keystone.server.flask.request_processing.middleware.auth_context [None req-5b97c46b-913f-4e3e-ae4b-af6975a97199 None admin] RBAC: auth_context: {'token': , 'domain_id': None, 'trust_id': None, 'trustor_id': None, 'trustee_id': None, 'domain_name': None, 'group_ids': [], 'user_id': 'ea10b57fe861459ebb3f24f0777198c9', 'user_domain_id': 'default', 'system_scope': 'all', 'project_id': None, 'project_domain_id': None, 'roles': ['admin', 'member', 'reader'], 'is_admin_project': True, 'service_user_id': None, 'service_user_domain_id': None, 'service_project_id': None, 'service_project_domain_id': None, 'service_roles': []} {{(pid=43862) fill_context /opt/stack/keystone/keystone/server/flask/request_processing/middleware/auth_context.py:480}}
Aug 01 13:40:14 user devstack@keystone.service[43862]: DEBUG keystone.server.flask.request_processing.req_logging [None req-5b97c46b-913f-4e3e-ae4b-af6975a97199 None admin] REQUEST_METHOD: `GET` {{(pid=43862) log_request_info /opt/stack/keystone/keystone/server/flask/request_processing/req_logging.py:27}}
Aug 01 13:40:14 user devstack@keystone.service[43862]: DEBUG keystone.server.flask.request_processing.req_logging [None req-5b97c46b-913f-4e3e-ae4b-af6975a97199 None admin] SCRIPT_NAME: `/identity` {{(pid=43862) log_request_info /opt/stack/keystone/keystone/server/flask/request_processing/req_logging.py:28}}
Aug 01 13:40:14 user devstack@keystone.service[43862]: DEBUG keystone.server.flask.request_processing.req_logging [None req-5b97c46b-913f-4e3e-ae4b-af6975a97199 None admin] PATH_INFO: `/v3/roles` {{(pid=43862) log_request_info /opt/stack/keystone/keystone/server/flask/request_processing/req_logging.py:29}}
Aug 01 13:40:14 user devstack@keystone.service[43862]: DEBUG keystone.common.rbac_enforcer.enforcer [None req-5b97c46b-913f-4e3e-ae4b-af6975a97199 None admin] RBAC: Adding query filter params (name=member) {{(pid=43862) _extract_filter_values /opt/stack/keystone/keystone/common/rbac_enforcer/enforcer.py:167}}
Aug 01 13:40:14 user devstack@keystone.service[43862]: DEBUG keystone.common.rbac_enforcer.enforcer [None req-5b97c46b-913f-4e3e-ae4b-af6975a97199 None admin] RBAC: Authorizing `identity:list_roles()` {{(pid=43862) enforce_call /opt/stack/keystone/keystone/common/rbac_enforcer/enforcer.py:449}}
Aug 01 13:40:14 user devstack@keystone.service[43862]: DEBUG keystone.common.rbac_enforcer.enforcer [None req-5b97c46b-913f-4e3e-ae4b-af6975a97199 None admin] RBAC: Authorization granted {{(pid=43862) enforce_call /opt/stack/keystone/keystone/common/rbac_enforcer/enforcer.py:457}}
Aug 01 13:40:14 user devstack@keystone.service[43862]: [pid: 43862|app: 0|req: 107/313] 10.0.0.210 () {56 vars in 1096 bytes} [Tue Aug 1 13:40:14 2023] GET /identity/v3/roles?name=member => generated 339 bytes in 118 msecs (HTTP/1.1 200) 5 headers in 177 bytes (1 switches on core 0)
Aug 01 13:40:14 user devstack@keystone.service[43862]: DEBUG keystone.server.flask.request_processing.middleware.auth_context [None req-5b97c46b-913f-4e3e-ae4b-af6975a97199 None admin] Authenticating user token {{(pid=43862) process_request /usr/local/lib/python3.10/dist-packages/keystonemiddleware/auth_token/__init__.py:406}}
Aug 01 13:40:14 user devstack@keystone.service[43861]: DEBUG keystone.server.flask.request_processing.middleware.auth_context [None req-5782b9b7-5ef3-408f-b431-e0f93cc49738 None None] Validating token access rules against request {{(pid=43861) validate_allowed_request /usr/local/lib/python3.10/dist-packages/keystonemiddleware/auth_token/__init__.py:544}}
Aug 01 13:40:14 user devstack@keystone.service[43861]: DEBUG dbcounter [-] [43861] Writing DB stats keystone:SELECT=100 {{(pid=43861) stat_writer /usr/local/lib/python3.10/dist-packages/dbcounter.py:117}}
Aug 01 13:40:14 user devstack@keystone.service[43861]: DEBUG keystone.server.flask.request_processing.middleware.auth_context [None req-0d53cdf3-e15f-4266-941d-aed3ff2966bf None admin] RBAC: auth_context: {'token': , 'domain_id': None, 'trust_id': None, 'trustor_id': None, 'trustee_id': None, 'domain_name': None, 'group_ids': [], 'user_id': 'ea10b57fe861459ebb3f24f0777198c9', 'user_domain_id': 'default', 'system_scope': 'all', 'project_id': None, 'project_domain_id': None, 'roles': ['admin', 'member', 'reader'], 'is_admin_project': True, 'service_user_id': None, 'service_user_domain_id': None, 'service_project_id': None, 'service_project_domain_id': None, 'service_roles': []} {{(pid=43861) fill_context /opt/stack/keystone/keystone/server/flask/request_processing/middleware/auth_context.py:480}}
Aug 01 13:40:14 user devstack@keystone.service[43861]: DEBUG keystone.server.flask.request_processing.req_logging [None req-0d53cdf3-e15f-4266-941d-aed3ff2966bf None admin] REQUEST_METHOD: `GET` {{(pid=43861) log_request_info /opt/stack/keystone/keystone/server/flask/request_processing/req_logging.py:27}}
Aug 01 13:40:14 user devstack@keystone.service[43861]: DEBUG keystone.server.flask.request_processing.req_logging [None req-0d53cdf3-e15f-4266-941d-aed3ff2966bf None admin] SCRIPT_NAME: `/identity` {{(pid=43861) log_request_info /opt/stack/keystone/keystone/server/flask/request_processing/req_logging.py:28}}
Aug 01 13:40:14 user devstack@keystone.service[43861]: DEBUG keystone.server.flask.request_processing.req_logging [None req-0d53cdf3-e15f-4266-941d-aed3ff2966bf None admin] PATH_INFO: `/v3/projects/31a1ed5539664d6ea7be5c769d08a29c` {{(pid=43861) log_request_info /opt/stack/keystone/keystone/server/flask/request_processing/req_logging.py:29}}
Aug 01 13:40:14 user devstack@keystone.service[43860]: [pid: 43860|app: 0|req: 106/314] 10.0.0.210 () {58 vars in 1277 bytes} [Tue Aug 1 13:40:14 2023] GET /identity/v3/auth/tokens => generated 798 bytes in 308 msecs (HTTP/1.1 200) 6 headers in 358 bytes (1 switches on core 0)
Aug 01 13:40:14 user devstack@keystone.service[43861]: DEBUG keystone.common.rbac_enforcer.enforcer [None req-0d53cdf3-e15f-4266-941d-aed3ff2966bf None admin] RBAC: Authorizing `identity:get_project(project_id=31a1ed5539664d6ea7be5c769d08a29c)` {{(pid=43861) enforce_call /opt/stack/keystone/keystone/common/rbac_enforcer/enforcer.py:449}}
Aug 01 13:40:14 user devstack@keystone.service[43861]: DEBUG keystone.common.rbac_enforcer.enforcer [None req-0d53cdf3-e15f-4266-941d-aed3ff2966bf None admin] RBAC: Authorization granted {{(pid=43861) enforce_call /opt/stack/keystone/keystone/common/rbac_enforcer/enforcer.py:457}}
Aug 01 13:40:14 user devstack@keystone.service[43861]: [pid: 43861|app: 0|req: 102/315] 10.0.0.210 () {56 vars in 1181 bytes} [Tue Aug 1 13:40:14 2023] GET /identity/v3/projects/31a1ed5539664d6ea7be5c769d08a29c => generated 297 bytes in 129 msecs (HTTP/1.1 200) 5 headers in 177 bytes (1 switches on core 0)
Aug 01 13:40:14 user devstack@keystone.service[43860]: DEBUG keystone.server.flask.request_processing.middleware.auth_context [None req-95f5271b-2d46-4a83-a5dc-a8ac287aef45 None admin] Authenticating user token {{(pid=43860) process_request /usr/local/lib/python3.10/dist-packages/keystonemiddleware/auth_token/__init__.py:406}}
Aug 01 13:40:14 user devstack@keystone.service[43861]: DEBUG keystone.server.flask.request_processing.middleware.auth_context [None req-0d53cdf3-e15f-4266-941d-aed3ff2966bf None admin] Authenticating user token {{(pid=43861) process_request /usr/local/lib/python3.10/dist-packages/keystonemiddleware/auth_token/__init__.py:406}}
Aug 01 13:40:14 user devstack@keystone.service[43860]: DEBUG dbcounter [-] [43860] Writing DB stats keystone:SELECT=100 {{(pid=43860) stat_writer /usr/local/lib/python3.10/dist-packages/dbcounter.py:117}}
Aug 01 13:40:14 user devstack@keystone.service[43862]: DEBUG keystone.server.flask.request_processing.middleware.auth_context [None req-5b97c46b-913f-4e3e-ae4b-af6975a97199 None admin] Validating token access rules against request {{(pid=43862) validate_allowed_request /usr/local/lib/python3.10/dist-packages/keystonemiddleware/auth_token/__init__.py:544}}
Aug 01 13:40:14 user devstack@keystone.service[43862]: DEBUG keystone.server.flask.request_processing.middleware.auth_context [None req-8cdc5665-554d-4e74-a413-93e7d95a2521 None admin] RBAC: auth_context: {'token': , 'domain_id': None, 'trust_id': None, 'trustor_id': None, 'trustee_id': None, 'domain_name': None, 'group_ids': [], 'user_id': 'ea10b57fe861459ebb3f24f0777198c9', 'user_domain_id': 'default', 'system_scope': 'all', 'project_id': None, 'project_domain_id': None, 'roles': ['admin', 'member', 'reader'], 'is_admin_project': True, 'service_user_id': None, 'service_user_domain_id': None, 'service_project_id': None, 'service_project_domain_id': None, 'service_roles': []} {{(pid=43862) fill_context /opt/stack/keystone/keystone/server/flask/request_processing/middleware/auth_context.py:480}}
Aug 01 13:40:14 user devstack@keystone.service[43862]: DEBUG keystone.server.flask.request_processing.req_logging [None req-8cdc5665-554d-4e74-a413-93e7d95a2521 None admin] REQUEST_METHOD: `GET` {{(pid=43862) log_request_info /opt/stack/keystone/keystone/server/flask/request_processing/req_logging.py:27}}
Aug 01 13:40:14 user devstack@keystone.service[43862]: DEBUG keystone.server.flask.request_processing.req_logging [None req-8cdc5665-554d-4e74-a413-93e7d95a2521 None admin] SCRIPT_NAME: `/identity` {{(pid=43862) log_request_info /opt/stack/keystone/keystone/server/flask/request_processing/req_logging.py:28}}
Aug 01 13:40:14 user devstack@keystone.service[43862]: DEBUG keystone.server.flask.request_processing.req_logging [None req-8cdc5665-554d-4e74-a413-93e7d95a2521 None admin] PATH_INFO: `/v3/auth/tokens` {{(pid=43862) log_request_info /opt/stack/keystone/keystone/server/flask/request_processing/req_logging.py:29}}
Aug 01 13:40:14 user devstack@keystone.service[43862]: DEBUG dbcounter [-] [43862] Writing DB stats keystone:SELECT=100 {{(pid=43862) stat_writer /usr/local/lib/python3.10/dist-packages/dbcounter.py:117}}
Aug 01 13:40:14 user devstack@keystone.service[43861]: DEBUG keystone.server.flask.request_processing.middleware.auth_context [None req-0d53cdf3-e15f-4266-941d-aed3ff2966bf None admin] Validating token access rules against request {{(pid=43861) validate_allowed_request /usr/local/lib/python3.10/dist-packages/keystonemiddleware/auth_token/__init__.py:544}}
Aug 01 13:40:14 user devstack@keystone.service[43862]: DEBUG keystone.common.rbac_enforcer.enforcer [None req-8cdc5665-554d-4e74-a413-93e7d95a2521 None admin] RBAC: Authorizing `identity:validate_token()` {{(pid=43862) enforce_call /opt/stack/keystone/keystone/common/rbac_enforcer/enforcer.py:449}}
Aug 01 13:40:14 user devstack@keystone.service[43862]: DEBUG keystone.common.rbac_enforcer.enforcer [None req-8cdc5665-554d-4e74-a413-93e7d95a2521 None admin] RBAC: Authorization granted {{(pid=43862) enforce_call /opt/stack/keystone/keystone/common/rbac_enforcer/enforcer.py:457}}
Aug 01 13:40:14 user devstack@keystone.service[43861]: DEBUG keystone.server.flask.request_processing.middleware.auth_context [None req-b7e11fb1-e7b5-4731-adaf-c1fc0c481da6 None admin] RBAC: auth_context: {'token': , 'domain_id': None, 'trust_id': None, 'trustor_id': None, 'trustee_id': None, 'domain_name': None, 'group_ids': [], 'user_id': 'ea10b57fe861459ebb3f24f0777198c9', 'user_domain_id': 'default', 'system_scope': 'all', 'project_id': None, 'project_domain_id': None, 'roles': ['admin', 'member', 'reader'], 'is_admin_project': True, 'service_user_id': None, 'service_user_domain_id': None, 'service_project_id': None, 'service_project_domain_id': None, 'service_roles': []} {{(pid=43861) fill_context /opt/stack/keystone/keystone/server/flask/request_processing/middleware/auth_context.py:480}}
Aug 01 13:40:14 user devstack@keystone.service[43861]: DEBUG keystone.server.flask.request_processing.req_logging [None req-b7e11fb1-e7b5-4731-adaf-c1fc0c481da6 None admin] REQUEST_METHOD: `GET` {{(pid=43861) log_request_info /opt/stack/keystone/keystone/server/flask/request_processing/req_logging.py:27}}
Aug 01 13:40:14 user devstack@keystone.service[43861]: DEBUG keystone.server.flask.request_processing.req_logging [None req-b7e11fb1-e7b5-4731-adaf-c1fc0c481da6 None admin] SCRIPT_NAME: `/identity` {{(pid=43861) log_request_info /opt/stack/keystone/keystone/server/flask/request_processing/req_logging.py:28}}
Aug 01 13:40:14 user devstack@keystone.service[43861]: DEBUG keystone.server.flask.request_processing.req_logging [None req-b7e11fb1-e7b5-4731-adaf-c1fc0c481da6 None admin] PATH_INFO: `/v3/groups/c9f139fff550494093fd3e3467bd9d43` {{(pid=43861) log_request_info /opt/stack/keystone/keystone/server/flask/request_processing/req_logging.py:29}}
Aug 01 13:40:14 user devstack@keystone.service[43861]: DEBUG keystone.common.rbac_enforcer.enforcer [None req-b7e11fb1-e7b5-4731-adaf-c1fc0c481da6 None admin] RBAC: Authorizing `identity:get_group(group_id=c9f139fff550494093fd3e3467bd9d43)` {{(pid=43861) enforce_call /opt/stack/keystone/keystone/common/rbac_enforcer/enforcer.py:449}}
Aug 01 13:40:14 user devstack@keystone.service[43861]: DEBUG keystone.common.rbac_enforcer.enforcer [None req-b7e11fb1-e7b5-4731-adaf-c1fc0c481da6 None admin] RBAC: Authorization granted {{(pid=43861) enforce_call /opt/stack/keystone/keystone/common/rbac_enforcer/enforcer.py:457}}
Aug 01 13:40:14 user devstack@keystone.service[43861]: [pid: 43861|app: 0|req: 103/316] 10.0.0.210 () {56 vars in 1175 bytes} [Tue Aug 1 13:40:14 2023] GET /identity/v3/groups/c9f139fff550494093fd3e3467bd9d43 => generated 225 bytes in 119 msecs (HTTP/1.1 200) 5 headers in 177 bytes (2 switches on core 0)
Aug 01 13:40:14 user devstack@keystone.service[43861]: DEBUG keystone.server.flask.request_processing.middleware.auth_context [None req-b7e11fb1-e7b5-4731-adaf-c1fc0c481da6 None admin] Authenticating user token {{(pid=43861) process_request /usr/local/lib/python3.10/dist-packages/keystonemiddleware/auth_token/__init__.py:406}}
Aug 01 13:40:14 user devstack@keystone.service[43860]: DEBUG keystone.server.flask.request_processing.middleware.auth_context [None req-95f5271b-2d46-4a83-a5dc-a8ac287aef45 None admin] Validating token access rules against request {{(pid=43860) validate_allowed_request /usr/local/lib/python3.10/dist-packages/keystonemiddleware/auth_token/__init__.py:544}}
