Aug 01 13:45:37 user devstack@n-api.service[62483]: INFO nova.api.openstack.requestlog [None req-9bfbd705-fe76-4729-a2d1-2150a9a40918 None None] 10.0.0.210 "GET /compute/v2.1" status: 200 len: 387 microversion: 2.1 time: 0.001550
Aug 01 13:45:37 user devstack@n-api.service[62483]: [pid: 62483|app: 0|req: 2/7] 10.0.0.210 () {54 vars in 925 bytes} [Tue Aug 1 13:45:37 2023] GET /compute/v2.1 => generated 387 bytes in 2 msecs (HTTP/1.1 200) 9 headers in 357 bytes (1 switches on core 0)
Aug 01 13:45:37 user devstack@n-api.service[62485]: DEBUG nova.api.openstack.wsgi [None req-0699dcdf-9bcd-478a-a640-fea320019102 admin admin] Action: 'create', calling method: >, body: {"flavor": {"ram": 512, "vcpus": 1, "disk": 5, "os-flavor-access:is_public": true, "rxtx_factor": 1.0, "swap": 0, "name": "ds512M", "id": "d1", "OS-FLV-EXT-DATA:ephemeral": 0}} {{(pid=62485) _process_stack /opt/stack/nova/nova/api/openstack/wsgi.py:511}}
Aug 01 13:45:37 user devstack@n-api.service[62485]: INFO nova.api.openstack.requestlog [None req-0699dcdf-9bcd-478a-a640-fea320019102 admin admin] 10.0.0.210 "POST /compute/v2.1/flavors" status: 200 len: 402 microversion: 2.61 time: 0.065393
Aug 01 13:45:37 user devstack@n-api.service[62485]: [pid: 62485|app: 0|req: 4/8] 10.0.0.210 () {64 vars in 1277 bytes} [Tue Aug 1 13:45:37 2023] POST /compute/v2.1/flavors => generated 402 bytes in 68 msecs (HTTP/1.1 200) 9 headers in 359 bytes (1 switches on core 0)
Aug 01 13:45:37 user devstack@n-api.service[62484]: DEBUG nova.api.openstack.wsgi [None req-c9b51fa6-42b2-4fb7-b86f-32184fd5c52e admin admin] Action: 'create', calling method: >, body: {"extra_specs": {"hw_rng:allowed": "True"}} {{(pid=62484) _process_stack /opt/stack/nova/nova/api/openstack/wsgi.py:511}}
Aug 01 13:45:37 user devstack@n-api.service[62484]: INFO nova.api.openstack.requestlog [None req-c9b51fa6-42b2-4fb7-b86f-32184fd5c52e admin admin] 10.0.0.210 "POST /compute/v2.1/flavors/d1/os-extra_specs" status: 200 len: 43 microversion: 2.61 time: 0.041234
Aug 01 13:45:37 user devstack@n-api.service[62484]: [pid: 62484|app: 0|req: 3/9] 10.0.0.210 () {64 vars in 1330 bytes} [Tue Aug 1 13:45:37 2023] POST /compute/v2.1/flavors/d1/os-extra_specs => generated 43 bytes in 44 msecs (HTTP/1.1 200) 9 headers in 358 bytes (1 switches on core 0)
Aug 01 13:45:39 user devstack@n-api.service[62483]: DEBUG nova.api.openstack.wsgi [None req-9bfbd705-fe76-4729-a2d1-2150a9a40918 None None] Calling method '>' {{(pid=62483) _process_stack /opt/stack/nova/nova/api/openstack/wsgi.py:513}}
Aug 01 13:45:39 user devstack@n-api.service[62483]: INFO nova.api.openstack.requestlog [None req-9bfbd705-fe76-4729-a2d1-2150a9a40918 None None] 10.0.0.210 "GET /compute/v2.1" status: 200 len: 387 microversion: 2.1 time: 0.001453
Aug 01 13:45:39 user devstack@n-api.service[62483]: [pid: 62483|app: 0|req: 3/10] 10.0.0.210 () {54 vars in 925 bytes} [Tue Aug 1 13:45:39 2023] GET /compute/v2.1 => generated 387 bytes in 2 msecs (HTTP/1.1 200) 9 headers in 357 bytes (1 switches on core 0)
Aug 01 13:45:39 user devstack@n-api.service[62485]: DEBUG nova.api.openstack.wsgi [None req-00d1fe5c-67a8-4c25-8425-5cdc07d8b5db admin admin] Action: 'create', calling method: >, body: {"flavor": {"vcpus": 1, "disk": 10, "swap": 0, "os-flavor-access:is_public": true, "ram": 1024, "id": "d2", "name": "ds1G", "OS-FLV-EXT-DATA:ephemeral": 0, "rxtx_factor": 1.0}} {{(pid=62485) _process_stack /opt/stack/nova/nova/api/openstack/wsgi.py:511}}
Aug 01 13:45:39 user devstack@n-api.service[62485]: INFO nova.api.openstack.requestlog [None req-00d1fe5c-67a8-4c25-8425-5cdc07d8b5db admin admin] 10.0.0.210 "POST /compute/v2.1/flavors" status: 200 len: 402 microversion: 2.61 time: 0.066574
Aug 01 13:45:39 user devstack@n-api.service[62485]: [pid: 62485|app: 0|req: 5/11] 10.0.0.210 () {64 vars in 1277 bytes} [Tue Aug 1 13:45:39 2023] POST /compute/v2.1/flavors => generated 402 bytes in 68 msecs (HTTP/1.1 200) 9 headers in 359 bytes (1 switches on core 0)
Aug 01 13:45:39 user devstack@n-api.service[62484]: DEBUG nova.api.openstack.wsgi [None req-ec3c5386-98ed-41d0-8a63-8da315ea1cc1 admin admin] Action: 'create', calling method: >, body: {"extra_specs": {"hw_rng:allowed": "True"}} {{(pid=62484) _process_stack /opt/stack/nova/nova/api/openstack/wsgi.py:511}}
Aug 01 13:45:39 user devstack@n-api.service[62484]: INFO nova.api.openstack.requestlog [None req-ec3c5386-98ed-41d0-8a63-8da315ea1cc1 admin admin] 10.0.0.210 "POST /compute/v2.1/flavors/d2/os-extra_specs" status: 200 len: 43 microversion: 2.61 time: 0.039382
Aug 01 13:45:39 user devstack@n-api.service[62484]: [pid: 62484|app: 0|req: 4/12] 10.0.0.210 () {64 vars in 1330 bytes} [Tue Aug 1 13:45:39 2023] POST /compute/v2.1/flavors/d2/os-extra_specs => generated 43 bytes in 42 msecs (HTTP/1.1 200) 9 headers in 358 bytes (1 switches on core 0)
Aug 01 13:45:41 user devstack@n-api.service[62483]: DEBUG nova.api.openstack.wsgi [None req-9bfbd705-fe76-4729-a2d1-2150a9a40918 None None] Calling method '>' {{(pid=62483) _process_stack /opt/stack/nova/nova/api/openstack/wsgi.py:513}}
Aug 01 13:45:41 user devstack@n-api.service[62483]: INFO nova.api.openstack.requestlog [None req-9bfbd705-fe76-4729-a2d1-2150a9a40918 None None] 10.0.0.210 "GET /compute/v2.1" status: 200 len: 387 microversion: 2.1 time: 0.001449
Aug 01 13:45:41 user devstack@n-api.service[62483]: [pid: 62483|app: 0|req: 4/13] 10.0.0.210 () {54 vars in 925 bytes} [Tue Aug 1 13:45:41 2023] GET /compute/v2.1 => generated 387 bytes in 2 msecs (HTTP/1.1 200) 9 headers in 357 bytes (1 switches on core 0)
Aug 01 13:45:41 user devstack@n-api.service[62485]: DEBUG nova.api.openstack.wsgi [None req-94a7d1f7-bab7-45b2-8b03-5e6d3ef56784 admin admin] Action: 'create', calling method: >, body: {"flavor": {"os-flavor-access:is_public": true, "disk": 10, "rxtx_factor": 1.0, "OS-FLV-EXT-DATA:ephemeral": 0, "name": "ds2G", "id": "d3", "ram": 2048, "vcpus": 2, "swap": 0}} {{(pid=62485) _process_stack /opt/stack/nova/nova/api/openstack/wsgi.py:511}}
Aug 01 13:45:41 user devstack@n-api.service[62485]: INFO nova.api.openstack.requestlog [None req-94a7d1f7-bab7-45b2-8b03-5e6d3ef56784 admin admin] 10.0.0.210 "POST /compute/v2.1/flavors" status: 200 len: 402 microversion: 2.61 time: 0.067325
Aug 01 13:45:41 user devstack@n-api.service[62485]: [pid: 62485|app: 0|req: 6/14] 10.0.0.210 () {64 vars in 1277 bytes} [Tue Aug 1 13:45:41 2023] POST /compute/v2.1/flavors => generated 402 bytes in 69 msecs (HTTP/1.1 200) 9 headers in 359 bytes (1 switches on core 0)
Aug 01 13:45:41 user devstack@n-api.service[62484]: DEBUG nova.api.openstack.wsgi [None req-29d11cd2-c485-4067-aa46-1c1f92fefe4b admin admin] Action: 'create', calling method: >, body: {"extra_specs": {"hw_rng:allowed": "True"}} {{(pid=62484) _process_stack /opt/stack/nova/nova/api/openstack/wsgi.py:511}}
Aug 01 13:45:41 user devstack@n-api.service[62484]: INFO nova.api.openstack.requestlog [None req-29d11cd2-c485-4067-aa46-1c1f92fefe4b admin admin] 10.0.0.210 "POST /compute/v2.1/flavors/d3/os-extra_specs" status: 200 len: 43 microversion: 2.61 time: 0.029380
Aug 01 13:45:41 user devstack@n-api.service[62484]: [pid: 62484|app: 0|req: 5/15] 10.0.0.210 () {64 vars in 1330 bytes} [Tue Aug 1 13:45:41 2023] POST /compute/v2.1/flavors/d3/os-extra_specs => generated 43 bytes in 31 msecs (HTTP/1.1 200) 9 headers in 358 bytes (1 switches on core 0)
Aug 01 13:45:43 user devstack@n-api.service[62483]: DEBUG nova.api.openstack.wsgi [None req-9bfbd705-fe76-4729-a2d1-2150a9a40918 None None] Calling method '>' {{(pid=62483) _process_stack /opt/stack/nova/nova/api/openstack/wsgi.py:513}}
Aug 01 13:45:43 user devstack@n-api.service[62483]: INFO nova.api.openstack.requestlog [None req-9bfbd705-fe76-4729-a2d1-2150a9a40918 None None] 10.0.0.210 "GET /compute/v2.1" status: 200 len: 387 microversion: 2.1 time: 0.001533
Aug 01 13:45:43 user devstack@n-api.service[62483]: [pid: 62483|app: 0|req: 5/16] 10.0.0.210 () {54 vars in 925 bytes} [Tue Aug 1 13:45:43 2023] GET /compute/v2.1 => generated 387 bytes in 2 msecs (HTTP/1.1 200) 9 headers in 357 bytes (1 switches on core 0)
Aug 01 13:45:43 user devstack@n-api.service[62485]: DEBUG nova.api.openstack.wsgi [None req-8fe05e32-3884-46ce-9203-3481cc5f1e9c admin admin] Action: 'create', calling method: >, body: {"flavor": {"os-flavor-access:is_public": true, "disk": 20, "rxtx_factor": 1.0, "OS-FLV-EXT-DATA:ephemeral": 0, "swap": 0, "name": "ds4G", "ram": 4096, "id": "d4", "vcpus": 4}} {{(pid=62485) _process_stack /opt/stack/nova/nova/api/openstack/wsgi.py:511}}
Aug 01 13:45:43 user devstack@n-api.service[62485]: INFO nova.api.openstack.requestlog [None req-8fe05e32-3884-46ce-9203-3481cc5f1e9c admin admin] 10.0.0.210 "POST /compute/v2.1/flavors" status: 200 len: 402 microversion: 2.61 time: 0.104699
Aug 01 13:45:43 user devstack@n-api.service[62485]: [pid: 62485|app: 0|req: 7/17] 10.0.0.210 () {64 vars in 1277 bytes} [Tue Aug 1 13:45:43 2023] POST /compute/v2.1/flavors => generated 402 bytes in 106 msecs (HTTP/1.1 200) 9 headers in 359 bytes (1 switches on core 0)
Aug 01 13:45:43 user devstack@n-api.service[62484]: DEBUG nova.api.openstack.wsgi [None req-a41eb774-d535-4c8b-99f0-dc78a3dae062 admin admin] Action: 'create', calling method: >, body: {"extra_specs": {"hw_rng:allowed": "True"}} {{(pid=62484) _process_stack /opt/stack/nova/nova/api/openstack/wsgi.py:511}}
Aug 01 13:45:43 user devstack@n-api.service[62484]: INFO nova.api.openstack.requestlog [None req-a41eb774-d535-4c8b-99f0-dc78a3dae062 admin admin] 10.0.0.210 "POST /compute/v2.1/flavors/d4/os-extra_specs" status: 200 len: 43 microversion: 2.61 time: 0.026613
Aug 01 13:45:43 user devstack@n-api.service[62484]: [pid: 62484|app: 0|req: 6/18] 10.0.0.210 () {64 vars in 1330 bytes} [Tue Aug 1 13:45:43 2023] POST /compute/v2.1/flavors/d4/os-extra_specs => generated 43 bytes in 28 msecs (HTTP/1.1 200) 9 headers in 358 bytes (1 switches on core 0)
Aug 01 13:45:45 user devstack@n-api.service[62483]: DEBUG nova.api.openstack.wsgi [None req-9bfbd705-fe76-4729-a2d1-2150a9a40918 None None] Calling method '>' {{(pid=62483) _process_stack /opt/stack/nova/nova/api/openstack/wsgi.py:513}}
Aug 01 13:45:45 user devstack@n-api.service[62483]: INFO nova.api.openstack.requestlog [None req-9bfbd705-fe76-4729-a2d1-2150a9a40918 None None] 10.0.0.210 "GET /compute/v2.1" status: 200 len: 387 microversion: 2.1 time: 0.001449
Aug 01 13:45:45 user devstack@n-api.service[62483]: [pid: 62483|app: 0|req: 6/19] 10.0.0.210 () {54 vars in 925 bytes} [Tue Aug 1 13:45:45 2023] GET /compute/v2.1 => generated 387 bytes in 2 msecs (HTTP/1.1 200) 9 headers in 357 bytes (1 switches on core 0)
Aug 01 13:45:45 user devstack@n-api.service[62485]: DEBUG nova.api.openstack.wsgi [None req-92f7f70c-2169-4a87-8e22-182a217fb7dc admin admin] Calling method '>' {{(pid=62485) _process_stack /opt/stack/nova/nova/api/openstack/wsgi.py:513}}
Aug 01 13:45:45 user devstack@n-api.service[62485]: INFO nova.api.openstack.requestlog [None req-92f7f70c-2169-4a87-8e22-182a217fb7dc admin admin] 10.0.0.210 "GET /compute/v2.1/flavors/detail?is_public=True" status: 200 len: 2096 microversion: 2.61 time: 0.083492
Aug 01 13:45:45 user devstack@n-api.service[62485]: [pid: 62485|app: 0|req: 8/20] 10.0.0.210 () {60 vars in 1286 bytes} [Tue Aug 1 13:45:45 2023] GET /compute/v2.1/flavors/detail?is_public=True => generated 2096 bytes in 85 msecs (HTTP/1.1 200) 9 headers in 360 bytes (1 switches on core 0)
Aug 01 13:45:47 user devstack@n-api.service[62484]: DEBUG nova.api.openstack.wsgi [None req-a41eb774-d535-4c8b-99f0-dc78a3dae062 admin admin] Calling method '>' {{(pid=62484) _process_stack /opt/stack/nova/nova/api/openstack/wsgi.py:513}}
Aug 01 13:45:47 user devstack@n-api.service[62484]: INFO nova.api.openstack.requestlog [None req-a41eb774-d535-4c8b-99f0-dc78a3dae062 admin admin] 10.0.0.210 "GET /compute/v2.1" status: 200 len: 387 microversion: 2.1 time: 0.002700
Aug 01 13:45:47 user devstack@n-api.service[62484]: [pid: 62484|app: 0|req: 7/21] 10.0.0.210 () {54 vars in 925 bytes} [Tue Aug 1 13:45:47 2023] GET /compute/v2.1 => generated 387 bytes in 4 msecs (HTTP/1.1 200) 9 headers in 357 bytes (1 switches on core 0)
Aug 01 13:45:47 user devstack@n-api.service[62483]: DEBUG dbcounter [-] [62483] Writing DB stats nova_api:SELECT=3 {{(pid=62483) stat_writer /usr/local/lib/python3.10/dist-packages/dbcounter.py:117}}
Aug 01 13:45:47 user devstack@n-api.service[62483]: DEBUG dbcounter [-] [62483] Writing DB stats nova_cell0:SELECT=3 {{(pid=62483) stat_writer /usr/local/lib/python3.10/dist-packages/dbcounter.py:117}}
Aug 01 13:45:47 user devstack@n-api.service[62483]: DEBUG dbcounter [-] [62483] Writing DB stats nova_cell1:SELECT=3 {{(pid=62483) stat_writer /usr/local/lib/python3.10/dist-packages/dbcounter.py:117}}
Aug 01 13:45:47 user devstack@n-api.service[62483]: DEBUG dbcounter [-] [62483] Writing DB stats nova_cell0:SELECT=3 {{(pid=62483) stat_writer /usr/local/lib/python3.10/dist-packages/dbcounter.py:117}}
Aug 01 13:45:48 user devstack@n-api.service[62483]: DEBUG nova.api.openstack.wsgi [None req-647ffa29-315b-4255-bfad-07d501c483b8 admin admin] Action: 'create', calling method: >, body: {"flavor": {"os-flavor-access:is_public": true, "OS-FLV-EXT-DATA:ephemeral": 0, "swap": 0, "ram": 512, "vcpus": 1, "id": "1", "name": "m1.tiny", "disk": 1, "rxtx_factor": 1.0}} {{(pid=62483) _process_stack /opt/stack/nova/nova/api/openstack/wsgi.py:511}}
Aug 01 13:45:48 user devstack@n-api.service[62483]: INFO nova.api.openstack.requestlog [None req-647ffa29-315b-4255-bfad-07d501c483b8 admin admin] 10.0.0.210 "POST /compute/v2.1/flavors" status: 200 len: 400 microversion: 2.61 time: 0.347521
Aug 01 13:45:48 user devstack@n-api.service[62483]: [pid: 62483|app: 0|req: 7/22] 10.0.0.210 () {64 vars in 1277 bytes} [Tue Aug 1 13:45:47 2023] POST /compute/v2.1/flavors => generated 400 bytes in 350 msecs (HTTP/1.1 200) 9 headers in 359 bytes (1 switches on core 0)
Aug 01 13:45:48 user devstack@n-api.service[62485]: DEBUG nova.api.openstack.wsgi [None req-72438075-1826-4062-9246-713217fb439d admin admin] Action: 'create', calling method: >, body: {"extra_specs": {"hw_rng:allowed": "True"}} {{(pid=62485) _process_stack /opt/stack/nova/nova/api/openstack/wsgi.py:511}}
Aug 01 13:45:48 user devstack@n-api.service[62485]: INFO nova.api.openstack.requestlog [None req-72438075-1826-4062-9246-713217fb439d admin admin] 10.0.0.210 "POST /compute/v2.1/flavors/1/os-extra_specs" status: 200 len: 43 microversion: 2.61 time: 0.049793
Aug 01 13:45:48 user devstack@n-api.service[62485]: [pid: 62485|app: 0|req: 9/23] 10.0.0.210 () {64 vars in 1327 bytes} [Tue Aug 1 13:45:48 2023] POST /compute/v2.1/flavors/1/os-extra_specs => generated 43 bytes in 51 msecs (HTTP/1.1 200) 9 headers in 358 bytes (1 switches on core 0)
Aug 01 13:45:50 user devstack@n-api.service[62484]: DEBUG nova.api.openstack.wsgi [None req-a41eb774-d535-4c8b-99f0-dc78a3dae062 admin admin] Calling method '>' {{(pid=62484) _process_stack /opt/stack/nova/nova/api/openstack/wsgi.py:513}}
Aug 01 13:45:50 user devstack@n-api.service[62484]: INFO nova.api.openstack.requestlog [None req-a41eb774-d535-4c8b-99f0-dc78a3dae062 admin admin] 10.0.0.210 "GET /compute/v2.1" status: 200 len: 387 microversion: 2.1 time: 0.001323
Aug 01 13:45:50 user devstack@n-api.service[62484]: [pid: 62484|app: 0|req: 8/24] 10.0.0.210 () {54 vars in 925 bytes} [Tue Aug 1 13:45:50 2023] GET /compute/v2.1 => generated 387 bytes in 2 msecs (HTTP/1.1 200) 9 headers in 357 bytes (1 switches on core 0)
Aug 01 13:45:50 user devstack@n-api.service[62483]: DEBUG nova.api.openstack.wsgi [None req-b89f8d7f-98e4-490f-a829-814988ce334d admin admin] Action: 'create', calling method: >, body: {"flavor": {"id": "2", "disk": 20, "OS-FLV-EXT-DATA:ephemeral": 0, "name": "m1.small", "rxtx_factor": 1.0, "swap": 0, "os-flavor-access:is_public": true, "vcpus": 1, "ram": 2048}} {{(pid=62483) _process_stack /opt/stack/nova/nova/api/openstack/wsgi.py:511}}
Aug 01 13:45:50 user devstack@n-api.service[62483]: INFO nova.api.openstack.requestlog [None req-b89f8d7f-98e4-490f-a829-814988ce334d admin admin] 10.0.0.210 "POST /compute/v2.1/flavors" status: 200 len: 403 microversion: 2.61 time: 0.063185
Aug 01 13:45:50 user devstack@n-api.service[62483]: [pid: 62483|app: 0|req: 8/25] 10.0.0.210 () {64 vars in 1277 bytes} [Tue Aug 1 13:45:50 2023] POST /compute/v2.1/flavors => generated 403 bytes in 65 msecs (HTTP/1.1 200) 9 headers in 359 bytes (1 switches on core 0)
Aug 01 13:45:50 user devstack@n-api.service[62485]: DEBUG nova.api.openstack.wsgi [None req-5fa41b69-3283-4092-acc9-e9ca045dc0ba admin admin] Action: 'create', calling method: >, body: {"extra_specs": {"hw_rng:allowed": "True"}} {{(pid=62485) _process_stack /opt/stack/nova/nova/api/openstack/wsgi.py:511}}
Aug 01 13:45:50 user devstack@n-api.service[62485]: INFO nova.api.openstack.requestlog [None req-5fa41b69-3283-4092-acc9-e9ca045dc0ba admin admin] 10.0.0.210 "POST /compute/v2.1/flavors/2/os-extra_specs" status: 200 len: 43 microversion: 2.61 time: 0.026746
Aug 01 13:45:50 user devstack@n-api.service[62485]: [pid: 62485|app: 0|req: 10/26] 10.0.0.210 () {64 vars in 1327 bytes} [Tue Aug 1 13:45:50 2023] POST /compute/v2.1/flavors/2/os-extra_specs => generated 43 bytes in 28 msecs (HTTP/1.1 200) 9 headers in 358 bytes (1 switches on core 0)
Aug 01 13:45:52 user devstack@n-api.service[62484]: DEBUG nova.api.openstack.wsgi [None req-a41eb774-d535-4c8b-99f0-dc78a3dae062 admin admin] Calling method '>' {{(pid=62484) _process_stack /opt/stack/nova/nova/api/openstack/wsgi.py:513}}
Aug 01 13:45:52 user devstack@n-api.service[62484]: INFO nova.api.openstack.requestlog [None req-a41eb774-d535-4c8b-99f0-dc78a3dae062 admin admin] 10.0.0.210 "GET /compute/v2.1" status: 200 len: 387 microversion: 2.1 time: 0.001567
Aug 01 13:45:52 user devstack@n-api.service[62484]: [pid: 62484|app: 0|req: 9/27] 10.0.0.210 () {54 vars in 925 bytes} [Tue Aug 1 13:45:52 2023] GET /compute/v2.1 => generated 387 bytes in 2 msecs (HTTP/1.1 200) 9 headers in 357 bytes (1 switches on core 0)
Aug 01 13:45:52 user devstack@n-api.service[62483]: DEBUG nova.api.openstack.wsgi [None req-5a42a6b7-2cee-4fac-8d17-69bf21415f41 admin admin] Action: 'create', calling method: >, body: {"flavor": {"disk": 40, "swap": 0, "id": "3", "rxtx_factor": 1.0, "OS-FLV-EXT-DATA:ephemeral": 0, "os-flavor-access:is_public": true, "vcpus": 2, "ram": 4096, "name": "m1.medium"}} {{(pid=62483) _process_stack /opt/stack/nova/nova/api/openstack/wsgi.py:511}}
Aug 01 13:45:52 user devstack@n-api.service[62483]: INFO nova.api.openstack.requestlog [None req-5a42a6b7-2cee-4fac-8d17-69bf21415f41 admin admin] 10.0.0.210 "POST /compute/v2.1/flavors" status: 200 len: 404 microversion: 2.61 time: 0.060165
Aug 01 13:45:52 user devstack@n-api.service[62483]: [pid: 62483|app: 0|req: 9/28] 10.0.0.210 () {64 vars in 1277 bytes} [Tue Aug 1 13:45:52 2023] POST /compute/v2.1/flavors => generated 404 bytes in 61 msecs (HTTP/1.1 200) 9 headers in 359 bytes (1 switches on core 0)
Aug 01 13:45:52 user devstack@n-api.service[62485]: DEBUG nova.api.openstack.wsgi [None req-6c6b2678-f965-4029-a3d7-b25384578fc0 admin admin] Action: 'create', calling method: >, body: {"extra_specs": {"hw_rng:allowed": "True"}} {{(pid=62485) _process_stack /opt/stack/nova/nova/api/openstack/wsgi.py:511}}
Aug 01 13:45:52 user devstack@n-api.service[62485]: INFO nova.api.openstack.requestlog [None req-6c6b2678-f965-4029-a3d7-b25384578fc0 admin admin] 10.0.0.210 "POST /compute/v2.1/flavors/3/os-extra_specs" status: 200 len: 43 microversion: 2.61 time: 0.024477
Aug 01 13:45:52 user devstack@n-api.service[62485]: [pid: 62485|app: 0|req: 11/29] 10.0.0.210 () {64 vars in 1327 bytes} [Tue Aug 1 13:45:52 2023] POST /compute/v2.1/flavors/3/os-extra_specs => generated 43 bytes in 26 msecs (HTTP/1.1 200) 9 headers in 358 bytes (1 switches on core 0)
Aug 01 13:45:54 user devstack@n-api.service[62484]: DEBUG nova.api.openstack.wsgi [None req-a41eb774-d535-4c8b-99f0-dc78a3dae062 admin admin] Calling method '>' {{(pid=62484) _process_stack /opt/stack/nova/nova/api/openstack/wsgi.py:513}}
Aug 01 13:45:54 user devstack@n-api.service[62484]: INFO nova.api.openstack.requestlog [None req-a41eb774-d535-4c8b-99f0-dc78a3dae062 admin admin] 10.0.0.210 "GET /compute/v2.1" status: 200 len: 387 microversion: 2.1 time: 0.001410
Aug 01 13:45:54 user devstack@n-api.service[62484]: [pid: 62484|app: 0|req: 10/30] 10.0.0.210 () {54 vars in 925 bytes} [Tue Aug 1 13:45:54 2023] GET /compute/v2.1 => generated 387 bytes in 2 msecs (HTTP/1.1 200) 9 headers in 357 bytes (1 switches on core 0)
Aug 01 13:45:54 user devstack@n-api.service[62483]: DEBUG nova.api.openstack.wsgi [None req-36489892-32fc-4e0d-88ee-87717c5a9e83 admin admin] Action: 'create', calling method: >, body: {"flavor": {"name": "m1.large", "rxtx_factor": 1.0, "swap": 0, "os-flavor-access:is_public": true, "disk": 80, "id": "4", "OS-FLV-EXT-DATA:ephemeral": 0, "vcpus": 4, "ram": 8192}} {{(pid=62483) _process_stack /opt/stack/nova/nova/api/openstack/wsgi.py:511}}
Aug 01 13:45:54 user devstack@n-api.service[62483]: INFO nova.api.openstack.requestlog [None req-36489892-32fc-4e0d-88ee-87717c5a9e83 admin admin] 10.0.0.210 "POST /compute/v2.1/flavors" status: 200 len: 403 microversion: 2.61 time: 0.069244
Aug 01 13:45:54 user devstack@n-api.service[62483]: [pid: 62483|app: 0|req: 10/31] 10.0.0.210 () {64 vars in 1277 bytes} [Tue Aug 1 13:45:54 2023] POST /compute/v2.1/flavors => generated 403 bytes in 71 msecs (HTTP/1.1 200) 9 headers in 359 bytes (1 switches on core 0)
Aug 01 13:45:54 user devstack@n-api.service[62485]: DEBUG nova.api.openstack.wsgi [None req-35d7a485-b6c0-421a-8e83-e42705755b23 admin admin] Action: 'create', calling method: >, body: {"extra_specs": {"hw_rng:allowed": "True"}} {{(pid=62485) _process_stack /opt/stack/nova/nova/api/openstack/wsgi.py:511}}
Aug 01 13:45:54 user devstack@n-api.service[62485]: INFO nova.api.openstack.requestlog [None req-35d7a485-b6c0-421a-8e83-e42705755b23 admin admin] 10.0.0.210 "POST /compute/v2.1/flavors/4/os-extra_specs" status: 200 len: 43 microversion: 2.61 time: 0.022741
Aug 01 13:45:54 user devstack@n-api.service[62485]: [pid: 62485|app: 0|req: 12/32] 10.0.0.210 () {64 vars in 1327 bytes} [Tue Aug 1 13:45:54 2023] POST /compute/v2.1/flavors/4/os-extra_specs => generated 43 bytes in 24 msecs (HTTP/1.1 200) 9 headers in 358 bytes (1 switches on core 0)
Aug 01 13:45:56 user devstack@n-api.service[62484]: DEBUG nova.api.openstack.wsgi [None req-a41eb774-d535-4c8b-99f0-dc78a3dae062 admin admin] Calling method '>' {{(pid=62484) _process_stack /opt/stack/nova/nova/api/openstack/wsgi.py:513}}
Aug 01 13:45:56 user devstack@n-api.service[62484]: INFO nova.api.openstack.requestlog [None req-a41eb774-d535-4c8b-99f0-dc78a3dae062 admin admin] 10.0.0.210 "GET /compute/v2.1" status: 200 len: 387 microversion: 2.1 time: 0.001434
Aug 01 13:45:56 user devstack@n-api.service[62484]: [pid: 62484|app: 0|req: 11/33] 10.0.0.210 () {54 vars in 925 bytes} [Tue Aug 1 13:45:56 2023] GET /compute/v2.1 => generated 387 bytes in 2 msecs (HTTP/1.1 200) 9 headers in 357 bytes (1 switches on core 0)
Aug 01 13:45:56 user devstack@n-api.service[62483]: DEBUG nova.api.openstack.wsgi [None req-7933fc09-9f2f-41fe-bb20-1774de2e5971 admin admin] Action: 'create', calling method: >, body: {"flavor": {"disk": 160, "name": "m1.xlarge", "os-flavor-access:is_public": true, "ram": 16384, "OS-FLV-EXT-DATA:ephemeral": 0, "rxtx_factor": 1.0, "swap": 0, "id": "5", "vcpus": 8}} {{(pid=62483) _process_stack /opt/stack/nova/nova/api/openstack/wsgi.py:511}}
Aug 01 13:45:56 user devstack@n-api.service[62483]: INFO nova.api.openstack.requestlog [None req-7933fc09-9f2f-41fe-bb20-1774de2e5971 admin admin] 10.0.0.210 "POST /compute/v2.1/flavors" status: 200 len: 406 microversion: 2.61 time: 0.065838
Aug 01 13:45:56 user devstack@n-api.service[62483]: [pid: 62483|app: 0|req: 11/34] 10.0.0.210 () {64 vars in 1277 bytes} [Tue Aug 1 13:45:56 2023] POST /compute/v2.1/flavors => generated 406 bytes in 67 msecs (HTTP/1.1 200) 9 headers in 359 bytes (1 switches on core 0)
Aug 01 13:45:56 user devstack@n-api.service[62485]: DEBUG nova.api.openstack.wsgi [None req-4aa0d398-d79c-421c-bf9c-da554b582138 admin admin] Action: 'create', calling method: >, body: {"extra_specs": {"hw_rng:allowed": "True"}} {{(pid=62485) _process_stack /opt/stack/nova/nova/api/openstack/wsgi.py:511}}
Aug 01 13:45:56 user devstack@n-api.service[62485]: INFO nova.api.openstack.requestlog [None req-4aa0d398-d79c-421c-bf9c-da554b582138 admin admin] 10.0.0.210 "POST /compute/v2.1/flavors/5/os-extra_specs" status: 200 len: 43 microversion: 2.61 time: 0.213979
Aug 01 13:45:56 user devstack@n-api.service[62485]: [pid: 62485|app: 0|req: 13/35] 10.0.0.210 () {64 vars in 1327 bytes} [Tue Aug 1 13:45:56 2023] POST /compute/v2.1/flavors/5/os-extra_specs => generated 43 bytes in 215 msecs (HTTP/1.1 200) 9 headers in 358 bytes (1 switches on core 0)
Aug 01 13:46:28 user devstack@n-api.service[62484]: DEBUG nova.api.openstack.wsgi [None req-a41eb774-d535-4c8b-99f0-dc78a3dae062 admin admin] Calling method '>' {{(pid=62484) _process_stack /opt/stack/nova/nova/api/openstack/wsgi.py:513}}
Aug 01 13:46:28 user devstack@n-api.service[62484]: INFO nova.api.openstack.requestlog [None req-a41eb774-d535-4c8b-99f0-dc78a3dae062 admin admin] 10.0.0.210 "GET /compute/v2.1" status: 200 len: 387 microversion: 2.1 time: 0.002494
Aug 01 13:46:28 user devstack@n-api.service[62484]: [pid: 62484|app: 0|req: 12/36] 10.0.0.210 () {58 vars in 1007 bytes} [Tue Aug 1 13:46:28 2023] GET /compute/v2.1 => generated 387 bytes in 4 msecs (HTTP/1.1 200) 9 headers in 357 bytes (1 switches on core 0)
Aug 01 13:46:28 user devstack@n-api.service[62483]: DEBUG dbcounter [-] [62483] Writing DB stats nova_api:SELECT=15,nova_api:INSERT=5 {{(pid=62483) stat_writer /usr/local/lib/python3.10/dist-packages/dbcounter.py:117}}
Aug 01 13:46:28 user devstack@n-api.service[62483]: DEBUG nova.api.openstack.wsgi [None req-23f45660-3df9-4bda-aa2f-eba5dc9962ea admin admin] Calling method '>' {{(pid=62483) _process_stack /opt/stack/nova/nova/api/openstack/wsgi.py:513}}
Aug 01 13:46:28 user devstack@n-api.service[62483]: DEBUG oslo_concurrency.lockutils [None req-23f45660-3df9-4bda-aa2f-eba5dc9962ea admin admin] Acquiring lock "00000000-0000-0000-0000-000000000000" by "nova.context.set_target_cell..get_or_set_cached_cell_and_set_connections" {{(pid=62483) inner /usr/local/lib/python3.10/dist-packages/oslo_concurrency/lockutils.py:404}}
Aug 01 13:46:28 user devstack@n-api.service[62483]: DEBUG oslo_concurrency.lockutils [None req-23f45660-3df9-4bda-aa2f-eba5dc9962ea admin admin] Lock "00000000-0000-0000-0000-000000000000" acquired by "nova.context.set_target_cell..get_or_set_cached_cell_and_set_connections" :: waited 0.001s {{(pid=62483) inner /usr/local/lib/python3.10/dist-packages/oslo_concurrency/lockutils.py:409}}
Aug 01 13:46:28 user devstack@n-api.service[62483]: DEBUG oslo_concurrency.lockutils [None req-23f45660-3df9-4bda-aa2f-eba5dc9962ea admin admin] Lock "00000000-0000-0000-0000-000000000000" "released" by "nova.context.set_target_cell..get_or_set_cached_cell_and_set_connections" :: held 0.000s {{(pid=62483) inner /usr/local/lib/python3.10/dist-packages/oslo_concurrency/lockutils.py:423}}
Aug 01 13:46:28 user devstack@n-api.service[62483]: DEBUG oslo_concurrency.lockutils [None req-23f45660-3df9-4bda-aa2f-eba5dc9962ea admin admin] Acquiring lock "54429603-a51c-41a6-b8ae-ae6039fbce35" by "nova.context.set_target_cell..get_or_set_cached_cell_and_set_connections" {{(pid=62483) inner /usr/local/lib/python3.10/dist-packages/oslo_concurrency/lockutils.py:404}}
Aug 01 13:46:28 user devstack@n-api.service[62483]: DEBUG oslo_concurrency.lockutils [None req-23f45660-3df9-4bda-aa2f-eba5dc9962ea admin admin] Lock "54429603-a51c-41a6-b8ae-ae6039fbce35" acquired by "nova.context.set_target_cell..get_or_set_cached_cell_and_set_connections" :: waited 0.000s {{(pid=62483) inner /usr/local/lib/python3.10/dist-packages/oslo_concurrency/lockutils.py:409}}
Aug 01 13:46:28 user devstack@n-api.service[62483]: DEBUG oslo_concurrency.lockutils [None req-23f45660-3df9-4bda-aa2f-eba5dc9962ea admin admin] Lock "54429603-a51c-41a6-b8ae-ae6039fbce35" "released" by "nova.context.set_target_cell..get_or_set_cached_cell_and_set_connections" :: held 0.000s {{(pid=62483) inner /usr/local/lib/python3.10/dist-packages/oslo_concurrency/lockutils.py:423}}
Aug 01 13:46:28 user devstack@n-api.service[62483]: INFO nova.api.openstack.requestlog [None req-23f45660-3df9-4bda-aa2f-eba5dc9962ea admin admin] 10.0.0.210 "GET /compute/v2.1/os-services?binary=nova-compute&host=user" status: 200 len: 247 microversion: 2.69 time: 0.096955
Aug 01 13:46:28 user devstack@n-api.service[62483]: [pid: 62483|app: 0|req: 12/37] 10.0.0.210 () {64 vars in 1389 bytes} [Tue Aug 1 13:46:28 2023] GET /compute/v2.1/os-services?binary=nova-compute&host=user => generated 247 bytes in 99 msecs (HTTP/1.1 200) 9 headers in 359 bytes (1 switches on core 0)
Aug 01 13:47:00 user devstack@n-api.service[62485]: DEBUG nova.api.openstack.wsgi [None req-4aa0d398-d79c-421c-bf9c-da554b582138 admin admin] Calling method '>' {{(pid=62485) _process_stack /opt/stack/nova/nova/api/openstack/wsgi.py:513}}
Aug 01 13:47:00 user devstack@n-api.service[62485]: INFO nova.api.openstack.requestlog [None req-4aa0d398-d79c-421c-bf9c-da554b582138 admin admin] 10.0.0.210 "GET /compute/v2.1" status: 200 len: 387 microversion: 2.1 time: 0.001637
Aug 01 13:47:00 user devstack@n-api.service[62485]: [pid: 62485|app: 0|req: 14/38] 10.0.0.210 () {58 vars in 1007 bytes} [Tue Aug 1 13:47:00 2023] GET /compute/v2.1 => generated 387 bytes in 3 msecs (HTTP/1.1 200) 9 headers in 357 bytes (1 switches on core 0)
Aug 01 13:47:00 user devstack@n-api.service[62484]: DEBUG dbcounter [-] [62484] Writing DB stats nova_api:SELECT=32,nova_api:SAVEPOINT=5,nova_api:INSERT=5,nova_api:RELEASE=5 {{(pid=62484) stat_writer /usr/local/lib/python3.10/dist-packages/dbcounter.py:117}}
Aug 01 13:47:00 user devstack@n-api.service[62484]: DEBUG nova.api.openstack.wsgi [None req-1d53f289-5467-4343-b9d5-e270b7224e46 admin admin] Calling method '>' {{(pid=62484) _process_stack /opt/stack/nova/nova/api/openstack/wsgi.py:513}}
Aug 01 13:47:00 user devstack@n-api.service[62484]: INFO nova.api.openstack.requestlog [None req-1d53f289-5467-4343-b9d5-e270b7224e46 admin admin] 10.0.0.210 "GET /compute/v2.1/flavors/detail?is_public=True" status: 200 len: 4182 microversion: 2.61 time: 0.097449
Aug 01 13:47:00 user devstack@n-api.service[62484]: [pid: 62484|app: 0|req: 13/39] 10.0.0.210 () {64 vars in 1368 bytes} [Tue Aug 1 13:47:00 2023] GET /compute/v2.1/flavors/detail?is_public=True => generated 4182 bytes in 99 msecs (HTTP/1.1 200) 9 headers in 360 bytes (1 switches on core 0)
Aug 01 13:47:03 user devstack@n-api.service[62483]: DEBUG nova.api.openstack.wsgi [None req-23f45660-3df9-4bda-aa2f-eba5dc9962ea admin admin] Calling method '>' {{(pid=62483) _process_stack /opt/stack/nova/nova/api/openstack/wsgi.py:513}}
Aug 01 13:47:03 user devstack@n-api.service[62483]: INFO nova.api.openstack.requestlog [None req-23f45660-3df9-4bda-aa2f-eba5dc9962ea admin admin] 10.0.0.210 "GET /compute/v2.1" status: 200 len: 387 microversion: 2.1 time: 0.003053
Aug 01 13:47:03 user devstack@n-api.service[62483]: [pid: 62483|app: 0|req: 13/40] 10.0.0.210 () {58 vars in 1007 bytes} [Tue Aug 1 13:47:03 2023] GET /compute/v2.1 => generated 387 bytes in 5 msecs (HTTP/1.1 200) 9 headers in 357 bytes (1 switches on core 0)
Aug 01 13:47:03 user devstack@n-api.service[62485]: DEBUG dbcounter [-] [62485] Writing DB stats nova_api:SELECT=47,nova_api:INSERT=10,nova_api:SAVEPOINT=5,nova_api:RELEASE=5 {{(pid=62485) stat_writer /usr/local/lib/python3.10/dist-packages/dbcounter.py:117}}
Aug 01 13:47:03 user devstack@n-api.service[62485]: DEBUG nova.api.openstack.wsgi [None req-7395d34d-ff66-4eda-825a-ac555cfdfde9 admin admin] Calling method '>' {{(pid=62485) _process_stack /opt/stack/nova/nova/api/openstack/wsgi.py:513}}
Aug 01 13:47:03 user devstack@n-api.service[62485]: INFO nova.api.openstack.requestlog [None req-7395d34d-ff66-4eda-825a-ac555cfdfde9 admin admin] 10.0.0.210 "GET /compute/v2.1/flavors/1" status: 200 len: 424 microversion: 2.61 time: 0.063372
Aug 01 13:47:03 user devstack@n-api.service[62485]: [pid: 62485|app: 0|req: 15/41] 10.0.0.210 () {64 vars in 1311 bytes} [Tue Aug 1 13:47:03 2023] GET /compute/v2.1/flavors/1 => generated 424 bytes in 65 msecs (HTTP/1.1 200) 9 headers in 359 bytes (1 switches on core 0)
Aug 01 13:47:05 user devstack@n-api.service[62484]: DEBUG nova.api.openstack.wsgi [None req-1d53f289-5467-4343-b9d5-e270b7224e46 admin admin] Calling method '>' {{(pid=62484) _process_stack /opt/stack/nova/nova/api/openstack/wsgi.py:513}}
Aug 01 13:47:05 user devstack@n-api.service[62484]: INFO nova.api.openstack.requestlog [None req-1d53f289-5467-4343-b9d5-e270b7224e46 admin admin] 10.0.0.210 "GET /compute/v2.1" status: 200 len: 387 microversion: 2.1 time: 0.002291
Aug 01 13:47:05 user devstack@n-api.service[62484]: [pid: 62484|app: 0|req: 14/42] 10.0.0.210 () {58 vars in 1007 bytes} [Tue Aug 1 13:47:05 2023] GET /compute/v2.1 => generated 387 bytes in 4 msecs (HTTP/1.1 200) 9 headers in 357 bytes (1 switches on core 0)
Aug 01 13:47:05 user devstack@n-api.service[62483]: DEBUG dbcounter [-] [62483] Writing DB stats nova_cell0:SELECT=2 {{(pid=62483) stat_writer /usr/local/lib/python3.10/dist-packages/dbcounter.py:117}}
Aug 01 13:47:05 user devstack@n-api.service[62483]: DEBUG dbcounter [-] [62483] Writing DB stats nova_cell1:SELECT=2 {{(pid=62483) stat_writer /usr/local/lib/python3.10/dist-packages/dbcounter.py:117}}
Aug 01 13:47:05 user devstack@n-api.service[62483]: DEBUG dbcounter [-] [62483] Writing DB stats nova_api:SELECT=4 {{(pid=62483) stat_writer /usr/local/lib/python3.10/dist-packages/dbcounter.py:117}}
Aug 01 13:47:05 user devstack@n-api.service[62483]: DEBUG nova.api.openstack.wsgi [None req-7d0ffd2d-1add-420d-be20-5bbb0f782be8 admin admin] Calling method '>' {{(pid=62483) _process_stack /opt/stack/nova/nova/api/openstack/wsgi.py:513}}
Aug 01 13:47:05 user devstack@n-api.service[62483]: INFO nova.api.openstack.requestlog [None req-7d0ffd2d-1add-420d-be20-5bbb0f782be8 admin admin] 10.0.0.210 "GET /compute/v2.1/flavors/2" status: 200 len: 427 microversion: 2.61 time: 0.063511
Aug 01 13:47:05 user devstack@n-api.service[62483]: [pid: 62483|app: 0|req: 14/43] 10.0.0.210 () {64 vars in 1311 bytes} [Tue Aug 1 13:47:05 2023] GET /compute/v2.1/flavors/2 => generated 427 bytes in 65 msecs (HTTP/1.1 200) 9 headers in 359 bytes (1 switches on core 0)
Aug 01 13:49:41 user devstack@n-api.service[62485]: DEBUG dbcounter [-] [62485] Writing DB stats nova_api:SELECT=2 {{(pid=62485) stat_writer /usr/local/lib/python3.10/dist-packages/dbcounter.py:117}}
Aug 01 13:49:41 user devstack@n-api.service[62485]: DEBUG nova.api.openstack.wsgi [None req-7027a116-f945-4b8a-94f6-506aa5fa135b tempest-ServerActionsV293TestJSON-1852542004 tempest-ServerActionsV293TestJSON-1852542004-project-member] Action: 'create', calling method: .version_select at 0x7fc59099d120>, body: {"keypair": {"name": "tempest-keypair-1718331991", "public_key": "ecdsa-sha2-nistp384 AAAAE2VjZHNhLXNoYTItbmlzdHAzODQAAAAIbmlzdHAzODQAAABhBKvGwo0zjXCNUbYrIi4YEs4rtiDx/9NdwV/Sx7cEd1WUmQMQL0Cvr4BJf7rFX6wTjuFT3Iox4h/+fvNDp2cLdA3kaS9jPaIqGnKwrwaSc0khjL6fklV+VntF7pSPCiAV+A=="}} {{(pid=62485) _process_stack /opt/stack/nova/nova/api/openstack/wsgi.py:511}}
Aug 01 13:49:41 user devstack@n-api.service[62485]: DEBUG nova.quota [None req-7027a116-f945-4b8a-94f6-506aa5fa135b tempest-ServerActionsV293TestJSON-1852542004 tempest-ServerActionsV293TestJSON-1852542004-project-member] Getting quotas for project ebef26e9d3654bf99ecf391ccb263330. Resources: {'key_pairs'} {{(pid=62485) _get_quotas /opt/stack/nova/nova/quota.py:393}}
Aug 01 13:49:41 user devstack@n-api.service[62485]: DEBUG nova.quota [None req-7027a116-f945-4b8a-94f6-506aa5fa135b tempest-ServerActionsV293TestJSON-1852542004 tempest-ServerActionsV293TestJSON-1852542004-project-member] Getting quotas for user 37e6bf606d3041d9928c5e5d6f4a9063 and project ebef26e9d3654bf99ecf391ccb263330. Resources: {'key_pairs'} {{(pid=62485) _get_quotas /opt/stack/nova/nova/quota.py:383}}
Aug 01 13:49:41 user devstack@n-api.service[62485]: INFO nova.api.openstack.requestlog [None req-7027a116-f945-4b8a-94f6-506aa5fa135b tempest-ServerActionsV293TestJSON-1852542004 tempest-ServerActionsV293TestJSON-1852542004-project-member] 10.0.0.210 "POST /compute/v2.1/os-keypairs" status: 201 len: 401 microversion: 2.93 time: 0.309732
Aug 01 13:49:41 user devstack@n-api.service[62485]: [pid: 62485|app: 0|req: 16/44] 10.0.0.210 () {66 vars in 1277 bytes} [Tue Aug 1 13:49:41 2023] POST /compute/v2.1/os-keypairs => generated 401 bytes in 311 msecs (HTTP/1.1 201) 9 headers in 364 bytes (1 switches on core 0)
Aug 01 13:49:43 user devstack@n-api.service[62484]: DEBUG dbcounter [-] [62484] Writing DB stats nova_api:SELECT=2 {{(pid=62484) stat_writer /usr/local/lib/python3.10/dist-packages/dbcounter.py:117}}
Aug 01 13:49:43 user devstack@n-api.service[62484]: DEBUG nova.api.openstack.wsgi [None req-05503970-0e84-467f-9e95-eeffaf606c9b tempest-ServerActionsTestOtherB-398231514 tempest-ServerActionsTestOtherB-398231514-project-member] Action: 'create', calling method: .version_select at 0x7fc590baad40>, body: {"keypair": {"name": "tempest-keypair-539050345", "public_key": "ecdsa-sha2-nistp384 AAAAE2VjZHNhLXNoYTItbmlzdHAzODQAAAAIbmlzdHAzODQAAABhBEv1XQzBjYoYpbhYYzAkxCcHUbemRkkK9uL3KJrV3p8Too9wSnun/4eb7cYSvdSK/lx7EWwYazfwFvI3n8xQWjsYEP2mWFNbGfwKAUlfbILCQIuiMev2z7hB1YDNH/wWXQ=="}} {{(pid=62484) _process_stack /opt/stack/nova/nova/api/openstack/wsgi.py:511}}
Aug 01 13:49:43 user devstack@n-api.service[62484]: DEBUG nova.quota [None req-05503970-0e84-467f-9e95-eeffaf606c9b tempest-ServerActionsTestOtherB-398231514 tempest-ServerActionsTestOtherB-398231514-project-member] Getting quotas for project d693a983e4a44434b64c7983239371a4. Resources: {'key_pairs'} {{(pid=62484) _get_quotas /opt/stack/nova/nova/quota.py:393}}
Aug 01 13:49:43 user devstack@n-api.service[62484]: DEBUG nova.quota [None req-05503970-0e84-467f-9e95-eeffaf606c9b tempest-ServerActionsTestOtherB-398231514 tempest-ServerActionsTestOtherB-398231514-project-member] Getting quotas for user 1936f560fd794910af1fa6e9c4fffa90 and project d693a983e4a44434b64c7983239371a4. Resources: {'key_pairs'} {{(pid=62484) _get_quotas /opt/stack/nova/nova/quota.py:383}}
Aug 01 13:49:43 user devstack@n-api.service[62484]: INFO nova.api.openstack.requestlog [None req-05503970-0e84-467f-9e95-eeffaf606c9b tempest-ServerActionsTestOtherB-398231514 tempest-ServerActionsTestOtherB-398231514-project-member] 10.0.0.210 "POST /compute/v2.1/os-keypairs" status: 200 len: 385 microversion: 2.1 time: 0.204332
Aug 01 13:49:43 user devstack@n-api.service[62484]: [pid: 62484|app: 0|req: 15/45] 10.0.0.210 () {64 vars in 1236 bytes} [Tue Aug 1 13:49:43 2023] POST /compute/v2.1/os-keypairs => generated 385 bytes in 206 msecs (HTTP/1.1 200) 9 headers in 357 bytes (1 switches on core 0)
Aug 01 13:49:43 user devstack@n-api.service[62483]: DEBUG dbcounter [-] [62483] Writing DB stats nova_api:SELECT=2 {{(pid=62483) stat_writer /usr/local/lib/python3.10/dist-packages/dbcounter.py:117}}
Aug 01 13:49:43 user devstack@n-api.service[62483]: DEBUG nova.api.openstack.wsgi [None req-6b2236ca-4a77-4dd8-84f2-276e12959f77 tempest-DeleteServersTestJSON-668770508 tempest-DeleteServersTestJSON-668770508-project-member] Action: 'create', calling method: >, body: {"server": {"name": "tempest-DeleteServersTestJSON-server-2057841141", "imageRef": "b6472c34-1b0f-4034-ba3a-7e8eb5103715", "flavorRef": "1", "networks": [{"uuid": "3d94af2c-7df4-4d95-ba9e-8273497eff49"}]}} {{(pid=62483) _process_stack /opt/stack/nova/nova/api/openstack/wsgi.py:511}}
Aug 01 13:49:44 user devstack@n-api.service[62483]: DEBUG nova.network.neutron [None req-6b2236ca-4a77-4dd8-84f2-276e12959f77 tempest-DeleteServersTestJSON-668770508 tempest-DeleteServersTestJSON-668770508-project-member] validate_networks() for [('3d94af2c-7df4-4d95-ba9e-8273497eff49', None, None, None, None, None)] {{(pid=62483) validate_networks /opt/stack/nova/nova/network/neutron.py:2638}}
Aug 01 13:49:46 user devstack@n-api.service[62483]: DEBUG nova.virt.hardware [None req-6b2236ca-4a77-4dd8-84f2-276e12959f77 tempest-DeleteServersTestJSON-668770508 tempest-DeleteServersTestJSON-668770508-project-member] Flavor limits 0:0:0 {{(pid=62483) get_cpu_topology_constraints /opt/stack/nova/nova/virt/hardware.py:343}}
Aug 01 13:49:46 user devstack@n-api.service[62483]: DEBUG nova.virt.hardware [None req-6b2236ca-4a77-4dd8-84f2-276e12959f77 tempest-DeleteServersTestJSON-668770508 tempest-DeleteServersTestJSON-668770508-project-member] Image limits 0:0:0 {{(pid=62483) get_cpu_topology_constraints /opt/stack/nova/nova/virt/hardware.py:347}}
Aug 01 13:49:46 user devstack@n-api.service[62483]: DEBUG nova.virt.hardware [None req-6b2236ca-4a77-4dd8-84f2-276e12959f77 tempest-DeleteServersTestJSON-668770508 tempest-DeleteServersTestJSON-668770508-project-member] Flavor pref 0:0:0 {{(pid=62483) get_cpu_topology_constraints /opt/stack/nova/nova/virt/hardware.py:383}}
Aug 01 13:49:46 user devstack@n-api.service[62483]: DEBUG nova.virt.hardware [None req-6b2236ca-4a77-4dd8-84f2-276e12959f77 tempest-DeleteServersTestJSON-668770508 tempest-DeleteServersTestJSON-668770508-project-member] Image pref 0:0:0 {{(pid=62483) get_cpu_topology_constraints /opt/stack/nova/nova/virt/hardware.py:387}}
Aug 01 13:49:46 user devstack@n-api.service[62483]: DEBUG nova.virt.hardware [None req-6b2236ca-4a77-4dd8-84f2-276e12959f77 tempest-DeleteServersTestJSON-668770508 tempest-DeleteServersTestJSON-668770508-project-member] Chose sockets=0, cores=0, threads=0; limits were sockets=65536, cores=65536, threads=65536 {{(pid=62483) get_cpu_topology_constraints /opt/stack/nova/nova/virt/hardware.py:425}}
Aug 01 13:49:46 user devstack@n-api.service[62483]: DEBUG oslo_concurrency.lockutils [None req-6b2236ca-4a77-4dd8-84f2-276e12959f77 tempest-DeleteServersTestJSON-668770508 tempest-DeleteServersTestJSON-668770508-project-member] Acquiring lock "00000000-0000-0000-0000-000000000000" by "nova.context.set_target_cell..get_or_set_cached_cell_and_set_connections" {{(pid=62483) inner /usr/local/lib/python3.10/dist-packages/oslo_concurrency/lockutils.py:404}}
Aug 01 13:49:46 user devstack@n-api.service[62483]: DEBUG oslo_concurrency.lockutils [None req-6b2236ca-4a77-4dd8-84f2-276e12959f77 tempest-DeleteServersTestJSON-668770508 tempest-DeleteServersTestJSON-668770508-project-member] Lock "00000000-0000-0000-0000-000000000000" acquired by "nova.context.set_target_cell..get_or_set_cached_cell_and_set_connections" :: waited 0.001s {{(pid=62483) inner /usr/local/lib/python3.10/dist-packages/oslo_concurrency/lockutils.py:409}}
Aug 01 13:49:46 user devstack@n-api.service[62483]: DEBUG oslo_concurrency.lockutils [None req-6b2236ca-4a77-4dd8-84f2-276e12959f77 tempest-DeleteServersTestJSON-668770508 tempest-DeleteServersTestJSON-668770508-project-member] Lock "00000000-0000-0000-0000-000000000000" "released" by "nova.context.set_target_cell..get_or_set_cached_cell_and_set_connections" :: held 0.000s {{(pid=62483) inner /usr/local/lib/python3.10/dist-packages/oslo_concurrency/lockutils.py:423}}
Aug 01 13:49:46 user devstack@n-api.service[62483]: DEBUG oslo_concurrency.lockutils [None req-6b2236ca-4a77-4dd8-84f2-276e12959f77 tempest-DeleteServersTestJSON-668770508 tempest-DeleteServersTestJSON-668770508-project-member] Acquiring lock "54429603-a51c-41a6-b8ae-ae6039fbce35" by "nova.context.set_target_cell..get_or_set_cached_cell_and_set_connections" {{(pid=62483) inner /usr/local/lib/python3.10/dist-packages/oslo_concurrency/lockutils.py:404}}
Aug 01 13:49:46 user devstack@n-api.service[62483]: DEBUG oslo_concurrency.lockutils [None req-6b2236ca-4a77-4dd8-84f2-276e12959f77 tempest-DeleteServersTestJSON-668770508 tempest-DeleteServersTestJSON-668770508-project-member] Lock "54429603-a51c-41a6-b8ae-ae6039fbce35" acquired by "nova.context.set_target_cell..get_or_set_cached_cell_and_set_connections" :: waited 0.000s {{(pid=62483) inner /usr/local/lib/python3.10/dist-packages/oslo_concurrency/lockutils.py:409}}
Aug 01 13:49:46 user devstack@n-api.service[62483]: DEBUG oslo_concurrency.lockutils [None req-6b2236ca-4a77-4dd8-84f2-276e12959f77 tempest-DeleteServersTestJSON-668770508 tempest-DeleteServersTestJSON-668770508-project-member] Lock "54429603-a51c-41a6-b8ae-ae6039fbce35" "released" by "nova.context.set_target_cell..get_or_set_cached_cell_and_set_connections" :: held 0.000s {{(pid=62483) inner /usr/local/lib/python3.10/dist-packages/oslo_concurrency/lockutils.py:423}}
Aug 01 13:49:46 user devstack@n-api.service[62483]: DEBUG nova.quota [None req-6b2236ca-4a77-4dd8-84f2-276e12959f77 tempest-DeleteServersTestJSON-668770508 tempest-DeleteServersTestJSON-668770508-project-member] Getting quotas for project 48c5a30b0df04cfba39fb66d63ff8f85. Resources: {'ram', 'cores', 'instances'} {{(pid=62483) _get_quotas /opt/stack/nova/nova/quota.py:393}}
Aug 01 13:49:46 user devstack@n-api.service[62483]: DEBUG nova.quota [None req-6b2236ca-4a77-4dd8-84f2-276e12959f77 tempest-DeleteServersTestJSON-668770508 tempest-DeleteServersTestJSON-668770508-project-member] Getting quotas for user 4d084de1d7a046a889105f56d6222025 and project 48c5a30b0df04cfba39fb66d63ff8f85. Resources: {'ram', 'cores', 'instances'} {{(pid=62483) _get_quotas /opt/stack/nova/nova/quota.py:383}}
Aug 01 13:49:46 user devstack@n-api.service[62483]: DEBUG nova.compute.api [None req-6b2236ca-4a77-4dd8-84f2-276e12959f77 tempest-DeleteServersTestJSON-668770508 tempest-DeleteServersTestJSON-668770508-project-member] Going to run 1 instances... {{(pid=62483) _provision_instances /opt/stack/nova/nova/compute/api.py:1404}}
Aug 01 13:49:46 user devstack@n-api.service[62483]: DEBUG nova.compute.api [None req-6b2236ca-4a77-4dd8-84f2-276e12959f77 tempest-DeleteServersTestJSON-668770508 tempest-DeleteServersTestJSON-668770508-project-member] [instance: d6b336c3-c7d4-4353-8e51-416726833407] block_device_mapping [BlockDeviceMapping(attachment_id=,boot_index=0,connection_info=None,created_at=,delete_on_termination=True,deleted=,deleted_at=,destination_type='local',device_name=None,device_type='disk',disk_bus=None,encrypted=False,encryption_format=None,encryption_options=None,encryption_secret_uuid=None,guest_format=None,id=,image_id='b6472c34-1b0f-4034-ba3a-7e8eb5103715',instance=,instance_uuid=,no_device=False,snapshot_id=None,source_type='image',tag=None,updated_at=,uuid=,volume_id=None,volume_size=None,volume_type=None)] {{(pid=62483) _bdm_validate_set_size_and_instance /opt/stack/nova/nova/compute/api.py:1865}}
Aug 01 13:49:46 user devstack@n-api.service[62483]: INFO nova.api.openstack.requestlog [None req-6b2236ca-4a77-4dd8-84f2-276e12959f77 tempest-DeleteServersTestJSON-668770508 tempest-DeleteServersTestJSON-668770508-project-member] 10.0.0.210 "POST /compute/v2.1/servers" status: 202 len: 378 microversion: 2.1 time: 3.299918
Aug 01 13:49:46 user devstack@n-api.service[62483]: [pid: 62483|app: 0|req: 15/46] 10.0.0.210 () {64 vars in 1224 bytes} [Tue Aug 1 13:49:43 2023] POST /compute/v2.1/servers => generated 378 bytes in 3302 msecs (HTTP/1.1 202) 10 headers in 450 bytes (1 switches on core 0)
Aug 01 13:49:46 user devstack@n-api.service[62485]: DEBUG nova.api.openstack.wsgi [None req-a2a33a90-63f2-4325-a72b-7abfead9377a tempest-DeleteServersTestJSON-668770508 tempest-DeleteServersTestJSON-668770508-project-member] Calling method '>' {{(pid=62485) _process_stack /opt/stack/nova/nova/api/openstack/wsgi.py:513}}
Aug 01 13:49:46 user devstack@n-api.service[62485]: DEBUG nova.compute.api [None req-a2a33a90-63f2-4325-a72b-7abfead9377a tempest-DeleteServersTestJSON-668770508 tempest-DeleteServersTestJSON-668770508-project-member] [instance: d6b336c3-c7d4-4353-8e51-416726833407] Fetching instance by UUID {{(pid=62485) get /opt/stack/nova/nova/compute/api.py:2978}}
Aug 01 13:49:47 user devstack@n-api.service[62485]: DEBUG nova.policy [None req-a2a33a90-63f2-4325-a72b-7abfead9377a tempest-DeleteServersTestJSON-668770508 tempest-DeleteServersTestJSON-668770508-project-member] Policy check for os_compute_api:os-extended-server-attributes failed with credentials {'is_admin': False, 'user_id': '4d084de1d7a046a889105f56d6222025', 'user_domain_id': 'default', 'system_scope': None, 'domain_id': None, 'project_id': '48c5a30b0df04cfba39fb66d63ff8f85', 'project_domain_id': 'default', 'roles': ['member', 'reader'], 'is_admin_project': True, 'service_user_id': None, 'service_user_domain_id': None, 'service_project_id': None, 'service_project_domain_id': None, 'service_roles': []} {{(pid=62485) authorize /opt/stack/nova/nova/policy.py:203}}
Aug 01 13:49:47 user devstack@n-api.service[62485]: INFO nova.api.openstack.requestlog [None req-a2a33a90-63f2-4325-a72b-7abfead9377a tempest-DeleteServersTestJSON-668770508 tempest-DeleteServersTestJSON-668770508-project-member] 10.0.0.210 "GET /compute/v2.1/servers/d6b336c3-c7d4-4353-8e51-416726833407" status: 200 len: 1207 microversion: 2.1 time: 0.586284
Aug 01 13:49:47 user devstack@n-api.service[62485]: [pid: 62485|app: 0|req: 17/47] 10.0.0.210 () {62 vars in 1313 bytes} [Tue Aug 1 13:49:46 2023] GET /compute/v2.1/servers/d6b336c3-c7d4-4353-8e51-416726833407 => generated 1207 bytes in 588 msecs (HTTP/1.1 200) 9 headers in 358 bytes (1 switches on core 0)
Aug 01 13:49:47 user devstack@n-api.service[62484]: DEBUG nova.api.openstack.wsgi [None req-24bac755-0514-419f-9643-3f431e4f7186 tempest-ServersNegativeTestJSON-281733508 tempest-ServersNegativeTestJSON-281733508-project-member] Action: 'create', calling method: >, body: {"server": {"name": "tempest-ServersNegativeTestJSON-server-568926671", "imageRef": "b6472c34-1b0f-4034-ba3a-7e8eb5103715", "flavorRef": "1", "networks": [{"uuid": "90839969-290c-4555-ab2f-2215c33e89e9"}]}} {{(pid=62484) _process_stack /opt/stack/nova/nova/api/openstack/wsgi.py:511}}
