Aug 09 22:45:48 user devstack@n-api.service[62660]: [pid: 62660|app: 0|req: 2/7] 10.0.0.210 () {54 vars in 925 bytes} [Wed Aug 9 22:45:48 2023] GET /compute/v2.1 => generated 387 bytes in 2 msecs (HTTP/1.1 200) 9 headers in 357 bytes (1 switches on core 0)
Aug 09 22:45:48 user devstack@n-api.service[62662]: DEBUG nova.api.openstack.wsgi [None req-6b31a980-4c87-4966-afd5-111fac8cd152 admin admin] Action: 'create', calling method: >, body: {"flavor": {"vcpus": 1, "name": "ds512M", "OS-FLV-EXT-DATA:ephemeral": 0, "os-flavor-access:is_public": true, "id": "d1", "disk": 5, "swap": 0, "ram": 512, "rxtx_factor": 1.0}} {{(pid=62662) _process_stack /opt/stack/nova/nova/api/openstack/wsgi.py:511}}
Aug 09 22:45:48 user devstack@n-api.service[62662]: INFO nova.api.openstack.requestlog [None req-6b31a980-4c87-4966-afd5-111fac8cd152 admin admin] 10.0.0.210 "POST /compute/v2.1/flavors" status: 200 len: 402 microversion: 2.61 time: 0.071436
Aug 09 22:45:48 user devstack@n-api.service[62662]: [pid: 62662|app: 0|req: 3/8] 10.0.0.210 () {64 vars in 1277 bytes} [Wed Aug 9 22:45:48 2023] POST /compute/v2.1/flavors => generated 402 bytes in 73 msecs (HTTP/1.1 200) 9 headers in 359 bytes (2 switches on core 0)
Aug 09 22:45:48 user devstack@n-api.service[62661]: DEBUG nova.api.openstack.wsgi [None req-21b3f152-d0c2-4321-aab8-63c3b48dbab3 admin admin] Action: 'create', calling method: >, body: {"extra_specs": {"hw_rng:allowed": "True"}} {{(pid=62661) _process_stack /opt/stack/nova/nova/api/openstack/wsgi.py:511}}
Aug 09 22:45:48 user devstack@n-api.service[62661]: INFO nova.api.openstack.requestlog [None req-21b3f152-d0c2-4321-aab8-63c3b48dbab3 admin admin] 10.0.0.210 "POST /compute/v2.1/flavors/d1/os-extra_specs" status: 200 len: 43 microversion: 2.61 time: 0.029353
Aug 09 22:45:48 user devstack@n-api.service[62661]: [pid: 62661|app: 0|req: 4/9] 10.0.0.210 () {64 vars in 1330 bytes} [Wed Aug 9 22:45:48 2023] POST /compute/v2.1/flavors/d1/os-extra_specs => generated 43 bytes in 31 msecs (HTTP/1.1 200) 9 headers in 358 bytes (1 switches on core 0)
Aug 09 22:45:50 user devstack@n-api.service[62660]: DEBUG nova.api.openstack.wsgi [None req-4738f4ba-829c-44ba-8084-9f73f93049b5 None None] Calling method '>' {{(pid=62660) _process_stack /opt/stack/nova/nova/api/openstack/wsgi.py:513}}
Aug 09 22:45:50 user devstack@n-api.service[62660]: INFO nova.api.openstack.requestlog [None req-4738f4ba-829c-44ba-8084-9f73f93049b5 None None] 10.0.0.210 "GET /compute/v2.1" status: 200 len: 387 microversion: 2.1 time: 0.001308
Aug 09 22:45:50 user devstack@n-api.service[62660]: [pid: 62660|app: 0|req: 3/10] 10.0.0.210 () {54 vars in 925 bytes} [Wed Aug 9 22:45:50 2023] GET /compute/v2.1 => generated 387 bytes in 2 msecs (HTTP/1.1 200) 9 headers in 357 bytes (1 switches on core 0)
Aug 09 22:45:50 user devstack@n-api.service[62662]: DEBUG nova.api.openstack.wsgi [None req-2a79ac49-93e4-478a-9061-5ea6fc181716 admin admin] Action: 'create', calling method: >, body: {"flavor": {"rxtx_factor": 1.0, "name": "ds1G", "vcpus": 1, "OS-FLV-EXT-DATA:ephemeral": 0, "os-flavor-access:is_public": true, "disk": 10, "ram": 1024, "swap": 0, "id": "d2"}} {{(pid=62662) _process_stack /opt/stack/nova/nova/api/openstack/wsgi.py:511}}
Aug 09 22:45:50 user devstack@n-api.service[62662]: INFO nova.api.openstack.requestlog [None req-2a79ac49-93e4-478a-9061-5ea6fc181716 admin admin] 10.0.0.210 "POST /compute/v2.1/flavors" status: 200 len: 402 microversion: 2.61 time: 0.065012
Aug 09 22:45:50 user devstack@n-api.service[62662]: [pid: 62662|app: 0|req: 4/11] 10.0.0.210 () {64 vars in 1277 bytes} [Wed Aug 9 22:45:50 2023] POST /compute/v2.1/flavors => generated 402 bytes in 66 msecs (HTTP/1.1 200) 9 headers in 359 bytes (1 switches on core 0)
Aug 09 22:45:50 user devstack@n-api.service[62661]: DEBUG nova.api.openstack.wsgi [None req-9aee3bcf-997b-4367-ab9a-66f383073217 admin admin] Action: 'create', calling method: >, body: {"extra_specs": {"hw_rng:allowed": "True"}} {{(pid=62661) _process_stack /opt/stack/nova/nova/api/openstack/wsgi.py:511}}
Aug 09 22:45:50 user devstack@n-api.service[62661]: INFO nova.api.openstack.requestlog [None req-9aee3bcf-997b-4367-ab9a-66f383073217 admin admin] 10.0.0.210 "POST /compute/v2.1/flavors/d2/os-extra_specs" status: 200 len: 43 microversion: 2.61 time: 0.024381
Aug 09 22:45:50 user devstack@n-api.service[62661]: [pid: 62661|app: 0|req: 5/12] 10.0.0.210 () {64 vars in 1330 bytes} [Wed Aug 9 22:45:50 2023] POST /compute/v2.1/flavors/d2/os-extra_specs => generated 43 bytes in 26 msecs (HTTP/1.1 200) 9 headers in 358 bytes (2 switches on core 0)
Aug 09 22:45:51 user devstack@n-api.service[62660]: DEBUG nova.api.openstack.wsgi [None req-4738f4ba-829c-44ba-8084-9f73f93049b5 None None] Calling method '>' {{(pid=62660) _process_stack /opt/stack/nova/nova/api/openstack/wsgi.py:513}}
Aug 09 22:45:51 user devstack@n-api.service[62660]: INFO nova.api.openstack.requestlog [None req-4738f4ba-829c-44ba-8084-9f73f93049b5 None None] 10.0.0.210 "GET /compute/v2.1" status: 200 len: 387 microversion: 2.1 time: 0.001386
Aug 09 22:45:51 user devstack@n-api.service[62660]: [pid: 62660|app: 0|req: 4/13] 10.0.0.210 () {54 vars in 925 bytes} [Wed Aug 9 22:45:51 2023] GET /compute/v2.1 => generated 387 bytes in 2 msecs (HTTP/1.1 200) 9 headers in 357 bytes (1 switches on core 0)
Aug 09 22:45:52 user devstack@n-api.service[62662]: DEBUG nova.api.openstack.wsgi [None req-7cb4b967-0809-44b1-91af-65208b54a348 admin admin] Action: 'create', calling method: >, body: {"flavor": {"ram": 2048, "vcpus": 2, "OS-FLV-EXT-DATA:ephemeral": 0, "rxtx_factor": 1.0, "swap": 0, "disk": 10, "os-flavor-access:is_public": true, "id": "d3", "name": "ds2G"}} {{(pid=62662) _process_stack /opt/stack/nova/nova/api/openstack/wsgi.py:511}}
Aug 09 22:45:52 user devstack@n-api.service[62662]: INFO nova.api.openstack.requestlog [None req-7cb4b967-0809-44b1-91af-65208b54a348 admin admin] 10.0.0.210 "POST /compute/v2.1/flavors" status: 200 len: 402 microversion: 2.61 time: 0.066678
Aug 09 22:45:52 user devstack@n-api.service[62662]: [pid: 62662|app: 0|req: 5/14] 10.0.0.210 () {64 vars in 1277 bytes} [Wed Aug 9 22:45:51 2023] POST /compute/v2.1/flavors => generated 402 bytes in 68 msecs (HTTP/1.1 200) 9 headers in 359 bytes (1 switches on core 0)
Aug 09 22:45:52 user devstack@n-api.service[62661]: DEBUG nova.api.openstack.wsgi [None req-a859463f-fd11-47b6-9205-b2361ca930d5 admin admin] Action: 'create', calling method: >, body: {"extra_specs": {"hw_rng:allowed": "True"}} {{(pid=62661) _process_stack /opt/stack/nova/nova/api/openstack/wsgi.py:511}}
Aug 09 22:45:52 user devstack@n-api.service[62661]: INFO nova.api.openstack.requestlog [None req-a859463f-fd11-47b6-9205-b2361ca930d5 admin admin] 10.0.0.210 "POST /compute/v2.1/flavors/d3/os-extra_specs" status: 200 len: 43 microversion: 2.61 time: 0.026603
Aug 09 22:45:52 user devstack@n-api.service[62661]: [pid: 62661|app: 0|req: 6/15] 10.0.0.210 () {64 vars in 1330 bytes} [Wed Aug 9 22:45:52 2023] POST /compute/v2.1/flavors/d3/os-extra_specs => generated 43 bytes in 28 msecs (HTTP/1.1 200) 9 headers in 358 bytes (1 switches on core 0)
Aug 09 22:45:53 user devstack@n-api.service[62660]: DEBUG nova.api.openstack.wsgi [None req-4738f4ba-829c-44ba-8084-9f73f93049b5 None None] Calling method '>' {{(pid=62660) _process_stack /opt/stack/nova/nova/api/openstack/wsgi.py:513}}
Aug 09 22:45:53 user devstack@n-api.service[62660]: INFO nova.api.openstack.requestlog [None req-4738f4ba-829c-44ba-8084-9f73f93049b5 None None] 10.0.0.210 "GET /compute/v2.1" status: 200 len: 387 microversion: 2.1 time: 0.001320
Aug 09 22:45:53 user devstack@n-api.service[62660]: [pid: 62660|app: 0|req: 5/16] 10.0.0.210 () {54 vars in 925 bytes} [Wed Aug 9 22:45:53 2023] GET /compute/v2.1 => generated 387 bytes in 2 msecs (HTTP/1.1 200) 9 headers in 357 bytes (1 switches on core 0)
Aug 09 22:45:53 user devstack@n-api.service[62662]: DEBUG nova.api.openstack.wsgi [None req-2b319f1d-f9b7-44c4-a344-d922bf85b8c0 admin admin] Action: 'create', calling method: >, body: {"flavor": {"OS-FLV-EXT-DATA:ephemeral": 0, "disk": 20, "ram": 4096, "os-flavor-access:is_public": true, "name": "ds4G", "id": "d4", "vcpus": 4, "rxtx_factor": 1.0, "swap": 0}} {{(pid=62662) _process_stack /opt/stack/nova/nova/api/openstack/wsgi.py:511}}
Aug 09 22:45:54 user devstack@n-api.service[62662]: INFO nova.api.openstack.requestlog [None req-2b319f1d-f9b7-44c4-a344-d922bf85b8c0 admin admin] 10.0.0.210 "POST /compute/v2.1/flavors" status: 200 len: 402 microversion: 2.61 time: 0.061965
Aug 09 22:45:54 user devstack@n-api.service[62662]: [pid: 62662|app: 0|req: 6/17] 10.0.0.210 () {64 vars in 1277 bytes} [Wed Aug 9 22:45:53 2023] POST /compute/v2.1/flavors => generated 402 bytes in 63 msecs (HTTP/1.1 200) 9 headers in 359 bytes (1 switches on core 0)
Aug 09 22:45:54 user devstack@n-api.service[62661]: DEBUG nova.api.openstack.wsgi [None req-780344ed-1ec6-4a20-849f-cf2ec9bf22b9 admin admin] Action: 'create', calling method: >, body: {"extra_specs": {"hw_rng:allowed": "True"}} {{(pid=62661) _process_stack /opt/stack/nova/nova/api/openstack/wsgi.py:511}}
Aug 09 22:45:54 user devstack@n-api.service[62661]: INFO nova.api.openstack.requestlog [None req-780344ed-1ec6-4a20-849f-cf2ec9bf22b9 admin admin] 10.0.0.210 "POST /compute/v2.1/flavors/d4/os-extra_specs" status: 200 len: 43 microversion: 2.61 time: 0.028701
Aug 09 22:45:54 user devstack@n-api.service[62661]: [pid: 62661|app: 0|req: 7/18] 10.0.0.210 () {64 vars in 1330 bytes} [Wed Aug 9 22:45:54 2023] POST /compute/v2.1/flavors/d4/os-extra_specs => generated 43 bytes in 31 msecs (HTTP/1.1 200) 9 headers in 358 bytes (1 switches on core 0)
Aug 09 22:45:55 user devstack@n-api.service[62660]: DEBUG nova.api.openstack.wsgi [None req-4738f4ba-829c-44ba-8084-9f73f93049b5 None None] Calling method '>' {{(pid=62660) _process_stack /opt/stack/nova/nova/api/openstack/wsgi.py:513}}
Aug 09 22:45:56 user devstack@n-api.service[62660]: INFO nova.api.openstack.requestlog [None req-4738f4ba-829c-44ba-8084-9f73f93049b5 None None] 10.0.0.210 "GET /compute/v2.1" status: 200 len: 387 microversion: 2.1 time: 0.001755
Aug 09 22:45:56 user devstack@n-api.service[62660]: [pid: 62660|app: 0|req: 6/19] 10.0.0.210 () {54 vars in 925 bytes} [Wed Aug 9 22:45:55 2023] GET /compute/v2.1 => generated 387 bytes in 3 msecs (HTTP/1.1 200) 9 headers in 357 bytes (1 switches on core 0)
Aug 09 22:45:56 user devstack@n-api.service[62662]: DEBUG nova.api.openstack.wsgi [None req-ee4a63ea-e59a-40f5-ae13-3a9abcf96996 admin admin] Calling method '>' {{(pid=62662) _process_stack /opt/stack/nova/nova/api/openstack/wsgi.py:513}}
Aug 09 22:45:56 user devstack@n-api.service[62662]: INFO nova.api.openstack.requestlog [None req-ee4a63ea-e59a-40f5-ae13-3a9abcf96996 admin admin] 10.0.0.210 "GET /compute/v2.1/flavors/detail?is_public=True" status: 200 len: 2096 microversion: 2.61 time: 0.066259
Aug 09 22:45:56 user devstack@n-api.service[62662]: [pid: 62662|app: 0|req: 7/20] 10.0.0.210 () {60 vars in 1286 bytes} [Wed Aug 9 22:45:56 2023] GET /compute/v2.1/flavors/detail?is_public=True => generated 2096 bytes in 67 msecs (HTTP/1.1 200) 9 headers in 360 bytes (1 switches on core 0)
Aug 09 22:45:57 user devstack@n-api.service[62661]: DEBUG nova.api.openstack.wsgi [None req-780344ed-1ec6-4a20-849f-cf2ec9bf22b9 admin admin] Calling method '>' {{(pid=62661) _process_stack /opt/stack/nova/nova/api/openstack/wsgi.py:513}}
Aug 09 22:45:57 user devstack@n-api.service[62661]: INFO nova.api.openstack.requestlog [None req-780344ed-1ec6-4a20-849f-cf2ec9bf22b9 admin admin] 10.0.0.210 "GET /compute/v2.1" status: 200 len: 387 microversion: 2.1 time: 0.002144
Aug 09 22:45:57 user devstack@n-api.service[62661]: [pid: 62661|app: 0|req: 8/21] 10.0.0.210 () {54 vars in 925 bytes} [Wed Aug 9 22:45:57 2023] GET /compute/v2.1 => generated 387 bytes in 3 msecs (HTTP/1.1 200) 9 headers in 357 bytes (1 switches on core 0)
Aug 09 22:45:58 user devstack@n-api.service[62660]: DEBUG dbcounter [-] [62660] Writing DB stats nova_api:SELECT=3 {{(pid=62660) stat_writer /usr/local/lib/python3.10/dist-packages/dbcounter.py:115}}
Aug 09 22:45:58 user devstack@n-api.service[62660]: DEBUG dbcounter [-] [62660] Writing DB stats nova_cell0:SELECT=3 {{(pid=62660) stat_writer /usr/local/lib/python3.10/dist-packages/dbcounter.py:115}}
Aug 09 22:45:58 user devstack@n-api.service[62660]: DEBUG dbcounter [-] [62660] Writing DB stats nova_cell1:SELECT=3 {{(pid=62660) stat_writer /usr/local/lib/python3.10/dist-packages/dbcounter.py:115}}
Aug 09 22:45:58 user devstack@n-api.service[62660]: DEBUG dbcounter [-] [62660] Writing DB stats nova_cell0:SELECT=6,nova_cell0:INSERT=1 {{(pid=62660) stat_writer /usr/local/lib/python3.10/dist-packages/dbcounter.py:115}}
Aug 09 22:45:58 user devstack@n-api.service[62660]: DEBUG nova.api.openstack.wsgi [None req-e6dc8d07-5edb-4aca-9525-97d5617a2b75 admin admin] Action: 'create', calling method: >, body: {"flavor": {"id": "1", "rxtx_factor": 1.0, "OS-FLV-EXT-DATA:ephemeral": 0, "vcpus": 1, "disk": 1, "os-flavor-access:is_public": true, "name": "m1.tiny", "swap": 0, "ram": 512}} {{(pid=62660) _process_stack /opt/stack/nova/nova/api/openstack/wsgi.py:511}}
Aug 09 22:45:58 user devstack@n-api.service[62660]: INFO nova.api.openstack.requestlog [None req-e6dc8d07-5edb-4aca-9525-97d5617a2b75 admin admin] 10.0.0.210 "POST /compute/v2.1/flavors" status: 200 len: 400 microversion: 2.61 time: 0.299006
Aug 09 22:45:58 user devstack@n-api.service[62660]: [pid: 62660|app: 0|req: 7/22] 10.0.0.210 () {64 vars in 1277 bytes} [Wed Aug 9 22:45:57 2023] POST /compute/v2.1/flavors => generated 400 bytes in 300 msecs (HTTP/1.1 200) 9 headers in 359 bytes (1 switches on core 0)
Aug 09 22:45:58 user devstack@n-api.service[62662]: DEBUG nova.api.openstack.wsgi [None req-99128a98-ed52-4910-97bf-5801589bc460 admin admin] Action: 'create', calling method: >, body: {"extra_specs": {"hw_rng:allowed": "True"}} {{(pid=62662) _process_stack /opt/stack/nova/nova/api/openstack/wsgi.py:511}}
Aug 09 22:45:58 user devstack@n-api.service[62662]: INFO nova.api.openstack.requestlog [None req-99128a98-ed52-4910-97bf-5801589bc460 admin admin] 10.0.0.210 "POST /compute/v2.1/flavors/1/os-extra_specs" status: 200 len: 43 microversion: 2.61 time: 0.035727
Aug 09 22:45:58 user devstack@n-api.service[62662]: [pid: 62662|app: 0|req: 8/23] 10.0.0.210 () {64 vars in 1327 bytes} [Wed Aug 9 22:45:58 2023] POST /compute/v2.1/flavors/1/os-extra_specs => generated 43 bytes in 37 msecs (HTTP/1.1 200) 9 headers in 358 bytes (1 switches on core 0)
Aug 09 22:46:00 user devstack@n-api.service[62661]: DEBUG nova.api.openstack.wsgi [None req-780344ed-1ec6-4a20-849f-cf2ec9bf22b9 admin admin] Calling method '>' {{(pid=62661) _process_stack /opt/stack/nova/nova/api/openstack/wsgi.py:513}}
Aug 09 22:46:00 user devstack@n-api.service[62661]: INFO nova.api.openstack.requestlog [None req-780344ed-1ec6-4a20-849f-cf2ec9bf22b9 admin admin] 10.0.0.210 "GET /compute/v2.1" status: 200 len: 387 microversion: 2.1 time: 0.001631
Aug 09 22:46:00 user devstack@n-api.service[62661]: [pid: 62661|app: 0|req: 9/24] 10.0.0.210 () {54 vars in 925 bytes} [Wed Aug 9 22:46:00 2023] GET /compute/v2.1 => generated 387 bytes in 3 msecs (HTTP/1.1 200) 9 headers in 357 bytes (1 switches on core 0)
Aug 09 22:46:00 user devstack@n-api.service[62660]: DEBUG nova.api.openstack.wsgi [None req-5f934f38-b1b5-488f-ae70-39e79a041411 admin admin] Action: 'create', calling method: >, body: {"flavor": {"os-flavor-access:is_public": true, "id": "2", "rxtx_factor": 1.0, "swap": 0, "OS-FLV-EXT-DATA:ephemeral": 0, "vcpus": 1, "ram": 2048, "disk": 20, "name": "m1.small"}} {{(pid=62660) _process_stack /opt/stack/nova/nova/api/openstack/wsgi.py:511}}
Aug 09 22:46:00 user devstack@n-api.service[62660]: INFO nova.api.openstack.requestlog [None req-5f934f38-b1b5-488f-ae70-39e79a041411 admin admin] 10.0.0.210 "POST /compute/v2.1/flavors" status: 200 len: 403 microversion: 2.61 time: 0.060052
Aug 09 22:46:00 user devstack@n-api.service[62660]: [pid: 62660|app: 0|req: 8/25] 10.0.0.210 () {64 vars in 1277 bytes} [Wed Aug 9 22:46:00 2023] POST /compute/v2.1/flavors => generated 403 bytes in 61 msecs (HTTP/1.1 200) 9 headers in 359 bytes (1 switches on core 0)
Aug 09 22:46:00 user devstack@n-api.service[62662]: DEBUG nova.api.openstack.wsgi [None req-ff306cb7-714e-40cf-aba9-a3a3fc68a972 admin admin] Action: 'create', calling method: >, body: {"extra_specs": {"hw_rng:allowed": "True"}} {{(pid=62662) _process_stack /opt/stack/nova/nova/api/openstack/wsgi.py:511}}
Aug 09 22:46:00 user devstack@n-api.service[62662]: INFO nova.api.openstack.requestlog [None req-ff306cb7-714e-40cf-aba9-a3a3fc68a972 admin admin] 10.0.0.210 "POST /compute/v2.1/flavors/2/os-extra_specs" status: 200 len: 43 microversion: 2.61 time: 0.026737
Aug 09 22:46:00 user devstack@n-api.service[62662]: [pid: 62662|app: 0|req: 9/26] 10.0.0.210 () {64 vars in 1327 bytes} [Wed Aug 9 22:46:00 2023] POST /compute/v2.1/flavors/2/os-extra_specs => generated 43 bytes in 28 msecs (HTTP/1.1 200) 9 headers in 358 bytes (1 switches on core 0)
Aug 09 22:46:02 user devstack@n-api.service[62661]: DEBUG nova.api.openstack.wsgi [None req-780344ed-1ec6-4a20-849f-cf2ec9bf22b9 admin admin] Calling method '>' {{(pid=62661) _process_stack /opt/stack/nova/nova/api/openstack/wsgi.py:513}}
Aug 09 22:46:02 user devstack@n-api.service[62661]: INFO nova.api.openstack.requestlog [None req-780344ed-1ec6-4a20-849f-cf2ec9bf22b9 admin admin] 10.0.0.210 "GET /compute/v2.1" status: 200 len: 387 microversion: 2.1 time: 0.001544
Aug 09 22:46:02 user devstack@n-api.service[62661]: [pid: 62661|app: 0|req: 10/27] 10.0.0.210 () {54 vars in 925 bytes} [Wed Aug 9 22:46:02 2023] GET /compute/v2.1 => generated 387 bytes in 2 msecs (HTTP/1.1 200) 9 headers in 357 bytes (1 switches on core 0)
Aug 09 22:46:02 user devstack@n-api.service[62660]: DEBUG nova.api.openstack.wsgi [None req-95260fe8-efd4-4112-943f-014bda170a0e admin admin] Action: 'create', calling method: >, body: {"flavor": {"swap": 0, "os-flavor-access:is_public": true, "name": "m1.medium", "id": "3", "vcpus": 2, "OS-FLV-EXT-DATA:ephemeral": 0, "rxtx_factor": 1.0, "disk": 40, "ram": 4096}} {{(pid=62660) _process_stack /opt/stack/nova/nova/api/openstack/wsgi.py:511}}
Aug 09 22:46:02 user devstack@n-api.service[62660]: INFO nova.api.openstack.requestlog [None req-95260fe8-efd4-4112-943f-014bda170a0e admin admin] 10.0.0.210 "POST /compute/v2.1/flavors" status: 200 len: 404 microversion: 2.61 time: 0.057904
Aug 09 22:46:02 user devstack@n-api.service[62660]: [pid: 62660|app: 0|req: 9/28] 10.0.0.210 () {64 vars in 1277 bytes} [Wed Aug 9 22:46:02 2023] POST /compute/v2.1/flavors => generated 404 bytes in 59 msecs (HTTP/1.1 200) 9 headers in 359 bytes (1 switches on core 0)
Aug 09 22:46:02 user devstack@n-api.service[62662]: DEBUG nova.api.openstack.wsgi [None req-c252e129-1db2-4081-b266-abf39852005a admin admin] Action: 'create', calling method: >, body: {"extra_specs": {"hw_rng:allowed": "True"}} {{(pid=62662) _process_stack /opt/stack/nova/nova/api/openstack/wsgi.py:511}}
Aug 09 22:46:02 user devstack@n-api.service[62662]: INFO nova.api.openstack.requestlog [None req-c252e129-1db2-4081-b266-abf39852005a admin admin] 10.0.0.210 "POST /compute/v2.1/flavors/3/os-extra_specs" status: 200 len: 43 microversion: 2.61 time: 0.027589
Aug 09 22:46:02 user devstack@n-api.service[62662]: [pid: 62662|app: 0|req: 10/29] 10.0.0.210 () {64 vars in 1327 bytes} [Wed Aug 9 22:46:02 2023] POST /compute/v2.1/flavors/3/os-extra_specs => generated 43 bytes in 29 msecs (HTTP/1.1 200) 9 headers in 358 bytes (1 switches on core 0)
Aug 09 22:46:04 user devstack@n-api.service[62661]: DEBUG nova.api.openstack.wsgi [None req-780344ed-1ec6-4a20-849f-cf2ec9bf22b9 admin admin] Calling method '>' {{(pid=62661) _process_stack /opt/stack/nova/nova/api/openstack/wsgi.py:513}}
Aug 09 22:46:04 user devstack@n-api.service[62661]: INFO nova.api.openstack.requestlog [None req-780344ed-1ec6-4a20-849f-cf2ec9bf22b9 admin admin] 10.0.0.210 "GET /compute/v2.1" status: 200 len: 387 microversion: 2.1 time: 0.001652
Aug 09 22:46:04 user devstack@n-api.service[62661]: [pid: 62661|app: 0|req: 11/30] 10.0.0.210 () {54 vars in 925 bytes} [Wed Aug 9 22:46:04 2023] GET /compute/v2.1 => generated 387 bytes in 3 msecs (HTTP/1.1 200) 9 headers in 357 bytes (1 switches on core 0)
Aug 09 22:46:04 user devstack@n-api.service[62660]: DEBUG nova.api.openstack.wsgi [None req-0a37da42-5ffc-444c-8a12-2a6e9e36b2b7 admin admin] Action: 'create', calling method: >, body: {"flavor": {"rxtx_factor": 1.0, "vcpus": 4, "swap": 0, "id": "4", "disk": 80, "OS-FLV-EXT-DATA:ephemeral": 0, "name": "m1.large", "os-flavor-access:is_public": true, "ram": 8192}} {{(pid=62660) _process_stack /opt/stack/nova/nova/api/openstack/wsgi.py:511}}
Aug 09 22:46:04 user devstack@n-api.service[62660]: INFO nova.api.openstack.requestlog [None req-0a37da42-5ffc-444c-8a12-2a6e9e36b2b7 admin admin] 10.0.0.210 "POST /compute/v2.1/flavors" status: 200 len: 403 microversion: 2.61 time: 0.061123
Aug 09 22:46:04 user devstack@n-api.service[62660]: [pid: 62660|app: 0|req: 10/31] 10.0.0.210 () {64 vars in 1277 bytes} [Wed Aug 9 22:46:04 2023] POST /compute/v2.1/flavors => generated 403 bytes in 63 msecs (HTTP/1.1 200) 9 headers in 359 bytes (1 switches on core 0)
Aug 09 22:46:04 user devstack@n-api.service[62662]: DEBUG nova.api.openstack.wsgi [None req-7fac3662-a811-4451-82e7-91d647c6e5dc admin admin] Action: 'create', calling method: >, body: {"extra_specs": {"hw_rng:allowed": "True"}} {{(pid=62662) _process_stack /opt/stack/nova/nova/api/openstack/wsgi.py:511}}
Aug 09 22:46:04 user devstack@n-api.service[62662]: INFO nova.api.openstack.requestlog [None req-7fac3662-a811-4451-82e7-91d647c6e5dc admin admin] 10.0.0.210 "POST /compute/v2.1/flavors/4/os-extra_specs" status: 200 len: 43 microversion: 2.61 time: 0.023816
Aug 09 22:46:04 user devstack@n-api.service[62662]: [pid: 62662|app: 0|req: 11/32] 10.0.0.210 () {64 vars in 1327 bytes} [Wed Aug 9 22:46:04 2023] POST /compute/v2.1/flavors/4/os-extra_specs => generated 43 bytes in 25 msecs (HTTP/1.1 200) 9 headers in 358 bytes (1 switches on core 0)
Aug 09 22:46:06 user devstack@n-api.service[62661]: DEBUG nova.api.openstack.wsgi [None req-780344ed-1ec6-4a20-849f-cf2ec9bf22b9 admin admin] Calling method '>' {{(pid=62661) _process_stack /opt/stack/nova/nova/api/openstack/wsgi.py:513}}
Aug 09 22:46:06 user devstack@n-api.service[62661]: INFO nova.api.openstack.requestlog [None req-780344ed-1ec6-4a20-849f-cf2ec9bf22b9 admin admin] 10.0.0.210 "GET /compute/v2.1" status: 200 len: 387 microversion: 2.1 time: 0.001716
Aug 09 22:46:06 user devstack@n-api.service[62661]: [pid: 62661|app: 0|req: 12/33] 10.0.0.210 () {54 vars in 925 bytes} [Wed Aug 9 22:46:06 2023] GET /compute/v2.1 => generated 387 bytes in 3 msecs (HTTP/1.1 200) 9 headers in 357 bytes (1 switches on core 0)
Aug 09 22:46:06 user devstack@n-api.service[62660]: DEBUG nova.api.openstack.wsgi [None req-f4e9f20c-2361-453c-bd05-2d71211aa015 admin admin] Action: 'create', calling method: >, body: {"flavor": {"ram": 16384, "os-flavor-access:is_public": true, "rxtx_factor": 1.0, "vcpus": 8, "disk": 160, "id": "5", "name": "m1.xlarge", "OS-FLV-EXT-DATA:ephemeral": 0, "swap": 0}} {{(pid=62660) _process_stack /opt/stack/nova/nova/api/openstack/wsgi.py:511}}
Aug 09 22:46:06 user devstack@n-api.service[62660]: INFO nova.api.openstack.requestlog [None req-f4e9f20c-2361-453c-bd05-2d71211aa015 admin admin] 10.0.0.210 "POST /compute/v2.1/flavors" status: 200 len: 406 microversion: 2.61 time: 0.058838
Aug 09 22:46:06 user devstack@n-api.service[62660]: [pid: 62660|app: 0|req: 11/34] 10.0.0.210 () {64 vars in 1277 bytes} [Wed Aug 9 22:46:06 2023] POST /compute/v2.1/flavors => generated 406 bytes in 60 msecs (HTTP/1.1 200) 9 headers in 359 bytes (2 switches on core 0)
Aug 09 22:46:06 user devstack@n-api.service[62662]: DEBUG nova.api.openstack.wsgi [None req-42d48292-71c0-49ee-8766-93266ed18907 admin admin] Action: 'create', calling method: >, body: {"extra_specs": {"hw_rng:allowed": "True"}} {{(pid=62662) _process_stack /opt/stack/nova/nova/api/openstack/wsgi.py:511}}
Aug 09 22:46:06 user devstack@n-api.service[62662]: INFO nova.api.openstack.requestlog [None req-42d48292-71c0-49ee-8766-93266ed18907 admin admin] 10.0.0.210 "POST /compute/v2.1/flavors/5/os-extra_specs" status: 200 len: 43 microversion: 2.61 time: 0.028575
Aug 09 22:46:06 user devstack@n-api.service[62662]: [pid: 62662|app: 0|req: 12/35] 10.0.0.210 () {64 vars in 1327 bytes} [Wed Aug 9 22:46:06 2023] POST /compute/v2.1/flavors/5/os-extra_specs => generated 43 bytes in 30 msecs (HTTP/1.1 200) 9 headers in 358 bytes (1 switches on core 0)
Aug 09 22:46:38 user devstack@n-api.service[62661]: DEBUG nova.api.openstack.wsgi [None req-780344ed-1ec6-4a20-849f-cf2ec9bf22b9 admin admin] Calling method '>' {{(pid=62661) _process_stack /opt/stack/nova/nova/api/openstack/wsgi.py:513}}
Aug 09 22:46:38 user devstack@n-api.service[62661]: INFO nova.api.openstack.requestlog [None req-780344ed-1ec6-4a20-849f-cf2ec9bf22b9 admin admin] 10.0.0.210 "GET /compute/v2.1" status: 200 len: 387 microversion: 2.1 time: 0.001778
Aug 09 22:46:38 user devstack@n-api.service[62661]: [pid: 62661|app: 0|req: 13/36] 10.0.0.210 () {58 vars in 1007 bytes} [Wed Aug 9 22:46:38 2023] GET /compute/v2.1 => generated 387 bytes in 3 msecs (HTTP/1.1 200) 9 headers in 357 bytes (1 switches on core 0)
Aug 09 22:46:38 user devstack@n-api.service[62660]: DEBUG dbcounter [-] [62660] Writing DB stats nova_api:SELECT=15,nova_api:INSERT=5 {{(pid=62660) stat_writer /usr/local/lib/python3.10/dist-packages/dbcounter.py:115}}
Aug 09 22:46:38 user devstack@n-api.service[62660]: DEBUG nova.api.openstack.wsgi [None req-46c574ba-15cc-479d-a98f-823333803ed5 admin admin] Calling method '>' {{(pid=62660) _process_stack /opt/stack/nova/nova/api/openstack/wsgi.py:513}}
Aug 09 22:46:38 user devstack@n-api.service[62660]: DEBUG oslo_concurrency.lockutils [None req-46c574ba-15cc-479d-a98f-823333803ed5 admin admin] Acquiring lock "00000000-0000-0000-0000-000000000000" by "nova.context.set_target_cell..get_or_set_cached_cell_and_set_connections" {{(pid=62660) inner /usr/local/lib/python3.10/dist-packages/oslo_concurrency/lockutils.py:404}}
Aug 09 22:46:38 user devstack@n-api.service[62660]: DEBUG oslo_concurrency.lockutils [None req-46c574ba-15cc-479d-a98f-823333803ed5 admin admin] Lock "00000000-0000-0000-0000-000000000000" acquired by "nova.context.set_target_cell..get_or_set_cached_cell_and_set_connections" :: waited 0.000s {{(pid=62660) inner /usr/local/lib/python3.10/dist-packages/oslo_concurrency/lockutils.py:409}}
Aug 09 22:46:38 user devstack@n-api.service[62660]: DEBUG oslo_concurrency.lockutils [None req-46c574ba-15cc-479d-a98f-823333803ed5 admin admin] Lock "00000000-0000-0000-0000-000000000000" "released" by "nova.context.set_target_cell..get_or_set_cached_cell_and_set_connections" :: held 0.000s {{(pid=62660) inner /usr/local/lib/python3.10/dist-packages/oslo_concurrency/lockutils.py:423}}
Aug 09 22:46:38 user devstack@n-api.service[62660]: DEBUG oslo_concurrency.lockutils [None req-46c574ba-15cc-479d-a98f-823333803ed5 admin admin] Acquiring lock "afbd0f00-8542-4872-a3b9-e1ad8e0cc233" by "nova.context.set_target_cell..get_or_set_cached_cell_and_set_connections" {{(pid=62660) inner /usr/local/lib/python3.10/dist-packages/oslo_concurrency/lockutils.py:404}}
Aug 09 22:46:38 user devstack@n-api.service[62660]: DEBUG oslo_concurrency.lockutils [None req-46c574ba-15cc-479d-a98f-823333803ed5 admin admin] Lock "afbd0f00-8542-4872-a3b9-e1ad8e0cc233" acquired by "nova.context.set_target_cell..get_or_set_cached_cell_and_set_connections" :: waited 0.000s {{(pid=62660) inner /usr/local/lib/python3.10/dist-packages/oslo_concurrency/lockutils.py:409}}
Aug 09 22:46:38 user devstack@n-api.service[62660]: DEBUG oslo_concurrency.lockutils [None req-46c574ba-15cc-479d-a98f-823333803ed5 admin admin] Lock "afbd0f00-8542-4872-a3b9-e1ad8e0cc233" "released" by "nova.context.set_target_cell..get_or_set_cached_cell_and_set_connections" :: held 0.000s {{(pid=62660) inner /usr/local/lib/python3.10/dist-packages/oslo_concurrency/lockutils.py:423}}
Aug 09 22:46:38 user devstack@n-api.service[62660]: INFO nova.api.openstack.requestlog [None req-46c574ba-15cc-479d-a98f-823333803ed5 admin admin] 10.0.0.210 "GET /compute/v2.1/os-services?binary=nova-compute&host=user" status: 200 len: 247 microversion: 2.69 time: 0.090890
Aug 09 22:46:38 user devstack@n-api.service[62660]: [pid: 62660|app: 0|req: 12/37] 10.0.0.210 () {64 vars in 1389 bytes} [Wed Aug 9 22:46:38 2023] GET /compute/v2.1/os-services?binary=nova-compute&host=user => generated 247 bytes in 92 msecs (HTTP/1.1 200) 9 headers in 359 bytes (1 switches on core 0)
Aug 09 22:47:10 user devstack@n-api.service[62662]: DEBUG nova.api.openstack.wsgi [None req-42d48292-71c0-49ee-8766-93266ed18907 admin admin] Calling method '>' {{(pid=62662) _process_stack /opt/stack/nova/nova/api/openstack/wsgi.py:513}}
Aug 09 22:47:10 user devstack@n-api.service[62662]: INFO nova.api.openstack.requestlog [None req-42d48292-71c0-49ee-8766-93266ed18907 admin admin] 10.0.0.210 "GET /compute/v2.1" status: 200 len: 387 microversion: 2.1 time: 0.001454
Aug 09 22:47:10 user devstack@n-api.service[62662]: [pid: 62662|app: 0|req: 13/38] 10.0.0.210 () {58 vars in 1007 bytes} [Wed Aug 9 22:47:10 2023] GET /compute/v2.1 => generated 387 bytes in 2 msecs (HTTP/1.1 200) 9 headers in 357 bytes (1 switches on core 0)
Aug 09 22:47:10 user devstack@n-api.service[62661]: DEBUG dbcounter [-] [62661] Writing DB stats nova_api:SELECT=32,nova_api:SAVEPOINT=5,nova_api:INSERT=5,nova_api:RELEASE=5 {{(pid=62661) stat_writer /usr/local/lib/python3.10/dist-packages/dbcounter.py:115}}
Aug 09 22:47:10 user devstack@n-api.service[62661]: DEBUG nova.api.openstack.wsgi [None req-71c358c8-1d2f-4945-910b-5732e724045e admin admin] Calling method '>' {{(pid=62661) _process_stack /opt/stack/nova/nova/api/openstack/wsgi.py:513}}
Aug 09 22:47:10 user devstack@n-api.service[62661]: INFO nova.api.openstack.requestlog [None req-71c358c8-1d2f-4945-910b-5732e724045e admin admin] 10.0.0.210 "GET /compute/v2.1/flavors/detail?is_public=True" status: 200 len: 4182 microversion: 2.61 time: 0.070804
Aug 09 22:47:10 user devstack@n-api.service[62661]: [pid: 62661|app: 0|req: 14/39] 10.0.0.210 () {64 vars in 1368 bytes} [Wed Aug 9 22:47:10 2023] GET /compute/v2.1/flavors/detail?is_public=True => generated 4182 bytes in 72 msecs (HTTP/1.1 200) 9 headers in 360 bytes (1 switches on core 0)
Aug 09 22:47:12 user devstack@n-api.service[62660]: DEBUG nova.api.openstack.wsgi [None req-46c574ba-15cc-479d-a98f-823333803ed5 admin admin] Calling method '>' {{(pid=62660) _process_stack /opt/stack/nova/nova/api/openstack/wsgi.py:513}}
Aug 09 22:47:12 user devstack@n-api.service[62660]: INFO nova.api.openstack.requestlog [None req-46c574ba-15cc-479d-a98f-823333803ed5 admin admin] 10.0.0.210 "GET /compute/v2.1" status: 200 len: 387 microversion: 2.1 time: 0.001667
Aug 09 22:47:12 user devstack@n-api.service[62660]: [pid: 62660|app: 0|req: 13/40] 10.0.0.210 () {58 vars in 1007 bytes} [Wed Aug 9 22:47:12 2023] GET /compute/v2.1 => generated 387 bytes in 3 msecs (HTTP/1.1 200) 9 headers in 357 bytes (1 switches on core 0)
Aug 09 22:47:12 user devstack@n-api.service[62662]: DEBUG dbcounter [-] [62662] Writing DB stats nova_api:SELECT=47,nova_api:INSERT=10,nova_api:SAVEPOINT=5,nova_api:RELEASE=5 {{(pid=62662) stat_writer /usr/local/lib/python3.10/dist-packages/dbcounter.py:115}}
Aug 09 22:47:12 user devstack@n-api.service[62662]: DEBUG nova.api.openstack.wsgi [None req-1b4c9770-8f5d-42f7-837c-1a0e3a19cc34 admin admin] Calling method '>' {{(pid=62662) _process_stack /opt/stack/nova/nova/api/openstack/wsgi.py:513}}
Aug 09 22:47:12 user devstack@n-api.service[62662]: INFO nova.api.openstack.requestlog [None req-1b4c9770-8f5d-42f7-837c-1a0e3a19cc34 admin admin] 10.0.0.210 "GET /compute/v2.1/flavors/1" status: 200 len: 424 microversion: 2.61 time: 0.062097
Aug 09 22:47:12 user devstack@n-api.service[62662]: [pid: 62662|app: 0|req: 14/41] 10.0.0.210 () {64 vars in 1311 bytes} [Wed Aug 9 22:47:12 2023] GET /compute/v2.1/flavors/1 => generated 424 bytes in 63 msecs (HTTP/1.1 200) 9 headers in 359 bytes (1 switches on core 0)
Aug 09 22:47:14 user devstack@n-api.service[62661]: DEBUG nova.api.openstack.wsgi [None req-71c358c8-1d2f-4945-910b-5732e724045e admin admin] Calling method '>' {{(pid=62661) _process_stack /opt/stack/nova/nova/api/openstack/wsgi.py:513}}
Aug 09 22:47:14 user devstack@n-api.service[62661]: INFO nova.api.openstack.requestlog [None req-71c358c8-1d2f-4945-910b-5732e724045e admin admin] 10.0.0.210 "GET /compute/v2.1" status: 200 len: 387 microversion: 2.1 time: 0.001438
Aug 09 22:47:14 user devstack@n-api.service[62661]: [pid: 62661|app: 0|req: 15/42] 10.0.0.210 () {58 vars in 1007 bytes} [Wed Aug 9 22:47:14 2023] GET /compute/v2.1 => generated 387 bytes in 2 msecs (HTTP/1.1 200) 9 headers in 357 bytes (1 switches on core 0)
Aug 09 22:47:14 user devstack@n-api.service[62660]: DEBUG dbcounter [-] [62660] Writing DB stats nova_cell0:SELECT=2 {{(pid=62660) stat_writer /usr/local/lib/python3.10/dist-packages/dbcounter.py:115}}
Aug 09 22:47:14 user devstack@n-api.service[62660]: DEBUG dbcounter [-] [62660] Writing DB stats nova_cell1:SELECT=2 {{(pid=62660) stat_writer /usr/local/lib/python3.10/dist-packages/dbcounter.py:115}}
Aug 09 22:47:14 user devstack@n-api.service[62660]: DEBUG dbcounter [-] [62660] Writing DB stats nova_api:SELECT=4 {{(pid=62660) stat_writer /usr/local/lib/python3.10/dist-packages/dbcounter.py:115}}
Aug 09 22:47:14 user devstack@n-api.service[62660]: DEBUG nova.api.openstack.wsgi [None req-d90083c8-8098-42b2-9198-b518e030d244 admin admin] Calling method '>' {{(pid=62660) _process_stack /opt/stack/nova/nova/api/openstack/wsgi.py:513}}
Aug 09 22:47:14 user devstack@n-api.service[62660]: INFO nova.api.openstack.requestlog [None req-d90083c8-8098-42b2-9198-b518e030d244 admin admin] 10.0.0.210 "GET /compute/v2.1/flavors/2" status: 200 len: 427 microversion: 2.61 time: 0.071157
Aug 09 22:47:14 user devstack@n-api.service[62660]: [pid: 62660|app: 0|req: 14/43] 10.0.0.210 () {64 vars in 1311 bytes} [Wed Aug 9 22:47:14 2023] GET /compute/v2.1/flavors/2 => generated 427 bytes in 72 msecs (HTTP/1.1 200) 9 headers in 359 bytes (1 switches on core 0)
Aug 09 22:49:49 user devstack@n-api.service[62662]: DEBUG dbcounter [-] [62662] Writing DB stats nova_api:SELECT=2 {{(pid=62662) stat_writer /usr/local/lib/python3.10/dist-packages/dbcounter.py:115}}
Aug 09 22:49:50 user devstack@n-api.service[62662]: DEBUG nova.api.openstack.wsgi [None req-0fdb81fb-8d90-4a7d-a117-e5df3d8e2e00 tempest-ServerBootFromVolumeStableRescueTest-426575742 tempest-ServerBootFromVolumeStableRescueTest-426575742-project-member] Action: 'create', calling method: >, body: {"server": {"name": "tempest-ServerBootFromVolumeStableRescueTest-server-935040839", "imageRef": "1f9d9956-e987-40f0-9bbf-df1fe47ca751", "flavorRef": "1", "networks": [{"uuid": "f71ec857-9909-42ed-9dbb-487782552607"}]}} {{(pid=62662) _process_stack /opt/stack/nova/nova/api/openstack/wsgi.py:511}}
Aug 09 22:49:50 user devstack@n-api.service[62662]: DEBUG nova.network.neutron [None req-0fdb81fb-8d90-4a7d-a117-e5df3d8e2e00 tempest-ServerBootFromVolumeStableRescueTest-426575742 tempest-ServerBootFromVolumeStableRescueTest-426575742-project-member] validate_networks() for [('f71ec857-9909-42ed-9dbb-487782552607', None, None, None, None, None)] {{(pid=62662) validate_networks /opt/stack/nova/nova/network/neutron.py:2638}}
Aug 09 22:49:51 user devstack@n-api.service[62661]: DEBUG dbcounter [-] [62661] Writing DB stats nova_api:SELECT=2 {{(pid=62661) stat_writer /usr/local/lib/python3.10/dist-packages/dbcounter.py:115}}
Aug 09 22:49:51 user devstack@n-api.service[62661]: DEBUG nova.api.openstack.wsgi [None req-e0b3e1d4-0ef0-4d1a-ada6-88b2344cb603 tempest-ServerActionsV293TestJSON-1870090794 tempest-ServerActionsV293TestJSON-1870090794-project-member] Action: 'create', calling method: .version_select at 0x7f577ccbca60>, body: {"keypair": {"name": "tempest-keypair-1505891920", "public_key": "ecdsa-sha2-nistp384 AAAAE2VjZHNhLXNoYTItbmlzdHAzODQAAAAIbmlzdHAzODQAAABhBJAoSaQCdVvuh57WXjFA13EBow7aKBmqRgJwb6HwSpyFB+eussplICF19CzXtR/xzCNYd09zaCo7OZWi2arzQlCx/TWpdlW31VSARWFAbCK5rWCe0CK613+EMVVBpM3mvg=="}} {{(pid=62661) _process_stack /opt/stack/nova/nova/api/openstack/wsgi.py:511}}
Aug 09 22:49:51 user devstack@n-api.service[62661]: DEBUG nova.quota [None req-e0b3e1d4-0ef0-4d1a-ada6-88b2344cb603 tempest-ServerActionsV293TestJSON-1870090794 tempest-ServerActionsV293TestJSON-1870090794-project-member] Getting quotas for project 501f4894d8ce46d08a02baf924d7e51e. Resources: {'key_pairs'} {{(pid=62661) _get_quotas /opt/stack/nova/nova/quota.py:393}}
Aug 09 22:49:51 user devstack@n-api.service[62661]: DEBUG nova.quota [None req-e0b3e1d4-0ef0-4d1a-ada6-88b2344cb603 tempest-ServerActionsV293TestJSON-1870090794 tempest-ServerActionsV293TestJSON-1870090794-project-member] Getting quotas for user 0be4e91cf0054f548ea7a1d75426b72b and project 501f4894d8ce46d08a02baf924d7e51e. Resources: {'key_pairs'} {{(pid=62661) _get_quotas /opt/stack/nova/nova/quota.py:383}}
Aug 09 22:49:51 user devstack@n-api.service[62661]: INFO nova.api.openstack.requestlog [None req-e0b3e1d4-0ef0-4d1a-ada6-88b2344cb603 tempest-ServerActionsV293TestJSON-1870090794 tempest-ServerActionsV293TestJSON-1870090794-project-member] 10.0.0.210 "POST /compute/v2.1/os-keypairs" status: 201 len: 401 microversion: 2.93 time: 0.287334
Aug 09 22:49:51 user devstack@n-api.service[62661]: [pid: 62661|app: 0|req: 16/44] 10.0.0.210 () {66 vars in 1277 bytes} [Wed Aug 9 22:49:51 2023] POST /compute/v2.1/os-keypairs => generated 401 bytes in 290 msecs (HTTP/1.1 201) 9 headers in 364 bytes (1 switches on core 0)
Aug 09 22:49:51 user devstack@n-api.service[62662]: DEBUG nova.virt.hardware [None req-0fdb81fb-8d90-4a7d-a117-e5df3d8e2e00 tempest-ServerBootFromVolumeStableRescueTest-426575742 tempest-ServerBootFromVolumeStableRescueTest-426575742-project-member] Flavor limits 0:0:0 {{(pid=62662) get_cpu_topology_constraints /opt/stack/nova/nova/virt/hardware.py:343}}
Aug 09 22:49:51 user devstack@n-api.service[62662]: DEBUG nova.virt.hardware [None req-0fdb81fb-8d90-4a7d-a117-e5df3d8e2e00 tempest-ServerBootFromVolumeStableRescueTest-426575742 tempest-ServerBootFromVolumeStableRescueTest-426575742-project-member] Image limits 0:0:0 {{(pid=62662) get_cpu_topology_constraints /opt/stack/nova/nova/virt/hardware.py:347}}
Aug 09 22:49:51 user devstack@n-api.service[62662]: DEBUG nova.virt.hardware [None req-0fdb81fb-8d90-4a7d-a117-e5df3d8e2e00 tempest-ServerBootFromVolumeStableRescueTest-426575742 tempest-ServerBootFromVolumeStableRescueTest-426575742-project-member] Flavor pref 0:0:0 {{(pid=62662) get_cpu_topology_constraints /opt/stack/nova/nova/virt/hardware.py:383}}
Aug 09 22:49:51 user devstack@n-api.service[62662]: DEBUG nova.virt.hardware [None req-0fdb81fb-8d90-4a7d-a117-e5df3d8e2e00 tempest-ServerBootFromVolumeStableRescueTest-426575742 tempest-ServerBootFromVolumeStableRescueTest-426575742-project-member] Image pref 0:0:0 {{(pid=62662) get_cpu_topology_constraints /opt/stack/nova/nova/virt/hardware.py:387}}
Aug 09 22:49:51 user devstack@n-api.service[62662]: DEBUG nova.virt.hardware [None req-0fdb81fb-8d90-4a7d-a117-e5df3d8e2e00 tempest-ServerBootFromVolumeStableRescueTest-426575742 tempest-ServerBootFromVolumeStableRescueTest-426575742-project-member] Chose sockets=0, cores=0, threads=0; limits were sockets=65536, cores=65536, threads=65536 {{(pid=62662) get_cpu_topology_constraints /opt/stack/nova/nova/virt/hardware.py:425}}
Aug 09 22:49:52 user devstack@n-api.service[62662]: DEBUG oslo_concurrency.lockutils [None req-0fdb81fb-8d90-4a7d-a117-e5df3d8e2e00 tempest-ServerBootFromVolumeStableRescueTest-426575742 tempest-ServerBootFromVolumeStableRescueTest-426575742-project-member] Acquiring lock "00000000-0000-0000-0000-000000000000" by "nova.context.set_target_cell..get_or_set_cached_cell_and_set_connections" {{(pid=62662) inner /usr/local/lib/python3.10/dist-packages/oslo_concurrency/lockutils.py:404}}
Aug 09 22:49:52 user devstack@n-api.service[62662]: DEBUG oslo_concurrency.lockutils [None req-0fdb81fb-8d90-4a7d-a117-e5df3d8e2e00 tempest-ServerBootFromVolumeStableRescueTest-426575742 tempest-ServerBootFromVolumeStableRescueTest-426575742-project-member] Lock "00000000-0000-0000-0000-000000000000" acquired by "nova.context.set_target_cell..get_or_set_cached_cell_and_set_connections" :: waited 0.001s {{(pid=62662) inner /usr/local/lib/python3.10/dist-packages/oslo_concurrency/lockutils.py:409}}
Aug 09 22:49:52 user devstack@n-api.service[62662]: DEBUG oslo_concurrency.lockutils [None req-0fdb81fb-8d90-4a7d-a117-e5df3d8e2e00 tempest-ServerBootFromVolumeStableRescueTest-426575742 tempest-ServerBootFromVolumeStableRescueTest-426575742-project-member] Lock "00000000-0000-0000-0000-000000000000" "released" by "nova.context.set_target_cell..get_or_set_cached_cell_and_set_connections" :: held 0.000s {{(pid=62662) inner /usr/local/lib/python3.10/dist-packages/oslo_concurrency/lockutils.py:423}}
Aug 09 22:49:52 user devstack@n-api.service[62662]: DEBUG oslo_concurrency.lockutils [None req-0fdb81fb-8d90-4a7d-a117-e5df3d8e2e00 tempest-ServerBootFromVolumeStableRescueTest-426575742 tempest-ServerBootFromVolumeStableRescueTest-426575742-project-member] Acquiring lock "afbd0f00-8542-4872-a3b9-e1ad8e0cc233" by "nova.context.set_target_cell..get_or_set_cached_cell_and_set_connections" {{(pid=62662) inner /usr/local/lib/python3.10/dist-packages/oslo_concurrency/lockutils.py:404}}
Aug 09 22:49:52 user devstack@n-api.service[62662]: DEBUG oslo_concurrency.lockutils [None req-0fdb81fb-8d90-4a7d-a117-e5df3d8e2e00 tempest-ServerBootFromVolumeStableRescueTest-426575742 tempest-ServerBootFromVolumeStableRescueTest-426575742-project-member] Lock "afbd0f00-8542-4872-a3b9-e1ad8e0cc233" acquired by "nova.context.set_target_cell..get_or_set_cached_cell_and_set_connections" :: waited 0.000s {{(pid=62662) inner /usr/local/lib/python3.10/dist-packages/oslo_concurrency/lockutils.py:409}}
Aug 09 22:49:52 user devstack@n-api.service[62662]: DEBUG oslo_concurrency.lockutils [None req-0fdb81fb-8d90-4a7d-a117-e5df3d8e2e00 tempest-ServerBootFromVolumeStableRescueTest-426575742 tempest-ServerBootFromVolumeStableRescueTest-426575742-project-member] Lock "afbd0f00-8542-4872-a3b9-e1ad8e0cc233" "released" by "nova.context.set_target_cell..get_or_set_cached_cell_and_set_connections" :: held 0.001s {{(pid=62662) inner /usr/local/lib/python3.10/dist-packages/oslo_concurrency/lockutils.py:423}}
Aug 09 22:49:52 user devstack@n-api.service[62662]: DEBUG nova.quota [None req-0fdb81fb-8d90-4a7d-a117-e5df3d8e2e00 tempest-ServerBootFromVolumeStableRescueTest-426575742 tempest-ServerBootFromVolumeStableRescueTest-426575742-project-member] Getting quotas for project 7dfbbb5a1d134adba458e9c592f6fada. Resources: {'cores', 'ram', 'instances'} {{(pid=62662) _get_quotas /opt/stack/nova/nova/quota.py:393}}
Aug 09 22:49:52 user devstack@n-api.service[62662]: DEBUG nova.quota [None req-0fdb81fb-8d90-4a7d-a117-e5df3d8e2e00 tempest-ServerBootFromVolumeStableRescueTest-426575742 tempest-ServerBootFromVolumeStableRescueTest-426575742-project-member] Getting quotas for user 8bf771a74e994703bd1ed49add72cd14 and project 7dfbbb5a1d134adba458e9c592f6fada. Resources: {'cores', 'ram', 'instances'} {{(pid=62662) _get_quotas /opt/stack/nova/nova/quota.py:383}}
Aug 09 22:49:52 user devstack@n-api.service[62662]: DEBUG nova.compute.api [None req-0fdb81fb-8d90-4a7d-a117-e5df3d8e2e00 tempest-ServerBootFromVolumeStableRescueTest-426575742 tempest-ServerBootFromVolumeStableRescueTest-426575742-project-member] Going to run 1 instances... {{(pid=62662) _provision_instances /opt/stack/nova/nova/compute/api.py:1404}}
Aug 09 22:49:52 user devstack@n-api.service[62662]: DEBUG nova.compute.api [None req-0fdb81fb-8d90-4a7d-a117-e5df3d8e2e00 tempest-ServerBootFromVolumeStableRescueTest-426575742 tempest-ServerBootFromVolumeStableRescueTest-426575742-project-member] [instance: 935c4677-a511-4b0e-aef3-57bc036220ab] block_device_mapping [BlockDeviceMapping(attachment_id=,boot_index=0,connection_info=None,created_at=,delete_on_termination=True,deleted=,deleted_at=,destination_type='local',device_name=None,device_type='disk',disk_bus=None,encrypted=False,encryption_format=None,encryption_options=None,encryption_secret_uuid=None,guest_format=None,id=,image_id='1f9d9956-e987-40f0-9bbf-df1fe47ca751',instance=,instance_uuid=,no_device=False,snapshot_id=None,source_type='image',tag=None,updated_at=,uuid=,volume_id=None,volume_size=None,volume_type=None)] {{(pid=62662) _bdm_validate_set_size_and_instance /opt/stack/nova/nova/compute/api.py:1865}}
Aug 09 22:49:52 user devstack@n-api.service[62662]: INFO nova.api.openstack.requestlog [None req-0fdb81fb-8d90-4a7d-a117-e5df3d8e2e00 tempest-ServerBootFromVolumeStableRescueTest-426575742 tempest-ServerBootFromVolumeStableRescueTest-426575742-project-member] 10.0.0.210 "POST /compute/v2.1/servers" status: 202 len: 378 microversion: 2.87 time: 2.264585
Aug 09 22:49:52 user devstack@n-api.service[62662]: [pid: 62662|app: 0|req: 15/45] 10.0.0.210 () {66 vars in 1265 bytes} [Wed Aug 9 22:49:49 2023] POST /compute/v2.1/servers => generated 378 bytes in 2266 msecs (HTTP/1.1 202) 10 headers in 452 bytes (1 switches on core 0)
Aug 09 22:49:52 user devstack@n-api.service[62660]: DEBUG dbcounter [-] [62660] Writing DB stats nova_api:SELECT=2 {{(pid=62660) stat_writer /usr/local/lib/python3.10/dist-packages/dbcounter.py:115}}
Aug 09 22:49:52 user devstack@n-api.service[62660]: DEBUG nova.api.openstack.wsgi [None req-a4d48d68-07a5-4f9c-b02b-a6a2c86f6054 tempest-ServerBootFromVolumeStableRescueTest-426575742 tempest-ServerBootFromVolumeStableRescueTest-426575742-project-member] Calling method '>' {{(pid=62660) _process_stack /opt/stack/nova/nova/api/openstack/wsgi.py:513}}
Aug 09 22:49:52 user devstack@n-api.service[62660]: DEBUG nova.compute.api [None req-a4d48d68-07a5-4f9c-b02b-a6a2c86f6054 tempest-ServerBootFromVolumeStableRescueTest-426575742 tempest-ServerBootFromVolumeStableRescueTest-426575742-project-member] [instance: 935c4677-a511-4b0e-aef3-57bc036220ab] Fetching instance by UUID {{(pid=62660) get /opt/stack/nova/nova/compute/api.py:2978}}
Aug 09 22:49:52 user devstack@n-api.service[62660]: DEBUG nova.policy [None req-a4d48d68-07a5-4f9c-b02b-a6a2c86f6054 tempest-ServerBootFromVolumeStableRescueTest-426575742 tempest-ServerBootFromVolumeStableRescueTest-426575742-project-member] Policy check for os_compute_api:os-extended-server-attributes failed with credentials {'is_admin': False, 'user_id': '8bf771a74e994703bd1ed49add72cd14', 'user_domain_id': 'default', 'system_scope': None, 'domain_id': None, 'project_id': '7dfbbb5a1d134adba458e9c592f6fada', 'project_domain_id': 'default', 'roles': ['reader', 'member'], 'is_admin_project': True, 'service_user_id': None, 'service_user_domain_id': None, 'service_project_id': None, 'service_project_domain_id': None, 'service_roles': []} {{(pid=62660) authorize /opt/stack/nova/nova/policy.py:203}}
Aug 09 22:49:52 user devstack@n-api.service[62660]: DEBUG nova.policy [None req-a4d48d68-07a5-4f9c-b02b-a6a2c86f6054 tempest-ServerBootFromVolumeStableRescueTest-426575742 tempest-ServerBootFromVolumeStableRescueTest-426575742-project-member] Policy check for os_compute_api:servers:show:host_status failed with credentials {'is_admin': False, 'user_id': '8bf771a74e994703bd1ed49add72cd14', 'user_domain_id': 'default', 'system_scope': None, 'domain_id': None, 'project_id': '7dfbbb5a1d134adba458e9c592f6fada', 'project_domain_id': 'default', 'roles': ['reader', 'member'], 'is_admin_project': True, 'service_user_id': None, 'service_user_domain_id': None, 'service_project_id': None, 'service_project_domain_id': None, 'service_roles': []} {{(pid=62660) authorize /opt/stack/nova/nova/policy.py:203}}
Aug 09 22:49:52 user devstack@n-api.service[62660]: DEBUG nova.policy [None req-a4d48d68-07a5-4f9c-b02b-a6a2c86f6054 tempest-ServerBootFromVolumeStableRescueTest-426575742 tempest-ServerBootFromVolumeStableRescueTest-426575742-project-member] Policy check for os_compute_api:servers:show:host_status:unknown-only failed with credentials {'is_admin': False, 'user_id': '8bf771a74e994703bd1ed49add72cd14', 'user_domain_id': 'default', 'system_scope': None, 'domain_id': None, 'project_id': '7dfbbb5a1d134adba458e9c592f6fada', 'project_domain_id': 'default', 'roles': ['reader', 'member'], 'is_admin_project': True, 'service_user_id': None, 'service_user_domain_id': None, 'service_project_id': None, 'service_project_domain_id': None, 'service_roles': []} {{(pid=62660) authorize /opt/stack/nova/nova/policy.py:203}}
Aug 09 22:49:52 user devstack@n-api.service[62660]: INFO nova.api.openstack.requestlog [None req-a4d48d68-07a5-4f9c-b02b-a6a2c86f6054 tempest-ServerBootFromVolumeStableRescueTest-426575742 tempest-ServerBootFromVolumeStableRescueTest-426575742-project-member] 10.0.0.210 "GET /compute/v2.1/servers/935c4677-a511-4b0e-aef3-57bc036220ab" status: 200 len: 1394 microversion: 2.87 time: 0.286323
Aug 09 22:49:52 user devstack@n-api.service[62660]: [pid: 62660|app: 0|req: 15/46] 10.0.0.210 () {64 vars in 1354 bytes} [Wed Aug 9 22:49:52 2023] GET /compute/v2.1/servers/935c4677-a511-4b0e-aef3-57bc036220ab => generated 1394 bytes in 288 msecs (HTTP/1.1 200) 9 headers in 360 bytes (1 switches on core 0)
