Aug 15 18:58:58 user devstack@n-api.service[63212]: DEBUG dbcounter [-] [63212] Writer thread running {{(pid=63212) stat_writer /opt/stack/data/venv/lib/python3.10/site-packages/dbcounter.py:102}}
Aug 15 18:58:58 user devstack@n-api.service[63213]: DEBUG nova.context [None req-fd859d55-6d73-4aee-b723-4c6cf3a13c2d None None] Found 2 cells: 00000000-0000-0000-0000-000000000000(cell0),d0fa1695-e975-45af-93a0-769e5f4556ed(cell1) {{(pid=63213) load_cells /opt/stack/nova/nova/context.py:464}}
Aug 15 18:58:58 user devstack@n-api.service[63213]: DEBUG oslo_concurrency.lockutils [None req-fd859d55-6d73-4aee-b723-4c6cf3a13c2d None None] Acquiring lock "00000000-0000-0000-0000-000000000000" by "nova.context.set_target_cell..get_or_set_cached_cell_and_set_connections" {{(pid=63213) inner /opt/stack/data/venv/lib/python3.10/site-packages/oslo_concurrency/lockutils.py:404}}
Aug 15 18:58:58 user devstack@n-api.service[63213]: DEBUG oslo_concurrency.lockutils [None req-fd859d55-6d73-4aee-b723-4c6cf3a13c2d None None] Lock "00000000-0000-0000-0000-000000000000" acquired by "nova.context.set_target_cell..get_or_set_cached_cell_and_set_connections" :: waited 0.001s {{(pid=63213) inner /opt/stack/data/venv/lib/python3.10/site-packages/oslo_concurrency/lockutils.py:409}}
Aug 15 18:58:58 user devstack@n-api.service[63211]: DEBUG nova.context [None req-39dba7d0-6356-49d7-a920-6ead68fc4299 None None] Found 2 cells: 00000000-0000-0000-0000-000000000000(cell0),d0fa1695-e975-45af-93a0-769e5f4556ed(cell1) {{(pid=63211) load_cells /opt/stack/nova/nova/context.py:464}}
Aug 15 18:58:58 user devstack@n-api.service[63213]: DEBUG oslo_concurrency.lockutils [None req-fd859d55-6d73-4aee-b723-4c6cf3a13c2d None None] Lock "00000000-0000-0000-0000-000000000000" "released" by "nova.context.set_target_cell..get_or_set_cached_cell_and_set_connections" :: held 0.001s {{(pid=63213) inner /opt/stack/data/venv/lib/python3.10/site-packages/oslo_concurrency/lockutils.py:423}}
Aug 15 18:58:58 user devstack@n-api.service[63213]: DEBUG oslo_concurrency.lockutils [None req-fd859d55-6d73-4aee-b723-4c6cf3a13c2d None None] Acquiring lock "d0fa1695-e975-45af-93a0-769e5f4556ed" by "nova.context.set_target_cell..get_or_set_cached_cell_and_set_connections" {{(pid=63213) inner /opt/stack/data/venv/lib/python3.10/site-packages/oslo_concurrency/lockutils.py:404}}
Aug 15 18:58:58 user devstack@n-api.service[63213]: DEBUG oslo_concurrency.lockutils [None req-fd859d55-6d73-4aee-b723-4c6cf3a13c2d None None] Lock "d0fa1695-e975-45af-93a0-769e5f4556ed" acquired by "nova.context.set_target_cell..get_or_set_cached_cell_and_set_connections" :: waited 0.000s {{(pid=63213) inner /opt/stack/data/venv/lib/python3.10/site-packages/oslo_concurrency/lockutils.py:409}}
Aug 15 18:58:58 user devstack@n-api.service[63213]: DEBUG oslo_concurrency.lockutils [None req-fd859d55-6d73-4aee-b723-4c6cf3a13c2d None None] Lock "d0fa1695-e975-45af-93a0-769e5f4556ed" "released" by "nova.context.set_target_cell..get_or_set_cached_cell_and_set_connections" :: held 0.001s {{(pid=63213) inner /opt/stack/data/venv/lib/python3.10/site-packages/oslo_concurrency/lockutils.py:423}}
Aug 15 18:58:58 user devstack@n-api.service[63211]: DEBUG oslo_concurrency.lockutils [None req-39dba7d0-6356-49d7-a920-6ead68fc4299 None None] Acquiring lock "00000000-0000-0000-0000-000000000000" by "nova.context.set_target_cell..get_or_set_cached_cell_and_set_connections" {{(pid=63211) inner /opt/stack/data/venv/lib/python3.10/site-packages/oslo_concurrency/lockutils.py:404}}
Aug 15 18:58:58 user devstack@n-api.service[63211]: DEBUG oslo_concurrency.lockutils [None req-39dba7d0-6356-49d7-a920-6ead68fc4299 None None] Lock "00000000-0000-0000-0000-000000000000" acquired by "nova.context.set_target_cell..get_or_set_cached_cell_and_set_connections" :: waited 0.000s {{(pid=63211) inner /opt/stack/data/venv/lib/python3.10/site-packages/oslo_concurrency/lockutils.py:409}}
Aug 15 18:58:58 user devstack@n-api.service[63211]: DEBUG oslo_concurrency.lockutils [None req-39dba7d0-6356-49d7-a920-6ead68fc4299 None None] Lock "00000000-0000-0000-0000-000000000000" "released" by "nova.context.set_target_cell..get_or_set_cached_cell_and_set_connections" :: held 0.001s {{(pid=63211) inner /opt/stack/data/venv/lib/python3.10/site-packages/oslo_concurrency/lockutils.py:423}}
Aug 15 18:58:58 user devstack@n-api.service[63211]: DEBUG oslo_concurrency.lockutils [None req-39dba7d0-6356-49d7-a920-6ead68fc4299 None None] Acquiring lock "d0fa1695-e975-45af-93a0-769e5f4556ed" by "nova.context.set_target_cell..get_or_set_cached_cell_and_set_connections" {{(pid=63211) inner /opt/stack/data/venv/lib/python3.10/site-packages/oslo_concurrency/lockutils.py:404}}
Aug 15 18:58:58 user devstack@n-api.service[63211]: DEBUG oslo_concurrency.lockutils [None req-39dba7d0-6356-49d7-a920-6ead68fc4299 None None] Lock "d0fa1695-e975-45af-93a0-769e5f4556ed" acquired by "nova.context.set_target_cell..get_or_set_cached_cell_and_set_connections" :: waited 0.000s {{(pid=63211) inner /opt/stack/data/venv/lib/python3.10/site-packages/oslo_concurrency/lockutils.py:409}}
Aug 15 18:58:58 user devstack@n-api.service[63213]: INFO dbcounter [None req-fd859d55-6d73-4aee-b723-4c6cf3a13c2d None None] Registered counter for database nova_cell0
Aug 15 18:58:58 user devstack@n-api.service[63211]: DEBUG oslo_concurrency.lockutils [None req-39dba7d0-6356-49d7-a920-6ead68fc4299 None None] Lock "d0fa1695-e975-45af-93a0-769e5f4556ed" "released" by "nova.context.set_target_cell..get_or_set_cached_cell_and_set_connections" :: held 0.002s {{(pid=63211) inner /opt/stack/data/venv/lib/python3.10/site-packages/oslo_concurrency/lockutils.py:423}}
Aug 15 18:58:58 user devstack@n-api.service[63211]: INFO dbcounter [None req-39dba7d0-6356-49d7-a920-6ead68fc4299 None None] Registered counter for database nova_cell0
Aug 15 18:58:58 user devstack@n-api.service[63213]: INFO dbcounter [None req-fd859d55-6d73-4aee-b723-4c6cf3a13c2d None None] Registered counter for database nova_cell1
Aug 15 18:58:58 user devstack@n-api.service[63211]: INFO dbcounter [None req-39dba7d0-6356-49d7-a920-6ead68fc4299 None None] Registered counter for database nova_cell1
Aug 15 18:58:58 user devstack@n-api.service[63213]: DEBUG oslo_db.sqlalchemy.engines [None req-fd859d55-6d73-4aee-b723-4c6cf3a13c2d None None] MySQL server mode set to STRICT_TRANS_TABLES,STRICT_ALL_TABLES,NO_ZERO_IN_DATE,NO_ZERO_DATE,ERROR_FOR_DIVISION_BY_ZERO,TRADITIONAL,NO_ENGINE_SUBSTITUTION {{(pid=63213) _check_effective_sql_mode /opt/stack/data/venv/lib/python3.10/site-packages/oslo_db/sqlalchemy/engines.py:335}}
Aug 15 18:58:58 user devstack@n-api.service[63213]: DEBUG dbcounter [-] [63213] Writer thread running {{(pid=63213) stat_writer /opt/stack/data/venv/lib/python3.10/site-packages/dbcounter.py:102}}
Aug 15 18:58:58 user devstack@n-api.service[63213]: DEBUG oslo_db.sqlalchemy.engines [None req-fd859d55-6d73-4aee-b723-4c6cf3a13c2d None None] MySQL server mode set to STRICT_TRANS_TABLES,STRICT_ALL_TABLES,NO_ZERO_IN_DATE,NO_ZERO_DATE,ERROR_FOR_DIVISION_BY_ZERO,TRADITIONAL,NO_ENGINE_SUBSTITUTION {{(pid=63213) _check_effective_sql_mode /opt/stack/data/venv/lib/python3.10/site-packages/oslo_db/sqlalchemy/engines.py:335}}
Aug 15 18:58:58 user devstack@n-api.service[63211]: DEBUG oslo_db.sqlalchemy.engines [None req-39dba7d0-6356-49d7-a920-6ead68fc4299 None None] MySQL server mode set to STRICT_TRANS_TABLES,STRICT_ALL_TABLES,NO_ZERO_IN_DATE,NO_ZERO_DATE,ERROR_FOR_DIVISION_BY_ZERO,TRADITIONAL,NO_ENGINE_SUBSTITUTION {{(pid=63211) _check_effective_sql_mode /opt/stack/data/venv/lib/python3.10/site-packages/oslo_db/sqlalchemy/engines.py:335}}
Aug 15 18:58:58 user devstack@n-api.service[63211]: DEBUG dbcounter [-] [63211] Writer thread running {{(pid=63211) stat_writer /opt/stack/data/venv/lib/python3.10/site-packages/dbcounter.py:102}}
Aug 15 18:58:58 user devstack@n-api.service[63212]: DEBUG nova.context [None req-4a9b1079-4e7d-443d-80c2-2fcf38269b44 None None] Found 2 cells: 00000000-0000-0000-0000-000000000000(cell0),d0fa1695-e975-45af-93a0-769e5f4556ed(cell1) {{(pid=63212) load_cells /opt/stack/nova/nova/context.py:464}}
Aug 15 18:58:58 user devstack@n-api.service[63211]: DEBUG oslo_db.sqlalchemy.engines [None req-39dba7d0-6356-49d7-a920-6ead68fc4299 None None] MySQL server mode set to STRICT_TRANS_TABLES,STRICT_ALL_TABLES,NO_ZERO_IN_DATE,NO_ZERO_DATE,ERROR_FOR_DIVISION_BY_ZERO,TRADITIONAL,NO_ENGINE_SUBSTITUTION {{(pid=63211) _check_effective_sql_mode /opt/stack/data/venv/lib/python3.10/site-packages/oslo_db/sqlalchemy/engines.py:335}}
Aug 15 18:58:58 user devstack@n-api.service[63212]: DEBUG oslo_concurrency.lockutils [None req-4a9b1079-4e7d-443d-80c2-2fcf38269b44 None None] Acquiring lock "00000000-0000-0000-0000-000000000000" by "nova.context.set_target_cell..get_or_set_cached_cell_and_set_connections" {{(pid=63212) inner /opt/stack/data/venv/lib/python3.10/site-packages/oslo_concurrency/lockutils.py:404}}
Aug 15 18:58:58 user devstack@n-api.service[63212]: DEBUG oslo_concurrency.lockutils [None req-4a9b1079-4e7d-443d-80c2-2fcf38269b44 None None] Lock "00000000-0000-0000-0000-000000000000" acquired by "nova.context.set_target_cell..get_or_set_cached_cell_and_set_connections" :: waited 0.001s {{(pid=63212) inner /opt/stack/data/venv/lib/python3.10/site-packages/oslo_concurrency/lockutils.py:409}}
Aug 15 18:58:58 user devstack@n-api.service[63212]: DEBUG oslo_concurrency.lockutils [None req-4a9b1079-4e7d-443d-80c2-2fcf38269b44 None None] Lock "00000000-0000-0000-0000-000000000000" "released" by "nova.context.set_target_cell..get_or_set_cached_cell_and_set_connections" :: held 0.001s {{(pid=63212) inner /opt/stack/data/venv/lib/python3.10/site-packages/oslo_concurrency/lockutils.py:423}}
Aug 15 18:58:58 user devstack@n-api.service[63212]: DEBUG oslo_concurrency.lockutils [None req-4a9b1079-4e7d-443d-80c2-2fcf38269b44 None None] Acquiring lock "d0fa1695-e975-45af-93a0-769e5f4556ed" by "nova.context.set_target_cell..get_or_set_cached_cell_and_set_connections" {{(pid=63212) inner /opt/stack/data/venv/lib/python3.10/site-packages/oslo_concurrency/lockutils.py:404}}
Aug 15 18:58:58 user devstack@n-api.service[63212]: DEBUG oslo_concurrency.lockutils [None req-4a9b1079-4e7d-443d-80c2-2fcf38269b44 None None] Lock "d0fa1695-e975-45af-93a0-769e5f4556ed" acquired by "nova.context.set_target_cell..get_or_set_cached_cell_and_set_connections" :: waited 0.000s {{(pid=63212) inner /opt/stack/data/venv/lib/python3.10/site-packages/oslo_concurrency/lockutils.py:409}}
Aug 15 18:58:58 user devstack@n-api.service[63212]: DEBUG oslo_concurrency.lockutils [None req-4a9b1079-4e7d-443d-80c2-2fcf38269b44 None None] Lock "d0fa1695-e975-45af-93a0-769e5f4556ed" "released" by "nova.context.set_target_cell..get_or_set_cached_cell_and_set_connections" :: held 0.002s {{(pid=63212) inner /opt/stack/data/venv/lib/python3.10/site-packages/oslo_concurrency/lockutils.py:423}}
Aug 15 18:58:58 user devstack@n-api.service[63212]: INFO dbcounter [None req-4a9b1079-4e7d-443d-80c2-2fcf38269b44 None None] Registered counter for database nova_cell0
Aug 15 18:58:58 user devstack@n-api.service[63212]: INFO dbcounter [None req-4a9b1079-4e7d-443d-80c2-2fcf38269b44 None None] Registered counter for database nova_cell1
Aug 15 18:58:58 user devstack@n-api.service[63212]: DEBUG oslo_db.sqlalchemy.engines [None req-4a9b1079-4e7d-443d-80c2-2fcf38269b44 None None] MySQL server mode set to STRICT_TRANS_TABLES,STRICT_ALL_TABLES,NO_ZERO_IN_DATE,NO_ZERO_DATE,ERROR_FOR_DIVISION_BY_ZERO,TRADITIONAL,NO_ENGINE_SUBSTITUTION {{(pid=63212) _check_effective_sql_mode /opt/stack/data/venv/lib/python3.10/site-packages/oslo_db/sqlalchemy/engines.py:335}}
Aug 15 18:58:58 user devstack@n-api.service[63212]: DEBUG dbcounter [-] [63212] Writer thread running {{(pid=63212) stat_writer /opt/stack/data/venv/lib/python3.10/site-packages/dbcounter.py:102}}
Aug 15 18:58:58 user devstack@n-api.service[63212]: DEBUG oslo_db.sqlalchemy.engines [None req-4a9b1079-4e7d-443d-80c2-2fcf38269b44 None None] MySQL server mode set to STRICT_TRANS_TABLES,STRICT_ALL_TABLES,NO_ZERO_IN_DATE,NO_ZERO_DATE,ERROR_FOR_DIVISION_BY_ZERO,TRADITIONAL,NO_ENGINE_SUBSTITUTION {{(pid=63212) _check_effective_sql_mode /opt/stack/data/venv/lib/python3.10/site-packages/oslo_db/sqlalchemy/engines.py:335}}
Aug 15 18:58:58 user devstack@n-api.service[63213]: DEBUG dbcounter [-] [63213] Writer thread running {{(pid=63213) stat_writer /opt/stack/data/venv/lib/python3.10/site-packages/dbcounter.py:102}}
Aug 15 18:58:58 user devstack@n-api.service[63213]: INFO dbcounter [None req-fd859d55-6d73-4aee-b723-4c6cf3a13c2d None None] Registered counter for database nova_cell0
Aug 15 18:58:58 user devstack@n-api.service[63211]: DEBUG dbcounter [-] [63211] Writer thread running {{(pid=63211) stat_writer /opt/stack/data/venv/lib/python3.10/site-packages/dbcounter.py:102}}
Aug 15 18:58:58 user devstack@n-api.service[63211]: INFO dbcounter [None req-39dba7d0-6356-49d7-a920-6ead68fc4299 None None] Registered counter for database nova_cell0
Aug 15 18:58:58 user devstack@n-api.service[63213]: DEBUG oslo_db.sqlalchemy.engines [None req-fd859d55-6d73-4aee-b723-4c6cf3a13c2d None None] MySQL server mode set to STRICT_TRANS_TABLES,STRICT_ALL_TABLES,NO_ZERO_IN_DATE,NO_ZERO_DATE,ERROR_FOR_DIVISION_BY_ZERO,TRADITIONAL,NO_ENGINE_SUBSTITUTION {{(pid=63213) _check_effective_sql_mode /opt/stack/data/venv/lib/python3.10/site-packages/oslo_db/sqlalchemy/engines.py:335}}
Aug 15 18:58:58 user devstack@n-api.service[63213]: DEBUG dbcounter [-] [63213] Writer thread running {{(pid=63213) stat_writer /opt/stack/data/venv/lib/python3.10/site-packages/dbcounter.py:102}}
Aug 15 18:58:58 user devstack@n-api.service[63211]: DEBUG oslo_db.sqlalchemy.engines [None req-39dba7d0-6356-49d7-a920-6ead68fc4299 None None] MySQL server mode set to STRICT_TRANS_TABLES,STRICT_ALL_TABLES,NO_ZERO_IN_DATE,NO_ZERO_DATE,ERROR_FOR_DIVISION_BY_ZERO,TRADITIONAL,NO_ENGINE_SUBSTITUTION {{(pid=63211) _check_effective_sql_mode /opt/stack/data/venv/lib/python3.10/site-packages/oslo_db/sqlalchemy/engines.py:335}}
Aug 15 18:58:58 user devstack@n-api.service[63211]: DEBUG dbcounter [-] [63211] Writer thread running {{(pid=63211) stat_writer /opt/stack/data/venv/lib/python3.10/site-packages/dbcounter.py:102}}
Aug 15 18:58:58 user devstack@n-api.service[63212]: DEBUG dbcounter [-] [63212] Writer thread running {{(pid=63212) stat_writer /opt/stack/data/venv/lib/python3.10/site-packages/dbcounter.py:102}}
Aug 15 18:58:58 user devstack@n-api.service[63212]: INFO dbcounter [None req-4a9b1079-4e7d-443d-80c2-2fcf38269b44 None None] Registered counter for database nova_cell0
Aug 15 18:58:58 user devstack@n-api.service[63212]: DEBUG oslo_db.sqlalchemy.engines [None req-4a9b1079-4e7d-443d-80c2-2fcf38269b44 None None] MySQL server mode set to STRICT_TRANS_TABLES,STRICT_ALL_TABLES,NO_ZERO_IN_DATE,NO_ZERO_DATE,ERROR_FOR_DIVISION_BY_ZERO,TRADITIONAL,NO_ENGINE_SUBSTITUTION {{(pid=63212) _check_effective_sql_mode /opt/stack/data/venv/lib/python3.10/site-packages/oslo_db/sqlalchemy/engines.py:335}}
Aug 15 18:58:58 user devstack@n-api.service[63212]: DEBUG dbcounter [-] [63212] Writer thread running {{(pid=63212) stat_writer /opt/stack/data/venv/lib/python3.10/site-packages/dbcounter.py:102}}
Aug 15 18:58:59 user devstack@n-api.service[63211]: WARNING keystonemiddleware.auth_token [None req-39dba7d0-6356-49d7-a920-6ead68fc4299 None None] AuthToken middleware is set with keystone_authtoken.service_token_roles_required set to False. This is backwards compatible but deprecated behaviour. Please set this to True.
Aug 15 18:58:59 user devstack@n-api.service[63213]: WARNING keystonemiddleware.auth_token [None req-fd859d55-6d73-4aee-b723-4c6cf3a13c2d None None] AuthToken middleware is set with keystone_authtoken.service_token_roles_required set to False. This is backwards compatible but deprecated behaviour. Please set this to True.
Aug 15 18:58:59 user devstack@n-api.service[63211]: WARNING keystonemiddleware.auth_token [None req-39dba7d0-6356-49d7-a920-6ead68fc4299 None None] Configuring www_authenticate_uri to point to the public identity endpoint is required; clients may not be able to authenticate against an admin endpoint
Aug 15 18:58:59 user devstack@n-api.service[63213]: WARNING keystonemiddleware.auth_token [None req-fd859d55-6d73-4aee-b723-4c6cf3a13c2d None None] Configuring www_authenticate_uri to point to the public identity endpoint is required; clients may not be able to authenticate against an admin endpoint
Aug 15 18:58:59 user devstack@n-api.service[63212]: WARNING keystonemiddleware.auth_token [None req-4a9b1079-4e7d-443d-80c2-2fcf38269b44 None None] AuthToken middleware is set with keystone_authtoken.service_token_roles_required set to False. This is backwards compatible but deprecated behaviour. Please set this to True.
Aug 15 18:58:59 user devstack@n-api.service[63212]: WARNING keystonemiddleware.auth_token [None req-4a9b1079-4e7d-443d-80c2-2fcf38269b44 None None] Configuring www_authenticate_uri to point to the public identity endpoint is required; clients may not be able to authenticate against an admin endpoint
Aug 15 18:58:59 user devstack@n-api.service[63211]: WARNING keystonemiddleware.auth_token [None req-39dba7d0-6356-49d7-a920-6ead68fc4299 None None] AuthToken middleware is set with keystone_authtoken.service_token_roles_required set to False. This is backwards compatible but deprecated behaviour. Please set this to True.
Aug 15 18:58:59 user devstack@n-api.service[63211]: WARNING keystonemiddleware.auth_token [None req-39dba7d0-6356-49d7-a920-6ead68fc4299 None None] Configuring www_authenticate_uri to point to the public identity endpoint is required; clients may not be able to authenticate against an admin endpoint
Aug 15 18:58:59 user devstack@n-api.service[63213]: WARNING keystonemiddleware.auth_token [None req-fd859d55-6d73-4aee-b723-4c6cf3a13c2d None None] AuthToken middleware is set with keystone_authtoken.service_token_roles_required set to False. This is backwards compatible but deprecated behaviour. Please set this to True.
Aug 15 18:58:59 user devstack@n-api.service[63211]: WSGI app 0 (mountpoint='') ready in 5 seconds on interpreter 0x55e04cf67b90 pid: 63211 (default app)
Aug 15 18:58:59 user devstack@n-api.service[63211]: DEBUG nova.api.openstack.wsgi [None req-39dba7d0-6356-49d7-a920-6ead68fc4299 None None] Calling method '>' {{(pid=63211) _process_stack /opt/stack/nova/nova/api/openstack/wsgi.py:513}}
Aug 15 18:58:59 user devstack@n-api.service[63213]: WARNING keystonemiddleware.auth_token [None req-fd859d55-6d73-4aee-b723-4c6cf3a13c2d None None] Configuring www_authenticate_uri to point to the public identity endpoint is required; clients may not be able to authenticate against an admin endpoint
Aug 15 18:58:59 user devstack@n-api.service[63211]: INFO nova.api.openstack.requestlog [None req-39dba7d0-6356-49d7-a920-6ead68fc4299 None None] 10.0.0.210 "GET /compute/v2.1/" status: 200 len: 387 microversion: 2.1 time: 0.001661
Aug 15 18:58:59 user devstack@n-api.service[63211]: [pid: 63211|app: 0|req: 1/1] 10.0.0.210 () {50 vars in 783 bytes} [Tue Aug 15 18:58:59 2023] GET /compute/v2.1/ => generated 387 bytes in 3 msecs (HTTP/1.1 200) 9 headers in 357 bytes (1 switches on core 0)
Aug 15 18:58:59 user devstack@n-api.service[63213]: WSGI app 0 (mountpoint='') ready in 5 seconds on interpreter 0x55e04cf67b90 pid: 63213 (default app)
Aug 15 18:58:59 user devstack@n-api.service[63212]: WARNING keystonemiddleware.auth_token [None req-4a9b1079-4e7d-443d-80c2-2fcf38269b44 None None] AuthToken middleware is set with keystone_authtoken.service_token_roles_required set to False. This is backwards compatible but deprecated behaviour. Please set this to True.
Aug 15 18:58:59 user devstack@n-api.service[63212]: WARNING keystonemiddleware.auth_token [None req-4a9b1079-4e7d-443d-80c2-2fcf38269b44 None None] Configuring www_authenticate_uri to point to the public identity endpoint is required; clients may not be able to authenticate against an admin endpoint
Aug 15 18:58:59 user devstack@n-api.service[63212]: WSGI app 0 (mountpoint='') ready in 5 seconds on interpreter 0x55e04cf67b90 pid: 63212 (default app)
Aug 15 19:01:07 user devstack@n-api.service[63211]: DEBUG nova.api.openstack.wsgi [None req-39dba7d0-6356-49d7-a920-6ead68fc4299 None None] Calling method '>' {{(pid=63211) _process_stack /opt/stack/nova/nova/api/openstack/wsgi.py:513}}
Aug 15 19:01:07 user devstack@n-api.service[63211]: INFO nova.api.openstack.requestlog [None req-39dba7d0-6356-49d7-a920-6ead68fc4299 None None] 10.0.0.210 "GET /compute/v2.1" status: 200 len: 387 microversion: 2.1 time: 0.001618
Aug 15 19:01:07 user devstack@n-api.service[63211]: [pid: 63211|app: 0|req: 2/2] 10.0.0.210 () {54 vars in 925 bytes} [Tue Aug 15 19:01:07 2023] GET /compute/v2.1 => generated 387 bytes in 3 msecs (HTTP/1.1 200) 9 headers in 357 bytes (1 switches on core 0)
Aug 15 19:01:07 user devstack@n-api.service[63213]: DEBUG dbcounter [-] [63213] Writing DB stats nova_api:SELECT=3 {{(pid=63213) stat_writer /opt/stack/data/venv/lib/python3.10/site-packages/dbcounter.py:115}}
Aug 15 19:01:07 user devstack@n-api.service[63213]: DEBUG dbcounter [-] [63213] Writing DB stats nova_cell0:SELECT=3 {{(pid=63213) stat_writer /opt/stack/data/venv/lib/python3.10/site-packages/dbcounter.py:115}}
Aug 15 19:01:07 user devstack@n-api.service[63213]: DEBUG dbcounter [-] [63213] Writing DB stats nova_cell1:SELECT=3 {{(pid=63213) stat_writer /opt/stack/data/venv/lib/python3.10/site-packages/dbcounter.py:115}}
Aug 15 19:01:07 user devstack@n-api.service[63213]: DEBUG dbcounter [-] [63213] Writing DB stats nova_cell0:SELECT=6,nova_cell0:INSERT=1 {{(pid=63213) stat_writer /opt/stack/data/venv/lib/python3.10/site-packages/dbcounter.py:115}}
Aug 15 19:01:07 user devstack@n-api.service[63213]: DEBUG nova.api.openstack.wsgi [None req-7214f9db-3c68-48c2-8de9-7a07775d8fd0 admin admin] Calling method '>' {{(pid=63213) _process_stack /opt/stack/nova/nova/api/openstack/wsgi.py:513}}
Aug 15 19:01:07 user devstack@n-api.service[63213]: INFO nova.api.openstack.requestlog [None req-7214f9db-3c68-48c2-8de9-7a07775d8fd0 admin admin] 10.0.0.210 "GET /compute/v2.1/flavors/detail?is_public=True" status: 200 len: 15 microversion: 2.61 time: 0.356249
Aug 15 19:01:07 user devstack@n-api.service[63213]: [pid: 63213|app: 0|req: 1/3] 10.0.0.210 () {60 vars in 1286 bytes} [Tue Aug 15 19:01:07 2023] GET /compute/v2.1/flavors/detail?is_public=True => generated 15 bytes in 358 msecs (HTTP/1.1 200) 9 headers in 358 bytes (1 switches on core 0)
Aug 15 19:01:10 user devstack@n-api.service[63212]: DEBUG nova.api.openstack.wsgi [None req-4a9b1079-4e7d-443d-80c2-2fcf38269b44 None None] Calling method '>' {{(pid=63212) _process_stack /opt/stack/nova/nova/api/openstack/wsgi.py:513}}
Aug 15 19:01:10 user devstack@n-api.service[63212]: INFO nova.api.openstack.requestlog [None req-4a9b1079-4e7d-443d-80c2-2fcf38269b44 None None] 10.0.0.210 "GET /compute/v2.1" status: 200 len: 387 microversion: 2.1 time: 0.004021
Aug 15 19:01:10 user devstack@n-api.service[63212]: [pid: 63212|app: 0|req: 1/4] 10.0.0.210 () {54 vars in 925 bytes} [Tue Aug 15 19:01:10 2023] GET /compute/v2.1 => generated 387 bytes in 7 msecs (HTTP/1.1 200) 9 headers in 357 bytes (1 switches on core 0)
Aug 15 19:01:10 user devstack@n-api.service[63211]: DEBUG dbcounter [-] [63211] Writing DB stats nova_api:SELECT=3 {{(pid=63211) stat_writer /opt/stack/data/venv/lib/python3.10/site-packages/dbcounter.py:115}}
Aug 15 19:01:10 user devstack@n-api.service[63211]: DEBUG dbcounter [-] [63211] Writing DB stats nova_cell0:SELECT=3 {{(pid=63211) stat_writer /opt/stack/data/venv/lib/python3.10/site-packages/dbcounter.py:115}}
Aug 15 19:01:10 user devstack@n-api.service[63211]: DEBUG dbcounter [-] [63211] Writing DB stats nova_cell1:SELECT=3 {{(pid=63211) stat_writer /opt/stack/data/venv/lib/python3.10/site-packages/dbcounter.py:115}}
Aug 15 19:01:10 user devstack@n-api.service[63211]: DEBUG dbcounter [-] [63211] Writing DB stats nova_cell0:SELECT=6,nova_cell0:INSERT=1 {{(pid=63211) stat_writer /opt/stack/data/venv/lib/python3.10/site-packages/dbcounter.py:115}}
Aug 15 19:01:10 user devstack@n-api.service[63211]: DEBUG nova.api.openstack.wsgi [None req-dc099089-a017-40e9-9ce1-f7ad91c86cad admin admin] Action: 'create', calling method: >, body: {"flavor": {"ram": 256, "swap": 0, "name": "cirros256", "os-flavor-access:is_public": true, "OS-FLV-EXT-DATA:ephemeral": 0, "disk": 1, "rxtx_factor": 1.0, "vcpus": 1, "id": "c1"}} {{(pid=63211) _process_stack /opt/stack/nova/nova/api/openstack/wsgi.py:511}}
Aug 15 19:01:10 user devstack@n-api.service[63211]: INFO nova.api.openstack.requestlog [None req-dc099089-a017-40e9-9ce1-f7ad91c86cad admin admin] 10.0.0.210 "POST /compute/v2.1/flavors" status: 200 len: 405 microversion: 2.61 time: 0.381600
Aug 15 19:01:10 user devstack@n-api.service[63211]: [pid: 63211|app: 0|req: 3/5] 10.0.0.210 () {64 vars in 1277 bytes} [Tue Aug 15 19:01:10 2023] POST /compute/v2.1/flavors => generated 405 bytes in 383 msecs (HTTP/1.1 200) 9 headers in 359 bytes (2 switches on core 0)
Aug 15 19:01:10 user devstack@n-api.service[63213]: DEBUG nova.api.openstack.wsgi [None req-5ee8d48a-8230-4afd-90ae-401b7bf0dd37 admin admin] Action: 'create', calling method: >, body: {"extra_specs": {"hw_rng:allowed": "True"}} {{(pid=63213) _process_stack /opt/stack/nova/nova/api/openstack/wsgi.py:511}}
Aug 15 19:01:10 user devstack@n-api.service[63213]: INFO nova.api.openstack.requestlog [None req-5ee8d48a-8230-4afd-90ae-401b7bf0dd37 admin admin] 10.0.0.210 "POST /compute/v2.1/flavors/c1/os-extra_specs" status: 200 len: 43 microversion: 2.61 time: 0.052021
Aug 15 19:01:10 user devstack@n-api.service[63213]: [pid: 63213|app: 0|req: 2/6] 10.0.0.210 () {64 vars in 1330 bytes} [Tue Aug 15 19:01:10 2023] POST /compute/v2.1/flavors/c1/os-extra_specs => generated 43 bytes in 54 msecs (HTTP/1.1 200) 9 headers in 358 bytes (1 switches on core 0)
Aug 15 19:01:12 user devstack@n-api.service[63212]: DEBUG nova.api.openstack.wsgi [None req-4a9b1079-4e7d-443d-80c2-2fcf38269b44 None None] Calling method '>' {{(pid=63212) _process_stack /opt/stack/nova/nova/api/openstack/wsgi.py:513}}
Aug 15 19:01:12 user devstack@n-api.service[63212]: INFO nova.api.openstack.requestlog [None req-4a9b1079-4e7d-443d-80c2-2fcf38269b44 None None] 10.0.0.210 "GET /compute/v2.1" status: 200 len: 387 microversion: 2.1 time: 0.001591
Aug 15 19:01:12 user devstack@n-api.service[63212]: [pid: 63212|app: 0|req: 2/7] 10.0.0.210 () {54 vars in 925 bytes} [Tue Aug 15 19:01:12 2023] GET /compute/v2.1 => generated 387 bytes in 3 msecs (HTTP/1.1 200) 9 headers in 357 bytes (1 switches on core 0)
Aug 15 19:01:12 user devstack@n-api.service[63211]: DEBUG nova.api.openstack.wsgi [None req-300ab014-c468-4677-ab21-fe9ee2b8a724 admin admin] Action: 'create', calling method: >, body: {"flavor": {"disk": 5, "id": "d1", "swap": 0, "rxtx_factor": 1.0, "ram": 512, "vcpus": 1, "name": "ds512M", "OS-FLV-EXT-DATA:ephemeral": 0, "os-flavor-access:is_public": true}} {{(pid=63211) _process_stack /opt/stack/nova/nova/api/openstack/wsgi.py:511}}
Aug 15 19:01:12 user devstack@n-api.service[63211]: INFO nova.api.openstack.requestlog [None req-300ab014-c468-4677-ab21-fe9ee2b8a724 admin admin] 10.0.0.210 "POST /compute/v2.1/flavors" status: 200 len: 402 microversion: 2.61 time: 0.082520
Aug 15 19:01:12 user devstack@n-api.service[63211]: [pid: 63211|app: 0|req: 4/8] 10.0.0.210 () {64 vars in 1277 bytes} [Tue Aug 15 19:01:12 2023] POST /compute/v2.1/flavors => generated 402 bytes in 84 msecs (HTTP/1.1 200) 9 headers in 359 bytes (1 switches on core 0)
Aug 15 19:01:12 user devstack@n-api.service[63213]: DEBUG nova.api.openstack.wsgi [None req-cdf68afd-00a2-47c5-8862-95f2faa80a8d admin admin] Action: 'create', calling method: >, body: {"extra_specs": {"hw_rng:allowed": "True"}} {{(pid=63213) _process_stack /opt/stack/nova/nova/api/openstack/wsgi.py:511}}
Aug 15 19:01:12 user devstack@n-api.service[63213]: INFO nova.api.openstack.requestlog [None req-cdf68afd-00a2-47c5-8862-95f2faa80a8d admin admin] 10.0.0.210 "POST /compute/v2.1/flavors/d1/os-extra_specs" status: 200 len: 43 microversion: 2.61 time: 0.027436
Aug 15 19:01:12 user devstack@n-api.service[63213]: [pid: 63213|app: 0|req: 3/9] 10.0.0.210 () {64 vars in 1330 bytes} [Tue Aug 15 19:01:12 2023] POST /compute/v2.1/flavors/d1/os-extra_specs => generated 43 bytes in 29 msecs (HTTP/1.1 200) 9 headers in 358 bytes (1 switches on core 0)
Aug 15 19:01:14 user devstack@n-api.service[63212]: DEBUG nova.api.openstack.wsgi [None req-4a9b1079-4e7d-443d-80c2-2fcf38269b44 None None] Calling method '>' {{(pid=63212) _process_stack /opt/stack/nova/nova/api/openstack/wsgi.py:513}}
Aug 15 19:01:14 user devstack@n-api.service[63212]: INFO nova.api.openstack.requestlog [None req-4a9b1079-4e7d-443d-80c2-2fcf38269b44 None None] 10.0.0.210 "GET /compute/v2.1" status: 200 len: 387 microversion: 2.1 time: 0.001578
Aug 15 19:01:14 user devstack@n-api.service[63212]: [pid: 63212|app: 0|req: 3/10] 10.0.0.210 () {54 vars in 925 bytes} [Tue Aug 15 19:01:14 2023] GET /compute/v2.1 => generated 387 bytes in 2 msecs (HTTP/1.1 200) 9 headers in 357 bytes (1 switches on core 0)
Aug 15 19:01:14 user devstack@n-api.service[63211]: DEBUG nova.api.openstack.wsgi [None req-a66ab46f-2ef7-4daa-b426-ca4daf6250e8 admin admin] Action: 'create', calling method: >, body: {"flavor": {"ram": 1024, "rxtx_factor": 1.0, "OS-FLV-EXT-DATA:ephemeral": 0, "os-flavor-access:is_public": true, "disk": 10, "swap": 0, "vcpus": 1, "id": "d2", "name": "ds1G"}} {{(pid=63211) _process_stack /opt/stack/nova/nova/api/openstack/wsgi.py:511}}
Aug 15 19:01:14 user devstack@n-api.service[63211]: INFO nova.api.openstack.requestlog [None req-a66ab46f-2ef7-4daa-b426-ca4daf6250e8 admin admin] 10.0.0.210 "POST /compute/v2.1/flavors" status: 200 len: 402 microversion: 2.61 time: 0.060172
Aug 15 19:01:14 user devstack@n-api.service[63211]: [pid: 63211|app: 0|req: 5/11] 10.0.0.210 () {64 vars in 1277 bytes} [Tue Aug 15 19:01:14 2023] POST /compute/v2.1/flavors => generated 402 bytes in 61 msecs (HTTP/1.1 200) 9 headers in 359 bytes (1 switches on core 0)
Aug 15 19:01:14 user devstack@n-api.service[63213]: DEBUG nova.api.openstack.wsgi [None req-6415c190-05e6-4fb5-9d71-9eb923664199 admin admin] Action: 'create', calling method: >, body: {"extra_specs": {"hw_rng:allowed": "True"}} {{(pid=63213) _process_stack /opt/stack/nova/nova/api/openstack/wsgi.py:511}}
Aug 15 19:01:14 user devstack@n-api.service[63213]: INFO nova.api.openstack.requestlog [None req-6415c190-05e6-4fb5-9d71-9eb923664199 admin admin] 10.0.0.210 "POST /compute/v2.1/flavors/d2/os-extra_specs" status: 200 len: 43 microversion: 2.61 time: 0.024582
Aug 15 19:01:14 user devstack@n-api.service[63213]: [pid: 63213|app: 0|req: 4/12] 10.0.0.210 () {64 vars in 1330 bytes} [Tue Aug 15 19:01:14 2023] POST /compute/v2.1/flavors/d2/os-extra_specs => generated 43 bytes in 26 msecs (HTTP/1.1 200) 9 headers in 358 bytes (1 switches on core 0)
Aug 15 19:01:16 user devstack@n-api.service[63212]: DEBUG nova.api.openstack.wsgi [None req-4a9b1079-4e7d-443d-80c2-2fcf38269b44 None None] Calling method '>' {{(pid=63212) _process_stack /opt/stack/nova/nova/api/openstack/wsgi.py:513}}
Aug 15 19:01:16 user devstack@n-api.service[63212]: INFO nova.api.openstack.requestlog [None req-4a9b1079-4e7d-443d-80c2-2fcf38269b44 None None] 10.0.0.210 "GET /compute/v2.1" status: 200 len: 387 microversion: 2.1 time: 0.001462
Aug 15 19:01:16 user devstack@n-api.service[63212]: [pid: 63212|app: 0|req: 4/13] 10.0.0.210 () {54 vars in 925 bytes} [Tue Aug 15 19:01:16 2023] GET /compute/v2.1 => generated 387 bytes in 2 msecs (HTTP/1.1 200) 9 headers in 357 bytes (1 switches on core 0)
Aug 15 19:01:16 user devstack@n-api.service[63211]: DEBUG nova.api.openstack.wsgi [None req-63075e47-6d24-443f-9fb3-ee4cdf7f18da admin admin] Action: 'create', calling method: >, body: {"flavor": {"os-flavor-access:is_public": true, "OS-FLV-EXT-DATA:ephemeral": 0, "ram": 2048, "rxtx_factor": 1.0, "disk": 10, "vcpus": 2, "id": "d3", "name": "ds2G", "swap": 0}} {{(pid=63211) _process_stack /opt/stack/nova/nova/api/openstack/wsgi.py:511}}
Aug 15 19:01:16 user devstack@n-api.service[63211]: INFO nova.api.openstack.requestlog [None req-63075e47-6d24-443f-9fb3-ee4cdf7f18da admin admin] 10.0.0.210 "POST /compute/v2.1/flavors" status: 200 len: 402 microversion: 2.61 time: 0.153076
Aug 15 19:01:16 user devstack@n-api.service[63211]: [pid: 63211|app: 0|req: 6/14] 10.0.0.210 () {64 vars in 1277 bytes} [Tue Aug 15 19:01:16 2023] POST /compute/v2.1/flavors => generated 402 bytes in 155 msecs (HTTP/1.1 200) 9 headers in 359 bytes (1 switches on core 0)
Aug 15 19:01:16 user devstack@n-api.service[63213]: DEBUG nova.api.openstack.wsgi [None req-d721e923-ba9f-4206-8172-b63ae759fa8f admin admin] Action: 'create', calling method: >, body: {"extra_specs": {"hw_rng:allowed": "True"}} {{(pid=63213) _process_stack /opt/stack/nova/nova/api/openstack/wsgi.py:511}}
Aug 15 19:01:16 user devstack@n-api.service[63213]: INFO nova.api.openstack.requestlog [None req-d721e923-ba9f-4206-8172-b63ae759fa8f admin admin] 10.0.0.210 "POST /compute/v2.1/flavors/d3/os-extra_specs" status: 200 len: 43 microversion: 2.61 time: 0.023136
Aug 15 19:01:16 user devstack@n-api.service[63213]: [pid: 63213|app: 0|req: 5/15] 10.0.0.210 () {64 vars in 1330 bytes} [Tue Aug 15 19:01:16 2023] POST /compute/v2.1/flavors/d3/os-extra_specs => generated 43 bytes in 24 msecs (HTTP/1.1 200) 9 headers in 358 bytes (1 switches on core 0)
Aug 15 19:01:18 user devstack@n-api.service[63212]: DEBUG nova.api.openstack.wsgi [None req-4a9b1079-4e7d-443d-80c2-2fcf38269b44 None None] Calling method '>' {{(pid=63212) _process_stack /opt/stack/nova/nova/api/openstack/wsgi.py:513}}
Aug 15 19:01:18 user devstack@n-api.service[63212]: INFO nova.api.openstack.requestlog [None req-4a9b1079-4e7d-443d-80c2-2fcf38269b44 None None] 10.0.0.210 "GET /compute/v2.1" status: 200 len: 387 microversion: 2.1 time: 0.001530
Aug 15 19:01:18 user devstack@n-api.service[63212]: [pid: 63212|app: 0|req: 5/16] 10.0.0.210 () {54 vars in 925 bytes} [Tue Aug 15 19:01:18 2023] GET /compute/v2.1 => generated 387 bytes in 2 msecs (HTTP/1.1 200) 9 headers in 357 bytes (1 switches on core 0)
Aug 15 19:01:18 user devstack@n-api.service[63211]: DEBUG nova.api.openstack.wsgi [None req-95d14c6b-5ec7-462d-8583-b83610b57e5c admin admin] Action: 'create', calling method: >, body: {"flavor": {"rxtx_factor": 1.0, "disk": 20, "id": "d4", "vcpus": 4, "swap": 0, "ram": 4096, "name": "ds4G", "OS-FLV-EXT-DATA:ephemeral": 0, "os-flavor-access:is_public": true}} {{(pid=63211) _process_stack /opt/stack/nova/nova/api/openstack/wsgi.py:511}}
Aug 15 19:01:18 user devstack@n-api.service[63211]: INFO nova.api.openstack.requestlog [None req-95d14c6b-5ec7-462d-8583-b83610b57e5c admin admin] 10.0.0.210 "POST /compute/v2.1/flavors" status: 200 len: 402 microversion: 2.61 time: 0.062282
Aug 15 19:01:18 user devstack@n-api.service[63211]: [pid: 63211|app: 0|req: 7/17] 10.0.0.210 () {64 vars in 1277 bytes} [Tue Aug 15 19:01:18 2023] POST /compute/v2.1/flavors => generated 402 bytes in 64 msecs (HTTP/1.1 200) 9 headers in 359 bytes (1 switches on core 0)
Aug 15 19:01:18 user devstack@n-api.service[63213]: DEBUG nova.api.openstack.wsgi [None req-3f6cc404-da5b-4fd2-a657-c3bfdcc2beb6 admin admin] Action: 'create', calling method: >, body: {"extra_specs": {"hw_rng:allowed": "True"}} {{(pid=63213) _process_stack /opt/stack/nova/nova/api/openstack/wsgi.py:511}}
Aug 15 19:01:18 user devstack@n-api.service[63213]: INFO nova.api.openstack.requestlog [None req-3f6cc404-da5b-4fd2-a657-c3bfdcc2beb6 admin admin] 10.0.0.210 "POST /compute/v2.1/flavors/d4/os-extra_specs" status: 200 len: 43 microversion: 2.61 time: 0.025001
Aug 15 19:01:18 user devstack@n-api.service[63213]: [pid: 63213|app: 0|req: 6/18] 10.0.0.210 () {64 vars in 1330 bytes} [Tue Aug 15 19:01:18 2023] POST /compute/v2.1/flavors/d4/os-extra_specs => generated 43 bytes in 26 msecs (HTTP/1.1 200) 9 headers in 358 bytes (1 switches on core 0)
Aug 15 19:01:20 user devstack@n-api.service[63212]: DEBUG nova.api.openstack.wsgi [None req-4a9b1079-4e7d-443d-80c2-2fcf38269b44 None None] Calling method '>' {{(pid=63212) _process_stack /opt/stack/nova/nova/api/openstack/wsgi.py:513}}
Aug 15 19:01:20 user devstack@n-api.service[63212]: INFO nova.api.openstack.requestlog [None req-4a9b1079-4e7d-443d-80c2-2fcf38269b44 None None] 10.0.0.210 "GET /compute/v2.1" status: 200 len: 387 microversion: 2.1 time: 0.001517
Aug 15 19:01:20 user devstack@n-api.service[63212]: [pid: 63212|app: 0|req: 6/19] 10.0.0.210 () {54 vars in 925 bytes} [Tue Aug 15 19:01:20 2023] GET /compute/v2.1 => generated 387 bytes in 2 msecs (HTTP/1.1 200) 9 headers in 357 bytes (1 switches on core 0)
Aug 15 19:01:20 user devstack@n-api.service[63211]: DEBUG nova.api.openstack.wsgi [None req-615be813-d16c-406d-a3dd-783c806c1565 admin admin] Calling method '>' {{(pid=63211) _process_stack /opt/stack/nova/nova/api/openstack/wsgi.py:513}}
Aug 15 19:01:20 user devstack@n-api.service[63211]: INFO nova.api.openstack.requestlog [None req-615be813-d16c-406d-a3dd-783c806c1565 admin admin] 10.0.0.210 "GET /compute/v2.1/flavors/detail?is_public=True" status: 200 len: 2096 microversion: 2.61 time: 0.094132
Aug 15 19:01:20 user devstack@n-api.service[63211]: [pid: 63211|app: 0|req: 8/20] 10.0.0.210 () {60 vars in 1286 bytes} [Tue Aug 15 19:01:20 2023] GET /compute/v2.1/flavors/detail?is_public=True => generated 2096 bytes in 95 msecs (HTTP/1.1 200) 9 headers in 360 bytes (1 switches on core 0)
Aug 15 19:01:22 user devstack@n-api.service[63213]: DEBUG nova.api.openstack.wsgi [None req-3f6cc404-da5b-4fd2-a657-c3bfdcc2beb6 admin admin] Calling method '>' {{(pid=63213) _process_stack /opt/stack/nova/nova/api/openstack/wsgi.py:513}}
Aug 15 19:01:22 user devstack@n-api.service[63213]: INFO nova.api.openstack.requestlog [None req-3f6cc404-da5b-4fd2-a657-c3bfdcc2beb6 admin admin] 10.0.0.210 "GET /compute/v2.1" status: 200 len: 387 microversion: 2.1 time: 0.001469
Aug 15 19:01:22 user devstack@n-api.service[63213]: [pid: 63213|app: 0|req: 7/21] 10.0.0.210 () {54 vars in 925 bytes} [Tue Aug 15 19:01:22 2023] GET /compute/v2.1 => generated 387 bytes in 2 msecs (HTTP/1.1 200) 9 headers in 357 bytes (1 switches on core 0)
Aug 15 19:01:22 user devstack@n-api.service[63212]: DEBUG dbcounter [-] [63212] Writing DB stats nova_api:SELECT=3 {{(pid=63212) stat_writer /opt/stack/data/venv/lib/python3.10/site-packages/dbcounter.py:115}}
Aug 15 19:01:22 user devstack@n-api.service[63212]: DEBUG dbcounter [-] [63212] Writing DB stats nova_cell1:SELECT=3 {{(pid=63212) stat_writer /opt/stack/data/venv/lib/python3.10/site-packages/dbcounter.py:115}}
Aug 15 19:01:22 user devstack@n-api.service[63212]: DEBUG dbcounter [-] [63212] Writing DB stats nova_cell0:SELECT=3 {{(pid=63212) stat_writer /opt/stack/data/venv/lib/python3.10/site-packages/dbcounter.py:115}}
Aug 15 19:01:22 user devstack@n-api.service[63212]: DEBUG dbcounter [-] [63212] Writing DB stats nova_cell0:SELECT=3 {{(pid=63212) stat_writer /opt/stack/data/venv/lib/python3.10/site-packages/dbcounter.py:115}}
Aug 15 19:01:22 user devstack@n-api.service[63212]: DEBUG nova.api.openstack.wsgi [None req-5e757449-c8fd-4a57-b778-8d32f2250131 admin admin] Action: 'create', calling method: >, body: {"flavor": {"os-flavor-access:is_public": true, "vcpus": 1, "ram": 512, "disk": 1, "id": "1", "rxtx_factor": 1.0, "name": "m1.tiny", "swap": 0, "OS-FLV-EXT-DATA:ephemeral": 0}} {{(pid=63212) _process_stack /opt/stack/nova/nova/api/openstack/wsgi.py:511}}
Aug 15 19:01:23 user devstack@n-api.service[63212]: INFO nova.api.openstack.requestlog [None req-5e757449-c8fd-4a57-b778-8d32f2250131 admin admin] 10.0.0.210 "POST /compute/v2.1/flavors" status: 200 len: 400 microversion: 2.61 time: 0.312357
Aug 15 19:01:23 user devstack@n-api.service[63212]: [pid: 63212|app: 0|req: 7/22] 10.0.0.210 () {64 vars in 1277 bytes} [Tue Aug 15 19:01:22 2023] POST /compute/v2.1/flavors => generated 400 bytes in 314 msecs (HTTP/1.1 200) 9 headers in 359 bytes (1 switches on core 0)
Aug 15 19:01:23 user devstack@n-api.service[63211]: DEBUG nova.api.openstack.wsgi [None req-59812dc6-d037-4e1f-807f-7aee9387b474 admin admin] Action: 'create', calling method: >, body: {"extra_specs": {"hw_rng:allowed": "True"}} {{(pid=63211) _process_stack /opt/stack/nova/nova/api/openstack/wsgi.py:511}}
Aug 15 19:01:23 user devstack@n-api.service[63211]: INFO nova.api.openstack.requestlog [None req-59812dc6-d037-4e1f-807f-7aee9387b474 admin admin] 10.0.0.210 "POST /compute/v2.1/flavors/1/os-extra_specs" status: 200 len: 43 microversion: 2.61 time: 0.039083
Aug 15 19:01:23 user devstack@n-api.service[63211]: [pid: 63211|app: 0|req: 9/23] 10.0.0.210 () {64 vars in 1327 bytes} [Tue Aug 15 19:01:23 2023] POST /compute/v2.1/flavors/1/os-extra_specs => generated 43 bytes in 40 msecs (HTTP/1.1 200) 9 headers in 358 bytes (1 switches on core 0)
Aug 15 19:01:24 user devstack@n-api.service[63213]: DEBUG nova.api.openstack.wsgi [None req-3f6cc404-da5b-4fd2-a657-c3bfdcc2beb6 admin admin] Calling method '>' {{(pid=63213) _process_stack /opt/stack/nova/nova/api/openstack/wsgi.py:513}}
Aug 15 19:01:24 user devstack@n-api.service[63213]: INFO nova.api.openstack.requestlog [None req-3f6cc404-da5b-4fd2-a657-c3bfdcc2beb6 admin admin] 10.0.0.210 "GET /compute/v2.1" status: 200 len: 387 microversion: 2.1 time: 0.001395
Aug 15 19:01:24 user devstack@n-api.service[63213]: [pid: 63213|app: 0|req: 8/24] 10.0.0.210 () {54 vars in 925 bytes} [Tue Aug 15 19:01:24 2023] GET /compute/v2.1 => generated 387 bytes in 2 msecs (HTTP/1.1 200) 9 headers in 357 bytes (1 switches on core 0)
Aug 15 19:01:25 user devstack@n-api.service[63212]: DEBUG nova.api.openstack.wsgi [None req-69d45dd9-7e91-44a7-960b-d15c8d1d0299 admin admin] Action: 'create', calling method: >, body: {"flavor": {"disk": 20, "swap": 0, "OS-FLV-EXT-DATA:ephemeral": 0, "vcpus": 1, "id": "2", "os-flavor-access:is_public": true, "name": "m1.small", "ram": 2048, "rxtx_factor": 1.0}} {{(pid=63212) _process_stack /opt/stack/nova/nova/api/openstack/wsgi.py:511}}
Aug 15 19:01:25 user devstack@n-api.service[63212]: INFO nova.api.openstack.requestlog [None req-69d45dd9-7e91-44a7-960b-d15c8d1d0299 admin admin] 10.0.0.210 "POST /compute/v2.1/flavors" status: 200 len: 403 microversion: 2.61 time: 0.060924
Aug 15 19:01:25 user devstack@n-api.service[63212]: [pid: 63212|app: 0|req: 8/25] 10.0.0.210 () {64 vars in 1277 bytes} [Tue Aug 15 19:01:24 2023] POST /compute/v2.1/flavors => generated 403 bytes in 62 msecs (HTTP/1.1 200) 9 headers in 359 bytes (1 switches on core 0)
Aug 15 19:01:25 user devstack@n-api.service[63211]: DEBUG nova.api.openstack.wsgi [None req-20cf1d8d-92fd-47f3-8b7a-681f40263383 admin admin] Action: 'create', calling method: >, body: {"extra_specs": {"hw_rng:allowed": "True"}} {{(pid=63211) _process_stack /opt/stack/nova/nova/api/openstack/wsgi.py:511}}
Aug 15 19:01:25 user devstack@n-api.service[63211]: INFO nova.api.openstack.requestlog [None req-20cf1d8d-92fd-47f3-8b7a-681f40263383 admin admin] 10.0.0.210 "POST /compute/v2.1/flavors/2/os-extra_specs" status: 200 len: 43 microversion: 2.61 time: 0.028395
Aug 15 19:01:25 user devstack@n-api.service[63211]: [pid: 63211|app: 0|req: 10/26] 10.0.0.210 () {64 vars in 1327 bytes} [Tue Aug 15 19:01:25 2023] POST /compute/v2.1/flavors/2/os-extra_specs => generated 43 bytes in 30 msecs (HTTP/1.1 200) 9 headers in 358 bytes (1 switches on core 0)
Aug 15 19:01:26 user devstack@n-api.service[63213]: DEBUG nova.api.openstack.wsgi [None req-3f6cc404-da5b-4fd2-a657-c3bfdcc2beb6 admin admin] Calling method '>' {{(pid=63213) _process_stack /opt/stack/nova/nova/api/openstack/wsgi.py:513}}
Aug 15 19:01:26 user devstack@n-api.service[63213]: INFO nova.api.openstack.requestlog [None req-3f6cc404-da5b-4fd2-a657-c3bfdcc2beb6 admin admin] 10.0.0.210 "GET /compute/v2.1" status: 200 len: 387 microversion: 2.1 time: 0.001285
Aug 15 19:01:26 user devstack@n-api.service[63213]: [pid: 63213|app: 0|req: 9/27] 10.0.0.210 () {54 vars in 925 bytes} [Tue Aug 15 19:01:26 2023] GET /compute/v2.1 => generated 387 bytes in 2 msecs (HTTP/1.1 200) 9 headers in 357 bytes (1 switches on core 0)
Aug 15 19:01:26 user devstack@n-api.service[63212]: DEBUG nova.api.openstack.wsgi [None req-819039c5-49bc-479d-847a-2e9820c11f74 admin admin] Action: 'create', calling method: >, body: {"flavor": {"ram": 4096, "name": "m1.medium", "vcpus": 2, "swap": 0, "os-flavor-access:is_public": true, "id": "3", "disk": 40, "OS-FLV-EXT-DATA:ephemeral": 0, "rxtx_factor": 1.0}} {{(pid=63212) _process_stack /opt/stack/nova/nova/api/openstack/wsgi.py:511}}
Aug 15 19:01:27 user devstack@n-api.service[63212]: INFO nova.api.openstack.requestlog [None req-819039c5-49bc-479d-847a-2e9820c11f74 admin admin] 10.0.0.210 "POST /compute/v2.1/flavors" status: 200 len: 404 microversion: 2.61 time: 0.067099
Aug 15 19:01:27 user devstack@n-api.service[63212]: [pid: 63212|app: 0|req: 9/28] 10.0.0.210 () {64 vars in 1277 bytes} [Tue Aug 15 19:01:26 2023] POST /compute/v2.1/flavors => generated 404 bytes in 68 msecs (HTTP/1.1 200) 9 headers in 359 bytes (1 switches on core 0)
Aug 15 19:01:27 user devstack@n-api.service[63211]: DEBUG nova.api.openstack.wsgi [None req-328a7eae-4328-4c72-8b95-a345033a2b2e admin admin] Action: 'create', calling method: >, body: {"extra_specs": {"hw_rng:allowed": "True"}} {{(pid=63211) _process_stack /opt/stack/nova/nova/api/openstack/wsgi.py:511}}
Aug 15 19:01:27 user devstack@n-api.service[63211]: INFO nova.api.openstack.requestlog [None req-328a7eae-4328-4c72-8b95-a345033a2b2e admin admin] 10.0.0.210 "POST /compute/v2.1/flavors/3/os-extra_specs" status: 200 len: 43 microversion: 2.61 time: 0.028792
Aug 15 19:01:27 user devstack@n-api.service[63211]: [pid: 63211|app: 0|req: 11/29] 10.0.0.210 () {64 vars in 1327 bytes} [Tue Aug 15 19:01:27 2023] POST /compute/v2.1/flavors/3/os-extra_specs => generated 43 bytes in 30 msecs (HTTP/1.1 200) 9 headers in 358 bytes (1 switches on core 0)
Aug 15 19:01:29 user devstack@n-api.service[63213]: DEBUG nova.api.openstack.wsgi [None req-3f6cc404-da5b-4fd2-a657-c3bfdcc2beb6 admin admin] Calling method '>' {{(pid=63213) _process_stack /opt/stack/nova/nova/api/openstack/wsgi.py:513}}
Aug 15 19:01:29 user devstack@n-api.service[63213]: INFO nova.api.openstack.requestlog [None req-3f6cc404-da5b-4fd2-a657-c3bfdcc2beb6 admin admin] 10.0.0.210 "GET /compute/v2.1" status: 200 len: 387 microversion: 2.1 time: 0.001368
Aug 15 19:01:29 user devstack@n-api.service[63213]: [pid: 63213|app: 0|req: 10/30] 10.0.0.210 () {54 vars in 925 bytes} [Tue Aug 15 19:01:29 2023] GET /compute/v2.1 => generated 387 bytes in 2 msecs (HTTP/1.1 200) 9 headers in 357 bytes (1 switches on core 0)
Aug 15 19:01:29 user devstack@n-api.service[63212]: DEBUG nova.api.openstack.wsgi [None req-dfac35be-344e-4ebb-a9cd-0e4bf6ed71e3 admin admin] Action: 'create', calling method: >, body: {"flavor": {"disk": 80, "id": "4", "rxtx_factor": 1.0, "name": "m1.large", "ram": 8192, "OS-FLV-EXT-DATA:ephemeral": 0, "os-flavor-access:is_public": true, "vcpus": 4, "swap": 0}} {{(pid=63212) _process_stack /opt/stack/nova/nova/api/openstack/wsgi.py:511}}
Aug 15 19:01:29 user devstack@n-api.service[63212]: INFO nova.api.openstack.requestlog [None req-dfac35be-344e-4ebb-a9cd-0e4bf6ed71e3 admin admin] 10.0.0.210 "POST /compute/v2.1/flavors" status: 200 len: 403 microversion: 2.61 time: 0.065168
Aug 15 19:01:29 user devstack@n-api.service[63212]: [pid: 63212|app: 0|req: 10/31] 10.0.0.210 () {64 vars in 1277 bytes} [Tue Aug 15 19:01:29 2023] POST /compute/v2.1/flavors => generated 403 bytes in 67 msecs (HTTP/1.1 200) 9 headers in 359 bytes (1 switches on core 0)
Aug 15 19:01:29 user devstack@n-api.service[63211]: DEBUG nova.api.openstack.wsgi [None req-c3fcbf37-7090-4313-a092-12acb046c1ed admin admin] Action: 'create', calling method: >, body: {"extra_specs": {"hw_rng:allowed": "True"}} {{(pid=63211) _process_stack /opt/stack/nova/nova/api/openstack/wsgi.py:511}}
Aug 15 19:01:29 user devstack@n-api.service[63211]: INFO nova.api.openstack.requestlog [None req-c3fcbf37-7090-4313-a092-12acb046c1ed admin admin] 10.0.0.210 "POST /compute/v2.1/flavors/4/os-extra_specs" status: 200 len: 43 microversion: 2.61 time: 0.025824
Aug 15 19:01:29 user devstack@n-api.service[63211]: [pid: 63211|app: 0|req: 12/32] 10.0.0.210 () {64 vars in 1327 bytes} [Tue Aug 15 19:01:29 2023] POST /compute/v2.1/flavors/4/os-extra_specs => generated 43 bytes in 27 msecs (HTTP/1.1 200) 9 headers in 358 bytes (1 switches on core 0)
Aug 15 19:01:31 user devstack@n-api.service[63213]: DEBUG nova.api.openstack.wsgi [None req-3f6cc404-da5b-4fd2-a657-c3bfdcc2beb6 admin admin] Calling method '>' {{(pid=63213) _process_stack /opt/stack/nova/nova/api/openstack/wsgi.py:513}}
Aug 15 19:01:31 user devstack@n-api.service[63213]: INFO nova.api.openstack.requestlog [None req-3f6cc404-da5b-4fd2-a657-c3bfdcc2beb6 admin admin] 10.0.0.210 "GET /compute/v2.1" status: 200 len: 387 microversion: 2.1 time: 0.002095
Aug 15 19:01:31 user devstack@n-api.service[63213]: [pid: 63213|app: 0|req: 11/33] 10.0.0.210 () {54 vars in 925 bytes} [Tue Aug 15 19:01:31 2023] GET /compute/v2.1 => generated 387 bytes in 3 msecs (HTTP/1.1 200) 9 headers in 357 bytes (1 switches on core 0)
Aug 15 19:01:31 user devstack@n-api.service[63212]: DEBUG nova.api.openstack.wsgi [None req-54521707-822b-4122-8f5f-4f79ad759511 admin admin] Action: 'create', calling method: >, body: {"flavor": {"rxtx_factor": 1.0, "ram": 16384, "OS-FLV-EXT-DATA:ephemeral": 0, "id": "5", "swap": 0, "os-flavor-access:is_public": true, "disk": 160, "name": "m1.xlarge", "vcpus": 8}} {{(pid=63212) _process_stack /opt/stack/nova/nova/api/openstack/wsgi.py:511}}
Aug 15 19:01:31 user devstack@n-api.service[63212]: INFO nova.api.openstack.requestlog [None req-54521707-822b-4122-8f5f-4f79ad759511 admin admin] 10.0.0.210 "POST /compute/v2.1/flavors" status: 200 len: 406 microversion: 2.61 time: 0.060044
