Aug 15 21:03:27 user devstack@keystone.service[44417]: DEBUG keystone.server.flask.request_processing.req_logging [None req-90ba1861-7b51-4f9e-8074-af8e866732c2 None admin] SCRIPT_NAME: `/identity` {{(pid=44417) log_request_info /opt/stack/keystone/keystone/server/flask/request_processing/req_logging.py:28}}
Aug 15 21:03:27 user devstack@keystone.service[44417]: DEBUG keystone.server.flask.request_processing.req_logging [None req-90ba1861-7b51-4f9e-8074-af8e866732c2 None admin] PATH_INFO: `/v3/roles/member` {{(pid=44417) log_request_info /opt/stack/keystone/keystone/server/flask/request_processing/req_logging.py:29}}
Aug 15 21:03:27 user devstack@keystone.service[44417]: DEBUG keystone.common.rbac_enforcer.enforcer [None req-90ba1861-7b51-4f9e-8074-af8e866732c2 None admin] Extracting inferred target data resulted in "NOT FOUND (404)". {{(pid=44417) enforce_call /opt/stack/keystone/keystone/common/rbac_enforcer/enforcer.py:409}}
Aug 15 21:03:27 user devstack@keystone.service[44417]: ERROR keystone.server.flask.application [None req-90ba1861-7b51-4f9e-8074-af8e866732c2 None admin] Could not find role: member.: keystone.exception.RoleNotFound: Could not find role: member.
Aug 15 21:03:27 user devstack@keystone.service[44417]: ERROR keystone.server.flask.application
Traceback (most recent call last):
Aug 15 21:03:27 user devstack@keystone.service[44417]: ERROR keystone.server.flask.application
File "/opt/stack/data/venv/lib/python3.10/site-packages/flask/app.py", line 1823, in full_dispatch_request
Aug 15 21:03:27 user devstack@keystone.service[44417]: ERROR keystone.server.flask.application rv = self.dispatch_request()
Aug 15 21:03:27 user devstack@keystone.service[44417]: ERROR keystone.server.flask.application
File "/opt/stack/data/venv/lib/python3.10/site-packages/flask/app.py", line 1799, in dispatch_request
Aug 15 21:03:27 user devstack@keystone.service[44417]: ERROR keystone.server.flask.application return self.ensure_sync(self.view_functions[rule.endpoint])(**view_args)
Aug 15 21:03:27 user devstack@keystone.service[44417]: ERROR keystone.server.flask.application
File "/opt/stack/data/venv/lib/python3.10/site-packages/flask_restful/__init__.py", line 467, in wrapper
Aug 15 21:03:27 user devstack@keystone.service[44417]: ERROR keystone.server.flask.application resp = resource(*args, **kwargs)
Aug 15 21:03:27 user devstack@keystone.service[44417]: ERROR keystone.server.flask.application
File "/opt/stack/data/venv/lib/python3.10/site-packages/flask/views.py", line 107, in view
Aug 15 21:03:27 user devstack@keystone.service[44417]: ERROR keystone.server.flask.application return current_app.ensure_sync(self.dispatch_request)(**kwargs)
Aug 15 21:03:27 user devstack@keystone.service[44417]: ERROR keystone.server.flask.application
File "/opt/stack/data/venv/lib/python3.10/site-packages/flask_restful/__init__.py", line 582, in dispatch_request
Aug 15 21:03:27 user devstack@keystone.service[44417]: ERROR keystone.server.flask.application resp = meth(*args, **kwargs)
Aug 15 21:03:27 user devstack@keystone.service[44417]: ERROR keystone.server.flask.application
File "/opt/stack/keystone/keystone/api/roles.py", line 50, in get
Aug 15 21:03:27 user devstack@keystone.service[44417]: ERROR keystone.server.flask.application return self._get_role(role_id)
Aug 15 21:03:27 user devstack@keystone.service[44417]: ERROR keystone.server.flask.application
File "/opt/stack/keystone/keystone/api/roles.py", line 70, in _get_role
Aug 15 21:03:27 user devstack@keystone.service[44417]: ERROR keystone.server.flask.application ENFORCER.enforce_call(action='identity:get_role')
Aug 15 21:03:27 user devstack@keystone.service[44417]: ERROR keystone.server.flask.application
File "/opt/stack/keystone/keystone/common/rbac_enforcer/enforcer.py", line 402, in enforce_call
Aug 15 21:03:27 user devstack@keystone.service[44417]: ERROR keystone.server.flask.application policy_dict.update(cls._extract_member_target_data(
Aug 15 21:03:27 user devstack@keystone.service[44417]: ERROR keystone.server.flask.application
File "/opt/stack/keystone/keystone/common/rbac_enforcer/enforcer.py", line 234, in _extract_member_target_data
Aug 15 21:03:27 user devstack@keystone.service[44417]: ERROR keystone.server.flask.application member_name: func(flask.request.view_args[key])
Aug 15 21:03:27 user devstack@keystone.service[44417]: ERROR keystone.server.flask.application
File "/opt/stack/keystone/keystone/common/manager.py", line 115, in wrapped
Aug 15 21:03:27 user devstack@keystone.service[44417]: ERROR keystone.server.flask.application __ret_val = __f(*args, **kwargs)
Aug 15 21:03:27 user devstack@keystone.service[44417]: ERROR keystone.server.flask.application
File "/opt/stack/data/venv/lib/python3.10/site-packages/decorator.py", line 232, in fun
Aug 15 21:03:27 user devstack@keystone.service[44417]: ERROR keystone.server.flask.application return caller(func, *(extras + args), **kw)
Aug 15 21:03:27 user devstack@keystone.service[44417]: ERROR keystone.server.flask.application
File "/opt/stack/data/venv/lib/python3.10/site-packages/dogpile/cache/region.py", line 1577, in get_or_create_for_user_func
Aug 15 21:03:27 user devstack@keystone.service[44417]: ERROR keystone.server.flask.application return self.get_or_create(
Aug 15 21:03:27 user devstack@keystone.service[44417]: ERROR keystone.server.flask.application
File "/opt/stack/data/venv/lib/python3.10/site-packages/dogpile/cache/region.py", line 1042, in get_or_create
Aug 15 21:03:27 user devstack@keystone.service[44417]: ERROR keystone.server.flask.application with Lock(
Aug 15 21:03:27 user devstack@keystone.service[44417]: ERROR keystone.server.flask.application
File "/opt/stack/data/venv/lib/python3.10/site-packages/dogpile/lock.py", line 185, in __enter__
Aug 15 21:03:27 user devstack@keystone.service[44417]: ERROR keystone.server.flask.application return self._enter()
Aug 15 21:03:27 user devstack@keystone.service[44417]: ERROR keystone.server.flask.application
File "/opt/stack/data/venv/lib/python3.10/site-packages/dogpile/lock.py", line 94, in _enter
Aug 15 21:03:27 user devstack@keystone.service[44417]: ERROR keystone.server.flask.application generated = self._enter_create(value, createdtime)
Aug 15 21:03:27 user devstack@keystone.service[44417]: ERROR keystone.server.flask.application
File "/opt/stack/data/venv/lib/python3.10/site-packages/dogpile/lock.py", line 178, in _enter_create
Aug 15 21:03:27 user devstack@keystone.service[44417]: ERROR keystone.server.flask.application return self.creator()
Aug 15 21:03:27 user devstack@keystone.service[44417]: ERROR keystone.server.flask.application
File "/opt/stack/data/venv/lib/python3.10/site-packages/dogpile/cache/region.py", line 995, in gen_value
Aug 15 21:03:27 user devstack@keystone.service[44417]: ERROR keystone.server.flask.application created_value = creator(
Aug 15 21:03:27 user devstack@keystone.service[44417]: ERROR keystone.server.flask.application
File "/opt/stack/keystone/keystone/assignment/core.py", line 1276, in get_role
Aug 15 21:03:27 user devstack@keystone.service[44417]: ERROR keystone.server.flask.application return self.driver.get_role(role_id)
Aug 15 21:03:27 user devstack@keystone.service[44417]: ERROR keystone.server.flask.application
File "/opt/stack/keystone/keystone/assignment/role_backends/sql.py", line 70, in get_role
Aug 15 21:03:27 user devstack@keystone.service[44417]: ERROR keystone.server.flask.application return self._get_role(session, role_id).to_dict()
Aug 15 21:03:27 user devstack@keystone.service[44417]: ERROR keystone.server.flask.application
File "/opt/stack/keystone/keystone/assignment/role_backends/sql.py", line 65, in _get_role
Aug 15 21:03:27 user devstack@keystone.service[44417]: ERROR keystone.server.flask.application raise exception.RoleNotFound(role_id=role_id)
Aug 15 21:03:27 user devstack@keystone.service[44417]: ERROR keystone.server.flask.application keystone.exception.RoleNotFound: Could not find role: member.
Aug 15 21:03:27 user devstack@keystone.service[44417]: ERROR keystone.server.flask.application
Aug 15 21:03:27 user devstack@keystone.service[44417]: [pid: 44417|app: 0|req: 66/196] 10.0.0.210 () {56 vars in 1094 bytes} [Tue Aug 15 21:03:27 2023] GET /identity/v3/roles/member => generated 84 bytes in 126 msecs (HTTP/1.1 404) 5 headers in 183 bytes (1 switches on core 0)
Aug 15 21:03:27 user devstack@keystone.service[44417]: DEBUG keystone.server.flask.request_processing.middleware.auth_context [None req-90ba1861-7b51-4f9e-8074-af8e866732c2 None admin] Authenticating user token {{(pid=44417) process_request /opt/stack/data/venv/lib/python3.10/site-packages/keystonemiddleware/auth_token/__init__.py:406}}
Aug 15 21:03:27 user devstack@keystone.service[44419]: DEBUG keystone.server.flask.request_processing.middleware.auth_context [None req-f1993ee6-d9d1-484e-9935-9cee427dc5b3 None None] Validating token access rules against request {{(pid=44419) validate_allowed_request /opt/stack/data/venv/lib/python3.10/site-packages/keystonemiddleware/auth_token/__init__.py:544}}
Aug 15 21:03:27 user devstack@keystone.service[44418]: DEBUG keystone.server.flask.request_processing.middleware.auth_context [None req-b51cdc3a-6837-4765-9305-91d5c155f5e1 None admin] Validating token access rules against request {{(pid=44418) validate_allowed_request /opt/stack/data/venv/lib/python3.10/site-packages/keystonemiddleware/auth_token/__init__.py:544}}
Aug 15 21:03:27 user devstack@keystone.service[44419]: DEBUG keystone.server.flask.request_processing.middleware.auth_context [None req-8ce56ccb-1d75-4a58-baa6-f69cb5352abe None admin] RBAC: auth_context: {'token': , 'domain_id': None, 'trust_id': None, 'trustor_id': None, 'trustee_id': None, 'domain_name': None, 'group_ids': [], 'user_id': '9472ff96c1354483911924ab4e36619e', 'user_domain_id': 'default', 'system_scope': 'all', 'project_id': None, 'project_domain_id': None, 'roles': ['admin', 'member', 'reader'], 'is_admin_project': True, 'service_user_id': None, 'service_user_domain_id': None, 'service_project_id': None, 'service_project_domain_id': None, 'service_roles': []} {{(pid=44419) fill_context /opt/stack/keystone/keystone/server/flask/request_processing/middleware/auth_context.py:480}}
Aug 15 21:03:27 user devstack@keystone.service[44419]: DEBUG keystone.server.flask.request_processing.req_logging [None req-8ce56ccb-1d75-4a58-baa6-f69cb5352abe None admin] REQUEST_METHOD: `GET` {{(pid=44419) log_request_info /opt/stack/keystone/keystone/server/flask/request_processing/req_logging.py:27}}
Aug 15 21:03:27 user devstack@keystone.service[44419]: DEBUG keystone.server.flask.request_processing.req_logging [None req-8ce56ccb-1d75-4a58-baa6-f69cb5352abe None admin] SCRIPT_NAME: `/identity` {{(pid=44419) log_request_info /opt/stack/keystone/keystone/server/flask/request_processing/req_logging.py:28}}
Aug 15 21:03:27 user devstack@keystone.service[44419]: DEBUG keystone.server.flask.request_processing.req_logging [None req-8ce56ccb-1d75-4a58-baa6-f69cb5352abe None admin] PATH_INFO: `/v3/domains/default` {{(pid=44419) log_request_info /opt/stack/keystone/keystone/server/flask/request_processing/req_logging.py:29}}
Aug 15 21:03:27 user devstack@keystone.service[44418]: DEBUG keystone.server.flask.request_processing.middleware.auth_context [None req-0f0f813b-2798-46b6-9f47-f58cc784a129 None admin] RBAC: auth_context: {'token': , 'domain_id': None, 'trust_id': None, 'trustor_id': None, 'trustee_id': None, 'domain_name': None, 'group_ids': [], 'user_id': '9472ff96c1354483911924ab4e36619e', 'user_domain_id': 'default', 'system_scope': 'all', 'project_id': None, 'project_domain_id': None, 'roles': ['admin', 'member', 'reader'], 'is_admin_project': True, 'service_user_id': None, 'service_user_domain_id': None, 'service_project_id': None, 'service_project_domain_id': None, 'service_roles': []} {{(pid=44418) fill_context /opt/stack/keystone/keystone/server/flask/request_processing/middleware/auth_context.py:480}}
Aug 15 21:03:27 user devstack@keystone.service[44418]: DEBUG keystone.server.flask.request_processing.req_logging [None req-0f0f813b-2798-46b6-9f47-f58cc784a129 None admin] REQUEST_METHOD: `GET` {{(pid=44418) log_request_info /opt/stack/keystone/keystone/server/flask/request_processing/req_logging.py:27}}
Aug 15 21:03:27 user devstack@keystone.service[44418]: DEBUG keystone.server.flask.request_processing.req_logging [None req-0f0f813b-2798-46b6-9f47-f58cc784a129 None admin] SCRIPT_NAME: `/identity` {{(pid=44418) log_request_info /opt/stack/keystone/keystone/server/flask/request_processing/req_logging.py:28}}
Aug 15 21:03:27 user devstack@keystone.service[44418]: DEBUG keystone.server.flask.request_processing.req_logging [None req-0f0f813b-2798-46b6-9f47-f58cc784a129 None admin] PATH_INFO: `/v3/roles` {{(pid=44418) log_request_info /opt/stack/keystone/keystone/server/flask/request_processing/req_logging.py:29}}
Aug 15 21:03:27 user devstack@keystone.service[44419]: DEBUG keystone.common.rbac_enforcer.enforcer [None req-8ce56ccb-1d75-4a58-baa6-f69cb5352abe None admin] RBAC: Authorizing `identity:get_domain(domain_id=default)` {{(pid=44419) enforce_call /opt/stack/keystone/keystone/common/rbac_enforcer/enforcer.py:449}}
Aug 15 21:03:27 user devstack@keystone.service[44418]: DEBUG keystone.common.rbac_enforcer.enforcer [None req-0f0f813b-2798-46b6-9f47-f58cc784a129 None admin] RBAC: Adding query filter params (name=reader) {{(pid=44418) _extract_filter_values /opt/stack/keystone/keystone/common/rbac_enforcer/enforcer.py:167}}
Aug 15 21:03:27 user devstack@keystone.service[44418]: DEBUG keystone.common.rbac_enforcer.enforcer [None req-0f0f813b-2798-46b6-9f47-f58cc784a129 None admin] RBAC: Authorizing `identity:list_roles()` {{(pid=44418) enforce_call /opt/stack/keystone/keystone/common/rbac_enforcer/enforcer.py:449}}
Aug 15 21:03:27 user devstack@keystone.service[44418]: DEBUG keystone.common.rbac_enforcer.enforcer [None req-0f0f813b-2798-46b6-9f47-f58cc784a129 None admin] RBAC: Authorization granted {{(pid=44418) enforce_call /opt/stack/keystone/keystone/common/rbac_enforcer/enforcer.py:457}}
Aug 15 21:03:27 user devstack@keystone.service[44419]: DEBUG keystone.common.rbac_enforcer.enforcer [None req-8ce56ccb-1d75-4a58-baa6-f69cb5352abe None admin] RBAC: Authorization granted {{(pid=44419) enforce_call /opt/stack/keystone/keystone/common/rbac_enforcer/enforcer.py:457}}
Aug 15 21:03:27 user devstack@keystone.service[44419]: [pid: 44419|app: 0|req: 63/197] 10.0.0.210 () {56 vars in 1103 bytes} [Tue Aug 15 21:03:27 2023] GET /identity/v3/domains/default => generated 198 bytes in 155 msecs (HTTP/1.1 200) 5 headers in 177 bytes (1 switches on core 0)
Aug 15 21:03:27 user devstack@keystone.service[44418]: [pid: 44418|app: 0|req: 69/198] 10.0.0.210 () {56 vars in 1096 bytes} [Tue Aug 15 21:03:27 2023] GET /identity/v3/roles?name=reader => generated 339 bytes in 122 msecs (HTTP/1.1 200) 5 headers in 177 bytes (1 switches on core 0)
Aug 15 21:03:27 user devstack@keystone.service[44419]: DEBUG keystone.server.flask.request_processing.middleware.auth_context [None req-8ce56ccb-1d75-4a58-baa6-f69cb5352abe None admin] Authenticating user token {{(pid=44419) process_request /opt/stack/data/venv/lib/python3.10/site-packages/keystonemiddleware/auth_token/__init__.py:406}}
Aug 15 21:03:27 user devstack@keystone.service[44418]: DEBUG keystone.server.flask.request_processing.middleware.auth_context [None req-0f0f813b-2798-46b6-9f47-f58cc784a129 None admin] Authenticating user token {{(pid=44418) process_request /opt/stack/data/venv/lib/python3.10/site-packages/keystonemiddleware/auth_token/__init__.py:406}}
Aug 15 21:03:27 user devstack@keystone.service[44417]: DEBUG keystone.server.flask.request_processing.middleware.auth_context [None req-90ba1861-7b51-4f9e-8074-af8e866732c2 None admin] Validating token access rules against request {{(pid=44417) validate_allowed_request /opt/stack/data/venv/lib/python3.10/site-packages/keystonemiddleware/auth_token/__init__.py:544}}
Aug 15 21:03:27 user devstack@keystone.service[44417]: DEBUG keystone.server.flask.request_processing.middleware.auth_context [None req-2bd8b908-e986-46ce-be68-890b191d8205 None admin] RBAC: auth_context: {'token': , 'domain_id': None, 'trust_id': None, 'trustor_id': None, 'trustee_id': None, 'domain_name': None, 'group_ids': [], 'user_id': '9472ff96c1354483911924ab4e36619e', 'user_domain_id': 'default', 'system_scope': 'all', 'project_id': None, 'project_domain_id': None, 'roles': ['admin', 'member', 'reader'], 'is_admin_project': True, 'service_user_id': None, 'service_user_domain_id': None, 'service_project_id': None, 'service_project_domain_id': None, 'service_roles': []} {{(pid=44417) fill_context /opt/stack/keystone/keystone/server/flask/request_processing/middleware/auth_context.py:480}}
Aug 15 21:03:27 user devstack@keystone.service[44417]: DEBUG keystone.server.flask.request_processing.req_logging [None req-2bd8b908-e986-46ce-be68-890b191d8205 None admin] REQUEST_METHOD: `GET` {{(pid=44417) log_request_info /opt/stack/keystone/keystone/server/flask/request_processing/req_logging.py:27}}
Aug 15 21:03:27 user devstack@keystone.service[44417]: DEBUG keystone.server.flask.request_processing.req_logging [None req-2bd8b908-e986-46ce-be68-890b191d8205 None admin] SCRIPT_NAME: `/identity` {{(pid=44417) log_request_info /opt/stack/keystone/keystone/server/flask/request_processing/req_logging.py:28}}
Aug 15 21:03:27 user devstack@keystone.service[44417]: DEBUG keystone.server.flask.request_processing.req_logging [None req-2bd8b908-e986-46ce-be68-890b191d8205 None admin] PATH_INFO: `/v3/roles` {{(pid=44417) log_request_info /opt/stack/keystone/keystone/server/flask/request_processing/req_logging.py:29}}
Aug 15 21:03:27 user devstack@keystone.service[44417]: DEBUG keystone.common.rbac_enforcer.enforcer [None req-2bd8b908-e986-46ce-be68-890b191d8205 None admin] RBAC: Adding query filter params (name=member) {{(pid=44417) _extract_filter_values /opt/stack/keystone/keystone/common/rbac_enforcer/enforcer.py:167}}
Aug 15 21:03:27 user devstack@keystone.service[44417]: DEBUG keystone.common.rbac_enforcer.enforcer [None req-2bd8b908-e986-46ce-be68-890b191d8205 None admin] RBAC: Authorizing `identity:list_roles()` {{(pid=44417) enforce_call /opt/stack/keystone/keystone/common/rbac_enforcer/enforcer.py:449}}
Aug 15 21:03:27 user devstack@keystone.service[44417]: DEBUG keystone.common.rbac_enforcer.enforcer [None req-2bd8b908-e986-46ce-be68-890b191d8205 None admin] RBAC: Authorization granted {{(pid=44417) enforce_call /opt/stack/keystone/keystone/common/rbac_enforcer/enforcer.py:457}}
Aug 15 21:03:27 user devstack@keystone.service[44417]: [pid: 44417|app: 0|req: 67/199] 10.0.0.210 () {56 vars in 1096 bytes} [Tue Aug 15 21:03:27 2023] GET /identity/v3/roles?name=member => generated 339 bytes in 130 msecs (HTTP/1.1 200) 5 headers in 177 bytes (2 switches on core 0)
Aug 15 21:03:27 user devstack@keystone.service[44417]: DEBUG keystone.server.flask.request_processing.middleware.auth_context [None req-2bd8b908-e986-46ce-be68-890b191d8205 None admin] Authenticating user token {{(pid=44417) process_request /opt/stack/data/venv/lib/python3.10/site-packages/keystonemiddleware/auth_token/__init__.py:406}}
Aug 15 21:03:27 user devstack@keystone.service[44418]: DEBUG keystone.server.flask.request_processing.middleware.auth_context [None req-0f0f813b-2798-46b6-9f47-f58cc784a129 None admin] Validating token access rules against request {{(pid=44418) validate_allowed_request /opt/stack/data/venv/lib/python3.10/site-packages/keystonemiddleware/auth_token/__init__.py:544}}
Aug 15 21:03:27 user devstack@keystone.service[44419]: DEBUG keystone.server.flask.request_processing.middleware.auth_context [None req-8ce56ccb-1d75-4a58-baa6-f69cb5352abe None admin] Validating token access rules against request {{(pid=44419) validate_allowed_request /opt/stack/data/venv/lib/python3.10/site-packages/keystonemiddleware/auth_token/__init__.py:544}}
Aug 15 21:03:27 user devstack@keystone.service[44418]: DEBUG keystone.server.flask.request_processing.middleware.auth_context [None req-602ed6e3-b8e2-40d4-8b33-7a52a118c3c0 None admin] RBAC: auth_context: {'token': , 'domain_id': None, 'trust_id': None, 'trustor_id': None, 'trustee_id': None, 'domain_name': None, 'group_ids': [], 'user_id': '9472ff96c1354483911924ab4e36619e', 'user_domain_id': 'default', 'system_scope': 'all', 'project_id': None, 'project_domain_id': None, 'roles': ['admin', 'member', 'reader'], 'is_admin_project': True, 'service_user_id': None, 'service_user_domain_id': None, 'service_project_id': None, 'service_project_domain_id': None, 'service_roles': []} {{(pid=44418) fill_context /opt/stack/keystone/keystone/server/flask/request_processing/middleware/auth_context.py:480}}
Aug 15 21:03:27 user devstack@keystone.service[44418]: DEBUG keystone.server.flask.request_processing.req_logging [None req-602ed6e3-b8e2-40d4-8b33-7a52a118c3c0 None admin] REQUEST_METHOD: `GET` {{(pid=44418) log_request_info /opt/stack/keystone/keystone/server/flask/request_processing/req_logging.py:27}}
Aug 15 21:03:27 user devstack@keystone.service[44418]: DEBUG keystone.server.flask.request_processing.req_logging [None req-602ed6e3-b8e2-40d4-8b33-7a52a118c3c0 None admin] SCRIPT_NAME: `/identity` {{(pid=44418) log_request_info /opt/stack/keystone/keystone/server/flask/request_processing/req_logging.py:28}}
Aug 15 21:03:27 user devstack@keystone.service[44418]: DEBUG keystone.server.flask.request_processing.req_logging [None req-602ed6e3-b8e2-40d4-8b33-7a52a118c3c0 None admin] PATH_INFO: `/v3/users/135522d3459d4e8093437c49df298e2e` {{(pid=44418) log_request_info /opt/stack/keystone/keystone/server/flask/request_processing/req_logging.py:29}}
Aug 15 21:03:27 user devstack@keystone.service[44418]: DEBUG keystone.common.rbac_enforcer.enforcer [None req-602ed6e3-b8e2-40d4-8b33-7a52a118c3c0 None admin] RBAC: Authorizing `identity:get_user(user_id=135522d3459d4e8093437c49df298e2e)` {{(pid=44418) enforce_call /opt/stack/keystone/keystone/common/rbac_enforcer/enforcer.py:449}}
Aug 15 21:03:27 user devstack@keystone.service[44418]: DEBUG keystone.common.rbac_enforcer.enforcer [None req-602ed6e3-b8e2-40d4-8b33-7a52a118c3c0 None admin] RBAC: Authorization granted {{(pid=44418) enforce_call /opt/stack/keystone/keystone/common/rbac_enforcer/enforcer.py:457}}
Aug 15 21:03:27 user devstack@keystone.service[44418]: [pid: 44418|app: 0|req: 70/200] 10.0.0.210 () {56 vars in 1172 bytes} [Tue Aug 15 21:03:27 2023] GET /identity/v3/users/135522d3459d4e8093437c49df298e2e => generated 296 bytes in 123 msecs (HTTP/1.1 200) 5 headers in 177 bytes (1 switches on core 0)
Aug 15 21:03:27 user devstack@keystone.service[44419]: DEBUG keystone.server.flask.request_processing.middleware.auth_context [None req-4dca082a-55f1-43c4-b0b2-0a54fec79a72 None admin] RBAC: auth_context: {'token': , 'domain_id': None, 'trust_id': None, 'trustor_id': None, 'trustee_id': None, 'domain_name': None, 'group_ids': [], 'user_id': '9472ff96c1354483911924ab4e36619e', 'user_domain_id': 'default', 'system_scope': 'all', 'project_id': None, 'project_domain_id': None, 'roles': ['admin', 'member', 'reader'], 'is_admin_project': True, 'service_user_id': None, 'service_user_domain_id': None, 'service_project_id': None, 'service_project_domain_id': None, 'service_roles': []} {{(pid=44419) fill_context /opt/stack/keystone/keystone/server/flask/request_processing/middleware/auth_context.py:480}}
Aug 15 21:03:27 user devstack@keystone.service[44419]: DEBUG keystone.server.flask.request_processing.req_logging [None req-4dca082a-55f1-43c4-b0b2-0a54fec79a72 None admin] REQUEST_METHOD: `POST` {{(pid=44419) log_request_info /opt/stack/keystone/keystone/server/flask/request_processing/req_logging.py:27}}
Aug 15 21:03:27 user devstack@keystone.service[44419]: DEBUG keystone.server.flask.request_processing.req_logging [None req-4dca082a-55f1-43c4-b0b2-0a54fec79a72 None admin] SCRIPT_NAME: `/identity` {{(pid=44419) log_request_info /opt/stack/keystone/keystone/server/flask/request_processing/req_logging.py:28}}
Aug 15 21:03:27 user devstack@keystone.service[44419]: DEBUG keystone.server.flask.request_processing.req_logging [None req-4dca082a-55f1-43c4-b0b2-0a54fec79a72 None admin] PATH_INFO: `/v3/users` {{(pid=44419) log_request_info /opt/stack/keystone/keystone/server/flask/request_processing/req_logging.py:29}}
Aug 15 21:03:27 user devstack@keystone.service[44418]: DEBUG keystone.server.flask.request_processing.middleware.auth_context [None req-602ed6e3-b8e2-40d4-8b33-7a52a118c3c0 None admin] Authenticating user token {{(pid=44418) process_request /opt/stack/data/venv/lib/python3.10/site-packages/keystonemiddleware/auth_token/__init__.py:406}}
Aug 15 21:03:27 user devstack@keystone.service[44419]: DEBUG keystone.common.rbac_enforcer.enforcer [None req-4dca082a-55f1-43c4-b0b2-0a54fec79a72 None admin] RBAC: Authorizing `identity:create_user()` {{(pid=44419) enforce_call /opt/stack/keystone/keystone/common/rbac_enforcer/enforcer.py:449}}
Aug 15 21:03:27 user devstack@keystone.service[44419]: DEBUG keystone.common.rbac_enforcer.enforcer [None req-4dca082a-55f1-43c4-b0b2-0a54fec79a72 None admin] RBAC: Authorization granted {{(pid=44419) enforce_call /opt/stack/keystone/keystone/common/rbac_enforcer/enforcer.py:457}}
Aug 15 21:03:27 user devstack@keystone.service[44419]: WARNING keystone.common.password_hashing [None req-4dca082a-55f1-43c4-b0b2-0a54fec79a72 None admin] Truncating password to algorithm specific maximum length 72 characters.
Aug 15 21:03:27 user devstack@keystone.service[44417]: DEBUG keystone.server.flask.request_processing.middleware.auth_context [None req-2bd8b908-e986-46ce-be68-890b191d8205 None admin] Validating token access rules against request {{(pid=44417) validate_allowed_request /opt/stack/data/venv/lib/python3.10/site-packages/keystonemiddleware/auth_token/__init__.py:544}}
Aug 15 21:03:27 user devstack@keystone.service[44419]: [pid: 44419|app: 0|req: 64/201] 10.0.0.210 () {60 vars in 1127 bytes} [Tue Aug 15 21:03:27 2023] POST /identity/v3/users => generated 292 bytes in 155 msecs (HTTP/1.1 201) 5 headers in 182 bytes (1 switches on core 0)
Aug 15 21:03:27 user devstack@keystone.service[44417]: DEBUG keystone.server.flask.request_processing.middleware.auth_context [None req-7b62f063-64b9-45fc-a3bd-04c45965d965 None admin] RBAC: auth_context: {'token': , 'domain_id': None, 'trust_id': None, 'trustor_id': None, 'trustee_id': None, 'domain_name': None, 'group_ids': [], 'user_id': '9472ff96c1354483911924ab4e36619e', 'user_domain_id': 'default', 'system_scope': 'all', 'project_id': None, 'project_domain_id': None, 'roles': ['admin', 'member', 'reader'], 'is_admin_project': True, 'service_user_id': None, 'service_user_domain_id': None, 'service_project_id': None, 'service_project_domain_id': None, 'service_roles': []} {{(pid=44417) fill_context /opt/stack/keystone/keystone/server/flask/request_processing/middleware/auth_context.py:480}}
Aug 15 21:03:27 user devstack@keystone.service[44417]: DEBUG keystone.server.flask.request_processing.req_logging [None req-7b62f063-64b9-45fc-a3bd-04c45965d965 None admin] REQUEST_METHOD: `GET` {{(pid=44417) log_request_info /opt/stack/keystone/keystone/server/flask/request_processing/req_logging.py:27}}
Aug 15 21:03:27 user devstack@keystone.service[44417]: DEBUG keystone.server.flask.request_processing.req_logging [None req-7b62f063-64b9-45fc-a3bd-04c45965d965 None admin] SCRIPT_NAME: `/identity` {{(pid=44417) log_request_info /opt/stack/keystone/keystone/server/flask/request_processing/req_logging.py:28}}
Aug 15 21:03:27 user devstack@keystone.service[44417]: DEBUG keystone.server.flask.request_processing.req_logging [None req-7b62f063-64b9-45fc-a3bd-04c45965d965 None admin] PATH_INFO: `/v3/users/a76960cc3c3f43e3bf0a3d02fd24cf73` {{(pid=44417) log_request_info /opt/stack/keystone/keystone/server/flask/request_processing/req_logging.py:29}}
Aug 15 21:03:27 user devstack@keystone.service[44417]: DEBUG keystone.common.rbac_enforcer.enforcer [None req-7b62f063-64b9-45fc-a3bd-04c45965d965 None admin] RBAC: Authorizing `identity:get_user(user_id=a76960cc3c3f43e3bf0a3d02fd24cf73)` {{(pid=44417) enforce_call /opt/stack/keystone/keystone/common/rbac_enforcer/enforcer.py:449}}
Aug 15 21:03:27 user devstack@keystone.service[44417]: DEBUG keystone.common.rbac_enforcer.enforcer [None req-7b62f063-64b9-45fc-a3bd-04c45965d965 None admin] RBAC: Authorization granted {{(pid=44417) enforce_call /opt/stack/keystone/keystone/common/rbac_enforcer/enforcer.py:457}}
Aug 15 21:03:27 user devstack@keystone.service[44417]: [pid: 44417|app: 0|req: 68/202] 10.0.0.210 () {56 vars in 1172 bytes} [Tue Aug 15 21:03:27 2023] GET /identity/v3/users/a76960cc3c3f43e3bf0a3d02fd24cf73 => generated 296 bytes in 118 msecs (HTTP/1.1 200) 5 headers in 177 bytes (1 switches on core 0)
Aug 15 21:03:27 user devstack@keystone.service[44419]: DEBUG keystone.server.flask.request_processing.middleware.auth_context [None req-4dca082a-55f1-43c4-b0b2-0a54fec79a72 None admin] Authenticating user token {{(pid=44419) process_request /opt/stack/data/venv/lib/python3.10/site-packages/keystonemiddleware/auth_token/__init__.py:406}}
Aug 15 21:03:27 user devstack@keystone.service[44418]: DEBUG keystone.server.flask.request_processing.middleware.auth_context [None req-602ed6e3-b8e2-40d4-8b33-7a52a118c3c0 None admin] Validating token access rules against request {{(pid=44418) validate_allowed_request /opt/stack/data/venv/lib/python3.10/site-packages/keystonemiddleware/auth_token/__init__.py:544}}
Aug 15 21:03:27 user devstack@keystone.service[44418]: DEBUG keystone.server.flask.request_processing.middleware.auth_context [None req-b6273c1a-ed51-4a4a-92ec-93a629394876 None admin] RBAC: auth_context: {'token': , 'domain_id': None, 'trust_id': None, 'trustor_id': None, 'trustee_id': None, 'domain_name': None, 'group_ids': [], 'user_id': '9472ff96c1354483911924ab4e36619e', 'user_domain_id': 'default', 'system_scope': 'all', 'project_id': None, 'project_domain_id': None, 'roles': ['admin', 'member', 'reader'], 'is_admin_project': True, 'service_user_id': None, 'service_user_domain_id': None, 'service_project_id': None, 'service_project_domain_id': None, 'service_roles': []} {{(pid=44418) fill_context /opt/stack/keystone/keystone/server/flask/request_processing/middleware/auth_context.py:480}}
Aug 15 21:03:27 user devstack@keystone.service[44418]: DEBUG keystone.server.flask.request_processing.req_logging [None req-b6273c1a-ed51-4a4a-92ec-93a629394876 None admin] REQUEST_METHOD: `GET` {{(pid=44418) log_request_info /opt/stack/keystone/keystone/server/flask/request_processing/req_logging.py:27}}
Aug 15 21:03:27 user devstack@keystone.service[44418]: DEBUG keystone.server.flask.request_processing.req_logging [None req-b6273c1a-ed51-4a4a-92ec-93a629394876 None admin] SCRIPT_NAME: `/identity` {{(pid=44418) log_request_info /opt/stack/keystone/keystone/server/flask/request_processing/req_logging.py:28}}
Aug 15 21:03:27 user devstack@keystone.service[44418]: DEBUG keystone.server.flask.request_processing.req_logging [None req-b6273c1a-ed51-4a4a-92ec-93a629394876 None admin] PATH_INFO: `/v3/projects/e40486718cb540b0a478ab34f17f2c4f` {{(pid=44418) log_request_info /opt/stack/keystone/keystone/server/flask/request_processing/req_logging.py:29}}
Aug 15 21:03:27 user devstack@keystone.service[44418]: DEBUG keystone.common.rbac_enforcer.enforcer [None req-b6273c1a-ed51-4a4a-92ec-93a629394876 None admin] RBAC: Authorizing `identity:get_project(project_id=e40486718cb540b0a478ab34f17f2c4f)` {{(pid=44418) enforce_call /opt/stack/keystone/keystone/common/rbac_enforcer/enforcer.py:449}}
Aug 15 21:03:27 user devstack@keystone.service[44418]: DEBUG keystone.common.rbac_enforcer.enforcer [None req-b6273c1a-ed51-4a4a-92ec-93a629394876 None admin] RBAC: Authorization granted {{(pid=44418) enforce_call /opt/stack/keystone/keystone/common/rbac_enforcer/enforcer.py:457}}
Aug 15 21:03:27 user devstack@keystone.service[44418]: [pid: 44418|app: 0|req: 71/203] 10.0.0.210 () {56 vars in 1181 bytes} [Tue Aug 15 21:03:27 2023] GET /identity/v3/projects/e40486718cb540b0a478ab34f17f2c4f => generated 301 bytes in 127 msecs (HTTP/1.1 200) 5 headers in 177 bytes (2 switches on core 0)
Aug 15 21:03:27 user devstack@keystone.service[44417]: DEBUG keystone.server.flask.request_processing.middleware.auth_context [None req-7b62f063-64b9-45fc-a3bd-04c45965d965 None admin] Authenticating user token {{(pid=44417) process_request /opt/stack/data/venv/lib/python3.10/site-packages/keystonemiddleware/auth_token/__init__.py:406}}
Aug 15 21:03:27 user devstack@keystone.service[44419]: DEBUG keystone.server.flask.request_processing.middleware.auth_context [None req-4dca082a-55f1-43c4-b0b2-0a54fec79a72 None admin] Validating token access rules against request {{(pid=44419) validate_allowed_request /opt/stack/data/venv/lib/python3.10/site-packages/keystonemiddleware/auth_token/__init__.py:544}}
Aug 15 21:03:27 user devstack@keystone.service[44419]: DEBUG keystone.server.flask.request_processing.middleware.auth_context [None req-90426e2b-4397-4b47-932a-1b4c9379138a None admin] RBAC: auth_context: {'token': , 'domain_id': None, 'trust_id': None, 'trustor_id': None, 'trustee_id': None, 'domain_name': None, 'group_ids': [], 'user_id': '9472ff96c1354483911924ab4e36619e', 'user_domain_id': 'default', 'system_scope': 'all', 'project_id': None, 'project_domain_id': None, 'roles': ['admin', 'member', 'reader'], 'is_admin_project': True, 'service_user_id': None, 'service_user_domain_id': None, 'service_project_id': None, 'service_project_domain_id': None, 'service_roles': []} {{(pid=44419) fill_context /opt/stack/keystone/keystone/server/flask/request_processing/middleware/auth_context.py:480}}
Aug 15 21:03:27 user devstack@keystone.service[44419]: DEBUG keystone.server.flask.request_processing.req_logging [None req-90426e2b-4397-4b47-932a-1b4c9379138a None admin] REQUEST_METHOD: `GET` {{(pid=44419) log_request_info /opt/stack/keystone/keystone/server/flask/request_processing/req_logging.py:27}}
Aug 15 21:03:27 user devstack@keystone.service[44419]: DEBUG keystone.server.flask.request_processing.req_logging [None req-90426e2b-4397-4b47-932a-1b4c9379138a None admin] SCRIPT_NAME: `/identity` {{(pid=44419) log_request_info /opt/stack/keystone/keystone/server/flask/request_processing/req_logging.py:28}}
Aug 15 21:03:27 user devstack@keystone.service[44419]: DEBUG keystone.server.flask.request_processing.req_logging [None req-90426e2b-4397-4b47-932a-1b4c9379138a None admin] PATH_INFO: `/v3/auth/tokens` {{(pid=44419) log_request_info /opt/stack/keystone/keystone/server/flask/request_processing/req_logging.py:29}}
Aug 15 21:03:27 user devstack@keystone.service[44419]: DEBUG keystone.common.rbac_enforcer.enforcer [None req-90426e2b-4397-4b47-932a-1b4c9379138a None admin] RBAC: Authorizing `identity:validate_token()` {{(pid=44419) enforce_call /opt/stack/keystone/keystone/common/rbac_enforcer/enforcer.py:449}}
Aug 15 21:03:27 user devstack@keystone.service[44419]: DEBUG keystone.common.rbac_enforcer.enforcer [None req-90426e2b-4397-4b47-932a-1b4c9379138a None admin] RBAC: Authorization granted {{(pid=44419) enforce_call /opt/stack/keystone/keystone/common/rbac_enforcer/enforcer.py:457}}
Aug 15 21:03:27 user devstack@keystone.service[44417]: DEBUG keystone.server.flask.request_processing.middleware.auth_context [None req-7b62f063-64b9-45fc-a3bd-04c45965d965 None admin] Validating token access rules against request {{(pid=44417) validate_allowed_request /opt/stack/data/venv/lib/python3.10/site-packages/keystonemiddleware/auth_token/__init__.py:544}}
Aug 15 21:03:27 user devstack@keystone.service[44417]: DEBUG keystone.server.flask.request_processing.middleware.auth_context [None req-143fce0f-1dfe-4166-b605-4b1e0426f2a3 None admin] RBAC: auth_context: {'token': , 'domain_id': None, 'trust_id': None, 'trustor_id': None, 'trustee_id': None, 'domain_name': None, 'group_ids': [], 'user_id': '9472ff96c1354483911924ab4e36619e', 'user_domain_id': 'default', 'system_scope': 'all', 'project_id': None, 'project_domain_id': None, 'roles': ['admin', 'member', 'reader'], 'is_admin_project': True, 'service_user_id': None, 'service_user_domain_id': None, 'service_project_id': None, 'service_project_domain_id': None, 'service_roles': []} {{(pid=44417) fill_context /opt/stack/keystone/keystone/server/flask/request_processing/middleware/auth_context.py:480}}
Aug 15 21:03:27 user devstack@keystone.service[44417]: DEBUG keystone.server.flask.request_processing.req_logging [None req-143fce0f-1dfe-4166-b605-4b1e0426f2a3 None admin] REQUEST_METHOD: `PUT` {{(pid=44417) log_request_info /opt/stack/keystone/keystone/server/flask/request_processing/req_logging.py:27}}
Aug 15 21:03:27 user devstack@keystone.service[44417]: DEBUG keystone.server.flask.request_processing.req_logging [None req-143fce0f-1dfe-4166-b605-4b1e0426f2a3 None admin] SCRIPT_NAME: `/identity` {{(pid=44417) log_request_info /opt/stack/keystone/keystone/server/flask/request_processing/req_logging.py:28}}
Aug 15 21:03:27 user devstack@keystone.service[44417]: DEBUG keystone.server.flask.request_processing.req_logging [None req-143fce0f-1dfe-4166-b605-4b1e0426f2a3 None admin] PATH_INFO: `/v3/projects/e40486718cb540b0a478ab34f17f2c4f/users/135522d3459d4e8093437c49df298e2e/roles/a2523729e42b4b10b054fd72dc2a7c51` {{(pid=44417) log_request_info /opt/stack/keystone/keystone/server/flask/request_processing/req_logging.py:29}}
Aug 15 21:03:27 user devstack@keystone.service[44417]: DEBUG keystone.common.rbac_enforcer.enforcer [None req-143fce0f-1dfe-4166-b605-4b1e0426f2a3 None admin] RBAC: Authorizing `identity:create_grant(project_id=e40486718cb540b0a478ab34f17f2c4f, user_id=135522d3459d4e8093437c49df298e2e, role_id=a2523729e42b4b10b054fd72dc2a7c51)` {{(pid=44417) enforce_call /opt/stack/keystone/keystone/common/rbac_enforcer/enforcer.py:449}}
Aug 15 21:03:27 user devstack@keystone.service[44417]: DEBUG keystone.common.rbac_enforcer.enforcer [None req-143fce0f-1dfe-4166-b605-4b1e0426f2a3 None admin] RBAC: Authorization granted {{(pid=44417) enforce_call /opt/stack/keystone/keystone/common/rbac_enforcer/enforcer.py:457}}
Aug 15 21:03:27 user devstack@keystone.service[44417]: [pid: 44417|app: 0|req: 69/204] 10.0.0.210 () {58 vars in 1434 bytes} [Tue Aug 15 21:03:27 2023] PUT /identity/v3/projects/e40486718cb540b0a478ab34f17f2c4f/users/135522d3459d4e8093437c49df298e2e/roles/a2523729e42b4b10b054fd72dc2a7c51 => generated 0 bytes in 156 msecs (HTTP/1.1 204) 3 headers in 132 bytes (0 switches on core 0)
Aug 15 21:03:27 user devstack@keystone.service[44419]: [pid: 44419|app: 0|req: 65/205] 10.0.0.210 () {58 vars in 1277 bytes} [Tue Aug 15 21:03:27 2023] GET /identity/v3/auth/tokens => generated 798 bytes in 270 msecs (HTTP/1.1 200) 6 headers in 358 bytes (1 switches on core 0)
Aug 15 21:03:27 user devstack@keystone.service[44418]: DEBUG keystone.server.flask.request_processing.middleware.auth_context [None req-b6273c1a-ed51-4a4a-92ec-93a629394876 None admin] Authenticating user token {{(pid=44418) process_request /opt/stack/data/venv/lib/python3.10/site-packages/keystonemiddleware/auth_token/__init__.py:406}}
Aug 15 21:03:27 user devstack@keystone.service[44418]: DEBUG keystone.server.flask.request_processing.middleware.auth_context [None req-b6273c1a-ed51-4a4a-92ec-93a629394876 None admin] Validating token access rules against request {{(pid=44418) validate_allowed_request /opt/stack/data/venv/lib/python3.10/site-packages/keystonemiddleware/auth_token/__init__.py:544}}
Aug 15 21:03:27 user devstack@keystone.service[44418]: DEBUG keystone.server.flask.request_processing.middleware.auth_context [None req-e5d718e6-1558-48de-b236-6e7b82a47077 None admin] RBAC: auth_context: {'token': , 'domain_id': None, 'trust_id': None, 'trustor_id': None, 'trustee_id': None, 'domain_name': None, 'group_ids': [], 'user_id': '9472ff96c1354483911924ab4e36619e', 'user_domain_id': 'default', 'system_scope': 'all', 'project_id': None, 'project_domain_id': None, 'roles': ['admin', 'member', 'reader'], 'is_admin_project': True, 'service_user_id': None, 'service_user_domain_id': None, 'service_project_id': None, 'service_project_domain_id': None, 'service_roles': []} {{(pid=44418) fill_context /opt/stack/keystone/keystone/server/flask/request_processing/middleware/auth_context.py:480}}
Aug 15 21:03:27 user devstack@keystone.service[44418]: DEBUG keystone.server.flask.request_processing.req_logging [None req-e5d718e6-1558-48de-b236-6e7b82a47077 None admin] REQUEST_METHOD: `GET` {{(pid=44418) log_request_info /opt/stack/keystone/keystone/server/flask/request_processing/req_logging.py:27}}
Aug 15 21:03:27 user devstack@keystone.service[44418]: DEBUG keystone.server.flask.request_processing.req_logging [None req-e5d718e6-1558-48de-b236-6e7b82a47077 None admin] SCRIPT_NAME: `/identity` {{(pid=44418) log_request_info /opt/stack/keystone/keystone/server/flask/request_processing/req_logging.py:28}}
Aug 15 21:03:27 user devstack@keystone.service[44418]: DEBUG keystone.server.flask.request_processing.req_logging [None req-e5d718e6-1558-48de-b236-6e7b82a47077 None admin] PATH_INFO: `/v3/projects/e40486718cb540b0a478ab34f17f2c4f` {{(pid=44418) log_request_info /opt/stack/keystone/keystone/server/flask/request_processing/req_logging.py:29}}
Aug 15 21:03:27 user devstack@keystone.service[44418]: DEBUG keystone.common.rbac_enforcer.enforcer [None req-e5d718e6-1558-48de-b236-6e7b82a47077 None admin] RBAC: Authorizing `identity:get_project(project_id=e40486718cb540b0a478ab34f17f2c4f)` {{(pid=44418) enforce_call /opt/stack/keystone/keystone/common/rbac_enforcer/enforcer.py:449}}
Aug 15 21:03:27 user devstack@keystone.service[44418]: DEBUG keystone.common.rbac_enforcer.enforcer [None req-e5d718e6-1558-48de-b236-6e7b82a47077 None admin] RBAC: Authorization granted {{(pid=44418) enforce_call /opt/stack/keystone/keystone/common/rbac_enforcer/enforcer.py:457}}
Aug 15 21:03:27 user devstack@keystone.service[44418]: [pid: 44418|app: 0|req: 72/206] 10.0.0.210 () {56 vars in 1181 bytes} [Tue Aug 15 21:03:27 2023] GET /identity/v3/projects/e40486718cb540b0a478ab34f17f2c4f => generated 301 bytes in 136 msecs (HTTP/1.1 200) 5 headers in 177 bytes (1 switches on core 0)
Aug 15 21:03:27 user devstack@keystone.service[44417]: DEBUG keystone.server.flask.request_processing.middleware.auth_context [None req-143fce0f-1dfe-4166-b605-4b1e0426f2a3 None admin] Authenticating user token {{(pid=44417) process_request /opt/stack/data/venv/lib/python3.10/site-packages/keystonemiddleware/auth_token/__init__.py:406}}
Aug 15 21:03:27 user devstack@keystone.service[44417]: DEBUG keystone.server.flask.request_processing.middleware.auth_context [None req-143fce0f-1dfe-4166-b605-4b1e0426f2a3 None admin] Validating token access rules against request {{(pid=44417) validate_allowed_request /opt/stack/data/venv/lib/python3.10/site-packages/keystonemiddleware/auth_token/__init__.py:544}}
Aug 15 21:03:27 user devstack@keystone.service[44417]: DEBUG keystone.server.flask.request_processing.middleware.auth_context [None req-ae808830-33c4-4de1-97d5-0c85f68d4e1f None admin] RBAC: auth_context: {'token': , 'domain_id': None, 'trust_id': None, 'trustor_id': None, 'trustee_id': None, 'domain_name': None, 'group_ids': [], 'user_id': '9472ff96c1354483911924ab4e36619e', 'user_domain_id': 'default', 'system_scope': 'all', 'project_id': None, 'project_domain_id': None, 'roles': ['admin', 'member', 'reader'], 'is_admin_project': True, 'service_user_id': None, 'service_user_domain_id': None, 'service_project_id': None, 'service_project_domain_id': None, 'service_roles': []} {{(pid=44417) fill_context /opt/stack/keystone/keystone/server/flask/request_processing/middleware/auth_context.py:480}}
Aug 15 21:03:27 user devstack@keystone.service[44417]: DEBUG keystone.server.flask.request_processing.req_logging [None req-ae808830-33c4-4de1-97d5-0c85f68d4e1f None admin] REQUEST_METHOD: `GET` {{(pid=44417) log_request_info /opt/stack/keystone/keystone/server/flask/request_processing/req_logging.py:27}}
Aug 15 21:03:27 user devstack@keystone.service[44417]: DEBUG keystone.server.flask.request_processing.req_logging [None req-ae808830-33c4-4de1-97d5-0c85f68d4e1f None admin] SCRIPT_NAME: `/identity` {{(pid=44417) log_request_info /opt/stack/keystone/keystone/server/flask/request_processing/req_logging.py:28}}
Aug 15 21:03:27 user devstack@keystone.service[44417]: DEBUG keystone.server.flask.request_processing.req_logging [None req-ae808830-33c4-4de1-97d5-0c85f68d4e1f None admin] PATH_INFO: `/v3/role_assignments` {{(pid=44417) log_request_info /opt/stack/keystone/keystone/server/flask/request_processing/req_logging.py:29}}
Aug 15 21:03:27 user devstack@keystone.service[44417]: DEBUG keystone.common.rbac_enforcer.enforcer [None req-ae808830-33c4-4de1-97d5-0c85f68d4e1f None admin] RBAC: Adding query filter params (role.id=3365073c43f74660beb0a2dd77f19e12, scope.project.id=e40486718cb540b0a478ab34f17f2c4f, user.id=a76960cc3c3f43e3bf0a3d02fd24cf73) {{(pid=44417) _extract_filter_values /opt/stack/keystone/keystone/common/rbac_enforcer/enforcer.py:167}}
Aug 15 21:03:27 user devstack@keystone.service[44417]: DEBUG keystone.common.rbac_enforcer.enforcer [None req-ae808830-33c4-4de1-97d5-0c85f68d4e1f None admin] RBAC: Authorizing `identity:list_role_assignments()` {{(pid=44417) enforce_call /opt/stack/keystone/keystone/common/rbac_enforcer/enforcer.py:449}}
Aug 15 21:03:27 user devstack@keystone.service[44417]: DEBUG keystone.common.rbac_enforcer.enforcer [None req-ae808830-33c4-4de1-97d5-0c85f68d4e1f None admin] RBAC: Authorization granted {{(pid=44417) enforce_call /opt/stack/keystone/keystone/common/rbac_enforcer/enforcer.py:457}}
Aug 15 21:03:27 user devstack@keystone.service[44417]: [pid: 44417|app: 0|req: 70/207] 10.0.0.210 () {56 vars in 1369 bytes} [Tue Aug 15 21:03:27 2023] GET /identity/v3/role_assignments?user.id=a76960cc3c3f43e3bf0a3d02fd24cf73&scope.project.id=e40486718cb540b0a478ab34f17f2c4f&role.id=3365073c43f74660beb0a2dd77f19e12 => generated 606 bytes in 128 msecs (HTTP/1.1 200) 5 headers in 177 bytes (1 switches on core 0)
Aug 15 21:03:29 user devstack@keystone.service[44419]: DEBUG keystone.server.flask.request_processing.req_logging [None req-dd5ce685-8067-407a-b740-b3b9d97d524d None None] REQUEST_METHOD: `GET` {{(pid=44419) log_request_info /opt/stack/keystone/keystone/server/flask/request_processing/req_logging.py:27}}
Aug 15 21:03:29 user devstack@keystone.service[44419]: DEBUG keystone.server.flask.request_processing.req_logging [None req-dd5ce685-8067-407a-b740-b3b9d97d524d None None] SCRIPT_NAME: `/identity` {{(pid=44419) log_request_info /opt/stack/keystone/keystone/server/flask/request_processing/req_logging.py:28}}
Aug 15 21:03:29 user devstack@keystone.service[44419]: DEBUG keystone.server.flask.request_processing.req_logging [None req-dd5ce685-8067-407a-b740-b3b9d97d524d None None] PATH_INFO: `/` {{(pid=44419) log_request_info /opt/stack/keystone/keystone/server/flask/request_processing/req_logging.py:29}}
Aug 15 21:03:29 user devstack@keystone.service[44419]: [pid: 44419|app: 0|req: 66/208] 10.0.0.210 () {54 vars in 921 bytes} [Tue Aug 15 21:03:29 2023] GET /identity => generated 269 bytes in 6 msecs (HTTP/1.1 300) 6 headers in 233 bytes (1 switches on core 0)
Aug 15 21:03:29 user devstack@keystone.service[44418]: DEBUG keystone.server.flask.request_processing.req_logging [None req-9d24c3be-c2ae-409a-934a-0ee03cd42785 None None] REQUEST_METHOD: `POST` {{(pid=44418) log_request_info /opt/stack/keystone/keystone/server/flask/request_processing/req_logging.py:27}}
Aug 15 21:03:29 user devstack@keystone.service[44418]: DEBUG keystone.server.flask.request_processing.req_logging [None req-9d24c3be-c2ae-409a-934a-0ee03cd42785 None None] SCRIPT_NAME: `/identity` {{(pid=44418) log_request_info /opt/stack/keystone/keystone/server/flask/request_processing/req_logging.py:28}}
Aug 15 21:03:29 user devstack@keystone.service[44418]: DEBUG keystone.server.flask.request_processing.req_logging [None req-9d24c3be-c2ae-409a-934a-0ee03cd42785 None None] PATH_INFO: `/v3/auth/tokens` {{(pid=44418) log_request_info /opt/stack/keystone/keystone/server/flask/request_processing/req_logging.py:29}}
Aug 15 21:03:29 user devstack@keystone.service[44418]: WARNING keystone.common.password_hashing [None req-9d24c3be-c2ae-409a-934a-0ee03cd42785 None None] Truncating password to algorithm specific maximum length 72 characters.
Aug 15 21:03:29 user devstack@keystone.service[44418]: DEBUG keystone.auth.core [None req-9d24c3be-c2ae-409a-934a-0ee03cd42785 None None] MFA Rules not processed for user `9472ff96c1354483911924ab4e36619e`. Rule list: `[]` (Enabled: `True`). {{(pid=44418) check_auth_methods_against_rules /opt/stack/keystone/keystone/auth/core.py:438}}
Aug 15 21:03:29 user devstack@keystone.service[44418]: DEBUG keystone.common.fernet_utils [None req-9d24c3be-c2ae-409a-934a-0ee03cd42785 None None] Loaded 2 Fernet keys from /etc/keystone/fernet-keys/, but `[fernet_tokens] max_active_keys = 3`; perhaps there have not been enough key rotations to reach `max_active_keys` yet? {{(pid=44418) load_keys /opt/stack/keystone/keystone/common/fernet_utils.py:286}}
Aug 15 21:03:29 user devstack@keystone.service[44417]: DEBUG keystone.server.flask.request_processing.req_logging [None req-3b95a228-4136-4b15-a179-e3486eed730e None None] REQUEST_METHOD: `GET` {{(pid=44417) log_request_info /opt/stack/keystone/keystone/server/flask/request_processing/req_logging.py:27}}
Aug 15 21:03:29 user devstack@keystone.service[44417]: DEBUG keystone.server.flask.request_processing.req_logging [None req-3b95a228-4136-4b15-a179-e3486eed730e None None] SCRIPT_NAME: `/identity` {{(pid=44417) log_request_info /opt/stack/keystone/keystone/server/flask/request_processing/req_logging.py:28}}
