Aug 15 21:08:46 user devstack@n-api-meta.service[70225]: DEBUG nova.api.openstack.wsgi_app [-] profiler_otlp.service_name_prefix = None {{(pid=70225) log_opt_values /opt/stack/data/venv/lib/python3.10/site-packages/oslo_config/cfg.py:2609}}
Aug 15 21:08:46 user devstack@n-api-meta.service[70225]: DEBUG nova.api.openstack.wsgi_app [-] oslo_limit.auth_section = None {{(pid=70225) log_opt_values /opt/stack/data/venv/lib/python3.10/site-packages/oslo_config/cfg.py:2609}}
Aug 15 21:08:46 user devstack@n-api-meta.service[70225]: DEBUG nova.api.openstack.wsgi_app [-] oslo_limit.auth_type = None {{(pid=70225) log_opt_values /opt/stack/data/venv/lib/python3.10/site-packages/oslo_config/cfg.py:2609}}
Aug 15 21:08:46 user devstack@n-api-meta.service[70225]: DEBUG nova.api.openstack.wsgi_app [-] oslo_limit.cafile = None {{(pid=70225) log_opt_values /opt/stack/data/venv/lib/python3.10/site-packages/oslo_config/cfg.py:2609}}
Aug 15 21:08:46 user devstack@n-api-meta.service[70225]: DEBUG nova.api.openstack.wsgi_app [-] oslo_limit.certfile = None {{(pid=70225) log_opt_values /opt/stack/data/venv/lib/python3.10/site-packages/oslo_config/cfg.py:2609}}
Aug 15 21:08:46 user devstack@n-api-meta.service[70225]: DEBUG nova.api.openstack.wsgi_app [-] oslo_limit.collect_timing = False {{(pid=70225) log_opt_values /opt/stack/data/venv/lib/python3.10/site-packages/oslo_config/cfg.py:2609}}
Aug 15 21:08:46 user devstack@n-api-meta.service[70225]: DEBUG nova.api.openstack.wsgi_app [-] oslo_limit.connect_retries = None {{(pid=70225) log_opt_values /opt/stack/data/venv/lib/python3.10/site-packages/oslo_config/cfg.py:2609}}
Aug 15 21:08:46 user devstack@n-api-meta.service[70225]: DEBUG nova.api.openstack.wsgi_app [-] oslo_limit.connect_retry_delay = None {{(pid=70225) log_opt_values /opt/stack/data/venv/lib/python3.10/site-packages/oslo_config/cfg.py:2609}}
Aug 15 21:08:46 user devstack@n-api-meta.service[70225]: DEBUG nova.api.openstack.wsgi_app [-] oslo_limit.endpoint_id = None {{(pid=70225) log_opt_values /opt/stack/data/venv/lib/python3.10/site-packages/oslo_config/cfg.py:2609}}
Aug 15 21:08:46 user devstack@n-api-meta.service[70225]: DEBUG nova.api.openstack.wsgi_app [-] oslo_limit.endpoint_override = None {{(pid=70225) log_opt_values /opt/stack/data/venv/lib/python3.10/site-packages/oslo_config/cfg.py:2609}}
Aug 15 21:08:46 user devstack@n-api-meta.service[70225]: DEBUG nova.api.openstack.wsgi_app [-] oslo_limit.insecure = False {{(pid=70225) log_opt_values /opt/stack/data/venv/lib/python3.10/site-packages/oslo_config/cfg.py:2609}}
Aug 15 21:08:46 user devstack@n-api-meta.service[70225]: DEBUG nova.api.openstack.wsgi_app [-] oslo_limit.keyfile = None {{(pid=70225) log_opt_values /opt/stack/data/venv/lib/python3.10/site-packages/oslo_config/cfg.py:2609}}
Aug 15 21:08:46 user devstack@n-api-meta.service[70225]: DEBUG nova.api.openstack.wsgi_app [-] oslo_limit.max_version = None {{(pid=70225) log_opt_values /opt/stack/data/venv/lib/python3.10/site-packages/oslo_config/cfg.py:2609}}
Aug 15 21:08:46 user devstack@n-api-meta.service[70225]: DEBUG nova.api.openstack.wsgi_app [-] oslo_limit.min_version = None {{(pid=70225) log_opt_values /opt/stack/data/venv/lib/python3.10/site-packages/oslo_config/cfg.py:2609}}
Aug 15 21:08:46 user devstack@n-api-meta.service[70225]: DEBUG nova.api.openstack.wsgi_app [-] oslo_limit.region_name = None {{(pid=70225) log_opt_values /opt/stack/data/venv/lib/python3.10/site-packages/oslo_config/cfg.py:2609}}
Aug 15 21:08:46 user devstack@n-api-meta.service[70225]: DEBUG nova.api.openstack.wsgi_app [-] oslo_limit.service_name = None {{(pid=70225) log_opt_values /opt/stack/data/venv/lib/python3.10/site-packages/oslo_config/cfg.py:2609}}
Aug 15 21:08:46 user devstack@n-api-meta.service[70225]: DEBUG nova.api.openstack.wsgi_app [-] oslo_limit.service_type = None {{(pid=70225) log_opt_values /opt/stack/data/venv/lib/python3.10/site-packages/oslo_config/cfg.py:2609}}
Aug 15 21:08:46 user devstack@n-api-meta.service[70225]: DEBUG nova.api.openstack.wsgi_app [-] oslo_limit.split_loggers = False {{(pid=70225) log_opt_values /opt/stack/data/venv/lib/python3.10/site-packages/oslo_config/cfg.py:2609}}
Aug 15 21:08:46 user devstack@n-api-meta.service[70225]: DEBUG nova.api.openstack.wsgi_app [-] oslo_limit.status_code_retries = None {{(pid=70225) log_opt_values /opt/stack/data/venv/lib/python3.10/site-packages/oslo_config/cfg.py:2609}}
Aug 15 21:08:46 user devstack@n-api-meta.service[70225]: DEBUG nova.api.openstack.wsgi_app [-] oslo_limit.status_code_retry_delay = None {{(pid=70225) log_opt_values /opt/stack/data/venv/lib/python3.10/site-packages/oslo_config/cfg.py:2609}}
Aug 15 21:08:46 user devstack@n-api-meta.service[70225]: DEBUG nova.api.openstack.wsgi_app [-] oslo_limit.timeout = None {{(pid=70225) log_opt_values /opt/stack/data/venv/lib/python3.10/site-packages/oslo_config/cfg.py:2609}}
Aug 15 21:08:46 user devstack@n-api-meta.service[70225]: DEBUG nova.api.openstack.wsgi_app [-] oslo_limit.valid_interfaces = None {{(pid=70225) log_opt_values /opt/stack/data/venv/lib/python3.10/site-packages/oslo_config/cfg.py:2609}}
Aug 15 21:08:46 user devstack@n-api-meta.service[70225]: DEBUG nova.api.openstack.wsgi_app [-] oslo_limit.version = None {{(pid=70225) log_opt_values /opt/stack/data/venv/lib/python3.10/site-packages/oslo_config/cfg.py:2609}}
Aug 15 21:08:46 user devstack@n-api-meta.service[70225]: DEBUG nova.api.openstack.wsgi_app [-] oslo_messaging_rabbit.amqp_auto_delete = False {{(pid=70225) log_opt_values /opt/stack/data/venv/lib/python3.10/site-packages/oslo_config/cfg.py:2609}}
Aug 15 21:08:46 user devstack@n-api-meta.service[70225]: DEBUG nova.api.openstack.wsgi_app [-] oslo_messaging_rabbit.amqp_durable_queues = False {{(pid=70225) log_opt_values /opt/stack/data/venv/lib/python3.10/site-packages/oslo_config/cfg.py:2609}}
Aug 15 21:08:46 user devstack@n-api-meta.service[70225]: DEBUG nova.api.openstack.wsgi_app [-] oslo_messaging_rabbit.conn_pool_min_size = 2 {{(pid=70225) log_opt_values /opt/stack/data/venv/lib/python3.10/site-packages/oslo_config/cfg.py:2609}}
Aug 15 21:08:46 user devstack@n-api-meta.service[70225]: DEBUG nova.api.openstack.wsgi_app [-] oslo_messaging_rabbit.conn_pool_ttl = 1200 {{(pid=70225) log_opt_values /opt/stack/data/venv/lib/python3.10/site-packages/oslo_config/cfg.py:2609}}
Aug 15 21:08:46 user devstack@n-api-meta.service[70225]: DEBUG nova.api.openstack.wsgi_app [-] oslo_messaging_rabbit.direct_mandatory_flag = True {{(pid=70225) log_opt_values /opt/stack/data/venv/lib/python3.10/site-packages/oslo_config/cfg.py:2609}}
Aug 15 21:08:46 user devstack@n-api-meta.service[70225]: DEBUG nova.api.openstack.wsgi_app [-] oslo_messaging_rabbit.enable_cancel_on_failover = False {{(pid=70225) log_opt_values /opt/stack/data/venv/lib/python3.10/site-packages/oslo_config/cfg.py:2609}}
Aug 15 21:08:46 user devstack@n-api-meta.service[70225]: DEBUG nova.api.openstack.wsgi_app [-] oslo_messaging_rabbit.heartbeat_in_pthread = False {{(pid=70225) log_opt_values /opt/stack/data/venv/lib/python3.10/site-packages/oslo_config/cfg.py:2609}}
Aug 15 21:08:46 user devstack@n-api-meta.service[70225]: DEBUG nova.api.openstack.wsgi_app [-] oslo_messaging_rabbit.heartbeat_rate = 2 {{(pid=70225) log_opt_values /opt/stack/data/venv/lib/python3.10/site-packages/oslo_config/cfg.py:2609}}
Aug 15 21:08:46 user devstack@n-api-meta.service[70225]: DEBUG nova.api.openstack.wsgi_app [-] oslo_messaging_rabbit.heartbeat_timeout_threshold = 60 {{(pid=70225) log_opt_values /opt/stack/data/venv/lib/python3.10/site-packages/oslo_config/cfg.py:2609}}
Aug 15 21:08:46 user devstack@n-api-meta.service[70225]: DEBUG nova.api.openstack.wsgi_app [-] oslo_messaging_rabbit.kombu_compression = None {{(pid=70225) log_opt_values /opt/stack/data/venv/lib/python3.10/site-packages/oslo_config/cfg.py:2609}}
Aug 15 21:08:46 user devstack@n-api-meta.service[70225]: DEBUG nova.api.openstack.wsgi_app [-] oslo_messaging_rabbit.kombu_failover_strategy = round-robin {{(pid=70225) log_opt_values /opt/stack/data/venv/lib/python3.10/site-packages/oslo_config/cfg.py:2609}}
Aug 15 21:08:46 user devstack@n-api-meta.service[70225]: DEBUG nova.api.openstack.wsgi_app [-] oslo_messaging_rabbit.kombu_missing_consumer_retry_timeout = 60 {{(pid=70225) log_opt_values /opt/stack/data/venv/lib/python3.10/site-packages/oslo_config/cfg.py:2609}}
Aug 15 21:08:46 user devstack@n-api-meta.service[70225]: DEBUG nova.api.openstack.wsgi_app [-] oslo_messaging_rabbit.kombu_reconnect_delay = 1.0 {{(pid=70225) log_opt_values /opt/stack/data/venv/lib/python3.10/site-packages/oslo_config/cfg.py:2609}}
Aug 15 21:08:46 user devstack@n-api-meta.service[70225]: DEBUG nova.api.openstack.wsgi_app [-] oslo_messaging_rabbit.rabbit_ha_queues = False {{(pid=70225) log_opt_values /opt/stack/data/venv/lib/python3.10/site-packages/oslo_config/cfg.py:2609}}
Aug 15 21:08:46 user devstack@n-api-meta.service[70225]: DEBUG nova.api.openstack.wsgi_app [-] oslo_messaging_rabbit.rabbit_interval_max = 30 {{(pid=70225) log_opt_values /opt/stack/data/venv/lib/python3.10/site-packages/oslo_config/cfg.py:2609}}
Aug 15 21:08:46 user devstack@n-api-meta.service[70226]: DEBUG oslo_db.sqlalchemy.engines [None req-4c2df688-95e7-4f83-8ee3-a14589a6e3fe None None] MySQL server mode set to STRICT_TRANS_TABLES,STRICT_ALL_TABLES,NO_ZERO_IN_DATE,NO_ZERO_DATE,ERROR_FOR_DIVISION_BY_ZERO,TRADITIONAL,NO_ENGINE_SUBSTITUTION {{(pid=70226) _check_effective_sql_mode /opt/stack/data/venv/lib/python3.10/site-packages/oslo_db/sqlalchemy/engines.py:335}}
Aug 15 21:08:46 user devstack@n-api-meta.service[70225]: DEBUG nova.api.openstack.wsgi_app [-] oslo_messaging_rabbit.rabbit_login_method = AMQPLAIN {{(pid=70225) log_opt_values /opt/stack/data/venv/lib/python3.10/site-packages/oslo_config/cfg.py:2609}}
Aug 15 21:08:46 user devstack@n-api-meta.service[70225]: DEBUG nova.api.openstack.wsgi_app [-] oslo_messaging_rabbit.rabbit_qos_prefetch_count = 0 {{(pid=70225) log_opt_values /opt/stack/data/venv/lib/python3.10/site-packages/oslo_config/cfg.py:2609}}
Aug 15 21:08:46 user devstack@n-api-meta.service[70225]: DEBUG nova.api.openstack.wsgi_app [-] oslo_messaging_rabbit.rabbit_quorum_delivery_limit = 0 {{(pid=70225) log_opt_values /opt/stack/data/venv/lib/python3.10/site-packages/oslo_config/cfg.py:2609}}
Aug 15 21:08:46 user devstack@n-api-meta.service[70225]: DEBUG nova.api.openstack.wsgi_app [-] oslo_messaging_rabbit.rabbit_quorum_max_memory_bytes = 0 {{(pid=70225) log_opt_values /opt/stack/data/venv/lib/python3.10/site-packages/oslo_config/cfg.py:2609}}
Aug 15 21:08:46 user devstack@n-api-meta.service[70225]: DEBUG nova.api.openstack.wsgi_app [-] oslo_messaging_rabbit.rabbit_quorum_max_memory_length = 0 {{(pid=70225) log_opt_values /opt/stack/data/venv/lib/python3.10/site-packages/oslo_config/cfg.py:2609}}
Aug 15 21:08:46 user devstack@n-api-meta.service[70225]: DEBUG nova.api.openstack.wsgi_app [-] oslo_messaging_rabbit.rabbit_quorum_queue = False {{(pid=70225) log_opt_values /opt/stack/data/venv/lib/python3.10/site-packages/oslo_config/cfg.py:2609}}
Aug 15 21:08:46 user devstack@n-api-meta.service[70225]: DEBUG nova.api.openstack.wsgi_app [-] oslo_messaging_rabbit.rabbit_retry_backoff = 2 {{(pid=70225) log_opt_values /opt/stack/data/venv/lib/python3.10/site-packages/oslo_config/cfg.py:2609}}
Aug 15 21:08:46 user devstack@n-api-meta.service[70225]: DEBUG nova.api.openstack.wsgi_app [-] oslo_messaging_rabbit.rabbit_retry_interval = 1 {{(pid=70225) log_opt_values /opt/stack/data/venv/lib/python3.10/site-packages/oslo_config/cfg.py:2609}}
Aug 15 21:08:46 user devstack@n-api-meta.service[70225]: DEBUG nova.api.openstack.wsgi_app [-] oslo_messaging_rabbit.rabbit_transient_queues_ttl = 1800 {{(pid=70225) log_opt_values /opt/stack/data/venv/lib/python3.10/site-packages/oslo_config/cfg.py:2609}}
Aug 15 21:08:46 user devstack@n-api-meta.service[70225]: DEBUG nova.api.openstack.wsgi_app [-] oslo_messaging_rabbit.rpc_conn_pool_size = 30 {{(pid=70225) log_opt_values /opt/stack/data/venv/lib/python3.10/site-packages/oslo_config/cfg.py:2609}}
Aug 15 21:08:46 user devstack@n-api-meta.service[70225]: DEBUG nova.api.openstack.wsgi_app [-] oslo_messaging_rabbit.ssl = False {{(pid=70225) log_opt_values /opt/stack/data/venv/lib/python3.10/site-packages/oslo_config/cfg.py:2609}}
Aug 15 21:08:46 user devstack@n-api-meta.service[70225]: DEBUG nova.api.openstack.wsgi_app [-] oslo_messaging_rabbit.ssl_ca_file = {{(pid=70225) log_opt_values /opt/stack/data/venv/lib/python3.10/site-packages/oslo_config/cfg.py:2609}}
Aug 15 21:08:46 user devstack@n-api-meta.service[70225]: DEBUG nova.api.openstack.wsgi_app [-] oslo_messaging_rabbit.ssl_cert_file = {{(pid=70225) log_opt_values /opt/stack/data/venv/lib/python3.10/site-packages/oslo_config/cfg.py:2609}}
Aug 15 21:08:46 user devstack@n-api-meta.service[70225]: DEBUG nova.api.openstack.wsgi_app [-] oslo_messaging_rabbit.ssl_enforce_fips_mode = False {{(pid=70225) log_opt_values /opt/stack/data/venv/lib/python3.10/site-packages/oslo_config/cfg.py:2609}}
Aug 15 21:08:46 user devstack@n-api-meta.service[70225]: DEBUG nova.api.openstack.wsgi_app [-] oslo_messaging_rabbit.ssl_key_file = {{(pid=70225) log_opt_values /opt/stack/data/venv/lib/python3.10/site-packages/oslo_config/cfg.py:2609}}
Aug 15 21:08:46 user devstack@n-api-meta.service[70226]: DEBUG dbcounter [-] [70226] Writer thread running {{(pid=70226) stat_writer /opt/stack/data/venv/lib/python3.10/site-packages/dbcounter.py:102}}
Aug 15 21:08:46 user devstack@n-api-meta.service[70225]: DEBUG nova.api.openstack.wsgi_app [-] oslo_messaging_rabbit.ssl_version = {{(pid=70225) log_opt_values /opt/stack/data/venv/lib/python3.10/site-packages/oslo_config/cfg.py:2609}}
Aug 15 21:08:46 user devstack@n-api-meta.service[70225]: DEBUG nova.api.openstack.wsgi_app [-] oslo_messaging_notifications.driver = ['messagingv2'] {{(pid=70225) log_opt_values /opt/stack/data/venv/lib/python3.10/site-packages/oslo_config/cfg.py:2609}}
Aug 15 21:08:46 user devstack@n-api-meta.service[70226]: DEBUG oslo_db.sqlalchemy.engines [None req-4c2df688-95e7-4f83-8ee3-a14589a6e3fe None None] MySQL server mode set to STRICT_TRANS_TABLES,STRICT_ALL_TABLES,NO_ZERO_IN_DATE,NO_ZERO_DATE,ERROR_FOR_DIVISION_BY_ZERO,TRADITIONAL,NO_ENGINE_SUBSTITUTION {{(pid=70226) _check_effective_sql_mode /opt/stack/data/venv/lib/python3.10/site-packages/oslo_db/sqlalchemy/engines.py:335}}
Aug 15 21:08:46 user devstack@n-api-meta.service[70225]: DEBUG nova.api.openstack.wsgi_app [-] oslo_messaging_notifications.retry = -1 {{(pid=70225) log_opt_values /opt/stack/data/venv/lib/python3.10/site-packages/oslo_config/cfg.py:2609}}
Aug 15 21:08:46 user devstack@n-api-meta.service[70225]: DEBUG nova.api.openstack.wsgi_app [-] oslo_messaging_notifications.topics = ['notifications'] {{(pid=70225) log_opt_values /opt/stack/data/venv/lib/python3.10/site-packages/oslo_config/cfg.py:2609}}
Aug 15 21:08:46 user devstack@n-api-meta.service[70225]: DEBUG nova.api.openstack.wsgi_app [-] oslo_messaging_notifications.transport_url = **** {{(pid=70225) log_opt_values /opt/stack/data/venv/lib/python3.10/site-packages/oslo_config/cfg.py:2609}}
Aug 15 21:08:46 user devstack@n-api-meta.service[70225]: DEBUG nova.api.openstack.wsgi_app [-] oslo_reports.file_event_handler = None {{(pid=70225) log_opt_values /opt/stack/data/venv/lib/python3.10/site-packages/oslo_config/cfg.py:2609}}
Aug 15 21:08:46 user devstack@n-api-meta.service[70225]: DEBUG nova.api.openstack.wsgi_app [-] oslo_reports.file_event_handler_interval = 1 {{(pid=70225) log_opt_values /opt/stack/data/venv/lib/python3.10/site-packages/oslo_config/cfg.py:2609}}
Aug 15 21:08:46 user devstack@n-api-meta.service[70225]: DEBUG nova.api.openstack.wsgi_app [-] oslo_reports.log_dir = None {{(pid=70225) log_opt_values /opt/stack/data/venv/lib/python3.10/site-packages/oslo_config/cfg.py:2609}}
Aug 15 21:08:46 user devstack@n-api-meta.service[70225]: DEBUG nova.api.openstack.wsgi_app [-] ******************************************************************************** {{(pid=70225) log_opt_values /opt/stack/data/venv/lib/python3.10/site-packages/oslo_config/cfg.py:2613}}
Aug 15 21:08:46 user devstack@n-api-meta.service[70224]: INFO dbcounter [None req-7d79d9f1-08ec-4fac-8587-9be35362b77b None None] Registered counter for database nova_api
Aug 15 21:08:46 user devstack@n-api-meta.service[70224]: DEBUG oslo_db.sqlalchemy.engines [None req-7d79d9f1-08ec-4fac-8587-9be35362b77b None None] MySQL server mode set to STRICT_TRANS_TABLES,STRICT_ALL_TABLES,NO_ZERO_IN_DATE,NO_ZERO_DATE,ERROR_FOR_DIVISION_BY_ZERO,TRADITIONAL,NO_ENGINE_SUBSTITUTION {{(pid=70224) _check_effective_sql_mode /opt/stack/data/venv/lib/python3.10/site-packages/oslo_db/sqlalchemy/engines.py:335}}
Aug 15 21:08:46 user devstack@n-api-meta.service[70225]: INFO dbcounter [None req-f14f33dd-fcf1-400f-a695-4698d4cd27a6 None None] Registered counter for database nova_api
Aug 15 21:08:46 user devstack@n-api-meta.service[70224]: DEBUG dbcounter [-] [70224] Writer thread running {{(pid=70224) stat_writer /opt/stack/data/venv/lib/python3.10/site-packages/dbcounter.py:102}}
Aug 15 21:08:46 user devstack@n-api-meta.service[70225]: DEBUG oslo_db.sqlalchemy.engines [None req-f14f33dd-fcf1-400f-a695-4698d4cd27a6 None None] MySQL server mode set to STRICT_TRANS_TABLES,STRICT_ALL_TABLES,NO_ZERO_IN_DATE,NO_ZERO_DATE,ERROR_FOR_DIVISION_BY_ZERO,TRADITIONAL,NO_ENGINE_SUBSTITUTION {{(pid=70225) _check_effective_sql_mode /opt/stack/data/venv/lib/python3.10/site-packages/oslo_db/sqlalchemy/engines.py:335}}
Aug 15 21:08:46 user devstack@n-api-meta.service[70225]: DEBUG dbcounter [-] [70225] Writer thread running {{(pid=70225) stat_writer /opt/stack/data/venv/lib/python3.10/site-packages/dbcounter.py:102}}
Aug 15 21:08:46 user devstack@n-api-meta.service[70226]: DEBUG dbcounter [-] [70226] Writer thread running {{(pid=70226) stat_writer /opt/stack/data/venv/lib/python3.10/site-packages/dbcounter.py:102}}
Aug 15 21:08:46 user devstack@n-api-meta.service[70226]: INFO dbcounter [None req-4c2df688-95e7-4f83-8ee3-a14589a6e3fe None None] Registered counter for database nova_cell0
Aug 15 21:08:46 user devstack@n-api-meta.service[70226]: DEBUG oslo_db.sqlalchemy.engines [None req-4c2df688-95e7-4f83-8ee3-a14589a6e3fe None None] MySQL server mode set to STRICT_TRANS_TABLES,STRICT_ALL_TABLES,NO_ZERO_IN_DATE,NO_ZERO_DATE,ERROR_FOR_DIVISION_BY_ZERO,TRADITIONAL,NO_ENGINE_SUBSTITUTION {{(pid=70226) _check_effective_sql_mode /opt/stack/data/venv/lib/python3.10/site-packages/oslo_db/sqlalchemy/engines.py:335}}
Aug 15 21:08:46 user devstack@n-api-meta.service[70226]: DEBUG dbcounter [-] [70226] Writer thread running {{(pid=70226) stat_writer /opt/stack/data/venv/lib/python3.10/site-packages/dbcounter.py:102}}
Aug 15 21:08:46 user devstack@n-api-meta.service[70226]: WARNING nova.api.metadata.handler [None req-4c2df688-95e7-4f83-8ee3-a14589a6e3fe None None] metadata_proxy_shared_secret is not configured, the metadata information returned by the proxy cannot be trusted
Aug 15 21:08:46 user devstack@n-api-meta.service[70226]: WSGI app 0 (mountpoint='') ready in 4 seconds on interpreter 0x55be90db80d0 pid: 70226 (default app)
Aug 15 21:08:46 user devstack@n-api-meta.service[70225]: DEBUG nova.context [None req-f14f33dd-fcf1-400f-a695-4698d4cd27a6 None None] Found 2 cells: 00000000-0000-0000-0000-000000000000(cell0),09c9e04e-05bf-4ac7-a586-dc532e7b97ea(cell1) {{(pid=70225) load_cells /opt/stack/nova/nova/context.py:464}}
Aug 15 21:08:46 user devstack@n-api-meta.service[70225]: DEBUG oslo_concurrency.lockutils [None req-f14f33dd-fcf1-400f-a695-4698d4cd27a6 None None] Acquiring lock "00000000-0000-0000-0000-000000000000" by "nova.context.set_target_cell..get_or_set_cached_cell_and_set_connections" {{(pid=70225) inner /opt/stack/data/venv/lib/python3.10/site-packages/oslo_concurrency/lockutils.py:404}}
Aug 15 21:08:46 user devstack@n-api-meta.service[70225]: DEBUG oslo_concurrency.lockutils [None req-f14f33dd-fcf1-400f-a695-4698d4cd27a6 None None] Lock "00000000-0000-0000-0000-000000000000" acquired by "nova.context.set_target_cell..get_or_set_cached_cell_and_set_connections" :: waited 0.000s {{(pid=70225) inner /opt/stack/data/venv/lib/python3.10/site-packages/oslo_concurrency/lockutils.py:409}}
Aug 15 21:08:46 user devstack@n-api-meta.service[70225]: DEBUG oslo_concurrency.lockutils [None req-f14f33dd-fcf1-400f-a695-4698d4cd27a6 None None] Lock "00000000-0000-0000-0000-000000000000" "released" by "nova.context.set_target_cell..get_or_set_cached_cell_and_set_connections" :: held 0.001s {{(pid=70225) inner /opt/stack/data/venv/lib/python3.10/site-packages/oslo_concurrency/lockutils.py:423}}
Aug 15 21:08:46 user devstack@n-api-meta.service[70225]: DEBUG oslo_concurrency.lockutils [None req-f14f33dd-fcf1-400f-a695-4698d4cd27a6 None None] Acquiring lock "09c9e04e-05bf-4ac7-a586-dc532e7b97ea" by "nova.context.set_target_cell..get_or_set_cached_cell_and_set_connections" {{(pid=70225) inner /opt/stack/data/venv/lib/python3.10/site-packages/oslo_concurrency/lockutils.py:404}}
Aug 15 21:08:46 user devstack@n-api-meta.service[70225]: DEBUG oslo_concurrency.lockutils [None req-f14f33dd-fcf1-400f-a695-4698d4cd27a6 None None] Lock "09c9e04e-05bf-4ac7-a586-dc532e7b97ea" acquired by "nova.context.set_target_cell..get_or_set_cached_cell_and_set_connections" :: waited 0.000s {{(pid=70225) inner /opt/stack/data/venv/lib/python3.10/site-packages/oslo_concurrency/lockutils.py:409}}
Aug 15 21:08:46 user devstack@n-api-meta.service[70225]: DEBUG oslo_concurrency.lockutils [None req-f14f33dd-fcf1-400f-a695-4698d4cd27a6 None None] Lock "09c9e04e-05bf-4ac7-a586-dc532e7b97ea" "released" by "nova.context.set_target_cell..get_or_set_cached_cell_and_set_connections" :: held 0.001s {{(pid=70225) inner /opt/stack/data/venv/lib/python3.10/site-packages/oslo_concurrency/lockutils.py:423}}
Aug 15 21:08:46 user devstack@n-api-meta.service[70225]: INFO dbcounter [None req-f14f33dd-fcf1-400f-a695-4698d4cd27a6 None None] Registered counter for database nova_cell0
Aug 15 21:08:46 user devstack@n-api-meta.service[70225]: INFO dbcounter [None req-f14f33dd-fcf1-400f-a695-4698d4cd27a6 None None] Registered counter for database nova_cell1
Aug 15 21:08:46 user devstack@n-api-meta.service[70225]: DEBUG oslo_db.sqlalchemy.engines [None req-f14f33dd-fcf1-400f-a695-4698d4cd27a6 None None] MySQL server mode set to STRICT_TRANS_TABLES,STRICT_ALL_TABLES,NO_ZERO_IN_DATE,NO_ZERO_DATE,ERROR_FOR_DIVISION_BY_ZERO,TRADITIONAL,NO_ENGINE_SUBSTITUTION {{(pid=70225) _check_effective_sql_mode /opt/stack/data/venv/lib/python3.10/site-packages/oslo_db/sqlalchemy/engines.py:335}}
Aug 15 21:08:46 user devstack@n-api-meta.service[70224]: DEBUG nova.context [None req-7d79d9f1-08ec-4fac-8587-9be35362b77b None None] Found 2 cells: 00000000-0000-0000-0000-000000000000(cell0),09c9e04e-05bf-4ac7-a586-dc532e7b97ea(cell1) {{(pid=70224) load_cells /opt/stack/nova/nova/context.py:464}}
Aug 15 21:08:46 user devstack@n-api-meta.service[70225]: DEBUG dbcounter [-] [70225] Writer thread running {{(pid=70225) stat_writer /opt/stack/data/venv/lib/python3.10/site-packages/dbcounter.py:102}}
Aug 15 21:08:46 user devstack@n-api-meta.service[70224]: DEBUG oslo_concurrency.lockutils [None req-7d79d9f1-08ec-4fac-8587-9be35362b77b None None] Acquiring lock "00000000-0000-0000-0000-000000000000" by "nova.context.set_target_cell..get_or_set_cached_cell_and_set_connections" {{(pid=70224) inner /opt/stack/data/venv/lib/python3.10/site-packages/oslo_concurrency/lockutils.py:404}}
Aug 15 21:08:46 user devstack@n-api-meta.service[70224]: DEBUG oslo_concurrency.lockutils [None req-7d79d9f1-08ec-4fac-8587-9be35362b77b None None] Lock "00000000-0000-0000-0000-000000000000" acquired by "nova.context.set_target_cell..get_or_set_cached_cell_and_set_connections" :: waited 0.000s {{(pid=70224) inner /opt/stack/data/venv/lib/python3.10/site-packages/oslo_concurrency/lockutils.py:409}}
Aug 15 21:08:46 user devstack@n-api-meta.service[70225]: DEBUG oslo_db.sqlalchemy.engines [None req-f14f33dd-fcf1-400f-a695-4698d4cd27a6 None None] MySQL server mode set to STRICT_TRANS_TABLES,STRICT_ALL_TABLES,NO_ZERO_IN_DATE,NO_ZERO_DATE,ERROR_FOR_DIVISION_BY_ZERO,TRADITIONAL,NO_ENGINE_SUBSTITUTION {{(pid=70225) _check_effective_sql_mode /opt/stack/data/venv/lib/python3.10/site-packages/oslo_db/sqlalchemy/engines.py:335}}
Aug 15 21:08:46 user devstack@n-api-meta.service[70224]: DEBUG oslo_concurrency.lockutils [None req-7d79d9f1-08ec-4fac-8587-9be35362b77b None None] Lock "00000000-0000-0000-0000-000000000000" "released" by "nova.context.set_target_cell..get_or_set_cached_cell_and_set_connections" :: held 0.001s {{(pid=70224) inner /opt/stack/data/venv/lib/python3.10/site-packages/oslo_concurrency/lockutils.py:423}}
Aug 15 21:08:46 user devstack@n-api-meta.service[70224]: DEBUG oslo_concurrency.lockutils [None req-7d79d9f1-08ec-4fac-8587-9be35362b77b None None] Acquiring lock "09c9e04e-05bf-4ac7-a586-dc532e7b97ea" by "nova.context.set_target_cell..get_or_set_cached_cell_and_set_connections" {{(pid=70224) inner /opt/stack/data/venv/lib/python3.10/site-packages/oslo_concurrency/lockutils.py:404}}
Aug 15 21:08:46 user devstack@n-api-meta.service[70224]: DEBUG oslo_concurrency.lockutils [None req-7d79d9f1-08ec-4fac-8587-9be35362b77b None None] Lock "09c9e04e-05bf-4ac7-a586-dc532e7b97ea" acquired by "nova.context.set_target_cell..get_or_set_cached_cell_and_set_connections" :: waited 0.000s {{(pid=70224) inner /opt/stack/data/venv/lib/python3.10/site-packages/oslo_concurrency/lockutils.py:409}}
Aug 15 21:08:46 user devstack@n-api-meta.service[70224]: DEBUG oslo_concurrency.lockutils [None req-7d79d9f1-08ec-4fac-8587-9be35362b77b None None] Lock "09c9e04e-05bf-4ac7-a586-dc532e7b97ea" "released" by "nova.context.set_target_cell..get_or_set_cached_cell_and_set_connections" :: held 0.001s {{(pid=70224) inner /opt/stack/data/venv/lib/python3.10/site-packages/oslo_concurrency/lockutils.py:423}}
Aug 15 21:08:46 user devstack@n-api-meta.service[70224]: INFO dbcounter [None req-7d79d9f1-08ec-4fac-8587-9be35362b77b None None] Registered counter for database nova_cell0
Aug 15 21:08:46 user devstack@n-api-meta.service[70224]: INFO dbcounter [None req-7d79d9f1-08ec-4fac-8587-9be35362b77b None None] Registered counter for database nova_cell1
Aug 15 21:08:46 user devstack@n-api-meta.service[70224]: DEBUG oslo_db.sqlalchemy.engines [None req-7d79d9f1-08ec-4fac-8587-9be35362b77b None None] MySQL server mode set to STRICT_TRANS_TABLES,STRICT_ALL_TABLES,NO_ZERO_IN_DATE,NO_ZERO_DATE,ERROR_FOR_DIVISION_BY_ZERO,TRADITIONAL,NO_ENGINE_SUBSTITUTION {{(pid=70224) _check_effective_sql_mode /opt/stack/data/venv/lib/python3.10/site-packages/oslo_db/sqlalchemy/engines.py:335}}
Aug 15 21:08:46 user devstack@n-api-meta.service[70224]: DEBUG dbcounter [-] [70224] Writer thread running {{(pid=70224) stat_writer /opt/stack/data/venv/lib/python3.10/site-packages/dbcounter.py:102}}
Aug 15 21:08:46 user devstack@n-api-meta.service[70224]: DEBUG oslo_db.sqlalchemy.engines [None req-7d79d9f1-08ec-4fac-8587-9be35362b77b None None] MySQL server mode set to STRICT_TRANS_TABLES,STRICT_ALL_TABLES,NO_ZERO_IN_DATE,NO_ZERO_DATE,ERROR_FOR_DIVISION_BY_ZERO,TRADITIONAL,NO_ENGINE_SUBSTITUTION {{(pid=70224) _check_effective_sql_mode /opt/stack/data/venv/lib/python3.10/site-packages/oslo_db/sqlalchemy/engines.py:335}}
Aug 15 21:08:46 user devstack@n-api-meta.service[70225]: DEBUG dbcounter [-] [70225] Writer thread running {{(pid=70225) stat_writer /opt/stack/data/venv/lib/python3.10/site-packages/dbcounter.py:102}}
Aug 15 21:08:46 user devstack@n-api-meta.service[70225]: INFO dbcounter [None req-f14f33dd-fcf1-400f-a695-4698d4cd27a6 None None] Registered counter for database nova_cell0
Aug 15 21:08:46 user devstack@n-api-meta.service[70225]: DEBUG oslo_db.sqlalchemy.engines [None req-f14f33dd-fcf1-400f-a695-4698d4cd27a6 None None] MySQL server mode set to STRICT_TRANS_TABLES,STRICT_ALL_TABLES,NO_ZERO_IN_DATE,NO_ZERO_DATE,ERROR_FOR_DIVISION_BY_ZERO,TRADITIONAL,NO_ENGINE_SUBSTITUTION {{(pid=70225) _check_effective_sql_mode /opt/stack/data/venv/lib/python3.10/site-packages/oslo_db/sqlalchemy/engines.py:335}}
Aug 15 21:08:46 user devstack@n-api-meta.service[70225]: DEBUG dbcounter [-] [70225] Writer thread running {{(pid=70225) stat_writer /opt/stack/data/venv/lib/python3.10/site-packages/dbcounter.py:102}}
Aug 15 21:08:46 user devstack@n-api-meta.service[70224]: DEBUG dbcounter [-] [70224] Writer thread running {{(pid=70224) stat_writer /opt/stack/data/venv/lib/python3.10/site-packages/dbcounter.py:102}}
Aug 15 21:08:46 user devstack@n-api-meta.service[70224]: INFO dbcounter [None req-7d79d9f1-08ec-4fac-8587-9be35362b77b None None] Registered counter for database nova_cell0
Aug 15 21:08:46 user devstack@n-api-meta.service[70224]: DEBUG oslo_db.sqlalchemy.engines [None req-7d79d9f1-08ec-4fac-8587-9be35362b77b None None] MySQL server mode set to STRICT_TRANS_TABLES,STRICT_ALL_TABLES,NO_ZERO_IN_DATE,NO_ZERO_DATE,ERROR_FOR_DIVISION_BY_ZERO,TRADITIONAL,NO_ENGINE_SUBSTITUTION {{(pid=70224) _check_effective_sql_mode /opt/stack/data/venv/lib/python3.10/site-packages/oslo_db/sqlalchemy/engines.py:335}}
Aug 15 21:08:46 user devstack@n-api-meta.service[70224]: DEBUG dbcounter [-] [70224] Writer thread running {{(pid=70224) stat_writer /opt/stack/data/venv/lib/python3.10/site-packages/dbcounter.py:102}}
Aug 15 21:08:46 user devstack@n-api-meta.service[70225]: WARNING nova.api.metadata.handler [None req-f14f33dd-fcf1-400f-a695-4698d4cd27a6 None None] metadata_proxy_shared_secret is not configured, the metadata information returned by the proxy cannot be trusted
Aug 15 21:08:46 user devstack@n-api-meta.service[70225]: WSGI app 0 (mountpoint='') ready in 4 seconds on interpreter 0x55be90db80d0 pid: 70225 (default app)
Aug 15 21:08:46 user devstack@n-api-meta.service[70224]: WARNING nova.api.metadata.handler [None req-7d79d9f1-08ec-4fac-8587-9be35362b77b None None] metadata_proxy_shared_secret is not configured, the metadata information returned by the proxy cannot be trusted
Aug 15 21:08:46 user devstack@n-api-meta.service[70224]: WSGI app 0 (mountpoint='') ready in 4 seconds on interpreter 0x55be90db80d0 pid: 70224 (default app)
Aug 15 21:14:04 user devstack@n-api-meta.service[70226]: DEBUG nova.api.metadata.handler [None req-4c2df688-95e7-4f83-8ee3-a14589a6e3fe None None] Metadata request headers: {'Host': '10.0.0.210:8775', 'User-Agent': 'python-requests/2.28.2', 'Accept-Encoding': 'gzip, deflate', 'Accept': '*/*', 'Connection': 'keep-alive', 'X-Forwarded-For': '10.0.0.8', 'X-Instance-Id': '412a57dc-d6a0-44ec-a661-05fed5309955', 'X-Tenant-Id': 'b41e38d3f853443ea9f6352679b3240f', 'X-Instance-Id-Signature': '5040e5574b054291d575f733c1d6ea53d739dcdd1d6cb98918b7a4c1820ad468'} {{(pid=70226) __call__ /opt/stack/nova/nova/api/metadata/handler.py:110}}
Aug 15 21:14:04 user devstack@n-api-meta.service[70226]: DEBUG dbcounter [-] [70226] Writing DB stats nova_api:SELECT=3 {{(pid=70226) stat_writer /opt/stack/data/venv/lib/python3.10/site-packages/dbcounter.py:115}}
Aug 15 21:14:04 user devstack@n-api-meta.service[70226]: DEBUG dbcounter [-] [70226] Writing DB stats nova_cell0:SELECT=3 {{(pid=70226) stat_writer /opt/stack/data/venv/lib/python3.10/site-packages/dbcounter.py:115}}
Aug 15 21:14:04 user devstack@n-api-meta.service[70226]: DEBUG dbcounter [-] [70226] Writing DB stats nova_cell1:SELECT=3 {{(pid=70226) stat_writer /opt/stack/data/venv/lib/python3.10/site-packages/dbcounter.py:115}}
Aug 15 21:14:04 user devstack@n-api-meta.service[70226]: DEBUG dbcounter [-] [70226] Writing DB stats nova_cell0:SELECT=6,nova_cell0:INSERT=1 {{(pid=70226) stat_writer /opt/stack/data/venv/lib/python3.10/site-packages/dbcounter.py:115}}
Aug 15 21:14:04 user devstack@n-api-meta.service[70226]: DEBUG oslo_concurrency.lockutils [None req-f8178c95-f58a-4c7a-af4a-7bf6d4c3e657 None None] Acquiring lock "09c9e04e-05bf-4ac7-a586-dc532e7b97ea" by "nova.context.set_target_cell..get_or_set_cached_cell_and_set_connections" {{(pid=70226) inner /opt/stack/data/venv/lib/python3.10/site-packages/oslo_concurrency/lockutils.py:404}}
Aug 15 21:14:04 user devstack@n-api-meta.service[70226]: DEBUG oslo_concurrency.lockutils [None req-f8178c95-f58a-4c7a-af4a-7bf6d4c3e657 None None] Lock "09c9e04e-05bf-4ac7-a586-dc532e7b97ea" acquired by "nova.context.set_target_cell..get_or_set_cached_cell_and_set_connections" :: waited 0.001s {{(pid=70226) inner /opt/stack/data/venv/lib/python3.10/site-packages/oslo_concurrency/lockutils.py:409}}
Aug 15 21:14:04 user devstack@n-api-meta.service[70226]: DEBUG oslo_concurrency.lockutils [None req-f8178c95-f58a-4c7a-af4a-7bf6d4c3e657 None None] Lock "09c9e04e-05bf-4ac7-a586-dc532e7b97ea" "released" by "nova.context.set_target_cell..get_or_set_cached_cell_and_set_connections" :: held 0.001s {{(pid=70226) inner /opt/stack/data/venv/lib/python3.10/site-packages/oslo_concurrency/lockutils.py:423}}
Aug 15 21:14:04 user devstack@n-api-meta.service[70225]: DEBUG nova.api.metadata.handler [None req-f14f33dd-fcf1-400f-a695-4698d4cd27a6 None None] Metadata request headers: {'Host': '10.0.0.210:8775', 'User-Agent': 'python-requests/2.28.2', 'Accept-Encoding': 'gzip, deflate', 'Accept': '*/*', 'Connection': 'keep-alive', 'X-Forwarded-For': '10.0.0.11', 'X-Instance-Id': 'b9ca6a8a-ebfe-47b7-8379-20b0aca36e97', 'X-Tenant-Id': '5982fc78169c4da5a1cfc5a8676ba36f', 'X-Instance-Id-Signature': '230c612c2117f345e33d4241cccd6e9738947e3c2317db44fda9d387d4a5d116'} {{(pid=70225) __call__ /opt/stack/nova/nova/api/metadata/handler.py:110}}
Aug 15 21:14:04 user devstack@n-api-meta.service[70225]: DEBUG dbcounter [-] [70225] Writing DB stats nova_api:SELECT=3 {{(pid=70225) stat_writer /opt/stack/data/venv/lib/python3.10/site-packages/dbcounter.py:115}}
Aug 15 21:14:04 user devstack@n-api-meta.service[70225]: DEBUG dbcounter [-] [70225] Writing DB stats nova_cell0:SELECT=3 {{(pid=70225) stat_writer /opt/stack/data/venv/lib/python3.10/site-packages/dbcounter.py:115}}
Aug 15 21:14:04 user devstack@n-api-meta.service[70225]: DEBUG dbcounter [-] [70225] Writing DB stats nova_cell1:SELECT=3 {{(pid=70225) stat_writer /opt/stack/data/venv/lib/python3.10/site-packages/dbcounter.py:115}}
Aug 15 21:14:04 user devstack@n-api-meta.service[70225]: DEBUG dbcounter [-] [70225] Writing DB stats nova_cell0:SELECT=3 {{(pid=70225) stat_writer /opt/stack/data/venv/lib/python3.10/site-packages/dbcounter.py:115}}
Aug 15 21:14:04 user devstack@n-api-meta.service[70225]: DEBUG oslo_concurrency.lockutils [None req-5645097a-4767-4b63-aeca-8c04e73b840a None None] Acquiring lock "09c9e04e-05bf-4ac7-a586-dc532e7b97ea" by "nova.context.set_target_cell..get_or_set_cached_cell_and_set_connections" {{(pid=70225) inner /opt/stack/data/venv/lib/python3.10/site-packages/oslo_concurrency/lockutils.py:404}}
Aug 15 21:14:04 user devstack@n-api-meta.service[70225]: DEBUG oslo_concurrency.lockutils [None req-5645097a-4767-4b63-aeca-8c04e73b840a None None] Lock "09c9e04e-05bf-4ac7-a586-dc532e7b97ea" acquired by "nova.context.set_target_cell..get_or_set_cached_cell_and_set_connections" :: waited 0.001s {{(pid=70225) inner /opt/stack/data/venv/lib/python3.10/site-packages/oslo_concurrency/lockutils.py:409}}
Aug 15 21:14:04 user devstack@n-api-meta.service[70225]: DEBUG oslo_concurrency.lockutils [None req-5645097a-4767-4b63-aeca-8c04e73b840a None None] Lock "09c9e04e-05bf-4ac7-a586-dc532e7b97ea" "released" by "nova.context.set_target_cell..get_or_set_cached_cell_and_set_connections" :: held 0.004s {{(pid=70225) inner /opt/stack/data/venv/lib/python3.10/site-packages/oslo_concurrency/lockutils.py:423}}
Aug 15 21:14:04 user devstack@n-api-meta.service[70224]: DEBUG nova.api.metadata.handler [None req-7d79d9f1-08ec-4fac-8587-9be35362b77b None None] Metadata request headers: {'Host': '10.0.0.210:8775', 'User-Agent': 'python-requests/2.28.2', 'Accept-Encoding': 'gzip, deflate', 'Accept': '*/*', 'Connection': 'keep-alive', 'X-Forwarded-For': '10.0.0.4', 'X-Instance-Id': 'b198f99d-1575-4ac1-9f66-47d12fda99d9', 'X-Tenant-Id': 'b55df905a9e64949ac35075fb206991e', 'X-Instance-Id-Signature': '2fcc29f3e9a1e6bef2b5ee7f5eff29d4fcbb278735b2bee5fa264acff8b43935'} {{(pid=70224) __call__ /opt/stack/nova/nova/api/metadata/handler.py:110}}
Aug 15 21:14:04 user devstack@n-api-meta.service[70224]: DEBUG dbcounter [-] [70224] Writing DB stats nova_api:SELECT=3 {{(pid=70224) stat_writer /opt/stack/data/venv/lib/python3.10/site-packages/dbcounter.py:115}}
Aug 15 21:14:04 user devstack@n-api-meta.service[70224]: DEBUG dbcounter [-] [70224] Writing DB stats nova_cell0:SELECT=3 {{(pid=70224) stat_writer /opt/stack/data/venv/lib/python3.10/site-packages/dbcounter.py:115}}
Aug 15 21:14:04 user devstack@n-api-meta.service[70224]: DEBUG dbcounter [-] [70224] Writing DB stats nova_cell1:SELECT=3 {{(pid=70224) stat_writer /opt/stack/data/venv/lib/python3.10/site-packages/dbcounter.py:115}}
Aug 15 21:14:04 user devstack@n-api-meta.service[70224]: DEBUG dbcounter [-] [70224] Writing DB stats nova_cell0:SELECT=3 {{(pid=70224) stat_writer /opt/stack/data/venv/lib/python3.10/site-packages/dbcounter.py:115}}
Aug 15 21:14:04 user devstack@n-api-meta.service[70224]: DEBUG oslo_concurrency.lockutils [None req-3d35fed7-2300-4dc3-988d-8bfb68aef4b8 None None] Acquiring lock "09c9e04e-05bf-4ac7-a586-dc532e7b97ea" by "nova.context.set_target_cell..get_or_set_cached_cell_and_set_connections" {{(pid=70224) inner /opt/stack/data/venv/lib/python3.10/site-packages/oslo_concurrency/lockutils.py:404}}
Aug 15 21:14:04 user devstack@n-api-meta.service[70224]: DEBUG oslo_concurrency.lockutils [None req-3d35fed7-2300-4dc3-988d-8bfb68aef4b8 None None] Lock "09c9e04e-05bf-4ac7-a586-dc532e7b97ea" acquired by "nova.context.set_target_cell..get_or_set_cached_cell_and_set_connections" :: waited 0.001s {{(pid=70224) inner /opt/stack/data/venv/lib/python3.10/site-packages/oslo_concurrency/lockutils.py:409}}
Aug 15 21:14:04 user devstack@n-api-meta.service[70224]: DEBUG oslo_concurrency.lockutils [None req-3d35fed7-2300-4dc3-988d-8bfb68aef4b8 None None] Lock "09c9e04e-05bf-4ac7-a586-dc532e7b97ea" "released" by "nova.context.set_target_cell..get_or_set_cached_cell_and_set_connections" :: held 0.001s {{(pid=70224) inner /opt/stack/data/venv/lib/python3.10/site-packages/oslo_concurrency/lockutils.py:423}}
Aug 15 21:14:05 user devstack@n-api-meta.service[70226]: [pid: 70226|app: 0|req: 1/1] 10.0.0.210 () {40 vars in 667 bytes} [Tue Aug 15 21:14:04 2023] GET /2009-04-04/meta-data/instance-id => generated 10 bytes in 1068 msecs (HTTP/1.1 200) 3 headers in 99 bytes (1 switches on core 0)
Aug 15 21:14:05 user devstack@n-api-meta.service[70226]: DEBUG nova.api.metadata.handler [None req-f8178c95-f58a-4c7a-af4a-7bf6d4c3e657 None None] Metadata request headers: {'Host': '10.0.0.210:8775', 'User-Agent': 'python-requests/2.28.2', 'Accept-Encoding': 'gzip, deflate', 'Accept': '*/*', 'Connection': 'keep-alive', 'X-Forwarded-For': '10.0.0.8', 'X-Instance-Id': '412a57dc-d6a0-44ec-a661-05fed5309955', 'X-Tenant-Id': 'b41e38d3f853443ea9f6352679b3240f', 'X-Instance-Id-Signature': '5040e5574b054291d575f733c1d6ea53d739dcdd1d6cb98918b7a4c1820ad468'} {{(pid=70226) __call__ /opt/stack/nova/nova/api/metadata/handler.py:110}}
Aug 15 21:14:05 user devstack@n-api-meta.service[70226]: DEBUG nova.api.metadata.handler [None req-f8178c95-f58a-4c7a-af4a-7bf6d4c3e657 None None] Using cached metadata for instance 412a57dc-d6a0-44ec-a661-05fed5309955 {{(pid=70226) get_metadata_by_instance_id /opt/stack/nova/nova/api/metadata/handler.py:85}}
Aug 15 21:14:05 user devstack@n-api-meta.service[70226]: [pid: 70226|app: 0|req: 2/2] 10.0.0.210 () {40 vars in 667 bytes} [Tue Aug 15 21:14:05 2023] GET /2009-04-04/meta-data/public-keys => generated 28 bytes in 7 msecs (HTTP/1.1 200) 3 headers in 99 bytes (1 switches on core 0)
Aug 15 21:14:05 user devstack@n-api-meta.service[70226]: DEBUG nova.api.metadata.handler [None req-f8178c95-f58a-4c7a-af4a-7bf6d4c3e657 None None] Metadata request headers: {'Host': '10.0.0.210:8775', 'User-Agent': 'python-requests/2.28.2', 'Accept-Encoding': 'gzip, deflate', 'Accept': '*/*', 'Connection': 'keep-alive', 'X-Forwarded-For': '10.0.0.8', 'X-Instance-Id': '412a57dc-d6a0-44ec-a661-05fed5309955', 'X-Tenant-Id': 'b41e38d3f853443ea9f6352679b3240f', 'X-Instance-Id-Signature': '5040e5574b054291d575f733c1d6ea53d739dcdd1d6cb98918b7a4c1820ad468'} {{(pid=70226) __call__ /opt/stack/nova/nova/api/metadata/handler.py:110}}
Aug 15 21:14:05 user devstack@n-api-meta.service[70226]: DEBUG nova.api.metadata.handler [None req-f8178c95-f58a-4c7a-af4a-7bf6d4c3e657 None None] Using cached metadata for instance 412a57dc-d6a0-44ec-a661-05fed5309955 {{(pid=70226) get_metadata_by_instance_id /opt/stack/nova/nova/api/metadata/handler.py:85}}
Aug 15 21:14:05 user devstack@n-api-meta.service[70226]: [pid: 70226|app: 0|req: 3/3] 10.0.0.210 () {40 vars in 695 bytes} [Tue Aug 15 21:14:05 2023] GET /2009-04-04/meta-data/public-keys/0/openssh-key => generated 204 bytes in 6 msecs (HTTP/1.1 200) 3 headers in 100 bytes (1 switches on core 0)
Aug 15 21:14:05 user devstack@n-api-meta.service[70226]: DEBUG nova.api.metadata.handler [None req-f8178c95-f58a-4c7a-af4a-7bf6d4c3e657 None None] Metadata request headers: {'Host': '10.0.0.210:8775', 'User-Agent': 'python-requests/2.28.2', 'Accept-Encoding': 'gzip, deflate', 'Accept': '*/*', 'Connection': 'keep-alive', 'X-Forwarded-For': '10.0.0.8', 'X-Instance-Id': '412a57dc-d6a0-44ec-a661-05fed5309955', 'X-Tenant-Id': 'b41e38d3f853443ea9f6352679b3240f', 'X-Instance-Id-Signature': '5040e5574b054291d575f733c1d6ea53d739dcdd1d6cb98918b7a4c1820ad468'} {{(pid=70226) __call__ /opt/stack/nova/nova/api/metadata/handler.py:110}}
Aug 15 21:14:05 user devstack@n-api-meta.service[70226]: DEBUG nova.api.metadata.handler [None req-f8178c95-f58a-4c7a-af4a-7bf6d4c3e657 None None] Using cached metadata for instance 412a57dc-d6a0-44ec-a661-05fed5309955 {{(pid=70226) get_metadata_by_instance_id /opt/stack/nova/nova/api/metadata/handler.py:85}}
Aug 15 21:14:05 user devstack@n-api-meta.service[70226]: [pid: 70226|app: 0|req: 4/4] 10.0.0.210 () {40 vars in 667 bytes} [Tue Aug 15 21:14:05 2023] GET /2009-04-04/meta-data/instance-id => generated 10 bytes in 9 msecs (HTTP/1.1 200) 3 headers in 99 bytes (1 switches on core 0)
Aug 15 21:14:05 user devstack@n-api-meta.service[70226]: DEBUG nova.api.metadata.handler [None req-f8178c95-f58a-4c7a-af4a-7bf6d4c3e657 None None] Metadata request headers: {'Host': '10.0.0.210:8775', 'User-Agent': 'python-requests/2.28.2', 'Accept-Encoding': 'gzip, deflate', 'Accept': '*/*', 'Connection': 'keep-alive', 'X-Forwarded-For': '10.0.0.8', 'X-Instance-Id': '412a57dc-d6a0-44ec-a661-05fed5309955', 'X-Tenant-Id': 'b41e38d3f853443ea9f6352679b3240f', 'X-Instance-Id-Signature': '5040e5574b054291d575f733c1d6ea53d739dcdd1d6cb98918b7a4c1820ad468'} {{(pid=70226) __call__ /opt/stack/nova/nova/api/metadata/handler.py:110}}
Aug 15 21:14:05 user devstack@n-api-meta.service[70226]: DEBUG nova.api.metadata.handler [None req-f8178c95-f58a-4c7a-af4a-7bf6d4c3e657 None None] Using cached metadata for instance 412a57dc-d6a0-44ec-a661-05fed5309955 {{(pid=70226) get_metadata_by_instance_id /opt/stack/nova/nova/api/metadata/handler.py:85}}
Aug 15 21:14:05 user devstack@n-api-meta.service[70226]: [pid: 70226|app: 0|req: 5/5] 10.0.0.210 () {40 vars in 676 bytes} [Tue Aug 15 21:14:05 2023] GET /2009-04-04/meta-data/ami-launch-index => generated 1 bytes in 5 msecs (HTTP/1.1 200) 3 headers in 98 bytes (1 switches on core 0)
Aug 15 21:14:05 user devstack@n-api-meta.service[70226]: DEBUG nova.api.metadata.handler [None req-f8178c95-f58a-4c7a-af4a-7bf6d4c3e657 None None] Metadata request headers: {'Host': '10.0.0.210:8775', 'User-Agent': 'python-requests/2.28.2', 'Accept-Encoding': 'gzip, deflate', 'Accept': '*/*', 'Connection': 'keep-alive', 'X-Forwarded-For': '10.0.0.8', 'X-Instance-Id': '412a57dc-d6a0-44ec-a661-05fed5309955', 'X-Tenant-Id': 'b41e38d3f853443ea9f6352679b3240f', 'X-Instance-Id-Signature': '5040e5574b054291d575f733c1d6ea53d739dcdd1d6cb98918b7a4c1820ad468'} {{(pid=70226) __call__ /opt/stack/nova/nova/api/metadata/handler.py:110}}
Aug 15 21:14:05 user devstack@n-api-meta.service[70226]: DEBUG nova.api.metadata.handler [None req-f8178c95-f58a-4c7a-af4a-7bf6d4c3e657 None None] Using cached metadata for instance 412a57dc-d6a0-44ec-a661-05fed5309955 {{(pid=70226) get_metadata_by_instance_id /opt/stack/nova/nova/api/metadata/handler.py:85}}
Aug 15 21:14:05 user devstack@n-api-meta.service[70226]: [pid: 70226|app: 0|req: 6/6] 10.0.0.210 () {40 vars in 670 bytes} [Tue Aug 15 21:14:05 2023] GET /2009-04-04/meta-data/instance-type => generated 7 bytes in 5 msecs (HTTP/1.1 200) 3 headers in 98 bytes (1 switches on core 0)
Aug 15 21:14:05 user devstack@n-api-meta.service[70226]: DEBUG nova.api.metadata.handler [None req-f8178c95-f58a-4c7a-af4a-7bf6d4c3e657 None None] Metadata request headers: {'Host': '10.0.0.210:8775', 'User-Agent': 'python-requests/2.28.2', 'Accept-Encoding': 'gzip, deflate', 'Accept': '*/*', 'Connection': 'keep-alive', 'X-Forwarded-For': '10.0.0.8', 'X-Instance-Id': '412a57dc-d6a0-44ec-a661-05fed5309955', 'X-Tenant-Id': 'b41e38d3f853443ea9f6352679b3240f', 'X-Instance-Id-Signature': '5040e5574b054291d575f733c1d6ea53d739dcdd1d6cb98918b7a4c1820ad468'} {{(pid=70226) __call__ /opt/stack/nova/nova/api/metadata/handler.py:110}}
Aug 15 21:14:05 user devstack@n-api-meta.service[70226]: DEBUG nova.api.metadata.handler [None req-f8178c95-f58a-4c7a-af4a-7bf6d4c3e657 None None] Using cached metadata for instance 412a57dc-d6a0-44ec-a661-05fed5309955 {{(pid=70226) get_metadata_by_instance_id /opt/stack/nova/nova/api/metadata/handler.py:85}}
Aug 15 21:14:05 user devstack@n-api-meta.service[70226]: [pid: 70226|app: 0|req: 7/7] 10.0.0.210 () {40 vars in 664 bytes} [Tue Aug 15 21:14:05 2023] GET /2009-04-04/meta-data/local-ipv4 => generated 8 bytes in 6 msecs (HTTP/1.1 200) 3 headers in 98 bytes (1 switches on core 0)
Aug 15 21:14:05 user devstack@n-api-meta.service[70226]: DEBUG nova.api.metadata.handler [None req-f8178c95-f58a-4c7a-af4a-7bf6d4c3e657 None None] Metadata request headers: {'Host': '10.0.0.210:8775', 'User-Agent': 'python-requests/2.28.2', 'Accept-Encoding': 'gzip, deflate', 'Accept': '*/*', 'Connection': 'keep-alive', 'X-Forwarded-For': '10.0.0.8', 'X-Instance-Id': '412a57dc-d6a0-44ec-a661-05fed5309955', 'X-Tenant-Id': 'b41e38d3f853443ea9f6352679b3240f', 'X-Instance-Id-Signature': '5040e5574b054291d575f733c1d6ea53d739dcdd1d6cb98918b7a4c1820ad468'} {{(pid=70226) __call__ /opt/stack/nova/nova/api/metadata/handler.py:110}}
Aug 15 21:14:05 user devstack@n-api-meta.service[70226]: DEBUG nova.api.metadata.handler [None req-f8178c95-f58a-4c7a-af4a-7bf6d4c3e657 None None] Using cached metadata for instance 412a57dc-d6a0-44ec-a661-05fed5309955 {{(pid=70226) get_metadata_by_instance_id /opt/stack/nova/nova/api/metadata/handler.py:85}}
Aug 15 21:14:05 user devstack@n-api-meta.service[70226]: [pid: 70226|app: 0|req: 8/8] 10.0.0.210 () {40 vars in 667 bytes} [Tue Aug 15 21:14:05 2023] GET /2009-04-04/meta-data/public-ipv4 => generated 0 bytes in 5 msecs (HTTP/1.1 200) 3 headers in 98 bytes (1 switches on core 0)
Aug 15 21:14:05 user devstack@n-api-meta.service[70226]: DEBUG nova.api.metadata.handler [None req-f8178c95-f58a-4c7a-af4a-7bf6d4c3e657 None None] Metadata request headers: {'Host': '10.0.0.210:8775', 'User-Agent': 'python-requests/2.28.2', 'Accept-Encoding': 'gzip, deflate', 'Accept': '*/*', 'Connection': 'keep-alive', 'X-Forwarded-For': '10.0.0.8', 'X-Instance-Id': '412a57dc-d6a0-44ec-a661-05fed5309955', 'X-Tenant-Id': 'b41e38d3f853443ea9f6352679b3240f', 'X-Instance-Id-Signature': '5040e5574b054291d575f733c1d6ea53d739dcdd1d6cb98918b7a4c1820ad468'} {{(pid=70226) __call__ /opt/stack/nova/nova/api/metadata/handler.py:110}}
Aug 15 21:14:05 user devstack@n-api-meta.service[70226]: DEBUG nova.api.metadata.handler [None req-f8178c95-f58a-4c7a-af4a-7bf6d4c3e657 None None] Using cached metadata for instance 412a57dc-d6a0-44ec-a661-05fed5309955 {{(pid=70226) get_metadata_by_instance_id /opt/stack/nova/nova/api/metadata/handler.py:85}}
Aug 15 21:14:05 user devstack@n-api-meta.service[70226]: [pid: 70226|app: 0|req: 9/9] 10.0.0.210 () {40 vars in 661 bytes} [Tue Aug 15 21:14:05 2023] GET /2009-04-04/meta-data/hostname => generated 59 bytes in 8 msecs (HTTP/1.1 200) 3 headers in 99 bytes (1 switches on core 0)
Aug 15 21:14:05 user devstack@n-api-meta.service[70225]: [pid: 70225|app: 0|req: 1/10] 10.0.0.210 () {40 vars in 668 bytes} [Tue Aug 15 21:14:04 2023] GET /2009-04-04/meta-data/instance-id => generated 10 bytes in 847 msecs (HTTP/1.1 200) 3 headers in 99 bytes (1 switches on core 0)
Aug 15 21:14:05 user devstack@n-api-meta.service[70226]: DEBUG nova.api.metadata.handler [None req-f8178c95-f58a-4c7a-af4a-7bf6d4c3e657 None None] Metadata request headers: {'Host': '10.0.0.210:8775', 'User-Agent': 'python-requests/2.28.2', 'Accept-Encoding': 'gzip, deflate', 'Accept': '*/*', 'Connection': 'keep-alive', 'X-Forwarded-For': '10.0.0.8', 'X-Instance-Id': '412a57dc-d6a0-44ec-a661-05fed5309955', 'X-Tenant-Id': 'b41e38d3f853443ea9f6352679b3240f', 'X-Instance-Id-Signature': '5040e5574b054291d575f733c1d6ea53d739dcdd1d6cb98918b7a4c1820ad468'} {{(pid=70226) __call__ /opt/stack/nova/nova/api/metadata/handler.py:110}}
Aug 15 21:14:05 user devstack@n-api-meta.service[70226]: DEBUG nova.api.metadata.handler [None req-f8178c95-f58a-4c7a-af4a-7bf6d4c3e657 None None] Using cached metadata for instance 412a57dc-d6a0-44ec-a661-05fed5309955 {{(pid=70226) get_metadata_by_instance_id /opt/stack/nova/nova/api/metadata/handler.py:85}}
Aug 15 21:14:05 user devstack@n-api-meta.service[70226]: [pid: 70226|app: 0|req: 10/11] 10.0.0.210 () {40 vars in 673 bytes} [Tue Aug 15 21:14:05 2023] GET /2009-04-04/meta-data/local-hostname => generated 59 bytes in 5 msecs (HTTP/1.1 200) 3 headers in 99 bytes (1 switches on core 0)
