Nov 22 14:11:48 user devstack@n-api-meta.service[72013]: DEBUG nova.api.openstack.wsgi_app [-] oslo_limit.split_loggers = False {{(pid=72013) log_opt_values /opt/stack/data/venv/lib/python3.10/site-packages/oslo_config/cfg.py:2609}}
Nov 22 14:11:48 user devstack@n-api-meta.service[72013]: DEBUG nova.api.openstack.wsgi_app [-] oslo_limit.status_code_retries = None {{(pid=72013) log_opt_values /opt/stack/data/venv/lib/python3.10/site-packages/oslo_config/cfg.py:2609}}
Nov 22 14:11:48 user devstack@n-api-meta.service[72013]: DEBUG nova.api.openstack.wsgi_app [-] oslo_limit.status_code_retry_delay = None {{(pid=72013) log_opt_values /opt/stack/data/venv/lib/python3.10/site-packages/oslo_config/cfg.py:2609}}
Nov 22 14:11:48 user devstack@n-api-meta.service[72013]: DEBUG nova.api.openstack.wsgi_app [-] oslo_limit.timeout = None {{(pid=72013) log_opt_values /opt/stack/data/venv/lib/python3.10/site-packages/oslo_config/cfg.py:2609}}
Nov 22 14:11:48 user devstack@n-api-meta.service[72013]: DEBUG nova.api.openstack.wsgi_app [-] oslo_limit.valid_interfaces = None {{(pid=72013) log_opt_values /opt/stack/data/venv/lib/python3.10/site-packages/oslo_config/cfg.py:2609}}
Nov 22 14:11:48 user devstack@n-api-meta.service[72013]: DEBUG nova.api.openstack.wsgi_app [-] oslo_limit.version = None {{(pid=72013) log_opt_values /opt/stack/data/venv/lib/python3.10/site-packages/oslo_config/cfg.py:2609}}
Nov 22 14:11:48 user devstack@n-api-meta.service[72013]: DEBUG nova.api.openstack.wsgi_app [-] oslo_messaging_rabbit.amqp_auto_delete = False {{(pid=72013) log_opt_values /opt/stack/data/venv/lib/python3.10/site-packages/oslo_config/cfg.py:2609}}
Nov 22 14:11:48 user devstack@n-api-meta.service[72013]: DEBUG nova.api.openstack.wsgi_app [-] oslo_messaging_rabbit.amqp_durable_queues = False {{(pid=72013) log_opt_values /opt/stack/data/venv/lib/python3.10/site-packages/oslo_config/cfg.py:2609}}
Nov 22 14:11:48 user devstack@n-api-meta.service[72013]: DEBUG nova.api.openstack.wsgi_app [-] oslo_messaging_rabbit.conn_pool_min_size = 2 {{(pid=72013) log_opt_values /opt/stack/data/venv/lib/python3.10/site-packages/oslo_config/cfg.py:2609}}
Nov 22 14:11:48 user devstack@n-api-meta.service[72013]: DEBUG nova.api.openstack.wsgi_app [-] oslo_messaging_rabbit.conn_pool_ttl = 1200 {{(pid=72013) log_opt_values /opt/stack/data/venv/lib/python3.10/site-packages/oslo_config/cfg.py:2609}}
Nov 22 14:11:48 user devstack@n-api-meta.service[72013]: DEBUG nova.api.openstack.wsgi_app [-] oslo_messaging_rabbit.direct_mandatory_flag = True {{(pid=72013) log_opt_values /opt/stack/data/venv/lib/python3.10/site-packages/oslo_config/cfg.py:2609}}
Nov 22 14:11:48 user devstack@n-api-meta.service[72013]: DEBUG nova.api.openstack.wsgi_app [-] oslo_messaging_rabbit.enable_cancel_on_failover = False {{(pid=72013) log_opt_values /opt/stack/data/venv/lib/python3.10/site-packages/oslo_config/cfg.py:2609}}
Nov 22 14:11:48 user devstack@n-api-meta.service[72013]: DEBUG nova.api.openstack.wsgi_app [-] oslo_messaging_rabbit.heartbeat_in_pthread = False {{(pid=72013) log_opt_values /opt/stack/data/venv/lib/python3.10/site-packages/oslo_config/cfg.py:2609}}
Nov 22 14:11:48 user devstack@n-api-meta.service[72013]: DEBUG nova.api.openstack.wsgi_app [-] oslo_messaging_rabbit.heartbeat_rate = 3 {{(pid=72013) log_opt_values /opt/stack/data/venv/lib/python3.10/site-packages/oslo_config/cfg.py:2609}}
Nov 22 14:11:48 user devstack@n-api-meta.service[72013]: DEBUG nova.api.openstack.wsgi_app [-] oslo_messaging_rabbit.heartbeat_timeout_threshold = 60 {{(pid=72013) log_opt_values /opt/stack/data/venv/lib/python3.10/site-packages/oslo_config/cfg.py:2609}}
Nov 22 14:11:48 user devstack@n-api-meta.service[72013]: DEBUG nova.api.openstack.wsgi_app [-] oslo_messaging_rabbit.kombu_compression = None {{(pid=72013) log_opt_values /opt/stack/data/venv/lib/python3.10/site-packages/oslo_config/cfg.py:2609}}
Nov 22 14:11:48 user devstack@n-api-meta.service[72013]: DEBUG nova.api.openstack.wsgi_app [-] oslo_messaging_rabbit.kombu_failover_strategy = round-robin {{(pid=72013) log_opt_values /opt/stack/data/venv/lib/python3.10/site-packages/oslo_config/cfg.py:2609}}
Nov 22 14:11:48 user devstack@n-api-meta.service[72013]: DEBUG nova.api.openstack.wsgi_app [-] oslo_messaging_rabbit.kombu_missing_consumer_retry_timeout = 60 {{(pid=72013) log_opt_values /opt/stack/data/venv/lib/python3.10/site-packages/oslo_config/cfg.py:2609}}
Nov 22 14:11:48 user devstack@n-api-meta.service[72013]: DEBUG nova.api.openstack.wsgi_app [-] oslo_messaging_rabbit.kombu_reconnect_delay = 1.0 {{(pid=72013) log_opt_values /opt/stack/data/venv/lib/python3.10/site-packages/oslo_config/cfg.py:2609}}
Nov 22 14:11:48 user devstack@n-api-meta.service[72013]: DEBUG nova.api.openstack.wsgi_app [-] oslo_messaging_rabbit.rabbit_ha_queues = False {{(pid=72013) log_opt_values /opt/stack/data/venv/lib/python3.10/site-packages/oslo_config/cfg.py:2609}}
Nov 22 14:11:48 user devstack@n-api-meta.service[72014]: DEBUG oslo_db.sqlalchemy.engines [None req-6ef8bb7a-da60-45a0-947b-75059d882a42 None None] MySQL server mode set to STRICT_TRANS_TABLES,STRICT_ALL_TABLES,NO_ZERO_IN_DATE,NO_ZERO_DATE,ERROR_FOR_DIVISION_BY_ZERO,TRADITIONAL,NO_ENGINE_SUBSTITUTION {{(pid=72014) _check_effective_sql_mode /opt/stack/data/venv/lib/python3.10/site-packages/oslo_db/sqlalchemy/engines.py:342}}
Nov 22 14:11:48 user devstack@n-api-meta.service[72013]: DEBUG nova.api.openstack.wsgi_app [-] oslo_messaging_rabbit.rabbit_interval_max = 30 {{(pid=72013) log_opt_values /opt/stack/data/venv/lib/python3.10/site-packages/oslo_config/cfg.py:2609}}
Nov 22 14:11:48 user devstack@n-api-meta.service[72013]: DEBUG nova.api.openstack.wsgi_app [-] oslo_messaging_rabbit.rabbit_login_method = AMQPLAIN {{(pid=72013) log_opt_values /opt/stack/data/venv/lib/python3.10/site-packages/oslo_config/cfg.py:2609}}
Nov 22 14:11:48 user devstack@n-api-meta.service[72013]: DEBUG nova.api.openstack.wsgi_app [-] oslo_messaging_rabbit.rabbit_qos_prefetch_count = 0 {{(pid=72013) log_opt_values /opt/stack/data/venv/lib/python3.10/site-packages/oslo_config/cfg.py:2609}}
Nov 22 14:11:48 user devstack@n-api-meta.service[72013]: DEBUG nova.api.openstack.wsgi_app [-] oslo_messaging_rabbit.rabbit_quorum_delivery_limit = 0 {{(pid=72013) log_opt_values /opt/stack/data/venv/lib/python3.10/site-packages/oslo_config/cfg.py:2609}}
Nov 22 14:11:48 user devstack@n-api-meta.service[72013]: DEBUG nova.api.openstack.wsgi_app [-] oslo_messaging_rabbit.rabbit_quorum_max_memory_bytes = 0 {{(pid=72013) log_opt_values /opt/stack/data/venv/lib/python3.10/site-packages/oslo_config/cfg.py:2609}}
Nov 22 14:11:48 user devstack@n-api-meta.service[72013]: DEBUG nova.api.openstack.wsgi_app [-] oslo_messaging_rabbit.rabbit_quorum_max_memory_length = 0 {{(pid=72013) log_opt_values /opt/stack/data/venv/lib/python3.10/site-packages/oslo_config/cfg.py:2609}}
Nov 22 14:11:48 user devstack@n-api-meta.service[72013]: DEBUG nova.api.openstack.wsgi_app [-] oslo_messaging_rabbit.rabbit_quorum_queue = False {{(pid=72013) log_opt_values /opt/stack/data/venv/lib/python3.10/site-packages/oslo_config/cfg.py:2609}}
Nov 22 14:11:48 user devstack@n-api-meta.service[72013]: DEBUG nova.api.openstack.wsgi_app [-] oslo_messaging_rabbit.rabbit_retry_backoff = 2 {{(pid=72013) log_opt_values /opt/stack/data/venv/lib/python3.10/site-packages/oslo_config/cfg.py:2609}}
Nov 22 14:11:48 user devstack@n-api-meta.service[72013]: DEBUG nova.api.openstack.wsgi_app [-] oslo_messaging_rabbit.rabbit_retry_interval = 1 {{(pid=72013) log_opt_values /opt/stack/data/venv/lib/python3.10/site-packages/oslo_config/cfg.py:2609}}
Nov 22 14:11:48 user devstack@n-api-meta.service[72013]: DEBUG nova.api.openstack.wsgi_app [-] oslo_messaging_rabbit.rabbit_transient_queues_ttl = 1800 {{(pid=72013) log_opt_values /opt/stack/data/venv/lib/python3.10/site-packages/oslo_config/cfg.py:2609}}
Nov 22 14:11:48 user devstack@n-api-meta.service[72013]: DEBUG nova.api.openstack.wsgi_app [-] oslo_messaging_rabbit.rpc_conn_pool_size = 30 {{(pid=72013) log_opt_values /opt/stack/data/venv/lib/python3.10/site-packages/oslo_config/cfg.py:2609}}
Nov 22 14:11:48 user devstack@n-api-meta.service[72013]: DEBUG nova.api.openstack.wsgi_app [-] oslo_messaging_rabbit.ssl = False {{(pid=72013) log_opt_values /opt/stack/data/venv/lib/python3.10/site-packages/oslo_config/cfg.py:2609}}
Nov 22 14:11:48 user devstack@n-api-meta.service[72013]: DEBUG nova.api.openstack.wsgi_app [-] oslo_messaging_rabbit.ssl_ca_file = {{(pid=72013) log_opt_values /opt/stack/data/venv/lib/python3.10/site-packages/oslo_config/cfg.py:2609}}
Nov 22 14:11:48 user devstack@n-api-meta.service[72013]: DEBUG nova.api.openstack.wsgi_app [-] oslo_messaging_rabbit.ssl_cert_file = {{(pid=72013) log_opt_values /opt/stack/data/venv/lib/python3.10/site-packages/oslo_config/cfg.py:2609}}
Nov 22 14:11:48 user devstack@n-api-meta.service[72013]: DEBUG nova.api.openstack.wsgi_app [-] oslo_messaging_rabbit.ssl_enforce_fips_mode = False {{(pid=72013) log_opt_values /opt/stack/data/venv/lib/python3.10/site-packages/oslo_config/cfg.py:2609}}
Nov 22 14:11:48 user devstack@n-api-meta.service[72013]: DEBUG nova.api.openstack.wsgi_app [-] oslo_messaging_rabbit.ssl_key_file = {{(pid=72013) log_opt_values /opt/stack/data/venv/lib/python3.10/site-packages/oslo_config/cfg.py:2609}}
Nov 22 14:11:48 user devstack@n-api-meta.service[72013]: DEBUG nova.api.openstack.wsgi_app [-] oslo_messaging_rabbit.ssl_version = {{(pid=72013) log_opt_values /opt/stack/data/venv/lib/python3.10/site-packages/oslo_config/cfg.py:2609}}
Nov 22 14:11:48 user devstack@n-api-meta.service[72013]: DEBUG nova.api.openstack.wsgi_app [-] oslo_messaging_notifications.driver = ['messagingv2'] {{(pid=72013) log_opt_values /opt/stack/data/venv/lib/python3.10/site-packages/oslo_config/cfg.py:2609}}
Nov 22 14:11:48 user devstack@n-api-meta.service[72013]: DEBUG nova.api.openstack.wsgi_app [-] oslo_messaging_notifications.retry = -1 {{(pid=72013) log_opt_values /opt/stack/data/venv/lib/python3.10/site-packages/oslo_config/cfg.py:2609}}
Nov 22 14:11:48 user devstack@n-api-meta.service[72013]: DEBUG nova.api.openstack.wsgi_app [-] oslo_messaging_notifications.topics = ['notifications'] {{(pid=72013) log_opt_values /opt/stack/data/venv/lib/python3.10/site-packages/oslo_config/cfg.py:2609}}
Nov 22 14:11:48 user devstack@n-api-meta.service[72013]: DEBUG nova.api.openstack.wsgi_app [-] oslo_messaging_notifications.transport_url = **** {{(pid=72013) log_opt_values /opt/stack/data/venv/lib/python3.10/site-packages/oslo_config/cfg.py:2609}}
Nov 22 14:11:48 user devstack@n-api-meta.service[72013]: DEBUG nova.api.openstack.wsgi_app [-] oslo_reports.file_event_handler = None {{(pid=72013) log_opt_values /opt/stack/data/venv/lib/python3.10/site-packages/oslo_config/cfg.py:2609}}
Nov 22 14:11:48 user devstack@n-api-meta.service[72013]: DEBUG nova.api.openstack.wsgi_app [-] oslo_reports.file_event_handler_interval = 1 {{(pid=72013) log_opt_values /opt/stack/data/venv/lib/python3.10/site-packages/oslo_config/cfg.py:2609}}
Nov 22 14:11:48 user devstack@n-api-meta.service[72013]: DEBUG nova.api.openstack.wsgi_app [-] oslo_reports.log_dir = None {{(pid=72013) log_opt_values /opt/stack/data/venv/lib/python3.10/site-packages/oslo_config/cfg.py:2609}}
Nov 22 14:11:48 user devstack@n-api-meta.service[72013]: DEBUG nova.api.openstack.wsgi_app [-] ******************************************************************************** {{(pid=72013) log_opt_values /opt/stack/data/venv/lib/python3.10/site-packages/oslo_config/cfg.py:2613}}
Nov 22 14:11:48 user devstack@n-api-meta.service[72014]: DEBUG dbcounter [-] [72014] Writer thread running {{(pid=72014) stat_writer /opt/stack/data/venv/lib/python3.10/site-packages/dbcounter.py:102}}
Nov 22 14:11:48 user devstack@n-api-meta.service[72012]: DEBUG oslo_db.sqlalchemy.engines [None req-d446a77e-1519-4543-91c3-cc95858c6e26 None None] MySQL server mode set to STRICT_TRANS_TABLES,STRICT_ALL_TABLES,NO_ZERO_IN_DATE,NO_ZERO_DATE,ERROR_FOR_DIVISION_BY_ZERO,TRADITIONAL,NO_ENGINE_SUBSTITUTION {{(pid=72012) _check_effective_sql_mode /opt/stack/data/venv/lib/python3.10/site-packages/oslo_db/sqlalchemy/engines.py:342}}
Nov 22 14:11:48 user devstack@n-api-meta.service[72014]: DEBUG nova.context [None req-6ef8bb7a-da60-45a0-947b-75059d882a42 None None] Found 2 cells: 00000000-0000-0000-0000-000000000000(cell0),caa5c6c4-2e74-42b1-906e-d2673970aa7a(cell1) {{(pid=72014) load_cells /opt/stack/nova/nova/context.py:464}}
Nov 22 14:11:48 user devstack@n-api-meta.service[72012]: DEBUG dbcounter [-] [72012] Writer thread running {{(pid=72012) stat_writer /opt/stack/data/venv/lib/python3.10/site-packages/dbcounter.py:102}}
Nov 22 14:11:48 user devstack@n-api-meta.service[72014]: DEBUG oslo_concurrency.lockutils [None req-6ef8bb7a-da60-45a0-947b-75059d882a42 None None] Acquiring lock "00000000-0000-0000-0000-000000000000" by "nova.context.set_target_cell..get_or_set_cached_cell_and_set_connections" {{(pid=72014) inner /opt/stack/data/venv/lib/python3.10/site-packages/oslo_concurrency/lockutils.py:404}}
Nov 22 14:11:48 user devstack@n-api-meta.service[72014]: DEBUG oslo_concurrency.lockutils [None req-6ef8bb7a-da60-45a0-947b-75059d882a42 None None] Lock "00000000-0000-0000-0000-000000000000" acquired by "nova.context.set_target_cell..get_or_set_cached_cell_and_set_connections" :: waited 0.000s {{(pid=72014) inner /opt/stack/data/venv/lib/python3.10/site-packages/oslo_concurrency/lockutils.py:409}}
Nov 22 14:11:48 user devstack@n-api-meta.service[72014]: DEBUG oslo_concurrency.lockutils [None req-6ef8bb7a-da60-45a0-947b-75059d882a42 None None] Lock "00000000-0000-0000-0000-000000000000" "released" by "nova.context.set_target_cell..get_or_set_cached_cell_and_set_connections" :: held 0.001s {{(pid=72014) inner /opt/stack/data/venv/lib/python3.10/site-packages/oslo_concurrency/lockutils.py:423}}
Nov 22 14:11:48 user devstack@n-api-meta.service[72014]: DEBUG oslo_concurrency.lockutils [None req-6ef8bb7a-da60-45a0-947b-75059d882a42 None None] Acquiring lock "caa5c6c4-2e74-42b1-906e-d2673970aa7a" by "nova.context.set_target_cell..get_or_set_cached_cell_and_set_connections" {{(pid=72014) inner /opt/stack/data/venv/lib/python3.10/site-packages/oslo_concurrency/lockutils.py:404}}
Nov 22 14:11:48 user devstack@n-api-meta.service[72014]: DEBUG oslo_concurrency.lockutils [None req-6ef8bb7a-da60-45a0-947b-75059d882a42 None None] Lock "caa5c6c4-2e74-42b1-906e-d2673970aa7a" acquired by "nova.context.set_target_cell..get_or_set_cached_cell_and_set_connections" :: waited 0.000s {{(pid=72014) inner /opt/stack/data/venv/lib/python3.10/site-packages/oslo_concurrency/lockutils.py:409}}
Nov 22 14:11:48 user devstack@n-api-meta.service[72014]: DEBUG oslo_concurrency.lockutils [None req-6ef8bb7a-da60-45a0-947b-75059d882a42 None None] Lock "caa5c6c4-2e74-42b1-906e-d2673970aa7a" "released" by "nova.context.set_target_cell..get_or_set_cached_cell_and_set_connections" :: held 0.001s {{(pid=72014) inner /opt/stack/data/venv/lib/python3.10/site-packages/oslo_concurrency/lockutils.py:423}}
Nov 22 14:11:48 user devstack@n-api-meta.service[72014]: INFO dbcounter [None req-6ef8bb7a-da60-45a0-947b-75059d882a42 None None] Registered counter for database nova_cell0
Nov 22 14:11:48 user devstack@n-api-meta.service[72014]: INFO dbcounter [None req-6ef8bb7a-da60-45a0-947b-75059d882a42 None None] Registered counter for database nova_cell1
Nov 22 14:11:48 user devstack@n-api-meta.service[72013]: INFO dbcounter [None req-8afc07e9-999a-4346-b475-243e2c9027fa None None] Registered counter for database nova_api
Nov 22 14:11:48 user devstack@n-api-meta.service[72014]: DEBUG oslo_db.sqlalchemy.engines [None req-6ef8bb7a-da60-45a0-947b-75059d882a42 None None] MySQL server mode set to STRICT_TRANS_TABLES,STRICT_ALL_TABLES,NO_ZERO_IN_DATE,NO_ZERO_DATE,ERROR_FOR_DIVISION_BY_ZERO,TRADITIONAL,NO_ENGINE_SUBSTITUTION {{(pid=72014) _check_effective_sql_mode /opt/stack/data/venv/lib/python3.10/site-packages/oslo_db/sqlalchemy/engines.py:342}}
Nov 22 14:11:48 user devstack@n-api-meta.service[72014]: DEBUG dbcounter [-] [72014] Writer thread running {{(pid=72014) stat_writer /opt/stack/data/venv/lib/python3.10/site-packages/dbcounter.py:102}}
Nov 22 14:11:48 user devstack@n-api-meta.service[72014]: DEBUG oslo_db.sqlalchemy.engines [None req-6ef8bb7a-da60-45a0-947b-75059d882a42 None None] MySQL server mode set to STRICT_TRANS_TABLES,STRICT_ALL_TABLES,NO_ZERO_IN_DATE,NO_ZERO_DATE,ERROR_FOR_DIVISION_BY_ZERO,TRADITIONAL,NO_ENGINE_SUBSTITUTION {{(pid=72014) _check_effective_sql_mode /opt/stack/data/venv/lib/python3.10/site-packages/oslo_db/sqlalchemy/engines.py:342}}
Nov 22 14:11:48 user devstack@n-api-meta.service[72012]: DEBUG nova.context [None req-d446a77e-1519-4543-91c3-cc95858c6e26 None None] Found 2 cells: 00000000-0000-0000-0000-000000000000(cell0),caa5c6c4-2e74-42b1-906e-d2673970aa7a(cell1) {{(pid=72012) load_cells /opt/stack/nova/nova/context.py:464}}
Nov 22 14:11:48 user devstack@n-api-meta.service[72012]: DEBUG oslo_concurrency.lockutils [None req-d446a77e-1519-4543-91c3-cc95858c6e26 None None] Acquiring lock "00000000-0000-0000-0000-000000000000" by "nova.context.set_target_cell..get_or_set_cached_cell_and_set_connections" {{(pid=72012) inner /opt/stack/data/venv/lib/python3.10/site-packages/oslo_concurrency/lockutils.py:404}}
Nov 22 14:11:48 user devstack@n-api-meta.service[72012]: DEBUG oslo_concurrency.lockutils [None req-d446a77e-1519-4543-91c3-cc95858c6e26 None None] Lock "00000000-0000-0000-0000-000000000000" acquired by "nova.context.set_target_cell..get_or_set_cached_cell_and_set_connections" :: waited 0.000s {{(pid=72012) inner /opt/stack/data/venv/lib/python3.10/site-packages/oslo_concurrency/lockutils.py:409}}
Nov 22 14:11:48 user devstack@n-api-meta.service[72012]: DEBUG oslo_concurrency.lockutils [None req-d446a77e-1519-4543-91c3-cc95858c6e26 None None] Lock "00000000-0000-0000-0000-000000000000" "released" by "nova.context.set_target_cell..get_or_set_cached_cell_and_set_connections" :: held 0.001s {{(pid=72012) inner /opt/stack/data/venv/lib/python3.10/site-packages/oslo_concurrency/lockutils.py:423}}
Nov 22 14:11:48 user devstack@n-api-meta.service[72012]: DEBUG oslo_concurrency.lockutils [None req-d446a77e-1519-4543-91c3-cc95858c6e26 None None] Acquiring lock "caa5c6c4-2e74-42b1-906e-d2673970aa7a" by "nova.context.set_target_cell..get_or_set_cached_cell_and_set_connections" {{(pid=72012) inner /opt/stack/data/venv/lib/python3.10/site-packages/oslo_concurrency/lockutils.py:404}}
Nov 22 14:11:48 user devstack@n-api-meta.service[72012]: DEBUG oslo_concurrency.lockutils [None req-d446a77e-1519-4543-91c3-cc95858c6e26 None None] Lock "caa5c6c4-2e74-42b1-906e-d2673970aa7a" acquired by "nova.context.set_target_cell..get_or_set_cached_cell_and_set_connections" :: waited 0.000s {{(pid=72012) inner /opt/stack/data/venv/lib/python3.10/site-packages/oslo_concurrency/lockutils.py:409}}
Nov 22 14:11:48 user devstack@n-api-meta.service[72012]: DEBUG oslo_concurrency.lockutils [None req-d446a77e-1519-4543-91c3-cc95858c6e26 None None] Lock "caa5c6c4-2e74-42b1-906e-d2673970aa7a" "released" by "nova.context.set_target_cell..get_or_set_cached_cell_and_set_connections" :: held 0.001s {{(pid=72012) inner /opt/stack/data/venv/lib/python3.10/site-packages/oslo_concurrency/lockutils.py:423}}
Nov 22 14:11:48 user devstack@n-api-meta.service[72012]: INFO dbcounter [None req-d446a77e-1519-4543-91c3-cc95858c6e26 None None] Registered counter for database nova_cell0
Nov 22 14:11:48 user devstack@n-api-meta.service[72012]: INFO dbcounter [None req-d446a77e-1519-4543-91c3-cc95858c6e26 None None] Registered counter for database nova_cell1
Nov 22 14:11:48 user devstack@n-api-meta.service[72012]: DEBUG oslo_db.sqlalchemy.engines [None req-d446a77e-1519-4543-91c3-cc95858c6e26 None None] MySQL server mode set to STRICT_TRANS_TABLES,STRICT_ALL_TABLES,NO_ZERO_IN_DATE,NO_ZERO_DATE,ERROR_FOR_DIVISION_BY_ZERO,TRADITIONAL,NO_ENGINE_SUBSTITUTION {{(pid=72012) _check_effective_sql_mode /opt/stack/data/venv/lib/python3.10/site-packages/oslo_db/sqlalchemy/engines.py:342}}
Nov 22 14:11:48 user devstack@n-api-meta.service[72012]: DEBUG dbcounter [-] [72012] Writer thread running {{(pid=72012) stat_writer /opt/stack/data/venv/lib/python3.10/site-packages/dbcounter.py:102}}
Nov 22 14:11:48 user devstack@n-api-meta.service[72014]: DEBUG dbcounter [-] [72014] Writer thread running {{(pid=72014) stat_writer /opt/stack/data/venv/lib/python3.10/site-packages/dbcounter.py:102}}
Nov 22 14:11:48 user devstack@n-api-meta.service[72014]: INFO dbcounter [None req-6ef8bb7a-da60-45a0-947b-75059d882a42 None None] Registered counter for database nova_cell0
Nov 22 14:11:48 user devstack@n-api-meta.service[72013]: DEBUG oslo_db.sqlalchemy.engines [None req-8afc07e9-999a-4346-b475-243e2c9027fa None None] MySQL server mode set to STRICT_TRANS_TABLES,STRICT_ALL_TABLES,NO_ZERO_IN_DATE,NO_ZERO_DATE,ERROR_FOR_DIVISION_BY_ZERO,TRADITIONAL,NO_ENGINE_SUBSTITUTION {{(pid=72013) _check_effective_sql_mode /opt/stack/data/venv/lib/python3.10/site-packages/oslo_db/sqlalchemy/engines.py:342}}
Nov 22 14:11:48 user devstack@n-api-meta.service[72013]: DEBUG dbcounter [-] [72013] Writer thread running {{(pid=72013) stat_writer /opt/stack/data/venv/lib/python3.10/site-packages/dbcounter.py:102}}
Nov 22 14:11:48 user devstack@n-api-meta.service[72014]: DEBUG oslo_db.sqlalchemy.engines [None req-6ef8bb7a-da60-45a0-947b-75059d882a42 None None] MySQL server mode set to STRICT_TRANS_TABLES,STRICT_ALL_TABLES,NO_ZERO_IN_DATE,NO_ZERO_DATE,ERROR_FOR_DIVISION_BY_ZERO,TRADITIONAL,NO_ENGINE_SUBSTITUTION {{(pid=72014) _check_effective_sql_mode /opt/stack/data/venv/lib/python3.10/site-packages/oslo_db/sqlalchemy/engines.py:342}}
Nov 22 14:11:48 user devstack@n-api-meta.service[72014]: DEBUG dbcounter [-] [72014] Writer thread running {{(pid=72014) stat_writer /opt/stack/data/venv/lib/python3.10/site-packages/dbcounter.py:102}}
Nov 22 14:11:48 user devstack@n-api-meta.service[72012]: DEBUG oslo_db.sqlalchemy.engines [None req-d446a77e-1519-4543-91c3-cc95858c6e26 None None] MySQL server mode set to STRICT_TRANS_TABLES,STRICT_ALL_TABLES,NO_ZERO_IN_DATE,NO_ZERO_DATE,ERROR_FOR_DIVISION_BY_ZERO,TRADITIONAL,NO_ENGINE_SUBSTITUTION {{(pid=72012) _check_effective_sql_mode /opt/stack/data/venv/lib/python3.10/site-packages/oslo_db/sqlalchemy/engines.py:342}}
Nov 22 14:11:48 user devstack@n-api-meta.service[72012]: DEBUG dbcounter [-] [72012] Writer thread running {{(pid=72012) stat_writer /opt/stack/data/venv/lib/python3.10/site-packages/dbcounter.py:102}}
Nov 22 14:11:48 user devstack@n-api-meta.service[72012]: INFO dbcounter [None req-d446a77e-1519-4543-91c3-cc95858c6e26 None None] Registered counter for database nova_cell0
Nov 22 14:11:48 user devstack@n-api-meta.service[72013]: DEBUG nova.context [None req-8afc07e9-999a-4346-b475-243e2c9027fa None None] Found 2 cells: 00000000-0000-0000-0000-000000000000(cell0),caa5c6c4-2e74-42b1-906e-d2673970aa7a(cell1) {{(pid=72013) load_cells /opt/stack/nova/nova/context.py:464}}
Nov 22 14:11:48 user devstack@n-api-meta.service[72012]: DEBUG oslo_db.sqlalchemy.engines [None req-d446a77e-1519-4543-91c3-cc95858c6e26 None None] MySQL server mode set to STRICT_TRANS_TABLES,STRICT_ALL_TABLES,NO_ZERO_IN_DATE,NO_ZERO_DATE,ERROR_FOR_DIVISION_BY_ZERO,TRADITIONAL,NO_ENGINE_SUBSTITUTION {{(pid=72012) _check_effective_sql_mode /opt/stack/data/venv/lib/python3.10/site-packages/oslo_db/sqlalchemy/engines.py:342}}
Nov 22 14:11:48 user devstack@n-api-meta.service[72013]: DEBUG oslo_concurrency.lockutils [None req-8afc07e9-999a-4346-b475-243e2c9027fa None None] Acquiring lock "00000000-0000-0000-0000-000000000000" by "nova.context.set_target_cell..get_or_set_cached_cell_and_set_connections" {{(pid=72013) inner /opt/stack/data/venv/lib/python3.10/site-packages/oslo_concurrency/lockutils.py:404}}
Nov 22 14:11:48 user devstack@n-api-meta.service[72013]: DEBUG oslo_concurrency.lockutils [None req-8afc07e9-999a-4346-b475-243e2c9027fa None None] Lock "00000000-0000-0000-0000-000000000000" acquired by "nova.context.set_target_cell..get_or_set_cached_cell_and_set_connections" :: waited 0.000s {{(pid=72013) inner /opt/stack/data/venv/lib/python3.10/site-packages/oslo_concurrency/lockutils.py:409}}
Nov 22 14:11:48 user devstack@n-api-meta.service[72013]: DEBUG oslo_concurrency.lockutils [None req-8afc07e9-999a-4346-b475-243e2c9027fa None None] Lock "00000000-0000-0000-0000-000000000000" "released" by "nova.context.set_target_cell..get_or_set_cached_cell_and_set_connections" :: held 0.001s {{(pid=72013) inner /opt/stack/data/venv/lib/python3.10/site-packages/oslo_concurrency/lockutils.py:423}}
Nov 22 14:11:48 user devstack@n-api-meta.service[72013]: DEBUG oslo_concurrency.lockutils [None req-8afc07e9-999a-4346-b475-243e2c9027fa None None] Acquiring lock "caa5c6c4-2e74-42b1-906e-d2673970aa7a" by "nova.context.set_target_cell..get_or_set_cached_cell_and_set_connections" {{(pid=72013) inner /opt/stack/data/venv/lib/python3.10/site-packages/oslo_concurrency/lockutils.py:404}}
Nov 22 14:11:48 user devstack@n-api-meta.service[72013]: DEBUG oslo_concurrency.lockutils [None req-8afc07e9-999a-4346-b475-243e2c9027fa None None] Lock "caa5c6c4-2e74-42b1-906e-d2673970aa7a" acquired by "nova.context.set_target_cell..get_or_set_cached_cell_and_set_connections" :: waited 0.000s {{(pid=72013) inner /opt/stack/data/venv/lib/python3.10/site-packages/oslo_concurrency/lockutils.py:409}}
Nov 22 14:11:48 user devstack@n-api-meta.service[72012]: DEBUG dbcounter [-] [72012] Writer thread running {{(pid=72012) stat_writer /opt/stack/data/venv/lib/python3.10/site-packages/dbcounter.py:102}}
Nov 22 14:11:48 user devstack@n-api-meta.service[72013]: DEBUG oslo_concurrency.lockutils [None req-8afc07e9-999a-4346-b475-243e2c9027fa None None] Lock "caa5c6c4-2e74-42b1-906e-d2673970aa7a" "released" by "nova.context.set_target_cell..get_or_set_cached_cell_and_set_connections" :: held 0.002s {{(pid=72013) inner /opt/stack/data/venv/lib/python3.10/site-packages/oslo_concurrency/lockutils.py:423}}
Nov 22 14:11:48 user devstack@n-api-meta.service[72013]: INFO dbcounter [None req-8afc07e9-999a-4346-b475-243e2c9027fa None None] Registered counter for database nova_cell0
Nov 22 14:11:48 user devstack@n-api-meta.service[72013]: INFO dbcounter [None req-8afc07e9-999a-4346-b475-243e2c9027fa None None] Registered counter for database nova_cell1
Nov 22 14:11:48 user devstack@n-api-meta.service[72013]: DEBUG oslo_db.sqlalchemy.engines [None req-8afc07e9-999a-4346-b475-243e2c9027fa None None] MySQL server mode set to STRICT_TRANS_TABLES,STRICT_ALL_TABLES,NO_ZERO_IN_DATE,NO_ZERO_DATE,ERROR_FOR_DIVISION_BY_ZERO,TRADITIONAL,NO_ENGINE_SUBSTITUTION {{(pid=72013) _check_effective_sql_mode /opt/stack/data/venv/lib/python3.10/site-packages/oslo_db/sqlalchemy/engines.py:342}}
Nov 22 14:11:48 user devstack@n-api-meta.service[72013]: DEBUG dbcounter [-] [72013] Writer thread running {{(pid=72013) stat_writer /opt/stack/data/venv/lib/python3.10/site-packages/dbcounter.py:102}}
Nov 22 14:11:48 user devstack@n-api-meta.service[72014]: WARNING nova.api.metadata.handler [None req-6ef8bb7a-da60-45a0-947b-75059d882a42 None None] metadata_proxy_shared_secret is not configured, the metadata information returned by the proxy cannot be trusted
Nov 22 14:11:48 user devstack@n-api-meta.service[72014]: WSGI app 0 (mountpoint='') ready in 3 seconds on interpreter 0x55f04413d0d0 pid: 72014 (default app)
Nov 22 14:11:49 user devstack@n-api-meta.service[72012]: WARNING nova.api.metadata.handler [None req-d446a77e-1519-4543-91c3-cc95858c6e26 None None] metadata_proxy_shared_secret is not configured, the metadata information returned by the proxy cannot be trusted
Nov 22 14:11:49 user devstack@n-api-meta.service[72012]: WSGI app 0 (mountpoint='') ready in 4 seconds on interpreter 0x55f04413d0d0 pid: 72012 (default app)
Nov 22 14:11:49 user devstack@n-api-meta.service[72013]: DEBUG oslo_db.sqlalchemy.engines [None req-8afc07e9-999a-4346-b475-243e2c9027fa None None] MySQL server mode set to STRICT_TRANS_TABLES,STRICT_ALL_TABLES,NO_ZERO_IN_DATE,NO_ZERO_DATE,ERROR_FOR_DIVISION_BY_ZERO,TRADITIONAL,NO_ENGINE_SUBSTITUTION {{(pid=72013) _check_effective_sql_mode /opt/stack/data/venv/lib/python3.10/site-packages/oslo_db/sqlalchemy/engines.py:342}}
Nov 22 14:11:49 user devstack@n-api-meta.service[72013]: DEBUG dbcounter [-] [72013] Writer thread running {{(pid=72013) stat_writer /opt/stack/data/venv/lib/python3.10/site-packages/dbcounter.py:102}}
Nov 22 14:11:49 user devstack@n-api-meta.service[72013]: INFO dbcounter [None req-8afc07e9-999a-4346-b475-243e2c9027fa None None] Registered counter for database nova_cell0
Nov 22 14:11:49 user devstack@n-api-meta.service[72013]: DEBUG oslo_db.sqlalchemy.engines [None req-8afc07e9-999a-4346-b475-243e2c9027fa None None] MySQL server mode set to STRICT_TRANS_TABLES,STRICT_ALL_TABLES,NO_ZERO_IN_DATE,NO_ZERO_DATE,ERROR_FOR_DIVISION_BY_ZERO,TRADITIONAL,NO_ENGINE_SUBSTITUTION {{(pid=72013) _check_effective_sql_mode /opt/stack/data/venv/lib/python3.10/site-packages/oslo_db/sqlalchemy/engines.py:342}}
Nov 22 14:11:49 user devstack@n-api-meta.service[72013]: DEBUG dbcounter [-] [72013] Writer thread running {{(pid=72013) stat_writer /opt/stack/data/venv/lib/python3.10/site-packages/dbcounter.py:102}}
Nov 22 14:11:49 user devstack@n-api-meta.service[72013]: WARNING nova.api.metadata.handler [None req-8afc07e9-999a-4346-b475-243e2c9027fa None None] metadata_proxy_shared_secret is not configured, the metadata information returned by the proxy cannot be trusted
Nov 22 14:11:49 user devstack@n-api-meta.service[72013]: WSGI app 0 (mountpoint='') ready in 4 seconds on interpreter 0x55f04413d0d0 pid: 72013 (default app)
Nov 22 14:16:55 user devstack@n-api-meta.service[72014]: DEBUG nova.api.metadata.handler [None req-6ef8bb7a-da60-45a0-947b-75059d882a42 None None] Metadata request headers: {'Host': '10.0.0.210:8775', 'User-Agent': 'python-requests/2.31.0', 'Accept-Encoding': 'gzip, deflate', 'Accept': '*/*', 'Connection': 'keep-alive', 'X-Forwarded-For': '10.0.0.7', 'X-Instance-Id': 'e96ab1bf-6f19-4e5f-b79d-f0266988090b', 'X-Tenant-Id': 'ba1b35da14434fa09c3331d9c44d63fb', 'X-Instance-Id-Signature': 'a621e40b39f3eebc31daf0533912100526cdf1e49c4649e6c45e843d7d4f1f76'} {{(pid=72014) __call__ /opt/stack/nova/nova/api/metadata/handler.py:110}}
Nov 22 14:16:55 user devstack@n-api-meta.service[72014]: DEBUG dbcounter [-] [72014] Writing DB stats nova_api:SELECT=3 {{(pid=72014) stat_writer /opt/stack/data/venv/lib/python3.10/site-packages/dbcounter.py:115}}
Nov 22 14:16:55 user devstack@n-api-meta.service[72014]: DEBUG dbcounter [-] [72014] Writing DB stats nova_cell1:SELECT=3 {{(pid=72014) stat_writer /opt/stack/data/venv/lib/python3.10/site-packages/dbcounter.py:115}}
Nov 22 14:16:55 user devstack@n-api-meta.service[72014]: DEBUG dbcounter [-] [72014] Writing DB stats nova_cell0:SELECT=3 {{(pid=72014) stat_writer /opt/stack/data/venv/lib/python3.10/site-packages/dbcounter.py:115}}
Nov 22 14:16:55 user devstack@n-api-meta.service[72014]: DEBUG dbcounter [-] [72014] Writing DB stats nova_cell0:SELECT=6,nova_cell0:INSERT=1 {{(pid=72014) stat_writer /opt/stack/data/venv/lib/python3.10/site-packages/dbcounter.py:115}}
Nov 22 14:16:55 user devstack@n-api-meta.service[72014]: DEBUG oslo_concurrency.lockutils [None req-62eedd4b-e036-47c4-83fd-28fd63c76569 None None] Acquiring lock "caa5c6c4-2e74-42b1-906e-d2673970aa7a" by "nova.context.set_target_cell..get_or_set_cached_cell_and_set_connections" {{(pid=72014) inner /opt/stack/data/venv/lib/python3.10/site-packages/oslo_concurrency/lockutils.py:404}}
Nov 22 14:16:55 user devstack@n-api-meta.service[72014]: DEBUG oslo_concurrency.lockutils [None req-62eedd4b-e036-47c4-83fd-28fd63c76569 None None] Lock "caa5c6c4-2e74-42b1-906e-d2673970aa7a" acquired by "nova.context.set_target_cell..get_or_set_cached_cell_and_set_connections" :: waited 0.001s {{(pid=72014) inner /opt/stack/data/venv/lib/python3.10/site-packages/oslo_concurrency/lockutils.py:409}}
Nov 22 14:16:55 user devstack@n-api-meta.service[72014]: DEBUG oslo_concurrency.lockutils [None req-62eedd4b-e036-47c4-83fd-28fd63c76569 None None] Lock "caa5c6c4-2e74-42b1-906e-d2673970aa7a" "released" by "nova.context.set_target_cell..get_or_set_cached_cell_and_set_connections" :: held 0.000s {{(pid=72014) inner /opt/stack/data/venv/lib/python3.10/site-packages/oslo_concurrency/lockutils.py:423}}
Nov 22 14:16:55 user devstack@n-api-meta.service[72012]: DEBUG nova.api.metadata.handler [None req-d446a77e-1519-4543-91c3-cc95858c6e26 None None] Metadata request headers: {'Host': '10.0.0.210:8775', 'User-Agent': 'python-requests/2.31.0', 'Accept-Encoding': 'gzip, deflate', 'Accept': '*/*', 'Connection': 'keep-alive', 'X-Forwarded-For': '10.0.0.6', 'X-Instance-Id': '98fb9b54-c428-4a48-b1ff-a976f971b764', 'X-Tenant-Id': 'a92fd48cf9c34eac867c14bf962c3a0c', 'X-Instance-Id-Signature': 'da72d88a079234a401a79a422c2f16dc6bc28ad8027018db29aa5be504a5182d'} {{(pid=72012) __call__ /opt/stack/nova/nova/api/metadata/handler.py:110}}
Nov 22 14:16:55 user devstack@n-api-meta.service[72012]: DEBUG dbcounter [-] [72012] Writing DB stats nova_api:SELECT=3 {{(pid=72012) stat_writer /opt/stack/data/venv/lib/python3.10/site-packages/dbcounter.py:115}}
Nov 22 14:16:55 user devstack@n-api-meta.service[72012]: DEBUG dbcounter [-] [72012] Writing DB stats nova_cell0:SELECT=3 {{(pid=72012) stat_writer /opt/stack/data/venv/lib/python3.10/site-packages/dbcounter.py:115}}
Nov 22 14:16:55 user devstack@n-api-meta.service[72012]: DEBUG dbcounter [-] [72012] Writing DB stats nova_cell1:SELECT=3 {{(pid=72012) stat_writer /opt/stack/data/venv/lib/python3.10/site-packages/dbcounter.py:115}}
Nov 22 14:16:55 user devstack@n-api-meta.service[72012]: DEBUG dbcounter [-] [72012] Writing DB stats nova_cell0:SELECT=3 {{(pid=72012) stat_writer /opt/stack/data/venv/lib/python3.10/site-packages/dbcounter.py:115}}
Nov 22 14:16:55 user devstack@n-api-meta.service[72012]: DEBUG oslo_concurrency.lockutils [None req-5a32af04-8364-43bd-b566-a376754f5286 None None] Acquiring lock "caa5c6c4-2e74-42b1-906e-d2673970aa7a" by "nova.context.set_target_cell..get_or_set_cached_cell_and_set_connections" {{(pid=72012) inner /opt/stack/data/venv/lib/python3.10/site-packages/oslo_concurrency/lockutils.py:404}}
Nov 22 14:16:55 user devstack@n-api-meta.service[72012]: DEBUG oslo_concurrency.lockutils [None req-5a32af04-8364-43bd-b566-a376754f5286 None None] Lock "caa5c6c4-2e74-42b1-906e-d2673970aa7a" acquired by "nova.context.set_target_cell..get_or_set_cached_cell_and_set_connections" :: waited 0.001s {{(pid=72012) inner /opt/stack/data/venv/lib/python3.10/site-packages/oslo_concurrency/lockutils.py:409}}
Nov 22 14:16:55 user devstack@n-api-meta.service[72012]: DEBUG oslo_concurrency.lockutils [None req-5a32af04-8364-43bd-b566-a376754f5286 None None] Lock "caa5c6c4-2e74-42b1-906e-d2673970aa7a" "released" by "nova.context.set_target_cell..get_or_set_cached_cell_and_set_connections" :: held 0.000s {{(pid=72012) inner /opt/stack/data/venv/lib/python3.10/site-packages/oslo_concurrency/lockutils.py:423}}
Nov 22 14:16:56 user devstack@n-api-meta.service[72014]: [pid: 72014|app: 0|req: 1/1] 10.0.0.210 () {40 vars in 667 bytes} [Wed Nov 22 14:16:55 2023] GET /2009-04-04/meta-data/instance-id => generated 10 bytes in 851 msecs (HTTP/1.1 200) 3 headers in 99 bytes (1 switches on core 0)
Nov 22 14:16:56 user devstack@n-api-meta.service[72012]: [pid: 72012|app: 0|req: 1/2] 10.0.0.210 () {40 vars in 667 bytes} [Wed Nov 22 14:16:55 2023] GET /2009-04-04/meta-data/instance-id => generated 10 bytes in 691 msecs (HTTP/1.1 200) 3 headers in 99 bytes (1 switches on core 0)
Nov 22 14:16:56 user devstack@n-api-meta.service[72013]: DEBUG nova.api.metadata.handler [None req-8afc07e9-999a-4346-b475-243e2c9027fa None None] Metadata request headers: {'Host': '10.0.0.210:8775', 'User-Agent': 'python-requests/2.31.0', 'Accept-Encoding': 'gzip, deflate', 'Accept': '*/*', 'Connection': 'keep-alive', 'X-Forwarded-For': '10.0.0.6', 'X-Instance-Id': '98fb9b54-c428-4a48-b1ff-a976f971b764', 'X-Tenant-Id': 'a92fd48cf9c34eac867c14bf962c3a0c', 'X-Instance-Id-Signature': 'da72d88a079234a401a79a422c2f16dc6bc28ad8027018db29aa5be504a5182d'} {{(pid=72013) __call__ /opt/stack/nova/nova/api/metadata/handler.py:110}}
Nov 22 14:16:56 user devstack@n-api-meta.service[72014]: DEBUG nova.api.metadata.handler [None req-62eedd4b-e036-47c4-83fd-28fd63c76569 None None] Metadata request headers: {'Host': '10.0.0.210:8775', 'User-Agent': 'python-requests/2.31.0', 'Accept-Encoding': 'gzip, deflate', 'Accept': '*/*', 'Connection': 'keep-alive', 'X-Forwarded-For': '10.0.0.7', 'X-Instance-Id': 'e96ab1bf-6f19-4e5f-b79d-f0266988090b', 'X-Tenant-Id': 'ba1b35da14434fa09c3331d9c44d63fb', 'X-Instance-Id-Signature': 'a621e40b39f3eebc31daf0533912100526cdf1e49c4649e6c45e843d7d4f1f76'} {{(pid=72014) __call__ /opt/stack/nova/nova/api/metadata/handler.py:110}}
Nov 22 14:16:56 user devstack@n-api-meta.service[72013]: DEBUG dbcounter [-] [72013] Writing DB stats nova_api:SELECT=3 {{(pid=72013) stat_writer /opt/stack/data/venv/lib/python3.10/site-packages/dbcounter.py:115}}
Nov 22 14:16:56 user devstack@n-api-meta.service[72013]: DEBUG dbcounter [-] [72013] Writing DB stats nova_cell0:SELECT=3 {{(pid=72013) stat_writer /opt/stack/data/venv/lib/python3.10/site-packages/dbcounter.py:115}}
Nov 22 14:16:56 user devstack@n-api-meta.service[72014]: DEBUG nova.api.metadata.handler [None req-62eedd4b-e036-47c4-83fd-28fd63c76569 None None] Using cached metadata for instance e96ab1bf-6f19-4e5f-b79d-f0266988090b {{(pid=72014) get_metadata_by_instance_id /opt/stack/nova/nova/api/metadata/handler.py:85}}
Nov 22 14:16:56 user devstack@n-api-meta.service[72013]: DEBUG dbcounter [-] [72013] Writing DB stats nova_cell1:SELECT=3 {{(pid=72013) stat_writer /opt/stack/data/venv/lib/python3.10/site-packages/dbcounter.py:115}}
Nov 22 14:16:56 user devstack@n-api-meta.service[72014]: [pid: 72014|app: 0|req: 2/3] 10.0.0.210 () {40 vars in 667 bytes} [Wed Nov 22 14:16:56 2023] GET /2009-04-04/meta-data/public-keys => generated 28 bytes in 6 msecs (HTTP/1.1 200) 3 headers in 99 bytes (1 switches on core 0)
Nov 22 14:16:56 user devstack@n-api-meta.service[72013]: DEBUG dbcounter [-] [72013] Writing DB stats nova_cell0:SELECT=3 {{(pid=72013) stat_writer /opt/stack/data/venv/lib/python3.10/site-packages/dbcounter.py:115}}
Nov 22 14:16:56 user devstack@n-api-meta.service[72013]: DEBUG nova.api.metadata.handler [None req-8afc07e9-999a-4346-b475-243e2c9027fa None None] Using cached metadata for instance 98fb9b54-c428-4a48-b1ff-a976f971b764 {{(pid=72013) get_metadata_by_instance_id /opt/stack/nova/nova/api/metadata/handler.py:85}}
Nov 22 14:16:56 user devstack@n-api-meta.service[72013]: [pid: 72013|app: 0|req: 1/4] 10.0.0.210 () {40 vars in 667 bytes} [Wed Nov 22 14:16:56 2023] GET /2009-04-04/meta-data/public-keys => generated 28 bytes in 15 msecs (HTTP/1.1 200) 3 headers in 99 bytes (1 switches on core 0)
Nov 22 14:16:56 user devstack@n-api-meta.service[72012]: DEBUG nova.api.metadata.handler [None req-5a32af04-8364-43bd-b566-a376754f5286 None None] Metadata request headers: {'Host': '10.0.0.210:8775', 'User-Agent': 'python-requests/2.31.0', 'Accept-Encoding': 'gzip, deflate', 'Accept': '*/*', 'Connection': 'keep-alive', 'X-Forwarded-For': '10.0.0.7', 'X-Instance-Id': 'e96ab1bf-6f19-4e5f-b79d-f0266988090b', 'X-Tenant-Id': 'ba1b35da14434fa09c3331d9c44d63fb', 'X-Instance-Id-Signature': 'a621e40b39f3eebc31daf0533912100526cdf1e49c4649e6c45e843d7d4f1f76'} {{(pid=72012) __call__ /opt/stack/nova/nova/api/metadata/handler.py:110}}
Nov 22 14:16:56 user devstack@n-api-meta.service[72012]: DEBUG nova.api.metadata.handler [None req-5a32af04-8364-43bd-b566-a376754f5286 None None] Using cached metadata for instance e96ab1bf-6f19-4e5f-b79d-f0266988090b {{(pid=72012) get_metadata_by_instance_id /opt/stack/nova/nova/api/metadata/handler.py:85}}
Nov 22 14:16:56 user devstack@n-api-meta.service[72012]: [pid: 72012|app: 0|req: 2/5] 10.0.0.210 () {40 vars in 695 bytes} [Wed Nov 22 14:16:56 2023] GET /2009-04-04/meta-data/public-keys/0/openssh-key => generated 204 bytes in 6 msecs (HTTP/1.1 200) 3 headers in 100 bytes (1 switches on core 0)
Nov 22 14:16:56 user devstack@n-api-meta.service[72014]: DEBUG nova.api.metadata.handler [None req-62eedd4b-e036-47c4-83fd-28fd63c76569 None None] Metadata request headers: {'Host': '10.0.0.210:8775', 'User-Agent': 'python-requests/2.31.0', 'Accept-Encoding': 'gzip, deflate', 'Accept': '*/*', 'Connection': 'keep-alive', 'X-Forwarded-For': '10.0.0.7', 'X-Instance-Id': 'e96ab1bf-6f19-4e5f-b79d-f0266988090b', 'X-Tenant-Id': 'ba1b35da14434fa09c3331d9c44d63fb', 'X-Instance-Id-Signature': 'a621e40b39f3eebc31daf0533912100526cdf1e49c4649e6c45e843d7d4f1f76'} {{(pid=72014) __call__ /opt/stack/nova/nova/api/metadata/handler.py:110}}
Nov 22 14:16:56 user devstack@n-api-meta.service[72014]: DEBUG nova.api.metadata.handler [None req-62eedd4b-e036-47c4-83fd-28fd63c76569 None None] Using cached metadata for instance e96ab1bf-6f19-4e5f-b79d-f0266988090b {{(pid=72014) get_metadata_by_instance_id /opt/stack/nova/nova/api/metadata/handler.py:85}}
Nov 22 14:16:56 user devstack@n-api-meta.service[72013]: DEBUG nova.api.metadata.handler [None req-8afc07e9-999a-4346-b475-243e2c9027fa None None] Metadata request headers: {'Host': '10.0.0.210:8775', 'User-Agent': 'python-requests/2.31.0', 'Accept-Encoding': 'gzip, deflate', 'Accept': '*/*', 'Connection': 'keep-alive', 'X-Forwarded-For': '10.0.0.6', 'X-Instance-Id': '98fb9b54-c428-4a48-b1ff-a976f971b764', 'X-Tenant-Id': 'a92fd48cf9c34eac867c14bf962c3a0c', 'X-Instance-Id-Signature': 'da72d88a079234a401a79a422c2f16dc6bc28ad8027018db29aa5be504a5182d'} {{(pid=72013) __call__ /opt/stack/nova/nova/api/metadata/handler.py:110}}
Nov 22 14:16:56 user devstack@n-api-meta.service[72014]: [pid: 72014|app: 0|req: 3/6] 10.0.0.210 () {40 vars in 667 bytes} [Wed Nov 22 14:16:56 2023] GET /2009-04-04/meta-data/instance-id => generated 10 bytes in 7 msecs (HTTP/1.1 200) 3 headers in 99 bytes (1 switches on core 0)
Nov 22 14:16:56 user devstack@n-api-meta.service[72013]: DEBUG nova.api.metadata.handler [None req-8afc07e9-999a-4346-b475-243e2c9027fa None None] Using cached metadata for instance 98fb9b54-c428-4a48-b1ff-a976f971b764 {{(pid=72013) get_metadata_by_instance_id /opt/stack/nova/nova/api/metadata/handler.py:85}}
Nov 22 14:16:56 user devstack@n-api-meta.service[72013]: [pid: 72013|app: 0|req: 2/7] 10.0.0.210 () {40 vars in 695 bytes} [Wed Nov 22 14:16:56 2023] GET /2009-04-04/meta-data/public-keys/0/openssh-key => generated 204 bytes in 5 msecs (HTTP/1.1 200) 3 headers in 100 bytes (1 switches on core 0)
Nov 22 14:16:56 user devstack@n-api-meta.service[72012]: DEBUG nova.api.metadata.handler [None req-5a32af04-8364-43bd-b566-a376754f5286 None None] Metadata request headers: {'Host': '10.0.0.210:8775', 'User-Agent': 'python-requests/2.31.0', 'Accept-Encoding': 'gzip, deflate', 'Accept': '*/*', 'Connection': 'keep-alive', 'X-Forwarded-For': '10.0.0.7', 'X-Instance-Id': 'e96ab1bf-6f19-4e5f-b79d-f0266988090b', 'X-Tenant-Id': 'ba1b35da14434fa09c3331d9c44d63fb', 'X-Instance-Id-Signature': 'a621e40b39f3eebc31daf0533912100526cdf1e49c4649e6c45e843d7d4f1f76'} {{(pid=72012) __call__ /opt/stack/nova/nova/api/metadata/handler.py:110}}
Nov 22 14:16:56 user devstack@n-api-meta.service[72012]: DEBUG nova.api.metadata.handler [None req-5a32af04-8364-43bd-b566-a376754f5286 None None] Using cached metadata for instance e96ab1bf-6f19-4e5f-b79d-f0266988090b {{(pid=72012) get_metadata_by_instance_id /opt/stack/nova/nova/api/metadata/handler.py:85}}
Nov 22 14:16:56 user devstack@n-api-meta.service[72012]: [pid: 72012|app: 0|req: 3/8] 10.0.0.210 () {40 vars in 677 bytes} [Wed Nov 22 14:16:56 2023] GET /2009-04-04/meta-data/ami-launch-index => generated 1 bytes in 4 msecs (HTTP/1.1 200) 3 headers in 98 bytes (1 switches on core 0)
Nov 22 14:16:56 user devstack@n-api-meta.service[72014]: DEBUG nova.api.metadata.handler [None req-62eedd4b-e036-47c4-83fd-28fd63c76569 None None] Metadata request headers: {'Host': '10.0.0.210:8775', 'User-Agent': 'python-requests/2.31.0', 'Accept-Encoding': 'gzip, deflate', 'Accept': '*/*', 'Connection': 'keep-alive', 'X-Forwarded-For': '10.0.0.6', 'X-Instance-Id': '98fb9b54-c428-4a48-b1ff-a976f971b764', 'X-Tenant-Id': 'a92fd48cf9c34eac867c14bf962c3a0c', 'X-Instance-Id-Signature': 'da72d88a079234a401a79a422c2f16dc6bc28ad8027018db29aa5be504a5182d'} {{(pid=72014) __call__ /opt/stack/nova/nova/api/metadata/handler.py:110}}
Nov 22 14:16:56 user devstack@n-api-meta.service[72014]: DEBUG nova.api.metadata.handler [None req-62eedd4b-e036-47c4-83fd-28fd63c76569 None None] Using cached metadata for instance 98fb9b54-c428-4a48-b1ff-a976f971b764 {{(pid=72014) get_metadata_by_instance_id /opt/stack/nova/nova/api/metadata/handler.py:85}}
Nov 22 14:16:56 user devstack@n-api-meta.service[72014]: [pid: 72014|app: 0|req: 4/9] 10.0.0.210 () {40 vars in 667 bytes} [Wed Nov 22 14:16:56 2023] GET /2009-04-04/meta-data/instance-id => generated 10 bytes in 7 msecs (HTTP/1.1 200) 3 headers in 99 bytes (1 switches on core 0)
Nov 22 14:16:56 user devstack@n-api-meta.service[72013]: DEBUG nova.api.metadata.handler [None req-8afc07e9-999a-4346-b475-243e2c9027fa None None] Metadata request headers: {'Host': '10.0.0.210:8775', 'User-Agent': 'python-requests/2.31.0', 'Accept-Encoding': 'gzip, deflate', 'Accept': '*/*', 'Connection': 'keep-alive', 'X-Forwarded-For': '10.0.0.7', 'X-Instance-Id': 'e96ab1bf-6f19-4e5f-b79d-f0266988090b', 'X-Tenant-Id': 'ba1b35da14434fa09c3331d9c44d63fb', 'X-Instance-Id-Signature': 'a621e40b39f3eebc31daf0533912100526cdf1e49c4649e6c45e843d7d4f1f76'} {{(pid=72013) __call__ /opt/stack/nova/nova/api/metadata/handler.py:110}}
Nov 22 14:16:56 user devstack@n-api-meta.service[72013]: DEBUG nova.api.metadata.handler [None req-8afc07e9-999a-4346-b475-243e2c9027fa None None] Using cached metadata for instance e96ab1bf-6f19-4e5f-b79d-f0266988090b {{(pid=72013) get_metadata_by_instance_id /opt/stack/nova/nova/api/metadata/handler.py:85}}
Nov 22 14:16:56 user devstack@n-api-meta.service[72013]: [pid: 72013|app: 0|req: 3/10] 10.0.0.210 () {40 vars in 671 bytes} [Wed Nov 22 14:16:56 2023] GET /2009-04-04/meta-data/instance-type => generated 7 bytes in 8 msecs (HTTP/1.1 200) 3 headers in 98 bytes (1 switches on core 0)
Nov 22 14:16:56 user devstack@n-api-meta.service[72012]: DEBUG nova.api.metadata.handler [None req-5a32af04-8364-43bd-b566-a376754f5286 None None] Metadata request headers: {'Host': '10.0.0.210:8775', 'User-Agent': 'python-requests/2.31.0', 'Accept-Encoding': 'gzip, deflate', 'Accept': '*/*', 'Connection': 'keep-alive', 'X-Forwarded-For': '10.0.0.6', 'X-Instance-Id': '98fb9b54-c428-4a48-b1ff-a976f971b764', 'X-Tenant-Id': 'a92fd48cf9c34eac867c14bf962c3a0c', 'X-Instance-Id-Signature': 'da72d88a079234a401a79a422c2f16dc6bc28ad8027018db29aa5be504a5182d'} {{(pid=72012) __call__ /opt/stack/nova/nova/api/metadata/handler.py:110}}
Nov 22 14:16:56 user devstack@n-api-meta.service[72012]: DEBUG nova.api.metadata.handler [None req-5a32af04-8364-43bd-b566-a376754f5286 None None] Using cached metadata for instance 98fb9b54-c428-4a48-b1ff-a976f971b764 {{(pid=72012) get_metadata_by_instance_id /opt/stack/nova/nova/api/metadata/handler.py:85}}
Nov 22 14:16:56 user devstack@n-api-meta.service[72014]: DEBUG nova.api.metadata.handler [None req-62eedd4b-e036-47c4-83fd-28fd63c76569 None None] Metadata request headers: {'Host': '10.0.0.210:8775', 'User-Agent': 'python-requests/2.31.0', 'Accept-Encoding': 'gzip, deflate', 'Accept': '*/*', 'Connection': 'keep-alive', 'X-Forwarded-For': '10.0.0.7', 'X-Instance-Id': 'e96ab1bf-6f19-4e5f-b79d-f0266988090b', 'X-Tenant-Id': 'ba1b35da14434fa09c3331d9c44d63fb', 'X-Instance-Id-Signature': 'a621e40b39f3eebc31daf0533912100526cdf1e49c4649e6c45e843d7d4f1f76'} {{(pid=72014) __call__ /opt/stack/nova/nova/api/metadata/handler.py:110}}
Nov 22 14:16:56 user devstack@n-api-meta.service[72012]: [pid: 72012|app: 0|req: 4/11] 10.0.0.210 () {40 vars in 677 bytes} [Wed Nov 22 14:16:56 2023] GET /2009-04-04/meta-data/ami-launch-index => generated 1 bytes in 5 msecs (HTTP/1.1 200) 3 headers in 98 bytes (1 switches on core 0)
Nov 22 14:16:56 user devstack@n-api-meta.service[72014]: DEBUG nova.api.metadata.handler [None req-62eedd4b-e036-47c4-83fd-28fd63c76569 None None] Using cached metadata for instance e96ab1bf-6f19-4e5f-b79d-f0266988090b {{(pid=72014) get_metadata_by_instance_id /opt/stack/nova/nova/api/metadata/handler.py:85}}
Nov 22 14:16:56 user devstack@n-api-meta.service[72014]: [pid: 72014|app: 0|req: 5/12] 10.0.0.210 () {40 vars in 665 bytes} [Wed Nov 22 14:16:56 2023] GET /2009-04-04/meta-data/local-ipv4 => generated 8 bytes in 4 msecs (HTTP/1.1 200) 3 headers in 98 bytes (1 switches on core 0)
Nov 22 14:16:56 user devstack@n-api-meta.service[72013]: DEBUG nova.api.metadata.handler [None req-8afc07e9-999a-4346-b475-243e2c9027fa None None] Metadata request headers: {'Host': '10.0.0.210:8775', 'User-Agent': 'python-requests/2.31.0', 'Accept-Encoding': 'gzip, deflate', 'Accept': '*/*', 'Connection': 'keep-alive', 'X-Forwarded-For': '10.0.0.6', 'X-Instance-Id': '98fb9b54-c428-4a48-b1ff-a976f971b764', 'X-Tenant-Id': 'a92fd48cf9c34eac867c14bf962c3a0c', 'X-Instance-Id-Signature': 'da72d88a079234a401a79a422c2f16dc6bc28ad8027018db29aa5be504a5182d'} {{(pid=72013) __call__ /opt/stack/nova/nova/api/metadata/handler.py:110}}
Nov 22 14:16:56 user devstack@n-api-meta.service[72013]: DEBUG nova.api.metadata.handler [None req-8afc07e9-999a-4346-b475-243e2c9027fa None None] Using cached metadata for instance 98fb9b54-c428-4a48-b1ff-a976f971b764 {{(pid=72013) get_metadata_by_instance_id /opt/stack/nova/nova/api/metadata/handler.py:85}}
