Oct 16 08:13:06 user devstack@keystone.service[45213]: DEBUG keystone.server.flask.request_processing.middleware.auth_context [None req-bef2e57e-cec2-4988-938f-4259691bd399 None admin] Validating token access rules against request {{(pid=45213) validate_allowed_request /opt/stack/data/venv/lib/python3.10/site-packages/keystonemiddleware/auth_token/__init__.py:544}}
Oct 16 08:13:06 user devstack@keystone.service[45215]: DEBUG keystone.server.flask.request_processing.middleware.auth_context [None req-4cf00215-acb3-4f36-b8c0-f5e182defef9 None admin] RBAC: auth_context: {'token': , 'domain_id': None, 'trust_id': None, 'trustor_id': None, 'trustee_id': None, 'domain_name': None, 'group_ids': [], 'user_id': 'b622830d224c424d90f15598b9f3253c', 'user_domain_id': 'default', 'system_scope': 'all', 'project_id': None, 'project_domain_id': None, 'roles': ['admin', 'manager', 'member', 'reader'], 'is_admin_project': True, 'service_user_id': None, 'service_user_domain_id': None, 'service_project_id': None, 'service_project_domain_id': None, 'service_roles': []} {{(pid=45215) fill_context /opt/stack/keystone/keystone/server/flask/request_processing/middleware/auth_context.py:480}}
Oct 16 08:13:06 user devstack@keystone.service[45215]: DEBUG keystone.server.flask.request_processing.req_logging [None req-4cf00215-acb3-4f36-b8c0-f5e182defef9 None admin] REQUEST_METHOD: `POST` {{(pid=45215) log_request_info /opt/stack/keystone/keystone/server/flask/request_processing/req_logging.py:27}}
Oct 16 08:13:06 user devstack@keystone.service[45215]: DEBUG keystone.server.flask.request_processing.req_logging [None req-4cf00215-acb3-4f36-b8c0-f5e182defef9 None admin] SCRIPT_NAME: `/identity` {{(pid=45215) log_request_info /opt/stack/keystone/keystone/server/flask/request_processing/req_logging.py:28}}
Oct 16 08:13:06 user devstack@keystone.service[45215]: DEBUG keystone.server.flask.request_processing.req_logging [None req-4cf00215-acb3-4f36-b8c0-f5e182defef9 None admin] PATH_INFO: `/v3/groups` {{(pid=45215) log_request_info /opt/stack/keystone/keystone/server/flask/request_processing/req_logging.py:29}}
Oct 16 08:13:06 user devstack@keystone.service[45215]: DEBUG keystone.common.rbac_enforcer.enforcer [None req-4cf00215-acb3-4f36-b8c0-f5e182defef9 None admin] RBAC: Authorizing `identity:create_group()` {{(pid=45215) enforce_call /opt/stack/keystone/keystone/common/rbac_enforcer/enforcer.py:449}}
Oct 16 08:13:06 user devstack@keystone.service[45215]: DEBUG keystone.common.rbac_enforcer.enforcer [None req-4cf00215-acb3-4f36-b8c0-f5e182defef9 None admin] RBAC: Authorization granted {{(pid=45215) enforce_call /opt/stack/keystone/keystone/common/rbac_enforcer/enforcer.py:457}}
Oct 16 08:13:06 user devstack@keystone.service[45213]: DEBUG keystone.server.flask.request_processing.middleware.auth_context [None req-ea0f7793-83dc-4172-9b13-1e0065fff42f None admin] RBAC: auth_context: {'token': , 'domain_id': None, 'trust_id': None, 'trustor_id': None, 'trustee_id': None, 'domain_name': None, 'group_ids': [], 'user_id': 'b622830d224c424d90f15598b9f3253c', 'user_domain_id': 'default', 'system_scope': 'all', 'project_id': None, 'project_domain_id': None, 'roles': ['admin', 'manager', 'member', 'reader'], 'is_admin_project': True, 'service_user_id': None, 'service_user_domain_id': None, 'service_project_id': None, 'service_project_domain_id': None, 'service_roles': []} {{(pid=45213) fill_context /opt/stack/keystone/keystone/server/flask/request_processing/middleware/auth_context.py:480}}
Oct 16 08:13:06 user devstack@keystone.service[45213]: DEBUG keystone.server.flask.request_processing.req_logging [None req-ea0f7793-83dc-4172-9b13-1e0065fff42f None admin] REQUEST_METHOD: `GET` {{(pid=45213) log_request_info /opt/stack/keystone/keystone/server/flask/request_processing/req_logging.py:27}}
Oct 16 08:13:06 user devstack@keystone.service[45213]: DEBUG keystone.server.flask.request_processing.req_logging [None req-ea0f7793-83dc-4172-9b13-1e0065fff42f None admin] SCRIPT_NAME: `/identity` {{(pid=45213) log_request_info /opt/stack/keystone/keystone/server/flask/request_processing/req_logging.py:28}}
Oct 16 08:13:06 user devstack@keystone.service[45213]: DEBUG keystone.server.flask.request_processing.req_logging [None req-ea0f7793-83dc-4172-9b13-1e0065fff42f None admin] PATH_INFO: `/v3/roles` {{(pid=45213) log_request_info /opt/stack/keystone/keystone/server/flask/request_processing/req_logging.py:29}}
Oct 16 08:13:06 user devstack@keystone.service[45213]: DEBUG keystone.common.rbac_enforcer.enforcer [None req-ea0f7793-83dc-4172-9b13-1e0065fff42f None admin] RBAC: Adding query filter params (name=reader) {{(pid=45213) _extract_filter_values /opt/stack/keystone/keystone/common/rbac_enforcer/enforcer.py:167}}
Oct 16 08:13:06 user devstack@keystone.service[45213]: DEBUG keystone.common.rbac_enforcer.enforcer [None req-ea0f7793-83dc-4172-9b13-1e0065fff42f None admin] RBAC: Authorizing `identity:list_roles()` {{(pid=45213) enforce_call /opt/stack/keystone/keystone/common/rbac_enforcer/enforcer.py:449}}
Oct 16 08:13:06 user devstack@keystone.service[45213]: DEBUG keystone.common.rbac_enforcer.enforcer [None req-ea0f7793-83dc-4172-9b13-1e0065fff42f None admin] RBAC: Authorization granted {{(pid=45213) enforce_call /opt/stack/keystone/keystone/common/rbac_enforcer/enforcer.py:457}}
Oct 16 08:13:06 user devstack@keystone.service[45215]: [pid: 45215|app: 0|req: 80/235] 10.0.0.210 () {60 vars in 1129 bytes} [Mon Oct 16 08:13:06 2023] POST /identity/v3/groups => generated 228 bytes in 153 msecs (HTTP/1.1 201) 5 headers in 182 bytes (2 switches on core 0)
Oct 16 08:13:06 user devstack@keystone.service[45213]: [pid: 45213|app: 0|req: 77/236] 10.0.0.210 () {56 vars in 1096 bytes} [Mon Oct 16 08:13:06 2023] GET /identity/v3/roles?name=reader => generated 339 bytes in 141 msecs (HTTP/1.1 200) 5 headers in 177 bytes (1 switches on core 0)
Oct 16 08:13:06 user devstack@keystone.service[45215]: DEBUG keystone.server.flask.request_processing.middleware.auth_context [None req-4cf00215-acb3-4f36-b8c0-f5e182defef9 None admin] Authenticating user token {{(pid=45215) process_request /opt/stack/data/venv/lib/python3.10/site-packages/keystonemiddleware/auth_token/__init__.py:406}}
Oct 16 08:13:06 user devstack@keystone.service[45214]: DEBUG keystone.server.flask.request_processing.middleware.auth_context [None req-9983bd81-9afa-4566-be2c-53751e98ed1b None admin] Validating token access rules against request {{(pid=45214) validate_allowed_request /opt/stack/data/venv/lib/python3.10/site-packages/keystonemiddleware/auth_token/__init__.py:544}}
Oct 16 08:13:06 user devstack@keystone.service[45214]: DEBUG keystone.server.flask.request_processing.middleware.auth_context [None req-44bcf400-01be-49bc-b149-30faa1b7e3a6 None admin] RBAC: auth_context: {'token': , 'domain_id': None, 'trust_id': None, 'trustor_id': None, 'trustee_id': None, 'domain_name': None, 'group_ids': [], 'user_id': 'b622830d224c424d90f15598b9f3253c', 'user_domain_id': 'default', 'system_scope': 'all', 'project_id': None, 'project_domain_id': None, 'roles': ['admin', 'manager', 'member', 'reader'], 'is_admin_project': True, 'service_user_id': None, 'service_user_domain_id': None, 'service_project_id': None, 'service_project_domain_id': None, 'service_roles': []} {{(pid=45214) fill_context /opt/stack/keystone/keystone/server/flask/request_processing/middleware/auth_context.py:480}}
Oct 16 08:13:06 user devstack@keystone.service[45214]: DEBUG keystone.server.flask.request_processing.req_logging [None req-44bcf400-01be-49bc-b149-30faa1b7e3a6 None admin] REQUEST_METHOD: `GET` {{(pid=45214) log_request_info /opt/stack/keystone/keystone/server/flask/request_processing/req_logging.py:27}}
Oct 16 08:13:06 user devstack@keystone.service[45214]: DEBUG keystone.server.flask.request_processing.req_logging [None req-44bcf400-01be-49bc-b149-30faa1b7e3a6 None admin] SCRIPT_NAME: `/identity` {{(pid=45214) log_request_info /opt/stack/keystone/keystone/server/flask/request_processing/req_logging.py:28}}
Oct 16 08:13:06 user devstack@keystone.service[45214]: DEBUG keystone.server.flask.request_processing.req_logging [None req-44bcf400-01be-49bc-b149-30faa1b7e3a6 None admin] PATH_INFO: `/v3/roles` {{(pid=45214) log_request_info /opt/stack/keystone/keystone/server/flask/request_processing/req_logging.py:29}}
Oct 16 08:13:06 user devstack@keystone.service[45214]: DEBUG keystone.common.rbac_enforcer.enforcer [None req-44bcf400-01be-49bc-b149-30faa1b7e3a6 None admin] RBAC: Adding query filter params (name=member) {{(pid=45214) _extract_filter_values /opt/stack/keystone/keystone/common/rbac_enforcer/enforcer.py:167}}
Oct 16 08:13:06 user devstack@keystone.service[45214]: DEBUG keystone.common.rbac_enforcer.enforcer [None req-44bcf400-01be-49bc-b149-30faa1b7e3a6 None admin] RBAC: Authorizing `identity:list_roles()` {{(pid=45214) enforce_call /opt/stack/keystone/keystone/common/rbac_enforcer/enforcer.py:449}}
Oct 16 08:13:06 user devstack@keystone.service[45214]: DEBUG keystone.common.rbac_enforcer.enforcer [None req-44bcf400-01be-49bc-b149-30faa1b7e3a6 None admin] RBAC: Authorization granted {{(pid=45214) enforce_call /opt/stack/keystone/keystone/common/rbac_enforcer/enforcer.py:457}}
Oct 16 08:13:06 user devstack@keystone.service[45214]: [pid: 45214|app: 0|req: 80/237] 10.0.0.210 () {56 vars in 1096 bytes} [Mon Oct 16 08:13:06 2023] GET /identity/v3/roles?name=member => generated 339 bytes in 151 msecs (HTTP/1.1 200) 5 headers in 177 bytes (2 switches on core 0)
Oct 16 08:13:06 user devstack@keystone.service[45213]: DEBUG keystone.server.flask.request_processing.middleware.auth_context [None req-ea0f7793-83dc-4172-9b13-1e0065fff42f None admin] Authenticating user token {{(pid=45213) process_request /opt/stack/data/venv/lib/python3.10/site-packages/keystonemiddleware/auth_token/__init__.py:406}}
Oct 16 08:13:06 user devstack@keystone.service[45215]: DEBUG keystone.server.flask.request_processing.middleware.auth_context [None req-4cf00215-acb3-4f36-b8c0-f5e182defef9 None admin] Validating token access rules against request {{(pid=45215) validate_allowed_request /opt/stack/data/venv/lib/python3.10/site-packages/keystonemiddleware/auth_token/__init__.py:544}}
Oct 16 08:13:06 user devstack@keystone.service[45215]: DEBUG keystone.server.flask.request_processing.middleware.auth_context [None req-4c498f5f-e386-4ea3-9cbd-63ae513ea577 None admin] RBAC: auth_context: {'token': , 'domain_id': None, 'trust_id': None, 'trustor_id': None, 'trustee_id': None, 'domain_name': None, 'group_ids': [], 'user_id': 'b622830d224c424d90f15598b9f3253c', 'user_domain_id': 'default', 'system_scope': 'all', 'project_id': None, 'project_domain_id': None, 'roles': ['admin', 'manager', 'member', 'reader'], 'is_admin_project': True, 'service_user_id': None, 'service_user_domain_id': None, 'service_project_id': None, 'service_project_domain_id': None, 'service_roles': []} {{(pid=45215) fill_context /opt/stack/keystone/keystone/server/flask/request_processing/middleware/auth_context.py:480}}
Oct 16 08:13:06 user devstack@keystone.service[45215]: DEBUG keystone.server.flask.request_processing.req_logging [None req-4c498f5f-e386-4ea3-9cbd-63ae513ea577 None admin] REQUEST_METHOD: `GET` {{(pid=45215) log_request_info /opt/stack/keystone/keystone/server/flask/request_processing/req_logging.py:27}}
Oct 16 08:13:06 user devstack@keystone.service[45215]: DEBUG keystone.server.flask.request_processing.req_logging [None req-4c498f5f-e386-4ea3-9cbd-63ae513ea577 None admin] SCRIPT_NAME: `/identity` {{(pid=45215) log_request_info /opt/stack/keystone/keystone/server/flask/request_processing/req_logging.py:28}}
Oct 16 08:13:06 user devstack@keystone.service[45215]: DEBUG keystone.server.flask.request_processing.req_logging [None req-4c498f5f-e386-4ea3-9cbd-63ae513ea577 None admin] PATH_INFO: `/v3/users/f4a39ee050264376b48def072a0a33d9` {{(pid=45215) log_request_info /opt/stack/keystone/keystone/server/flask/request_processing/req_logging.py:29}}
Oct 16 08:13:06 user devstack@keystone.service[45215]: DEBUG keystone.common.rbac_enforcer.enforcer [None req-4c498f5f-e386-4ea3-9cbd-63ae513ea577 None admin] RBAC: Authorizing `identity:get_user(user_id=f4a39ee050264376b48def072a0a33d9)` {{(pid=45215) enforce_call /opt/stack/keystone/keystone/common/rbac_enforcer/enforcer.py:449}}
Oct 16 08:13:06 user devstack@keystone.service[45215]: DEBUG keystone.common.rbac_enforcer.enforcer [None req-4c498f5f-e386-4ea3-9cbd-63ae513ea577 None admin] RBAC: Authorization granted {{(pid=45215) enforce_call /opt/stack/keystone/keystone/common/rbac_enforcer/enforcer.py:457}}
Oct 16 08:13:06 user devstack@keystone.service[45215]: [pid: 45215|app: 0|req: 81/238] 10.0.0.210 () {56 vars in 1172 bytes} [Mon Oct 16 08:13:06 2023] GET /identity/v3/users/f4a39ee050264376b48def072a0a33d9 => generated 292 bytes in 157 msecs (HTTP/1.1 200) 5 headers in 177 bytes (1 switches on core 0)
Oct 16 08:13:06 user devstack@keystone.service[45214]: DEBUG keystone.server.flask.request_processing.middleware.auth_context [None req-44bcf400-01be-49bc-b149-30faa1b7e3a6 None admin] Authenticating user token {{(pid=45214) process_request /opt/stack/data/venv/lib/python3.10/site-packages/keystonemiddleware/auth_token/__init__.py:406}}
Oct 16 08:13:06 user devstack@keystone.service[45213]: DEBUG keystone.server.flask.request_processing.middleware.auth_context [None req-ea0f7793-83dc-4172-9b13-1e0065fff42f None admin] Validating token access rules against request {{(pid=45213) validate_allowed_request /opt/stack/data/venv/lib/python3.10/site-packages/keystonemiddleware/auth_token/__init__.py:544}}
Oct 16 08:13:06 user devstack@keystone.service[45213]: DEBUG keystone.server.flask.request_processing.middleware.auth_context [None req-60568ed3-c2c5-4148-a4bc-564d16a2bbea None admin] RBAC: auth_context: {'token': , 'domain_id': None, 'trust_id': None, 'trustor_id': None, 'trustee_id': None, 'domain_name': None, 'group_ids': [], 'user_id': 'b622830d224c424d90f15598b9f3253c', 'user_domain_id': 'default', 'system_scope': 'all', 'project_id': None, 'project_domain_id': None, 'roles': ['admin', 'manager', 'member', 'reader'], 'is_admin_project': True, 'service_user_id': None, 'service_user_domain_id': None, 'service_project_id': None, 'service_project_domain_id': None, 'service_roles': []} {{(pid=45213) fill_context /opt/stack/keystone/keystone/server/flask/request_processing/middleware/auth_context.py:480}}
Oct 16 08:13:06 user devstack@keystone.service[45213]: DEBUG keystone.server.flask.request_processing.req_logging [None req-60568ed3-c2c5-4148-a4bc-564d16a2bbea None admin] REQUEST_METHOD: `GET` {{(pid=45213) log_request_info /opt/stack/keystone/keystone/server/flask/request_processing/req_logging.py:27}}
Oct 16 08:13:06 user devstack@keystone.service[45213]: DEBUG keystone.server.flask.request_processing.req_logging [None req-60568ed3-c2c5-4148-a4bc-564d16a2bbea None admin] SCRIPT_NAME: `/identity` {{(pid=45213) log_request_info /opt/stack/keystone/keystone/server/flask/request_processing/req_logging.py:28}}
Oct 16 08:13:06 user devstack@keystone.service[45213]: DEBUG keystone.server.flask.request_processing.req_logging [None req-60568ed3-c2c5-4148-a4bc-564d16a2bbea None admin] PATH_INFO: `/v3/users/75f727fea69e478bba45fe55ff6d9df5` {{(pid=45213) log_request_info /opt/stack/keystone/keystone/server/flask/request_processing/req_logging.py:29}}
Oct 16 08:13:06 user devstack@keystone.service[45213]: DEBUG keystone.common.rbac_enforcer.enforcer [None req-60568ed3-c2c5-4148-a4bc-564d16a2bbea None admin] RBAC: Authorizing `identity:get_user(user_id=75f727fea69e478bba45fe55ff6d9df5)` {{(pid=45213) enforce_call /opt/stack/keystone/keystone/common/rbac_enforcer/enforcer.py:449}}
Oct 16 08:13:06 user devstack@keystone.service[45213]: DEBUG keystone.common.rbac_enforcer.enforcer [None req-60568ed3-c2c5-4148-a4bc-564d16a2bbea None admin] RBAC: Authorization granted {{(pid=45213) enforce_call /opt/stack/keystone/keystone/common/rbac_enforcer/enforcer.py:457}}
Oct 16 08:13:06 user devstack@keystone.service[45213]: [pid: 45213|app: 0|req: 78/239] 10.0.0.210 () {56 vars in 1172 bytes} [Mon Oct 16 08:13:06 2023] GET /identity/v3/users/75f727fea69e478bba45fe55ff6d9df5 => generated 292 bytes in 163 msecs (HTTP/1.1 200) 5 headers in 177 bytes (1 switches on core 0)
Oct 16 08:13:06 user devstack@keystone.service[45215]: DEBUG keystone.server.flask.request_processing.middleware.auth_context [None req-4c498f5f-e386-4ea3-9cbd-63ae513ea577 None admin] Authenticating user token {{(pid=45215) process_request /opt/stack/data/venv/lib/python3.10/site-packages/keystonemiddleware/auth_token/__init__.py:406}}
Oct 16 08:13:06 user devstack@keystone.service[45214]: DEBUG keystone.server.flask.request_processing.middleware.auth_context [None req-44bcf400-01be-49bc-b149-30faa1b7e3a6 None admin] Validating token access rules against request {{(pid=45214) validate_allowed_request /opt/stack/data/venv/lib/python3.10/site-packages/keystonemiddleware/auth_token/__init__.py:544}}
Oct 16 08:13:06 user devstack@keystone.service[45214]: DEBUG keystone.server.flask.request_processing.middleware.auth_context [None req-6e117499-3c84-46ab-860b-3ec7885cfc7b None admin] RBAC: auth_context: {'token': , 'domain_id': None, 'trust_id': None, 'trustor_id': None, 'trustee_id': None, 'domain_name': None, 'group_ids': [], 'user_id': 'b622830d224c424d90f15598b9f3253c', 'user_domain_id': 'default', 'system_scope': 'all', 'project_id': None, 'project_domain_id': None, 'roles': ['admin', 'manager', 'member', 'reader'], 'is_admin_project': True, 'service_user_id': None, 'service_user_domain_id': None, 'service_project_id': None, 'service_project_domain_id': None, 'service_roles': []} {{(pid=45214) fill_context /opt/stack/keystone/keystone/server/flask/request_processing/middleware/auth_context.py:480}}
Oct 16 08:13:06 user devstack@keystone.service[45214]: DEBUG keystone.server.flask.request_processing.req_logging [None req-6e117499-3c84-46ab-860b-3ec7885cfc7b None admin] REQUEST_METHOD: `GET` {{(pid=45214) log_request_info /opt/stack/keystone/keystone/server/flask/request_processing/req_logging.py:27}}
Oct 16 08:13:06 user devstack@keystone.service[45214]: DEBUG keystone.server.flask.request_processing.req_logging [None req-6e117499-3c84-46ab-860b-3ec7885cfc7b None admin] SCRIPT_NAME: `/identity` {{(pid=45214) log_request_info /opt/stack/keystone/keystone/server/flask/request_processing/req_logging.py:28}}
Oct 16 08:13:06 user devstack@keystone.service[45214]: DEBUG keystone.server.flask.request_processing.req_logging [None req-6e117499-3c84-46ab-860b-3ec7885cfc7b None admin] PATH_INFO: `/v3/role_assignments` {{(pid=45214) log_request_info /opt/stack/keystone/keystone/server/flask/request_processing/req_logging.py:29}}
Oct 16 08:13:06 user devstack@keystone.service[45214]: DEBUG keystone.common.rbac_enforcer.enforcer [None req-6e117499-3c84-46ab-860b-3ec7885cfc7b None admin] RBAC: Adding query filter params (role.id=afcdac18308546ecb5cbfd401fa208e1, user.id=f4a39ee050264376b48def072a0a33d9, scope.system=all) {{(pid=45214) _extract_filter_values /opt/stack/keystone/keystone/common/rbac_enforcer/enforcer.py:167}}
Oct 16 08:13:06 user devstack@keystone.service[45214]: DEBUG keystone.common.rbac_enforcer.enforcer [None req-6e117499-3c84-46ab-860b-3ec7885cfc7b None admin] RBAC: Authorizing `identity:list_role_assignments()` {{(pid=45214) enforce_call /opt/stack/keystone/keystone/common/rbac_enforcer/enforcer.py:449}}
Oct 16 08:13:06 user devstack@keystone.service[45214]: DEBUG keystone.common.rbac_enforcer.enforcer [None req-6e117499-3c84-46ab-860b-3ec7885cfc7b None admin] RBAC: Authorization granted {{(pid=45214) enforce_call /opt/stack/keystone/keystone/common/rbac_enforcer/enforcer.py:457}}
Oct 16 08:13:06 user devstack@keystone.service[45214]: [pid: 45214|app: 0|req: 81/240] 10.0.0.210 () {56 vars in 1303 bytes} [Mon Oct 16 08:13:06 2023] GET /identity/v3/role_assignments?user.id=f4a39ee050264376b48def072a0a33d9&scope.system=all&role.id=afcdac18308546ecb5cbfd401fa208e1 => generated 225 bytes in 145 msecs (HTTP/1.1 200) 5 headers in 177 bytes (1 switches on core 0)
Oct 16 08:13:06 user devstack@keystone.service[45215]: DEBUG keystone.server.flask.request_processing.middleware.auth_context [None req-4c498f5f-e386-4ea3-9cbd-63ae513ea577 None admin] Validating token access rules against request {{(pid=45215) validate_allowed_request /opt/stack/data/venv/lib/python3.10/site-packages/keystonemiddleware/auth_token/__init__.py:544}}
Oct 16 08:13:06 user devstack@keystone.service[45215]: DEBUG keystone.server.flask.request_processing.middleware.auth_context [None req-f212c14a-9db2-4e0e-b95c-d2f85aaf148c None admin] RBAC: auth_context: {'token': , 'domain_id': None, 'trust_id': None, 'trustor_id': None, 'trustee_id': None, 'domain_name': None, 'group_ids': [], 'user_id': 'b622830d224c424d90f15598b9f3253c', 'user_domain_id': 'default', 'system_scope': 'all', 'project_id': None, 'project_domain_id': None, 'roles': ['admin', 'manager', 'member', 'reader'], 'is_admin_project': True, 'service_user_id': None, 'service_user_domain_id': None, 'service_project_id': None, 'service_project_domain_id': None, 'service_roles': []} {{(pid=45215) fill_context /opt/stack/keystone/keystone/server/flask/request_processing/middleware/auth_context.py:480}}
Oct 16 08:13:06 user devstack@keystone.service[45215]: DEBUG keystone.server.flask.request_processing.req_logging [None req-f212c14a-9db2-4e0e-b95c-d2f85aaf148c None admin] REQUEST_METHOD: `PUT` {{(pid=45215) log_request_info /opt/stack/keystone/keystone/server/flask/request_processing/req_logging.py:27}}
Oct 16 08:13:06 user devstack@keystone.service[45215]: DEBUG keystone.server.flask.request_processing.req_logging [None req-f212c14a-9db2-4e0e-b95c-d2f85aaf148c None admin] SCRIPT_NAME: `/identity` {{(pid=45215) log_request_info /opt/stack/keystone/keystone/server/flask/request_processing/req_logging.py:28}}
Oct 16 08:13:06 user devstack@keystone.service[45215]: DEBUG keystone.server.flask.request_processing.req_logging [None req-f212c14a-9db2-4e0e-b95c-d2f85aaf148c None admin] PATH_INFO: `/v3/system/users/75f727fea69e478bba45fe55ff6d9df5/roles/1a454e6577b749a1be10a14395ace56e` {{(pid=45215) log_request_info /opt/stack/keystone/keystone/server/flask/request_processing/req_logging.py:29}}
Oct 16 08:13:06 user devstack@keystone.service[45215]: DEBUG keystone.common.rbac_enforcer.enforcer [None req-f212c14a-9db2-4e0e-b95c-d2f85aaf148c None admin] RBAC: Authorizing `identity:create_system_grant_for_user(user_id=75f727fea69e478bba45fe55ff6d9df5, role_id=1a454e6577b749a1be10a14395ace56e)` {{(pid=45215) enforce_call /opt/stack/keystone/keystone/common/rbac_enforcer/enforcer.py:449}}
Oct 16 08:13:06 user devstack@keystone.service[45215]: DEBUG keystone.common.rbac_enforcer.enforcer [None req-f212c14a-9db2-4e0e-b95c-d2f85aaf148c None admin] RBAC: Authorization granted {{(pid=45215) enforce_call /opt/stack/keystone/keystone/common/rbac_enforcer/enforcer.py:457}}
Oct 16 08:13:06 user devstack@keystone.service[45215]: [pid: 45215|app: 0|req: 82/241] 10.0.0.210 () {58 vars in 1329 bytes} [Mon Oct 16 08:13:06 2023] PUT /identity/v3/system/users/75f727fea69e478bba45fe55ff6d9df5/roles/1a454e6577b749a1be10a14395ace56e => generated 0 bytes in 136 msecs (HTTP/1.1 204) 3 headers in 132 bytes (0 switches on core 0)
Oct 16 08:13:08 user devstack@keystone.service[45213]: DEBUG keystone.server.flask.request_processing.req_logging [None req-3339a263-1c63-4a1e-9d2e-17d1dcded443 None None] REQUEST_METHOD: `GET` {{(pid=45213) log_request_info /opt/stack/keystone/keystone/server/flask/request_processing/req_logging.py:27}}
Oct 16 08:13:08 user devstack@keystone.service[45213]: DEBUG keystone.server.flask.request_processing.req_logging [None req-3339a263-1c63-4a1e-9d2e-17d1dcded443 None None] SCRIPT_NAME: `/identity` {{(pid=45213) log_request_info /opt/stack/keystone/keystone/server/flask/request_processing/req_logging.py:28}}
Oct 16 08:13:08 user devstack@keystone.service[45213]: DEBUG keystone.server.flask.request_processing.req_logging [None req-3339a263-1c63-4a1e-9d2e-17d1dcded443 None None] PATH_INFO: `/` {{(pid=45213) log_request_info /opt/stack/keystone/keystone/server/flask/request_processing/req_logging.py:29}}
Oct 16 08:13:08 user devstack@keystone.service[45213]: [pid: 45213|app: 0|req: 79/242] 10.0.0.210 () {54 vars in 921 bytes} [Mon Oct 16 08:13:08 2023] GET /identity => generated 269 bytes in 4 msecs (HTTP/1.1 300) 6 headers in 233 bytes (1 switches on core 0)
Oct 16 08:13:08 user devstack@keystone.service[45214]: DEBUG keystone.server.flask.request_processing.req_logging [None req-9915407f-5d21-4c4a-8875-ff808fffdbfd None None] REQUEST_METHOD: `POST` {{(pid=45214) log_request_info /opt/stack/keystone/keystone/server/flask/request_processing/req_logging.py:27}}
Oct 16 08:13:08 user devstack@keystone.service[45214]: DEBUG keystone.server.flask.request_processing.req_logging [None req-9915407f-5d21-4c4a-8875-ff808fffdbfd None None] SCRIPT_NAME: `/identity` {{(pid=45214) log_request_info /opt/stack/keystone/keystone/server/flask/request_processing/req_logging.py:28}}
Oct 16 08:13:08 user devstack@keystone.service[45214]: DEBUG keystone.server.flask.request_processing.req_logging [None req-9915407f-5d21-4c4a-8875-ff808fffdbfd None None] PATH_INFO: `/v3/auth/tokens` {{(pid=45214) log_request_info /opt/stack/keystone/keystone/server/flask/request_processing/req_logging.py:29}}
Oct 16 08:13:08 user devstack@keystone.service[45214]: WARNING keystone.common.password_hashing [None req-9915407f-5d21-4c4a-8875-ff808fffdbfd None None] Truncating password to algorithm specific maximum length 72 characters.
Oct 16 08:13:08 user devstack@keystone.service[45214]: DEBUG keystone.auth.core [None req-9915407f-5d21-4c4a-8875-ff808fffdbfd None None] MFA Rules not processed for user `b622830d224c424d90f15598b9f3253c`. Rule list: `[]` (Enabled: `True`). {{(pid=45214) check_auth_methods_against_rules /opt/stack/keystone/keystone/auth/core.py:438}}
Oct 16 08:13:08 user devstack@keystone.service[45214]: DEBUG keystone.common.fernet_utils [None req-9915407f-5d21-4c4a-8875-ff808fffdbfd None None] Loaded 2 Fernet keys from /etc/keystone/fernet-keys/, but `[fernet_tokens] max_active_keys = 3`; perhaps there have not been enough key rotations to reach `max_active_keys` yet? {{(pid=45214) load_keys /opt/stack/keystone/keystone/common/fernet_utils.py:286}}
Oct 16 08:13:08 user devstack@keystone.service[45214]: [pid: 45214|app: 0|req: 82/243] 10.0.0.210 () {58 vars in 1018 bytes} [Mon Oct 16 08:13:08 2023] POST /identity/v3/auth/tokens => generated 861 bytes in 86 msecs (HTTP/1.1 201) 6 headers in 363 bytes (1 switches on core 0)
Oct 16 08:13:08 user devstack@keystone.service[45215]: DEBUG keystone.server.flask.request_processing.req_logging [None req-de079ff8-e823-43d0-8eb9-d6f16ed5d9ad None None] REQUEST_METHOD: `GET` {{(pid=45215) log_request_info /opt/stack/keystone/keystone/server/flask/request_processing/req_logging.py:27}}
Oct 16 08:13:08 user devstack@keystone.service[45215]: DEBUG keystone.server.flask.request_processing.req_logging [None req-de079ff8-e823-43d0-8eb9-d6f16ed5d9ad None None] SCRIPT_NAME: `/identity` {{(pid=45215) log_request_info /opt/stack/keystone/keystone/server/flask/request_processing/req_logging.py:28}}
Oct 16 08:13:08 user devstack@keystone.service[45215]: DEBUG keystone.server.flask.request_processing.req_logging [None req-de079ff8-e823-43d0-8eb9-d6f16ed5d9ad None None] PATH_INFO: `/` {{(pid=45215) log_request_info /opt/stack/keystone/keystone/server/flask/request_processing/req_logging.py:29}}
Oct 16 08:13:08 user devstack@keystone.service[45215]: [pid: 45215|app: 0|req: 83/244] 10.0.0.210 () {54 vars in 921 bytes} [Mon Oct 16 08:13:08 2023] GET /identity => generated 269 bytes in 3 msecs (HTTP/1.1 300) 6 headers in 233 bytes (1 switches on core 0)
Oct 16 08:13:08 user devstack@keystone.service[45213]: DEBUG keystone.server.flask.request_processing.req_logging [None req-6d0f7d1a-0063-43ad-91c1-77fc0c90e1a1 None None] REQUEST_METHOD: `POST` {{(pid=45213) log_request_info /opt/stack/keystone/keystone/server/flask/request_processing/req_logging.py:27}}
Oct 16 08:13:08 user devstack@keystone.service[45213]: DEBUG keystone.server.flask.request_processing.req_logging [None req-6d0f7d1a-0063-43ad-91c1-77fc0c90e1a1 None None] SCRIPT_NAME: `/identity` {{(pid=45213) log_request_info /opt/stack/keystone/keystone/server/flask/request_processing/req_logging.py:28}}
Oct 16 08:13:08 user devstack@keystone.service[45213]: DEBUG keystone.server.flask.request_processing.req_logging [None req-6d0f7d1a-0063-43ad-91c1-77fc0c90e1a1 None None] PATH_INFO: `/v3/auth/tokens` {{(pid=45213) log_request_info /opt/stack/keystone/keystone/server/flask/request_processing/req_logging.py:29}}
Oct 16 08:13:08 user devstack@keystone.service[45213]: WARNING keystone.common.password_hashing [None req-6d0f7d1a-0063-43ad-91c1-77fc0c90e1a1 None None] Truncating password to algorithm specific maximum length 72 characters.
Oct 16 08:13:08 user devstack@keystone.service[45213]: DEBUG keystone.auth.core [None req-6d0f7d1a-0063-43ad-91c1-77fc0c90e1a1 None None] MFA Rules not processed for user `b622830d224c424d90f15598b9f3253c`. Rule list: `[]` (Enabled: `True`). {{(pid=45213) check_auth_methods_against_rules /opt/stack/keystone/keystone/auth/core.py:438}}
Oct 16 08:13:08 user devstack@keystone.service[45213]: DEBUG keystone.common.fernet_utils [None req-6d0f7d1a-0063-43ad-91c1-77fc0c90e1a1 None None] Loaded 2 Fernet keys from /etc/keystone/fernet-keys/, but `[fernet_tokens] max_active_keys = 3`; perhaps there have not been enough key rotations to reach `max_active_keys` yet? {{(pid=45213) load_keys /opt/stack/keystone/keystone/common/fernet_utils.py:286}}
Oct 16 08:13:08 user devstack@keystone.service[45214]: DEBUG keystone.server.flask.request_processing.middleware.auth_context [None req-9915407f-5d21-4c4a-8875-ff808fffdbfd None None] Authenticating user token {{(pid=45214) process_request /opt/stack/data/venv/lib/python3.10/site-packages/keystonemiddleware/auth_token/__init__.py:406}}
Oct 16 08:13:08 user devstack@keystone.service[45213]: [pid: 45213|app: 0|req: 80/245] 10.0.0.210 () {58 vars in 1018 bytes} [Mon Oct 16 08:13:08 2023] POST /identity/v3/auth/tokens => generated 861 bytes in 89 msecs (HTTP/1.1 201) 6 headers in 363 bytes (1 switches on core 0)
Oct 16 08:13:08 user devstack@keystone.service[45215]: DEBUG keystone.server.flask.request_processing.req_logging [None req-ac815937-bf3b-4ff1-94a3-0afb1e925be3 None None] REQUEST_METHOD: `GET` {{(pid=45215) log_request_info /opt/stack/keystone/keystone/server/flask/request_processing/req_logging.py:27}}
Oct 16 08:13:08 user devstack@keystone.service[45215]: DEBUG keystone.server.flask.request_processing.req_logging [None req-ac815937-bf3b-4ff1-94a3-0afb1e925be3 None None] SCRIPT_NAME: `/identity` {{(pid=45215) log_request_info /opt/stack/keystone/keystone/server/flask/request_processing/req_logging.py:28}}
Oct 16 08:13:08 user devstack@keystone.service[45215]: DEBUG keystone.server.flask.request_processing.req_logging [None req-ac815937-bf3b-4ff1-94a3-0afb1e925be3 None None] PATH_INFO: `/` {{(pid=45215) log_request_info /opt/stack/keystone/keystone/server/flask/request_processing/req_logging.py:29}}
Oct 16 08:13:08 user devstack@keystone.service[45215]: [pid: 45215|app: 0|req: 84/246] 10.0.0.210 () {54 vars in 921 bytes} [Mon Oct 16 08:13:08 2023] GET /identity => generated 269 bytes in 3 msecs (HTTP/1.1 300) 6 headers in 233 bytes (1 switches on core 0)
Oct 16 08:13:08 user devstack@keystone.service[45213]: DEBUG keystone.server.flask.request_processing.req_logging [None req-c7a3e9fc-c9fc-4aa9-9a61-59d183068694 None None] REQUEST_METHOD: `POST` {{(pid=45213) log_request_info /opt/stack/keystone/keystone/server/flask/request_processing/req_logging.py:27}}
Oct 16 08:13:08 user devstack@keystone.service[45213]: DEBUG keystone.server.flask.request_processing.req_logging [None req-c7a3e9fc-c9fc-4aa9-9a61-59d183068694 None None] SCRIPT_NAME: `/identity` {{(pid=45213) log_request_info /opt/stack/keystone/keystone/server/flask/request_processing/req_logging.py:28}}
Oct 16 08:13:08 user devstack@keystone.service[45213]: DEBUG keystone.server.flask.request_processing.req_logging [None req-c7a3e9fc-c9fc-4aa9-9a61-59d183068694 None None] PATH_INFO: `/v3/auth/tokens` {{(pid=45213) log_request_info /opt/stack/keystone/keystone/server/flask/request_processing/req_logging.py:29}}
Oct 16 08:13:08 user devstack@keystone.service[45213]: WARNING keystone.common.password_hashing [None req-c7a3e9fc-c9fc-4aa9-9a61-59d183068694 None None] Truncating password to algorithm specific maximum length 72 characters.
Oct 16 08:13:08 user devstack@keystone.service[45213]: DEBUG keystone.auth.core [None req-c7a3e9fc-c9fc-4aa9-9a61-59d183068694 None None] MFA Rules not processed for user `b622830d224c424d90f15598b9f3253c`. Rule list: `[]` (Enabled: `True`). {{(pid=45213) check_auth_methods_against_rules /opt/stack/keystone/keystone/auth/core.py:438}}
Oct 16 08:13:08 user devstack@keystone.service[45213]: DEBUG keystone.common.fernet_utils [None req-c7a3e9fc-c9fc-4aa9-9a61-59d183068694 None None] Loaded 2 Fernet keys from /etc/keystone/fernet-keys/, but `[fernet_tokens] max_active_keys = 3`; perhaps there have not been enough key rotations to reach `max_active_keys` yet? {{(pid=45213) load_keys /opt/stack/keystone/keystone/common/fernet_utils.py:286}}
Oct 16 08:13:08 user devstack@keystone.service[45214]: DEBUG keystone.server.flask.request_processing.middleware.auth_context [None req-9915407f-5d21-4c4a-8875-ff808fffdbfd None None] Validating token access rules against request {{(pid=45214) validate_allowed_request /opt/stack/data/venv/lib/python3.10/site-packages/keystonemiddleware/auth_token/__init__.py:544}}
Oct 16 08:13:08 user devstack@keystone.service[45214]: DEBUG keystone.server.flask.request_processing.middleware.auth_context [None req-a8aa46f7-f66f-4519-9c97-297e5087e1b1 None admin] RBAC: auth_context: {'token': , 'domain_id': None, 'trust_id': None, 'trustor_id': None, 'trustee_id': None, 'domain_name': None, 'group_ids': [], 'user_id': 'b622830d224c424d90f15598b9f3253c', 'user_domain_id': 'default', 'system_scope': 'all', 'project_id': None, 'project_domain_id': None, 'roles': ['admin', 'manager', 'member', 'reader'], 'is_admin_project': True, 'service_user_id': None, 'service_user_domain_id': None, 'service_project_id': None, 'service_project_domain_id': None, 'service_roles': []} {{(pid=45214) fill_context /opt/stack/keystone/keystone/server/flask/request_processing/middleware/auth_context.py:480}}
Oct 16 08:13:08 user devstack@keystone.service[45214]: DEBUG keystone.server.flask.request_processing.req_logging [None req-a8aa46f7-f66f-4519-9c97-297e5087e1b1 None admin] REQUEST_METHOD: `GET` {{(pid=45214) log_request_info /opt/stack/keystone/keystone/server/flask/request_processing/req_logging.py:27}}
Oct 16 08:13:08 user devstack@keystone.service[45214]: DEBUG keystone.server.flask.request_processing.req_logging [None req-a8aa46f7-f66f-4519-9c97-297e5087e1b1 None admin] SCRIPT_NAME: `/identity` {{(pid=45214) log_request_info /opt/stack/keystone/keystone/server/flask/request_processing/req_logging.py:28}}
Oct 16 08:13:08 user devstack@keystone.service[45214]: DEBUG keystone.server.flask.request_processing.req_logging [None req-a8aa46f7-f66f-4519-9c97-297e5087e1b1 None admin] PATH_INFO: `/v3/domains/default` {{(pid=45214) log_request_info /opt/stack/keystone/keystone/server/flask/request_processing/req_logging.py:29}}
Oct 16 08:13:08 user devstack@keystone.service[45213]: [pid: 45213|app: 0|req: 81/247] 10.0.0.210 () {58 vars in 1018 bytes} [Mon Oct 16 08:13:08 2023] POST /identity/v3/auth/tokens => generated 861 bytes in 82 msecs (HTTP/1.1 201) 6 headers in 363 bytes (1 switches on core 0)
Oct 16 08:13:08 user devstack@keystone.service[45214]: DEBUG keystone.common.rbac_enforcer.enforcer [None req-a8aa46f7-f66f-4519-9c97-297e5087e1b1 None admin] RBAC: Authorizing `identity:get_domain(domain_id=default)` {{(pid=45214) enforce_call /opt/stack/keystone/keystone/common/rbac_enforcer/enforcer.py:449}}
Oct 16 08:13:08 user devstack@keystone.service[45214]: DEBUG keystone.common.rbac_enforcer.enforcer [None req-a8aa46f7-f66f-4519-9c97-297e5087e1b1 None admin] RBAC: Authorization granted {{(pid=45214) enforce_call /opt/stack/keystone/keystone/common/rbac_enforcer/enforcer.py:457}}
Oct 16 08:13:08 user devstack@keystone.service[45214]: [pid: 45214|app: 0|req: 83/248] 10.0.0.210 () {56 vars in 1103 bytes} [Mon Oct 16 08:13:08 2023] GET /identity/v3/domains/default => generated 198 bytes in 133 msecs (HTTP/1.1 200) 5 headers in 177 bytes (1 switches on core 0)
Oct 16 08:13:08 user devstack@keystone.service[45215]: DEBUG keystone.server.flask.request_processing.middleware.auth_context [None req-ac815937-bf3b-4ff1-94a3-0afb1e925be3 None None] Authenticating user token {{(pid=45215) process_request /opt/stack/data/venv/lib/python3.10/site-packages/keystonemiddleware/auth_token/__init__.py:406}}
Oct 16 08:13:08 user devstack@keystone.service[45215]: DEBUG keystone.server.flask.request_processing.middleware.auth_context [None req-ac815937-bf3b-4ff1-94a3-0afb1e925be3 None None] Validating token access rules against request {{(pid=45215) validate_allowed_request /opt/stack/data/venv/lib/python3.10/site-packages/keystonemiddleware/auth_token/__init__.py:544}}
Oct 16 08:13:08 user devstack@keystone.service[45213]: DEBUG keystone.server.flask.request_processing.middleware.auth_context [None req-c7a3e9fc-c9fc-4aa9-9a61-59d183068694 None None] Authenticating user token {{(pid=45213) process_request /opt/stack/data/venv/lib/python3.10/site-packages/keystonemiddleware/auth_token/__init__.py:406}}
Oct 16 08:13:08 user devstack@keystone.service[45215]: DEBUG keystone.server.flask.request_processing.middleware.auth_context [None req-4e538cb5-97d7-4d96-b1e2-6e4e21e5777b None admin] RBAC: auth_context: {'token': , 'domain_id': None, 'trust_id': None, 'trustor_id': None, 'trustee_id': None, 'domain_name': None, 'group_ids': [], 'user_id': 'b622830d224c424d90f15598b9f3253c', 'user_domain_id': 'default', 'system_scope': 'all', 'project_id': None, 'project_domain_id': None, 'roles': ['admin', 'manager', 'member', 'reader'], 'is_admin_project': True, 'service_user_id': None, 'service_user_domain_id': None, 'service_project_id': None, 'service_project_domain_id': None, 'service_roles': []} {{(pid=45215) fill_context /opt/stack/keystone/keystone/server/flask/request_processing/middleware/auth_context.py:480}}
Oct 16 08:13:08 user devstack@keystone.service[45215]: DEBUG keystone.server.flask.request_processing.req_logging [None req-4e538cb5-97d7-4d96-b1e2-6e4e21e5777b None admin] REQUEST_METHOD: `POST` {{(pid=45215) log_request_info /opt/stack/keystone/keystone/server/flask/request_processing/req_logging.py:27}}
Oct 16 08:13:08 user devstack@keystone.service[45215]: DEBUG keystone.server.flask.request_processing.req_logging [None req-4e538cb5-97d7-4d96-b1e2-6e4e21e5777b None admin] SCRIPT_NAME: `/identity` {{(pid=45215) log_request_info /opt/stack/keystone/keystone/server/flask/request_processing/req_logging.py:28}}
Oct 16 08:13:08 user devstack@keystone.service[45215]: DEBUG keystone.server.flask.request_processing.req_logging [None req-4e538cb5-97d7-4d96-b1e2-6e4e21e5777b None admin] PATH_INFO: `/v3/groups` {{(pid=45215) log_request_info /opt/stack/keystone/keystone/server/flask/request_processing/req_logging.py:29}}
Oct 16 08:13:08 user devstack@keystone.service[45215]: DEBUG keystone.common.rbac_enforcer.enforcer [None req-4e538cb5-97d7-4d96-b1e2-6e4e21e5777b None admin] RBAC: Authorizing `identity:create_group()` {{(pid=45215) enforce_call /opt/stack/keystone/keystone/common/rbac_enforcer/enforcer.py:449}}
Oct 16 08:13:08 user devstack@keystone.service[45215]: DEBUG keystone.common.rbac_enforcer.enforcer [None req-4e538cb5-97d7-4d96-b1e2-6e4e21e5777b None admin] RBAC: Authorization granted {{(pid=45215) enforce_call /opt/stack/keystone/keystone/common/rbac_enforcer/enforcer.py:457}}
Oct 16 08:13:08 user devstack@keystone.service[45215]: [pid: 45215|app: 0|req: 85/249] 10.0.0.210 () {60 vars in 1129 bytes} [Mon Oct 16 08:13:08 2023] POST /identity/v3/groups => generated 225 bytes in 150 msecs (HTTP/1.1 201) 5 headers in 182 bytes (1 switches on core 0)
Oct 16 08:13:08 user devstack@keystone.service[45214]: DEBUG keystone.server.flask.request_processing.middleware.auth_context [None req-a8aa46f7-f66f-4519-9c97-297e5087e1b1 None admin] Authenticating user token {{(pid=45214) process_request /opt/stack/data/venv/lib/python3.10/site-packages/keystonemiddleware/auth_token/__init__.py:406}}
Oct 16 08:13:08 user devstack@keystone.service[45213]: DEBUG keystone.server.flask.request_processing.middleware.auth_context [None req-c7a3e9fc-c9fc-4aa9-9a61-59d183068694 None None] Validating token access rules against request {{(pid=45213) validate_allowed_request /opt/stack/data/venv/lib/python3.10/site-packages/keystonemiddleware/auth_token/__init__.py:544}}
Oct 16 08:13:08 user devstack@keystone.service[45213]: DEBUG keystone.server.flask.request_processing.middleware.auth_context [None req-a07a648a-056f-49d7-a8a8-f5c60ee0eb7a None admin] RBAC: auth_context: {'token': , 'domain_id': None, 'trust_id': None, 'trustor_id': None, 'trustee_id': None, 'domain_name': None, 'group_ids': [], 'user_id': 'b622830d224c424d90f15598b9f3253c', 'user_domain_id': 'default', 'system_scope': 'all', 'project_id': None, 'project_domain_id': None, 'roles': ['admin', 'manager', 'member', 'reader'], 'is_admin_project': True, 'service_user_id': None, 'service_user_domain_id': None, 'service_project_id': None, 'service_project_domain_id': None, 'service_roles': []} {{(pid=45213) fill_context /opt/stack/keystone/keystone/server/flask/request_processing/middleware/auth_context.py:480}}
Oct 16 08:13:08 user devstack@keystone.service[45213]: DEBUG keystone.server.flask.request_processing.req_logging [None req-a07a648a-056f-49d7-a8a8-f5c60ee0eb7a None admin] REQUEST_METHOD: `GET` {{(pid=45213) log_request_info /opt/stack/keystone/keystone/server/flask/request_processing/req_logging.py:27}}
Oct 16 08:13:08 user devstack@keystone.service[45213]: DEBUG keystone.server.flask.request_processing.req_logging [None req-a07a648a-056f-49d7-a8a8-f5c60ee0eb7a None admin] SCRIPT_NAME: `/identity` {{(pid=45213) log_request_info /opt/stack/keystone/keystone/server/flask/request_processing/req_logging.py:28}}
Oct 16 08:13:08 user devstack@keystone.service[45213]: DEBUG keystone.server.flask.request_processing.req_logging [None req-a07a648a-056f-49d7-a8a8-f5c60ee0eb7a None admin] PATH_INFO: `/v3/roles/reader` {{(pid=45213) log_request_info /opt/stack/keystone/keystone/server/flask/request_processing/req_logging.py:29}}
Oct 16 08:13:08 user devstack@keystone.service[45213]: DEBUG keystone.common.rbac_enforcer.enforcer [None req-a07a648a-056f-49d7-a8a8-f5c60ee0eb7a None admin] Extracting inferred target data resulted in "NOT FOUND (404)". {{(pid=45213) enforce_call /opt/stack/keystone/keystone/common/rbac_enforcer/enforcer.py:409}}
Oct 16 08:13:08 user devstack@keystone.service[45213]: ERROR keystone.server.flask.application [None req-a07a648a-056f-49d7-a8a8-f5c60ee0eb7a None admin] Could not find role: reader.: keystone.exception.RoleNotFound: Could not find role: reader.
Oct 16 08:13:08 user devstack@keystone.service[45213]: ERROR keystone.server.flask.application
Traceback (most recent call last):
Oct 16 08:13:08 user devstack@keystone.service[45213]: ERROR keystone.server.flask.application
File "/opt/stack/data/venv/lib/python3.10/site-packages/flask/app.py", line 1823, in full_dispatch_request
Oct 16 08:13:08 user devstack@keystone.service[45213]: ERROR keystone.server.flask.application rv = self.dispatch_request()
Oct 16 08:13:08 user devstack@keystone.service[45213]: ERROR keystone.server.flask.application
File "/opt/stack/data/venv/lib/python3.10/site-packages/flask/app.py", line 1799, in dispatch_request
Oct 16 08:13:08 user devstack@keystone.service[45213]: ERROR keystone.server.flask.application return self.ensure_sync(self.view_functions[rule.endpoint])(**view_args)
Oct 16 08:13:08 user devstack@keystone.service[45213]: ERROR keystone.server.flask.application
File "/opt/stack/data/venv/lib/python3.10/site-packages/flask_restful/__init__.py", line 489, in wrapper
Oct 16 08:13:08 user devstack@keystone.service[45213]: ERROR keystone.server.flask.application resp = resource(*args, **kwargs)
Oct 16 08:13:08 user devstack@keystone.service[45213]: ERROR keystone.server.flask.application
File "/opt/stack/data/venv/lib/python3.10/site-packages/flask/views.py", line 107, in view
Oct 16 08:13:08 user devstack@keystone.service[45213]: ERROR keystone.server.flask.application return current_app.ensure_sync(self.dispatch_request)(**kwargs)
Oct 16 08:13:08 user devstack@keystone.service[45213]: ERROR keystone.server.flask.application
File "/opt/stack/data/venv/lib/python3.10/site-packages/flask_restful/__init__.py", line 604, in dispatch_request
Oct 16 08:13:08 user devstack@keystone.service[45213]: ERROR keystone.server.flask.application resp = meth(*args, **kwargs)
Oct 16 08:13:08 user devstack@keystone.service[45213]: ERROR keystone.server.flask.application
File "/opt/stack/keystone/keystone/api/roles.py", line 50, in get
Oct 16 08:13:08 user devstack@keystone.service[45213]: ERROR keystone.server.flask.application return self._get_role(role_id)
Oct 16 08:13:08 user devstack@keystone.service[45213]: ERROR keystone.server.flask.application
File "/opt/stack/keystone/keystone/api/roles.py", line 70, in _get_role
Oct 16 08:13:08 user devstack@keystone.service[45213]: ERROR keystone.server.flask.application ENFORCER.enforce_call(action='identity:get_role')
Oct 16 08:13:08 user devstack@keystone.service[45213]: ERROR keystone.server.flask.application
File "/opt/stack/keystone/keystone/common/rbac_enforcer/enforcer.py", line 402, in enforce_call
Oct 16 08:13:08 user devstack@keystone.service[45213]: ERROR keystone.server.flask.application policy_dict.update(cls._extract_member_target_data(
Oct 16 08:13:08 user devstack@keystone.service[45213]: ERROR keystone.server.flask.application
File "/opt/stack/keystone/keystone/common/rbac_enforcer/enforcer.py", line 234, in _extract_member_target_data
Oct 16 08:13:08 user devstack@keystone.service[45213]: ERROR keystone.server.flask.application member_name: func(flask.request.view_args[key])
Oct 16 08:13:08 user devstack@keystone.service[45213]: ERROR keystone.server.flask.application
File "/opt/stack/keystone/keystone/common/manager.py", line 115, in wrapped
Oct 16 08:13:08 user devstack@keystone.service[45213]: ERROR keystone.server.flask.application __ret_val = __f(*args, **kwargs)
Oct 16 08:13:08 user devstack@keystone.service[45213]: ERROR keystone.server.flask.application
File "/opt/stack/data/venv/lib/python3.10/site-packages/decorator.py", line 232, in fun
Oct 16 08:13:08 user devstack@keystone.service[45213]: ERROR keystone.server.flask.application return caller(func, *(extras + args), **kw)
Oct 16 08:13:08 user devstack@keystone.service[45213]: ERROR keystone.server.flask.application
File "/opt/stack/data/venv/lib/python3.10/site-packages/dogpile/cache/region.py", line 1594, in get_or_create_for_user_func
Oct 16 08:13:08 user devstack@keystone.service[45213]: ERROR keystone.server.flask.application return self.get_or_create(
Oct 16 08:13:08 user devstack@keystone.service[45213]: ERROR keystone.server.flask.application
File "/opt/stack/data/venv/lib/python3.10/site-packages/dogpile/cache/region.py", line 1054, in get_or_create
Oct 16 08:13:08 user devstack@keystone.service[45213]: ERROR keystone.server.flask.application with Lock(
Oct 16 08:13:08 user devstack@keystone.service[45213]: ERROR keystone.server.flask.application
File "/opt/stack/data/venv/lib/python3.10/site-packages/dogpile/lock.py", line 185, in __enter__
Oct 16 08:13:08 user devstack@keystone.service[45213]: ERROR keystone.server.flask.application return self._enter()
Oct 16 08:13:08 user devstack@keystone.service[45213]: ERROR keystone.server.flask.application
File "/opt/stack/data/venv/lib/python3.10/site-packages/dogpile/lock.py", line 94, in _enter
Oct 16 08:13:08 user devstack@keystone.service[45213]: ERROR keystone.server.flask.application generated = self._enter_create(value, createdtime)
Oct 16 08:13:08 user devstack@keystone.service[45213]: ERROR keystone.server.flask.application
File "/opt/stack/data/venv/lib/python3.10/site-packages/dogpile/lock.py", line 178, in _enter_create
Oct 16 08:13:08 user devstack@keystone.service[45213]: ERROR keystone.server.flask.application return self.creator()
Oct 16 08:13:08 user devstack@keystone.service[45213]: ERROR keystone.server.flask.application
File "/opt/stack/data/venv/lib/python3.10/site-packages/dogpile/cache/region.py", line 1007, in gen_value
Oct 16 08:13:08 user devstack@keystone.service[45213]: ERROR keystone.server.flask.application created_value = creator(
Oct 16 08:13:08 user devstack@keystone.service[45213]: ERROR keystone.server.flask.application
File "/opt/stack/keystone/keystone/assignment/core.py", line 1276, in get_role
Oct 16 08:13:08 user devstack@keystone.service[45213]: ERROR keystone.server.flask.application return self.driver.get_role(role_id)
Oct 16 08:13:08 user devstack@keystone.service[45213]: ERROR keystone.server.flask.application
File "/opt/stack/keystone/keystone/assignment/role_backends/sql.py", line 70, in get_role
Oct 16 08:13:08 user devstack@keystone.service[45213]: ERROR keystone.server.flask.application return self._get_role(session, role_id).to_dict()
Oct 16 08:13:08 user devstack@keystone.service[45213]: ERROR keystone.server.flask.application
File "/opt/stack/keystone/keystone/assignment/role_backends/sql.py", line 65, in _get_role
