Nov 06 08:12:49 user devstack@keystone.service[46207]: DEBUG keystone.server.flask.request_processing.req_logging [None req-a1c8a382-3ab9-43d5-ac3c-2c63862b3286 None admin] PATH_INFO: `/v3/auth/tokens` {{(pid=46207) log_request_info /opt/stack/keystone/keystone/server/flask/request_processing/req_logging.py:29}}
Nov 06 08:12:49 user devstack@keystone.service[46206]: DEBUG keystone.server.flask.request_processing.middleware.auth_context [None req-05e81436-5ed4-4fd9-bc1e-3bbef03bb555 None admin] Validating token access rules against request {{(pid=46206) validate_allowed_request /opt/stack/data/venv/lib/python3.10/site-packages/keystonemiddleware/auth_token/__init__.py:544}}
Nov 06 08:12:49 user devstack@keystone.service[46207]: DEBUG keystone.common.rbac_enforcer.enforcer [None req-a1c8a382-3ab9-43d5-ac3c-2c63862b3286 None admin] RBAC: Authorizing `identity:validate_token()` {{(pid=46207) enforce_call /opt/stack/keystone/keystone/common/rbac_enforcer/enforcer.py:449}}
Nov 06 08:12:49 user devstack@keystone.service[46207]: DEBUG keystone.common.rbac_enforcer.enforcer [None req-a1c8a382-3ab9-43d5-ac3c-2c63862b3286 None admin] RBAC: Authorization granted {{(pid=46207) enforce_call /opt/stack/keystone/keystone/common/rbac_enforcer/enforcer.py:457}}
Nov 06 08:12:49 user devstack@keystone.service[46206]: DEBUG keystone.server.flask.request_processing.middleware.auth_context [None req-99a2f953-f83f-4d48-ba08-aa6674464b51 None admin] RBAC: auth_context: {'token': , 'domain_id': None, 'trust_id': None, 'trustor_id': None, 'trustee_id': None, 'domain_name': None, 'group_ids': [], 'user_id': 'a1a1e1e3dcc04c7ca16928a3118907ff', 'user_domain_id': 'default', 'system_scope': 'all', 'project_id': None, 'project_domain_id': None, 'roles': ['admin', 'manager', 'member', 'reader'], 'is_admin_project': True, 'service_user_id': None, 'service_user_domain_id': None, 'service_project_id': None, 'service_project_domain_id': None, 'service_roles': []} {{(pid=46206) fill_context /opt/stack/keystone/keystone/server/flask/request_processing/middleware/auth_context.py:480}}
Nov 06 08:12:49 user devstack@keystone.service[46206]: DEBUG keystone.server.flask.request_processing.req_logging [None req-99a2f953-f83f-4d48-ba08-aa6674464b51 None admin] REQUEST_METHOD: `GET` {{(pid=46206) log_request_info /opt/stack/keystone/keystone/server/flask/request_processing/req_logging.py:27}}
Nov 06 08:12:49 user devstack@keystone.service[46206]: DEBUG keystone.server.flask.request_processing.req_logging [None req-99a2f953-f83f-4d48-ba08-aa6674464b51 None admin] SCRIPT_NAME: `/identity` {{(pid=46206) log_request_info /opt/stack/keystone/keystone/server/flask/request_processing/req_logging.py:28}}
Nov 06 08:12:49 user devstack@keystone.service[46206]: DEBUG keystone.server.flask.request_processing.req_logging [None req-99a2f953-f83f-4d48-ba08-aa6674464b51 None admin] PATH_INFO: `/v3/domains/default` {{(pid=46206) log_request_info /opt/stack/keystone/keystone/server/flask/request_processing/req_logging.py:29}}
Nov 06 08:12:49 user devstack@keystone.service[46206]: DEBUG keystone.common.rbac_enforcer.enforcer [None req-99a2f953-f83f-4d48-ba08-aa6674464b51 None admin] RBAC: Authorizing `identity:get_domain(domain_id=default)` {{(pid=46206) enforce_call /opt/stack/keystone/keystone/common/rbac_enforcer/enforcer.py:449}}
Nov 06 08:12:49 user devstack@keystone.service[46206]: DEBUG keystone.common.rbac_enforcer.enforcer [None req-99a2f953-f83f-4d48-ba08-aa6674464b51 None admin] RBAC: Authorization granted {{(pid=46206) enforce_call /opt/stack/keystone/keystone/common/rbac_enforcer/enforcer.py:457}}
Nov 06 08:12:49 user devstack@keystone.service[46206]: [pid: 46206|app: 0|req: 31/91] 10.0.0.210 () {56 vars in 1103 bytes} [Mon Nov 6 08:12:49 2023] GET /identity/v3/domains/default => generated 198 bytes in 206 msecs (HTTP/1.1 200) 5 headers in 177 bytes (1 switches on core 0)
Nov 06 08:12:49 user devstack@keystone.service[46206]: DEBUG keystone.server.flask.request_processing.middleware.auth_context [None req-99a2f953-f83f-4d48-ba08-aa6674464b51 None admin] Authenticating user token {{(pid=46206) process_request /opt/stack/data/venv/lib/python3.10/site-packages/keystonemiddleware/auth_token/__init__.py:406}}
Nov 06 08:12:49 user devstack@keystone.service[46207]: [pid: 46207|app: 0|req: 32/92] 10.0.0.210 () {58 vars in 1277 bytes} [Mon Nov 6 08:12:49 2023] GET /identity/v3/auth/tokens => generated 861 bytes in 299 msecs (HTTP/1.1 200) 6 headers in 358 bytes (1 switches on core 0)
Nov 06 08:12:49 user devstack@keystone.service[46207]: DEBUG keystone.server.flask.request_processing.middleware.auth_context [None req-a1c8a382-3ab9-43d5-ac3c-2c63862b3286 None admin] Authenticating user token {{(pid=46207) process_request /opt/stack/data/venv/lib/python3.10/site-packages/keystonemiddleware/auth_token/__init__.py:406}}
Nov 06 08:12:49 user devstack@keystone.service[46205]: DEBUG keystone.server.flask.request_processing.middleware.auth_context [None req-e1606e8e-a98e-4b3d-930a-b74f2f346591 None admin] Validating token access rules against request {{(pid=46205) validate_allowed_request /opt/stack/data/venv/lib/python3.10/site-packages/keystonemiddleware/auth_token/__init__.py:544}}
Nov 06 08:12:49 user devstack@keystone.service[46206]: DEBUG keystone.server.flask.request_processing.middleware.auth_context [None req-99a2f953-f83f-4d48-ba08-aa6674464b51 None admin] Validating token access rules against request {{(pid=46206) validate_allowed_request /opt/stack/data/venv/lib/python3.10/site-packages/keystonemiddleware/auth_token/__init__.py:544}}
Nov 06 08:12:49 user devstack@keystone.service[46205]: DEBUG keystone.server.flask.request_processing.middleware.auth_context [None req-b46fd1b5-37ef-4212-9854-786eb0a0fcd9 None admin] RBAC: auth_context: {'token': , 'domain_id': None, 'trust_id': None, 'trustor_id': None, 'trustee_id': None, 'domain_name': None, 'group_ids': [], 'user_id': 'a1a1e1e3dcc04c7ca16928a3118907ff', 'user_domain_id': 'default', 'system_scope': 'all', 'project_id': None, 'project_domain_id': None, 'roles': ['admin', 'manager', 'member', 'reader'], 'is_admin_project': True, 'service_user_id': None, 'service_user_domain_id': None, 'service_project_id': None, 'service_project_domain_id': None, 'service_roles': []} {{(pid=46205) fill_context /opt/stack/keystone/keystone/server/flask/request_processing/middleware/auth_context.py:480}}
Nov 06 08:12:49 user devstack@keystone.service[46205]: DEBUG keystone.server.flask.request_processing.req_logging [None req-b46fd1b5-37ef-4212-9854-786eb0a0fcd9 None admin] REQUEST_METHOD: `GET` {{(pid=46205) log_request_info /opt/stack/keystone/keystone/server/flask/request_processing/req_logging.py:27}}
Nov 06 08:12:49 user devstack@keystone.service[46205]: DEBUG keystone.server.flask.request_processing.req_logging [None req-b46fd1b5-37ef-4212-9854-786eb0a0fcd9 None admin] SCRIPT_NAME: `/identity` {{(pid=46205) log_request_info /opt/stack/keystone/keystone/server/flask/request_processing/req_logging.py:28}}
Nov 06 08:12:49 user devstack@keystone.service[46205]: DEBUG keystone.server.flask.request_processing.req_logging [None req-b46fd1b5-37ef-4212-9854-786eb0a0fcd9 None admin] PATH_INFO: `/v3/users/ca9924413bfd4ea49575d011760bf713` {{(pid=46205) log_request_info /opt/stack/keystone/keystone/server/flask/request_processing/req_logging.py:29}}
Nov 06 08:12:49 user devstack@keystone.service[46205]: DEBUG keystone.common.rbac_enforcer.enforcer [None req-b46fd1b5-37ef-4212-9854-786eb0a0fcd9 None admin] RBAC: Authorizing `identity:get_user(user_id=ca9924413bfd4ea49575d011760bf713)` {{(pid=46205) enforce_call /opt/stack/keystone/keystone/common/rbac_enforcer/enforcer.py:449}}
Nov 06 08:12:49 user devstack@keystone.service[46205]: DEBUG keystone.common.rbac_enforcer.enforcer [None req-b46fd1b5-37ef-4212-9854-786eb0a0fcd9 None admin] RBAC: Authorization granted {{(pid=46205) enforce_call /opt/stack/keystone/keystone/common/rbac_enforcer/enforcer.py:457}}
Nov 06 08:12:49 user devstack@keystone.service[46205]: [pid: 46205|app: 0|req: 30/93] 10.0.0.210 () {56 vars in 1172 bytes} [Mon Nov 6 08:12:49 2023] GET /identity/v3/users/ca9924413bfd4ea49575d011760bf713 => generated 288 bytes in 285 msecs (HTTP/1.1 200) 5 headers in 177 bytes (1 switches on core 0)
Nov 06 08:12:49 user devstack@keystone.service[46205]: DEBUG keystone.server.flask.request_processing.middleware.auth_context [None req-b46fd1b5-37ef-4212-9854-786eb0a0fcd9 None admin] Authenticating user token {{(pid=46205) process_request /opt/stack/data/venv/lib/python3.10/site-packages/keystonemiddleware/auth_token/__init__.py:406}}
Nov 06 08:12:49 user devstack@keystone.service[46207]: DEBUG keystone.server.flask.request_processing.middleware.auth_context [None req-a1c8a382-3ab9-43d5-ac3c-2c63862b3286 None admin] Validating token access rules against request {{(pid=46207) validate_allowed_request /opt/stack/data/venv/lib/python3.10/site-packages/keystonemiddleware/auth_token/__init__.py:544}}
Nov 06 08:12:49 user devstack@keystone.service[46206]: DEBUG keystone.server.flask.request_processing.middleware.auth_context [None req-be3e8ef0-c835-4981-b766-f269eb3c4cfa None admin] RBAC: auth_context: {'token': , 'domain_id': None, 'trust_id': None, 'trustor_id': None, 'trustee_id': None, 'domain_name': None, 'group_ids': [], 'user_id': 'a1a1e1e3dcc04c7ca16928a3118907ff', 'user_domain_id': 'default', 'system_scope': 'all', 'project_id': None, 'project_domain_id': None, 'roles': ['admin', 'manager', 'member', 'reader'], 'is_admin_project': True, 'service_user_id': None, 'service_user_domain_id': None, 'service_project_id': None, 'service_project_domain_id': None, 'service_roles': []} {{(pid=46206) fill_context /opt/stack/keystone/keystone/server/flask/request_processing/middleware/auth_context.py:480}}
Nov 06 08:12:49 user devstack@keystone.service[46206]: DEBUG keystone.server.flask.request_processing.req_logging [None req-be3e8ef0-c835-4981-b766-f269eb3c4cfa None admin] REQUEST_METHOD: `GET` {{(pid=46206) log_request_info /opt/stack/keystone/keystone/server/flask/request_processing/req_logging.py:27}}
Nov 06 08:12:49 user devstack@keystone.service[46206]: DEBUG keystone.server.flask.request_processing.req_logging [None req-be3e8ef0-c835-4981-b766-f269eb3c4cfa None admin] SCRIPT_NAME: `/identity` {{(pid=46206) log_request_info /opt/stack/keystone/keystone/server/flask/request_processing/req_logging.py:28}}
Nov 06 08:12:49 user devstack@keystone.service[46206]: DEBUG keystone.server.flask.request_processing.req_logging [None req-be3e8ef0-c835-4981-b766-f269eb3c4cfa None admin] PATH_INFO: `/v3/users/809d20ccb74c415b834262ecf04d21c4` {{(pid=46206) log_request_info /opt/stack/keystone/keystone/server/flask/request_processing/req_logging.py:29}}
Nov 06 08:12:49 user devstack@keystone.service[46206]: DEBUG keystone.common.rbac_enforcer.enforcer [None req-be3e8ef0-c835-4981-b766-f269eb3c4cfa None admin] RBAC: Authorizing `identity:get_user(user_id=809d20ccb74c415b834262ecf04d21c4)` {{(pid=46206) enforce_call /opt/stack/keystone/keystone/common/rbac_enforcer/enforcer.py:449}}
Nov 06 08:12:49 user devstack@keystone.service[46206]: DEBUG keystone.common.rbac_enforcer.enforcer [None req-be3e8ef0-c835-4981-b766-f269eb3c4cfa None admin] RBAC: Authorization granted {{(pid=46206) enforce_call /opt/stack/keystone/keystone/common/rbac_enforcer/enforcer.py:457}}
Nov 06 08:12:49 user devstack@keystone.service[46206]: [pid: 46206|app: 0|req: 32/94] 10.0.0.210 () {56 vars in 1172 bytes} [Mon Nov 6 08:12:49 2023] GET /identity/v3/users/809d20ccb74c415b834262ecf04d21c4 => generated 274 bytes in 172 msecs (HTTP/1.1 200) 5 headers in 177 bytes (1 switches on core 0)
Nov 06 08:12:49 user devstack@keystone.service[46206]: DEBUG keystone.server.flask.request_processing.middleware.auth_context [None req-be3e8ef0-c835-4981-b766-f269eb3c4cfa None admin] Authenticating user token {{(pid=46206) process_request /opt/stack/data/venv/lib/python3.10/site-packages/keystonemiddleware/auth_token/__init__.py:406}}
Nov 06 08:12:49 user devstack@keystone.service[46207]: DEBUG keystone.server.flask.request_processing.middleware.auth_context [None req-48251bfa-fc44-4922-b562-4d9a99919837 None admin] RBAC: auth_context: {'token': , 'domain_id': None, 'trust_id': None, 'trustor_id': None, 'trustee_id': None, 'domain_name': None, 'group_ids': [], 'user_id': 'a1a1e1e3dcc04c7ca16928a3118907ff', 'user_domain_id': 'default', 'system_scope': 'all', 'project_id': None, 'project_domain_id': None, 'roles': ['admin', 'manager', 'member', 'reader'], 'is_admin_project': True, 'service_user_id': None, 'service_user_domain_id': None, 'service_project_id': None, 'service_project_domain_id': None, 'service_roles': []} {{(pid=46207) fill_context /opt/stack/keystone/keystone/server/flask/request_processing/middleware/auth_context.py:480}}
Nov 06 08:12:49 user devstack@keystone.service[46207]: DEBUG keystone.server.flask.request_processing.req_logging [None req-48251bfa-fc44-4922-b562-4d9a99919837 None admin] REQUEST_METHOD: `GET` {{(pid=46207) log_request_info /opt/stack/keystone/keystone/server/flask/request_processing/req_logging.py:27}}
Nov 06 08:12:49 user devstack@keystone.service[46207]: DEBUG keystone.server.flask.request_processing.req_logging [None req-48251bfa-fc44-4922-b562-4d9a99919837 None admin] SCRIPT_NAME: `/identity` {{(pid=46207) log_request_info /opt/stack/keystone/keystone/server/flask/request_processing/req_logging.py:28}}
Nov 06 08:12:49 user devstack@keystone.service[46207]: DEBUG keystone.server.flask.request_processing.req_logging [None req-48251bfa-fc44-4922-b562-4d9a99919837 None admin] PATH_INFO: `/v3/projects/836ef143d016449d887c3a9f1cf358fd` {{(pid=46207) log_request_info /opt/stack/keystone/keystone/server/flask/request_processing/req_logging.py:29}}
Nov 06 08:12:49 user devstack@keystone.service[46207]: DEBUG keystone.common.rbac_enforcer.enforcer [None req-48251bfa-fc44-4922-b562-4d9a99919837 None admin] RBAC: Authorizing `identity:get_project(project_id=836ef143d016449d887c3a9f1cf358fd)` {{(pid=46207) enforce_call /opt/stack/keystone/keystone/common/rbac_enforcer/enforcer.py:449}}
Nov 06 08:12:49 user devstack@keystone.service[46207]: DEBUG keystone.common.rbac_enforcer.enforcer [None req-48251bfa-fc44-4922-b562-4d9a99919837 None admin] RBAC: Authorization granted {{(pid=46207) enforce_call /opt/stack/keystone/keystone/common/rbac_enforcer/enforcer.py:457}}
Nov 06 08:12:49 user devstack@keystone.service[46207]: [pid: 46207|app: 0|req: 33/95] 10.0.0.210 () {56 vars in 1181 bytes} [Mon Nov 6 08:12:49 2023] GET /identity/v3/projects/836ef143d016449d887c3a9f1cf358fd => generated 297 bytes in 143 msecs (HTTP/1.1 200) 5 headers in 177 bytes (1 switches on core 0)
Nov 06 08:12:49 user devstack@keystone.service[46207]: DEBUG keystone.server.flask.request_processing.req_logging [None req-030adcc9-15e3-4822-8b68-bd3b24f2d9f8 None None] REQUEST_METHOD: `GET` {{(pid=46207) log_request_info /opt/stack/keystone/keystone/server/flask/request_processing/req_logging.py:27}}
Nov 06 08:12:49 user devstack@keystone.service[46207]: DEBUG keystone.server.flask.request_processing.req_logging [None req-030adcc9-15e3-4822-8b68-bd3b24f2d9f8 None None] SCRIPT_NAME: `/identity` {{(pid=46207) log_request_info /opt/stack/keystone/keystone/server/flask/request_processing/req_logging.py:28}}
Nov 06 08:12:49 user devstack@keystone.service[46207]: DEBUG keystone.server.flask.request_processing.req_logging [None req-030adcc9-15e3-4822-8b68-bd3b24f2d9f8 None None] PATH_INFO: `/` {{(pid=46207) log_request_info /opt/stack/keystone/keystone/server/flask/request_processing/req_logging.py:29}}
Nov 06 08:12:49 user devstack@keystone.service[46207]: [pid: 46207|app: 0|req: 34/96] 10.0.0.210 () {54 vars in 921 bytes} [Mon Nov 6 08:12:49 2023] GET /identity => generated 269 bytes in 2 msecs (HTTP/1.1 300) 6 headers in 233 bytes (1 switches on core 0)
Nov 06 08:12:49 user devstack@keystone.service[46207]: DEBUG keystone.server.flask.request_processing.middleware.auth_context [None req-030adcc9-15e3-4822-8b68-bd3b24f2d9f8 None None] Authenticating user token {{(pid=46207) process_request /opt/stack/data/venv/lib/python3.10/site-packages/keystonemiddleware/auth_token/__init__.py:406}}
Nov 06 08:12:49 user devstack@keystone.service[46205]: DEBUG keystone.server.flask.request_processing.middleware.auth_context [None req-b46fd1b5-37ef-4212-9854-786eb0a0fcd9 None admin] Validating token access rules against request {{(pid=46205) validate_allowed_request /opt/stack/data/venv/lib/python3.10/site-packages/keystonemiddleware/auth_token/__init__.py:544}}
Nov 06 08:12:49 user devstack@keystone.service[46205]: DEBUG keystone.server.flask.request_processing.middleware.auth_context [None req-8924144e-c6b6-4abc-8a20-5a5ddc14eb5c None admin] RBAC: auth_context: {'token': , 'domain_id': None, 'trust_id': None, 'trustor_id': None, 'trustee_id': None, 'domain_name': None, 'group_ids': [], 'user_id': 'a1a1e1e3dcc04c7ca16928a3118907ff', 'user_domain_id': 'default', 'system_scope': 'all', 'project_id': None, 'project_domain_id': None, 'roles': ['admin', 'manager', 'member', 'reader'], 'is_admin_project': True, 'service_user_id': None, 'service_user_domain_id': None, 'service_project_id': None, 'service_project_domain_id': None, 'service_roles': []} {{(pid=46205) fill_context /opt/stack/keystone/keystone/server/flask/request_processing/middleware/auth_context.py:480}}
Nov 06 08:12:49 user devstack@keystone.service[46205]: DEBUG keystone.server.flask.request_processing.req_logging [None req-8924144e-c6b6-4abc-8a20-5a5ddc14eb5c None admin] REQUEST_METHOD: `POST` {{(pid=46205) log_request_info /opt/stack/keystone/keystone/server/flask/request_processing/req_logging.py:27}}
Nov 06 08:12:49 user devstack@keystone.service[46205]: DEBUG keystone.server.flask.request_processing.req_logging [None req-8924144e-c6b6-4abc-8a20-5a5ddc14eb5c None admin] SCRIPT_NAME: `/identity` {{(pid=46205) log_request_info /opt/stack/keystone/keystone/server/flask/request_processing/req_logging.py:28}}
Nov 06 08:12:49 user devstack@keystone.service[46205]: DEBUG keystone.server.flask.request_processing.req_logging [None req-8924144e-c6b6-4abc-8a20-5a5ddc14eb5c None admin] PATH_INFO: `/v3/projects` {{(pid=46205) log_request_info /opt/stack/keystone/keystone/server/flask/request_processing/req_logging.py:29}}
Nov 06 08:12:49 user devstack@keystone.service[46205]: DEBUG keystone.common.rbac_enforcer.enforcer [None req-8924144e-c6b6-4abc-8a20-5a5ddc14eb5c None admin] RBAC: Authorizing `identity:create_project()` {{(pid=46205) enforce_call /opt/stack/keystone/keystone/common/rbac_enforcer/enforcer.py:449}}
Nov 06 08:12:49 user devstack@keystone.service[46205]: DEBUG keystone.common.rbac_enforcer.enforcer [None req-8924144e-c6b6-4abc-8a20-5a5ddc14eb5c None admin] RBAC: Authorization granted {{(pid=46205) enforce_call /opt/stack/keystone/keystone/common/rbac_enforcer/enforcer.py:457}}
Nov 06 08:12:49 user devstack@keystone.service[46206]: DEBUG keystone.server.flask.request_processing.middleware.auth_context [None req-be3e8ef0-c835-4981-b766-f269eb3c4cfa None admin] Validating token access rules against request {{(pid=46206) validate_allowed_request /opt/stack/data/venv/lib/python3.10/site-packages/keystonemiddleware/auth_token/__init__.py:544}}
Nov 06 08:12:49 user devstack@keystone.service[46205]: [pid: 46205|app: 0|req: 31/97] 10.0.0.210 () {60 vars in 1136 bytes} [Mon Nov 6 08:12:49 2023] POST /identity/v3/projects => generated 301 bytes in 154 msecs (HTTP/1.1 201) 5 headers in 182 bytes (1 switches on core 0)
Nov 06 08:12:49 user devstack@keystone.service[46205]: DEBUG keystone.server.flask.request_processing.middleware.auth_context [None req-8924144e-c6b6-4abc-8a20-5a5ddc14eb5c None admin] Authenticating user token {{(pid=46205) process_request /opt/stack/data/venv/lib/python3.10/site-packages/keystonemiddleware/auth_token/__init__.py:406}}
Nov 06 08:12:49 user devstack@keystone.service[46207]: DEBUG keystone.server.flask.request_processing.middleware.auth_context [None req-030adcc9-15e3-4822-8b68-bd3b24f2d9f8 None None] Validating token access rules against request {{(pid=46207) validate_allowed_request /opt/stack/data/venv/lib/python3.10/site-packages/keystonemiddleware/auth_token/__init__.py:544}}
Nov 06 08:12:49 user devstack@keystone.service[46206]: DEBUG keystone.server.flask.request_processing.middleware.auth_context [None req-b4b6e5da-d55e-4ebe-af14-1f634b5412f4 None admin] RBAC: auth_context: {'token': , 'domain_id': None, 'trust_id': None, 'trustor_id': None, 'trustee_id': None, 'domain_name': None, 'group_ids': [], 'user_id': 'a1a1e1e3dcc04c7ca16928a3118907ff', 'user_domain_id': 'default', 'system_scope': 'all', 'project_id': None, 'project_domain_id': None, 'roles': ['admin', 'manager', 'member', 'reader'], 'is_admin_project': True, 'service_user_id': None, 'service_user_domain_id': None, 'service_project_id': None, 'service_project_domain_id': None, 'service_roles': []} {{(pid=46206) fill_context /opt/stack/keystone/keystone/server/flask/request_processing/middleware/auth_context.py:480}}
Nov 06 08:12:49 user devstack@keystone.service[46206]: DEBUG keystone.server.flask.request_processing.req_logging [None req-b4b6e5da-d55e-4ebe-af14-1f634b5412f4 None admin] REQUEST_METHOD: `GET` {{(pid=46206) log_request_info /opt/stack/keystone/keystone/server/flask/request_processing/req_logging.py:27}}
Nov 06 08:12:49 user devstack@keystone.service[46206]: DEBUG keystone.server.flask.request_processing.req_logging [None req-b4b6e5da-d55e-4ebe-af14-1f634b5412f4 None admin] SCRIPT_NAME: `/identity` {{(pid=46206) log_request_info /opt/stack/keystone/keystone/server/flask/request_processing/req_logging.py:28}}
Nov 06 08:12:49 user devstack@keystone.service[46206]: DEBUG keystone.server.flask.request_processing.req_logging [None req-b4b6e5da-d55e-4ebe-af14-1f634b5412f4 None admin] PATH_INFO: `/v3/projects/836ef143d016449d887c3a9f1cf358fd` {{(pid=46206) log_request_info /opt/stack/keystone/keystone/server/flask/request_processing/req_logging.py:29}}
Nov 06 08:12:49 user devstack@keystone.service[46206]: DEBUG keystone.common.rbac_enforcer.enforcer [None req-b4b6e5da-d55e-4ebe-af14-1f634b5412f4 None admin] RBAC: Authorizing `identity:get_project(project_id=836ef143d016449d887c3a9f1cf358fd)` {{(pid=46206) enforce_call /opt/stack/keystone/keystone/common/rbac_enforcer/enforcer.py:449}}
Nov 06 08:12:49 user devstack@keystone.service[46206]: DEBUG keystone.common.rbac_enforcer.enforcer [None req-b4b6e5da-d55e-4ebe-af14-1f634b5412f4 None admin] RBAC: Authorization granted {{(pid=46206) enforce_call /opt/stack/keystone/keystone/common/rbac_enforcer/enforcer.py:457}}
Nov 06 08:12:49 user devstack@keystone.service[46206]: [pid: 46206|app: 0|req: 33/98] 10.0.0.210 () {56 vars in 1181 bytes} [Mon Nov 6 08:12:49 2023] GET /identity/v3/projects/836ef143d016449d887c3a9f1cf358fd => generated 297 bytes in 161 msecs (HTTP/1.1 200) 5 headers in 177 bytes (1 switches on core 0)
Nov 06 08:12:49 user devstack@keystone.service[46206]: DEBUG keystone.server.flask.request_processing.middleware.auth_context [None req-b4b6e5da-d55e-4ebe-af14-1f634b5412f4 None admin] Authenticating user token {{(pid=46206) process_request /opt/stack/data/venv/lib/python3.10/site-packages/keystonemiddleware/auth_token/__init__.py:406}}
Nov 06 08:12:49 user devstack@keystone.service[46207]: DEBUG keystone.server.flask.request_processing.middleware.auth_context [None req-7eef005a-4936-440b-acbc-cba795c40233 None admin] RBAC: auth_context: {'token': , 'domain_id': None, 'trust_id': None, 'trustor_id': None, 'trustee_id': None, 'domain_name': None, 'group_ids': [], 'user_id': 'a1a1e1e3dcc04c7ca16928a3118907ff', 'user_domain_id': 'default', 'system_scope': 'all', 'project_id': None, 'project_domain_id': None, 'roles': ['admin', 'manager', 'member', 'reader'], 'is_admin_project': True, 'service_user_id': None, 'service_user_domain_id': None, 'service_project_id': None, 'service_project_domain_id': None, 'service_roles': []} {{(pid=46207) fill_context /opt/stack/keystone/keystone/server/flask/request_processing/middleware/auth_context.py:480}}
Nov 06 08:12:49 user devstack@keystone.service[46207]: DEBUG keystone.server.flask.request_processing.req_logging [None req-7eef005a-4936-440b-acbc-cba795c40233 None admin] REQUEST_METHOD: `GET` {{(pid=46207) log_request_info /opt/stack/keystone/keystone/server/flask/request_processing/req_logging.py:27}}
Nov 06 08:12:49 user devstack@keystone.service[46207]: DEBUG keystone.server.flask.request_processing.req_logging [None req-7eef005a-4936-440b-acbc-cba795c40233 None admin] SCRIPT_NAME: `/identity` {{(pid=46207) log_request_info /opt/stack/keystone/keystone/server/flask/request_processing/req_logging.py:28}}
Nov 06 08:12:49 user devstack@keystone.service[46207]: DEBUG keystone.server.flask.request_processing.req_logging [None req-7eef005a-4936-440b-acbc-cba795c40233 None admin] PATH_INFO: `/v3/projects/836ef143d016449d887c3a9f1cf358fd` {{(pid=46207) log_request_info /opt/stack/keystone/keystone/server/flask/request_processing/req_logging.py:29}}
Nov 06 08:12:49 user devstack@keystone.service[46207]: DEBUG keystone.common.rbac_enforcer.enforcer [None req-7eef005a-4936-440b-acbc-cba795c40233 None admin] RBAC: Authorizing `identity:get_project(project_id=836ef143d016449d887c3a9f1cf358fd)` {{(pid=46207) enforce_call /opt/stack/keystone/keystone/common/rbac_enforcer/enforcer.py:449}}
Nov 06 08:12:49 user devstack@keystone.service[46207]: DEBUG keystone.common.rbac_enforcer.enforcer [None req-7eef005a-4936-440b-acbc-cba795c40233 None admin] RBAC: Authorization granted {{(pid=46207) enforce_call /opt/stack/keystone/keystone/common/rbac_enforcer/enforcer.py:457}}
Nov 06 08:12:49 user devstack@keystone.service[46207]: [pid: 46207|app: 0|req: 35/99] 10.0.0.210 () {56 vars in 1181 bytes} [Mon Nov 6 08:12:49 2023] GET /identity/v3/projects/836ef143d016449d887c3a9f1cf358fd => generated 297 bytes in 140 msecs (HTTP/1.1 200) 5 headers in 177 bytes (1 switches on core 0)
Nov 06 08:12:49 user devstack@keystone.service[46207]: DEBUG keystone.server.flask.request_processing.middleware.auth_context [None req-7eef005a-4936-440b-acbc-cba795c40233 None admin] Authenticating user token {{(pid=46207) process_request /opt/stack/data/venv/lib/python3.10/site-packages/keystonemiddleware/auth_token/__init__.py:406}}
Nov 06 08:12:49 user devstack@keystone.service[46205]: DEBUG keystone.server.flask.request_processing.middleware.auth_context [None req-8924144e-c6b6-4abc-8a20-5a5ddc14eb5c None admin] Validating token access rules against request {{(pid=46205) validate_allowed_request /opt/stack/data/venv/lib/python3.10/site-packages/keystonemiddleware/auth_token/__init__.py:544}}
Nov 06 08:12:49 user devstack@keystone.service[46205]: DEBUG keystone.server.flask.request_processing.middleware.auth_context [None req-10bcaf7b-ec80-4b0a-852a-a9d7c4356281 None admin] RBAC: auth_context: {'token': , 'domain_id': None, 'trust_id': None, 'trustor_id': None, 'trustee_id': None, 'domain_name': None, 'group_ids': [], 'user_id': 'a1a1e1e3dcc04c7ca16928a3118907ff', 'user_domain_id': 'default', 'system_scope': 'all', 'project_id': None, 'project_domain_id': None, 'roles': ['admin', 'manager', 'member', 'reader'], 'is_admin_project': True, 'service_user_id': None, 'service_user_domain_id': None, 'service_project_id': None, 'service_project_domain_id': None, 'service_roles': []} {{(pid=46205) fill_context /opt/stack/keystone/keystone/server/flask/request_processing/middleware/auth_context.py:480}}
Nov 06 08:12:49 user devstack@keystone.service[46205]: DEBUG keystone.server.flask.request_processing.req_logging [None req-10bcaf7b-ec80-4b0a-852a-a9d7c4356281 None admin] REQUEST_METHOD: `GET` {{(pid=46205) log_request_info /opt/stack/keystone/keystone/server/flask/request_processing/req_logging.py:27}}
Nov 06 08:12:49 user devstack@keystone.service[46205]: DEBUG keystone.server.flask.request_processing.req_logging [None req-10bcaf7b-ec80-4b0a-852a-a9d7c4356281 None admin] SCRIPT_NAME: `/identity` {{(pid=46205) log_request_info /opt/stack/keystone/keystone/server/flask/request_processing/req_logging.py:28}}
Nov 06 08:12:49 user devstack@keystone.service[46205]: DEBUG keystone.server.flask.request_processing.req_logging [None req-10bcaf7b-ec80-4b0a-852a-a9d7c4356281 None admin] PATH_INFO: `/v3/auth/tokens` {{(pid=46205) log_request_info /opt/stack/keystone/keystone/server/flask/request_processing/req_logging.py:29}}
Nov 06 08:12:49 user devstack@keystone.service[46207]: DEBUG keystone.server.flask.request_processing.middleware.auth_context [None req-7eef005a-4936-440b-acbc-cba795c40233 None admin] Validating token access rules against request {{(pid=46207) validate_allowed_request /opt/stack/data/venv/lib/python3.10/site-packages/keystonemiddleware/auth_token/__init__.py:544}}
Nov 06 08:12:49 user devstack@keystone.service[46207]: DEBUG keystone.server.flask.request_processing.middleware.auth_context [None req-9e675a07-97dc-4da0-ac57-887bc7d7130b None admin] RBAC: auth_context: {'token': , 'domain_id': None, 'trust_id': None, 'trustor_id': None, 'trustee_id': None, 'domain_name': None, 'group_ids': [], 'user_id': 'a1a1e1e3dcc04c7ca16928a3118907ff', 'user_domain_id': 'default', 'system_scope': 'all', 'project_id': None, 'project_domain_id': None, 'roles': ['admin', 'manager', 'member', 'reader'], 'is_admin_project': True, 'service_user_id': None, 'service_user_domain_id': None, 'service_project_id': None, 'service_project_domain_id': None, 'service_roles': []} {{(pid=46207) fill_context /opt/stack/keystone/keystone/server/flask/request_processing/middleware/auth_context.py:480}}
Nov 06 08:12:49 user devstack@keystone.service[46207]: DEBUG keystone.server.flask.request_processing.req_logging [None req-9e675a07-97dc-4da0-ac57-887bc7d7130b None admin] REQUEST_METHOD: `GET` {{(pid=46207) log_request_info /opt/stack/keystone/keystone/server/flask/request_processing/req_logging.py:27}}
Nov 06 08:12:49 user devstack@keystone.service[46207]: DEBUG keystone.server.flask.request_processing.req_logging [None req-9e675a07-97dc-4da0-ac57-887bc7d7130b None admin] SCRIPT_NAME: `/identity` {{(pid=46207) log_request_info /opt/stack/keystone/keystone/server/flask/request_processing/req_logging.py:28}}
Nov 06 08:12:49 user devstack@keystone.service[46207]: DEBUG keystone.server.flask.request_processing.req_logging [None req-9e675a07-97dc-4da0-ac57-887bc7d7130b None admin] PATH_INFO: `/v3/roles/member` {{(pid=46207) log_request_info /opt/stack/keystone/keystone/server/flask/request_processing/req_logging.py:29}}
Nov 06 08:12:49 user devstack@keystone.service[46207]: DEBUG keystone.common.rbac_enforcer.enforcer [None req-9e675a07-97dc-4da0-ac57-887bc7d7130b None admin] Extracting inferred target data resulted in "NOT FOUND (404)". {{(pid=46207) enforce_call /opt/stack/keystone/keystone/common/rbac_enforcer/enforcer.py:409}}
Nov 06 08:12:49 user devstack@keystone.service[46206]: DEBUG keystone.server.flask.request_processing.middleware.auth_context [None req-b4b6e5da-d55e-4ebe-af14-1f634b5412f4 None admin] Validating token access rules against request {{(pid=46206) validate_allowed_request /opt/stack/data/venv/lib/python3.10/site-packages/keystonemiddleware/auth_token/__init__.py:544}}
Nov 06 08:12:49 user devstack@keystone.service[46207]: ERROR keystone.server.flask.application [None req-9e675a07-97dc-4da0-ac57-887bc7d7130b None admin] Could not find role: member.: keystone.exception.RoleNotFound: Could not find role: member.
Nov 06 08:12:49 user devstack@keystone.service[46207]: ERROR keystone.server.flask.application
Traceback (most recent call last):
Nov 06 08:12:49 user devstack@keystone.service[46207]: ERROR keystone.server.flask.application
File "/opt/stack/data/venv/lib/python3.10/site-packages/flask/app.py", line 1823, in full_dispatch_request
Nov 06 08:12:49 user devstack@keystone.service[46207]: ERROR keystone.server.flask.application rv = self.dispatch_request()
Nov 06 08:12:49 user devstack@keystone.service[46207]: ERROR keystone.server.flask.application
File "/opt/stack/data/venv/lib/python3.10/site-packages/flask/app.py", line 1799, in dispatch_request
Nov 06 08:12:49 user devstack@keystone.service[46207]: ERROR keystone.server.flask.application return self.ensure_sync(self.view_functions[rule.endpoint])(**view_args)
Nov 06 08:12:49 user devstack@keystone.service[46207]: ERROR keystone.server.flask.application
File "/opt/stack/data/venv/lib/python3.10/site-packages/flask_restful/__init__.py", line 489, in wrapper
Nov 06 08:12:49 user devstack@keystone.service[46207]: ERROR keystone.server.flask.application resp = resource(*args, **kwargs)
Nov 06 08:12:49 user devstack@keystone.service[46207]: ERROR keystone.server.flask.application
File "/opt/stack/data/venv/lib/python3.10/site-packages/flask/views.py", line 107, in view
Nov 06 08:12:49 user devstack@keystone.service[46207]: ERROR keystone.server.flask.application return current_app.ensure_sync(self.dispatch_request)(**kwargs)
Nov 06 08:12:49 user devstack@keystone.service[46207]: ERROR keystone.server.flask.application
File "/opt/stack/data/venv/lib/python3.10/site-packages/flask_restful/__init__.py", line 604, in dispatch_request
Nov 06 08:12:49 user devstack@keystone.service[46207]: ERROR keystone.server.flask.application resp = meth(*args, **kwargs)
Nov 06 08:12:49 user devstack@keystone.service[46207]: ERROR keystone.server.flask.application
File "/opt/stack/keystone/keystone/api/roles.py", line 50, in get
Nov 06 08:12:49 user devstack@keystone.service[46207]: ERROR keystone.server.flask.application return self._get_role(role_id)
Nov 06 08:12:49 user devstack@keystone.service[46207]: ERROR keystone.server.flask.application
File "/opt/stack/keystone/keystone/api/roles.py", line 70, in _get_role
Nov 06 08:12:49 user devstack@keystone.service[46207]: ERROR keystone.server.flask.application ENFORCER.enforce_call(action='identity:get_role')
Nov 06 08:12:49 user devstack@keystone.service[46207]: ERROR keystone.server.flask.application
File "/opt/stack/keystone/keystone/common/rbac_enforcer/enforcer.py", line 402, in enforce_call
Nov 06 08:12:49 user devstack@keystone.service[46207]: ERROR keystone.server.flask.application policy_dict.update(cls._extract_member_target_data(
Nov 06 08:12:49 user devstack@keystone.service[46207]: ERROR keystone.server.flask.application
File "/opt/stack/keystone/keystone/common/rbac_enforcer/enforcer.py", line 234, in _extract_member_target_data
Nov 06 08:12:49 user devstack@keystone.service[46207]: ERROR keystone.server.flask.application member_name: func(flask.request.view_args[key])
Nov 06 08:12:49 user devstack@keystone.service[46207]: ERROR keystone.server.flask.application
File "/opt/stack/keystone/keystone/common/manager.py", line 115, in wrapped
Nov 06 08:12:49 user devstack@keystone.service[46207]: ERROR keystone.server.flask.application __ret_val = __f(*args, **kwargs)
Nov 06 08:12:49 user devstack@keystone.service[46207]: ERROR keystone.server.flask.application
File "/opt/stack/data/venv/lib/python3.10/site-packages/decorator.py", line 232, in fun
Nov 06 08:12:49 user devstack@keystone.service[46207]: ERROR keystone.server.flask.application return caller(func, *(extras + args), **kw)
Nov 06 08:12:49 user devstack@keystone.service[46207]: ERROR keystone.server.flask.application
File "/opt/stack/data/venv/lib/python3.10/site-packages/dogpile/cache/region.py", line 1594, in get_or_create_for_user_func
Nov 06 08:12:49 user devstack@keystone.service[46207]: ERROR keystone.server.flask.application return self.get_or_create(
Nov 06 08:12:49 user devstack@keystone.service[46207]: ERROR keystone.server.flask.application
File "/opt/stack/data/venv/lib/python3.10/site-packages/dogpile/cache/region.py", line 1054, in get_or_create
Nov 06 08:12:49 user devstack@keystone.service[46207]: ERROR keystone.server.flask.application with Lock(
Nov 06 08:12:49 user devstack@keystone.service[46207]: ERROR keystone.server.flask.application
File "/opt/stack/data/venv/lib/python3.10/site-packages/dogpile/lock.py", line 185, in __enter__
Nov 06 08:12:49 user devstack@keystone.service[46207]: ERROR keystone.server.flask.application return self._enter()
Nov 06 08:12:49 user devstack@keystone.service[46207]: ERROR keystone.server.flask.application
File "/opt/stack/data/venv/lib/python3.10/site-packages/dogpile/lock.py", line 94, in _enter
Nov 06 08:12:49 user devstack@keystone.service[46207]: ERROR keystone.server.flask.application generated = self._enter_create(value, createdtime)
Nov 06 08:12:49 user devstack@keystone.service[46207]: ERROR keystone.server.flask.application
File "/opt/stack/data/venv/lib/python3.10/site-packages/dogpile/lock.py", line 178, in _enter_create
Nov 06 08:12:49 user devstack@keystone.service[46207]: ERROR keystone.server.flask.application return self.creator()
Nov 06 08:12:49 user devstack@keystone.service[46207]: ERROR keystone.server.flask.application
File "/opt/stack/data/venv/lib/python3.10/site-packages/dogpile/cache/region.py", line 1007, in gen_value
Nov 06 08:12:49 user devstack@keystone.service[46207]: ERROR keystone.server.flask.application created_value = creator(
Nov 06 08:12:49 user devstack@keystone.service[46207]: ERROR keystone.server.flask.application
File "/opt/stack/keystone/keystone/assignment/core.py", line 1276, in get_role
Nov 06 08:12:49 user devstack@keystone.service[46207]: ERROR keystone.server.flask.application return self.driver.get_role(role_id)
Nov 06 08:12:49 user devstack@keystone.service[46207]: ERROR keystone.server.flask.application
File "/opt/stack/keystone/keystone/assignment/role_backends/sql.py", line 70, in get_role
Nov 06 08:12:49 user devstack@keystone.service[46207]: ERROR keystone.server.flask.application return self._get_role(session, role_id).to_dict()
Nov 06 08:12:49 user devstack@keystone.service[46207]: ERROR keystone.server.flask.application
File "/opt/stack/keystone/keystone/assignment/role_backends/sql.py", line 65, in _get_role
Nov 06 08:12:49 user devstack@keystone.service[46207]: ERROR keystone.server.flask.application raise exception.RoleNotFound(role_id=role_id)
Nov 06 08:12:49 user devstack@keystone.service[46207]: ERROR keystone.server.flask.application keystone.exception.RoleNotFound: Could not find role: member.
Nov 06 08:12:49 user devstack@keystone.service[46207]: ERROR keystone.server.flask.application
Nov 06 08:12:49 user devstack@keystone.service[46207]: [pid: 46207|app: 0|req: 36/100] 10.0.0.210 () {56 vars in 1094 bytes} [Mon Nov 6 08:12:49 2023] GET /identity/v3/roles/member => generated 84 bytes in 144 msecs (HTTP/1.1 404) 5 headers in 183 bytes (1 switches on core 0)
Nov 06 08:12:49 user devstack@keystone.service[46207]: DEBUG keystone.server.flask.request_processing.middleware.auth_context [None req-9e675a07-97dc-4da0-ac57-887bc7d7130b None admin] Authenticating user token {{(pid=46207) process_request /opt/stack/data/venv/lib/python3.10/site-packages/keystonemiddleware/auth_token/__init__.py:406}}
Nov 06 08:12:49 user devstack@keystone.service[46205]: DEBUG keystone.common.rbac_enforcer.enforcer [None req-10bcaf7b-ec80-4b0a-852a-a9d7c4356281 None admin] RBAC: Authorizing `identity:validate_token()` {{(pid=46205) enforce_call /opt/stack/keystone/keystone/common/rbac_enforcer/enforcer.py:449}}
Nov 06 08:12:49 user devstack@keystone.service[46205]: DEBUG keystone.common.rbac_enforcer.enforcer [None req-10bcaf7b-ec80-4b0a-852a-a9d7c4356281 None admin] RBAC: Authorization granted {{(pid=46205) enforce_call /opt/stack/keystone/keystone/common/rbac_enforcer/enforcer.py:457}}
Nov 06 08:12:49 user devstack@keystone.service[46206]: DEBUG keystone.server.flask.request_processing.middleware.auth_context [None req-2d089367-3018-4bc6-b92f-bf178b5eabba None admin] RBAC: auth_context: {'token': , 'domain_id': None, 'trust_id': None, 'trustor_id': None, 'trustee_id': None, 'domain_name': None, 'group_ids': [], 'user_id': 'a1a1e1e3dcc04c7ca16928a3118907ff', 'user_domain_id': 'default', 'system_scope': 'all', 'project_id': None, 'project_domain_id': None, 'roles': ['admin', 'manager', 'member', 'reader'], 'is_admin_project': True, 'service_user_id': None, 'service_user_domain_id': None, 'service_project_id': None, 'service_project_domain_id': None, 'service_roles': []} {{(pid=46206) fill_context /opt/stack/keystone/keystone/server/flask/request_processing/middleware/auth_context.py:480}}
Nov 06 08:12:49 user devstack@keystone.service[46206]: DEBUG keystone.server.flask.request_processing.req_logging [None req-2d089367-3018-4bc6-b92f-bf178b5eabba None admin] REQUEST_METHOD: `GET` {{(pid=46206) log_request_info /opt/stack/keystone/keystone/server/flask/request_processing/req_logging.py:27}}
Nov 06 08:12:49 user devstack@keystone.service[46206]: DEBUG keystone.server.flask.request_processing.req_logging [None req-2d089367-3018-4bc6-b92f-bf178b5eabba None admin] SCRIPT_NAME: `/identity` {{(pid=46206) log_request_info /opt/stack/keystone/keystone/server/flask/request_processing/req_logging.py:28}}
Nov 06 08:12:49 user devstack@keystone.service[46206]: DEBUG keystone.server.flask.request_processing.req_logging [None req-2d089367-3018-4bc6-b92f-bf178b5eabba None admin] PATH_INFO: `/v3/role_assignments` {{(pid=46206) log_request_info /opt/stack/keystone/keystone/server/flask/request_processing/req_logging.py:29}}
Nov 06 08:12:49 user devstack@keystone.service[46206]: DEBUG keystone.common.rbac_enforcer.enforcer [None req-2d089367-3018-4bc6-b92f-bf178b5eabba None admin] RBAC: Adding query filter params (role.id=02a7ecd5757f4c28841f30788804b0c9, scope.project.id=836ef143d016449d887c3a9f1cf358fd, user.id=809d20ccb74c415b834262ecf04d21c4) {{(pid=46206) _extract_filter_values /opt/stack/keystone/keystone/common/rbac_enforcer/enforcer.py:167}}
Nov 06 08:12:49 user devstack@keystone.service[46206]: DEBUG keystone.common.rbac_enforcer.enforcer [None req-2d089367-3018-4bc6-b92f-bf178b5eabba None admin] RBAC: Authorizing `identity:list_role_assignments()` {{(pid=46206) enforce_call /opt/stack/keystone/keystone/common/rbac_enforcer/enforcer.py:449}}
Nov 06 08:12:49 user devstack@keystone.service[46206]: DEBUG keystone.common.rbac_enforcer.enforcer [None req-2d089367-3018-4bc6-b92f-bf178b5eabba None admin] RBAC: Authorization granted {{(pid=46206) enforce_call /opt/stack/keystone/keystone/common/rbac_enforcer/enforcer.py:457}}
Nov 06 08:12:49 user devstack@keystone.service[46206]: [pid: 46206|app: 0|req: 34/101] 10.0.0.210 () {56 vars in 1369 bytes} [Mon Nov 6 08:12:49 2023] GET /identity/v3/role_assignments?user.id=809d20ccb74c415b834262ecf04d21c4&scope.project.id=836ef143d016449d887c3a9f1cf358fd&role.id=02a7ecd5757f4c28841f30788804b0c9 => generated 606 bytes in 215 msecs (HTTP/1.1 200) 5 headers in 177 bytes (1 switches on core 0)
Nov 06 08:12:49 user devstack@keystone.service[46206]: DEBUG keystone.server.flask.request_processing.middleware.auth_context [None req-2d089367-3018-4bc6-b92f-bf178b5eabba None admin] Authenticating user token {{(pid=46206) process_request /opt/stack/data/venv/lib/python3.10/site-packages/keystonemiddleware/auth_token/__init__.py:406}}
Nov 06 08:12:49 user devstack@keystone.service[46207]: DEBUG keystone.server.flask.request_processing.middleware.auth_context [None req-9e675a07-97dc-4da0-ac57-887bc7d7130b None admin] Validating token access rules against request {{(pid=46207) validate_allowed_request /opt/stack/data/venv/lib/python3.10/site-packages/keystonemiddleware/auth_token/__init__.py:544}}
Nov 06 08:12:50 user devstack@keystone.service[46205]: [pid: 46205|app: 0|req: 32/102] 10.0.0.210 () {58 vars in 1277 bytes} [Mon Nov 6 08:12:49 2023] GET /identity/v3/auth/tokens => generated 861 bytes in 328 msecs (HTTP/1.1 200) 6 headers in 358 bytes (1 switches on core 0)
Nov 06 08:12:50 user devstack@keystone.service[46205]: DEBUG keystone.server.flask.request_processing.middleware.auth_context [None req-10bcaf7b-ec80-4b0a-852a-a9d7c4356281 None admin] Authenticating user token {{(pid=46205) process_request /opt/stack/data/venv/lib/python3.10/site-packages/keystonemiddleware/auth_token/__init__.py:406}}
Nov 06 08:12:50 user devstack@keystone.service[46207]: DEBUG keystone.server.flask.request_processing.middleware.auth_context [None req-652c7a93-3adc-4d25-aeb4-ce87cbc9c01c None admin] RBAC: auth_context: {'token': , 'domain_id': None, 'trust_id': None, 'trustor_id': None, 'trustee_id': None, 'domain_name': None, 'group_ids': [], 'user_id': 'a1a1e1e3dcc04c7ca16928a3118907ff', 'user_domain_id': 'default', 'system_scope': 'all', 'project_id': None, 'project_domain_id': None, 'roles': ['admin', 'manager', 'member', 'reader'], 'is_admin_project': True, 'service_user_id': None, 'service_user_domain_id': None, 'service_project_id': None, 'service_project_domain_id': None, 'service_roles': []} {{(pid=46207) fill_context /opt/stack/keystone/keystone/server/flask/request_processing/middleware/auth_context.py:480}}
Nov 06 08:12:50 user devstack@keystone.service[46207]: DEBUG keystone.server.flask.request_processing.req_logging [None req-652c7a93-3adc-4d25-aeb4-ce87cbc9c01c None admin] REQUEST_METHOD: `GET` {{(pid=46207) log_request_info /opt/stack/keystone/keystone/server/flask/request_processing/req_logging.py:27}}
Nov 06 08:12:50 user devstack@keystone.service[46207]: DEBUG keystone.server.flask.request_processing.req_logging [None req-652c7a93-3adc-4d25-aeb4-ce87cbc9c01c None admin] SCRIPT_NAME: `/identity` {{(pid=46207) log_request_info /opt/stack/keystone/keystone/server/flask/request_processing/req_logging.py:28}}
Nov 06 08:12:50 user devstack@keystone.service[46207]: DEBUG keystone.server.flask.request_processing.req_logging [None req-652c7a93-3adc-4d25-aeb4-ce87cbc9c01c None admin] PATH_INFO: `/v3/role_assignments` {{(pid=46207) log_request_info /opt/stack/keystone/keystone/server/flask/request_processing/req_logging.py:29}}
Nov 06 08:12:50 user devstack@keystone.service[46207]: DEBUG keystone.common.rbac_enforcer.enforcer [None req-652c7a93-3adc-4d25-aeb4-ce87cbc9c01c None admin] RBAC: Adding query filter params (role.id=46ddc7ca5e044ed395b899cbe6d70799, scope.project.id=836ef143d016449d887c3a9f1cf358fd, user.id=a1a1e1e3dcc04c7ca16928a3118907ff) {{(pid=46207) _extract_filter_values /opt/stack/keystone/keystone/common/rbac_enforcer/enforcer.py:167}}
Nov 06 08:12:50 user devstack@keystone.service[46207]: DEBUG keystone.common.rbac_enforcer.enforcer [None req-652c7a93-3adc-4d25-aeb4-ce87cbc9c01c None admin] RBAC: Authorizing `identity:list_role_assignments()` {{(pid=46207) enforce_call /opt/stack/keystone/keystone/common/rbac_enforcer/enforcer.py:449}}
Nov 06 08:12:50 user devstack@keystone.service[46207]: DEBUG keystone.common.rbac_enforcer.enforcer [None req-652c7a93-3adc-4d25-aeb4-ce87cbc9c01c None admin] RBAC: Authorization granted {{(pid=46207) enforce_call /opt/stack/keystone/keystone/common/rbac_enforcer/enforcer.py:457}}
Nov 06 08:12:50 user devstack@keystone.service[46207]: [pid: 46207|app: 0|req: 37/103] 10.0.0.210 () {56 vars in 1369 bytes} [Mon Nov 6 08:12:49 2023] GET /identity/v3/role_assignments?user.id=a1a1e1e3dcc04c7ca16928a3118907ff&scope.project.id=836ef143d016449d887c3a9f1cf358fd&role.id=46ddc7ca5e044ed395b899cbe6d70799 => generated 606 bytes in 166 msecs (HTTP/1.1 200) 5 headers in 177 bytes (1 switches on core 0)
Nov 06 08:12:50 user devstack@keystone.service[46207]: DEBUG keystone.server.flask.request_processing.middleware.auth_context [None req-652c7a93-3adc-4d25-aeb4-ce87cbc9c01c None admin] Authenticating user token {{(pid=46207) process_request /opt/stack/data/venv/lib/python3.10/site-packages/keystonemiddleware/auth_token/__init__.py:406}}
Nov 06 08:12:50 user devstack@keystone.service[46206]: DEBUG keystone.server.flask.request_processing.middleware.auth_context [None req-2d089367-3018-4bc6-b92f-bf178b5eabba None admin] Validating token access rules against request {{(pid=46206) validate_allowed_request /opt/stack/data/venv/lib/python3.10/site-packages/keystonemiddleware/auth_token/__init__.py:544}}
Nov 06 08:12:50 user devstack@keystone.service[46206]: DEBUG keystone.server.flask.request_processing.middleware.auth_context [None req-b2c8e9bd-3abc-4413-a25a-884df153062b None admin] RBAC: auth_context: {'token': , 'domain_id': None, 'trust_id': None, 'trustor_id': None, 'trustee_id': None, 'domain_name': None, 'group_ids': [], 'user_id': 'a1a1e1e3dcc04c7ca16928a3118907ff', 'user_domain_id': 'default', 'system_scope': 'all', 'project_id': None, 'project_domain_id': None, 'roles': ['admin', 'manager', 'member', 'reader'], 'is_admin_project': True, 'service_user_id': None, 'service_user_domain_id': None, 'service_project_id': None, 'service_project_domain_id': None, 'service_roles': []} {{(pid=46206) fill_context /opt/stack/keystone/keystone/server/flask/request_processing/middleware/auth_context.py:480}}
Nov 06 08:12:50 user devstack@keystone.service[46206]: DEBUG keystone.server.flask.request_processing.req_logging [None req-b2c8e9bd-3abc-4413-a25a-884df153062b None admin] REQUEST_METHOD: `PUT` {{(pid=46206) log_request_info /opt/stack/keystone/keystone/server/flask/request_processing/req_logging.py:27}}
Nov 06 08:12:50 user devstack@keystone.service[46206]: DEBUG keystone.server.flask.request_processing.req_logging [None req-b2c8e9bd-3abc-4413-a25a-884df153062b None admin] SCRIPT_NAME: `/identity` {{(pid=46206) log_request_info /opt/stack/keystone/keystone/server/flask/request_processing/req_logging.py:28}}
Nov 06 08:12:50 user devstack@keystone.service[46206]: DEBUG keystone.server.flask.request_processing.req_logging [None req-b2c8e9bd-3abc-4413-a25a-884df153062b None admin] PATH_INFO: `/v3/projects/836ef143d016449d887c3a9f1cf358fd/users/ca9924413bfd4ea49575d011760bf713/roles/666097c3c5de47baa2c15e28dd9e0739` {{(pid=46206) log_request_info /opt/stack/keystone/keystone/server/flask/request_processing/req_logging.py:29}}
