Nov 07 03:46:49 user devstack@keystone.service[45783]: ERROR keystone.server.flask.application keystone.exception.RoleNotFound: Could not find role: reader.
Nov 07 03:46:49 user devstack@keystone.service[45783]: ERROR keystone.server.flask.application
Nov 07 03:46:49 user devstack@keystone.service[45783]: [pid: 45783|app: 0|req: 32/91] 10.0.0.210 () {56 vars in 1094 bytes} [Tue Nov 7 03:46:49 2023] GET /identity/v3/roles/reader => generated 84 bytes in 196 msecs (HTTP/1.1 404) 5 headers in 183 bytes (1 switches on core 0)
Nov 07 03:46:49 user devstack@keystone.service[45783]: DEBUG keystone.server.flask.request_processing.middleware.auth_context [None req-48a74dc2-2230-4dd0-848b-8e130ceeab62 None admin] Authenticating user token {{(pid=45783) process_request /opt/stack/data/venv/lib/python3.10/site-packages/keystonemiddleware/auth_token/__init__.py:406}}
Nov 07 03:46:49 user devstack@keystone.service[45782]: DEBUG keystone.server.flask.request_processing.middleware.auth_context [None req-8ffeb7d3-80b5-44f4-8d14-7b3f6a9149b6 None admin] RBAC: auth_context: {'token': , 'domain_id': None, 'trust_id': None, 'trustor_id': None, 'trustee_id': None, 'domain_name': None, 'group_ids': [], 'user_id': '1fdf3c7685c34cba929aa0a50b3ac913', 'user_domain_id': 'default', 'system_scope': 'all', 'project_id': None, 'project_domain_id': None, 'roles': ['admin', 'manager', 'member', 'reader'], 'is_admin_project': True, 'service_user_id': None, 'service_user_domain_id': None, 'service_project_id': None, 'service_project_domain_id': None, 'service_roles': []} {{(pid=45782) fill_context /opt/stack/keystone/keystone/server/flask/request_processing/middleware/auth_context.py:480}}
Nov 07 03:46:49 user devstack@keystone.service[45782]: DEBUG keystone.server.flask.request_processing.req_logging [None req-8ffeb7d3-80b5-44f4-8d14-7b3f6a9149b6 None admin] REQUEST_METHOD: `GET` {{(pid=45782) log_request_info /opt/stack/keystone/keystone/server/flask/request_processing/req_logging.py:27}}
Nov 07 03:46:49 user devstack@keystone.service[45782]: DEBUG keystone.server.flask.request_processing.req_logging [None req-8ffeb7d3-80b5-44f4-8d14-7b3f6a9149b6 None admin] SCRIPT_NAME: `/identity` {{(pid=45782) log_request_info /opt/stack/keystone/keystone/server/flask/request_processing/req_logging.py:28}}
Nov 07 03:46:49 user devstack@keystone.service[45782]: DEBUG keystone.server.flask.request_processing.req_logging [None req-8ffeb7d3-80b5-44f4-8d14-7b3f6a9149b6 None admin] PATH_INFO: `/v3/users/cc5b7b716e6d432ca0e43a821b519496` {{(pid=45782) log_request_info /opt/stack/keystone/keystone/server/flask/request_processing/req_logging.py:29}}
Nov 07 03:46:49 user devstack@keystone.service[45782]: DEBUG keystone.common.rbac_enforcer.enforcer [None req-8ffeb7d3-80b5-44f4-8d14-7b3f6a9149b6 None admin] RBAC: Authorizing `identity:get_user(user_id=cc5b7b716e6d432ca0e43a821b519496)` {{(pid=45782) enforce_call /opt/stack/keystone/keystone/common/rbac_enforcer/enforcer.py:449}}
Nov 07 03:46:49 user devstack@keystone.service[45782]: DEBUG keystone.common.rbac_enforcer.enforcer [None req-8ffeb7d3-80b5-44f4-8d14-7b3f6a9149b6 None admin] RBAC: Authorization granted {{(pid=45782) enforce_call /opt/stack/keystone/keystone/common/rbac_enforcer/enforcer.py:457}}
Nov 07 03:46:49 user devstack@keystone.service[45781]: DEBUG keystone.server.flask.request_processing.middleware.auth_context [None req-e0e820a0-f833-4a0f-b3fb-caade2a2ceab None None] Validating token access rules against request {{(pid=45781) validate_allowed_request /opt/stack/data/venv/lib/python3.10/site-packages/keystonemiddleware/auth_token/__init__.py:544}}
Nov 07 03:46:49 user devstack@keystone.service[45782]: [pid: 45782|app: 0|req: 32/92] 10.0.0.210 () {56 vars in 1172 bytes} [Tue Nov 7 03:46:49 2023] GET /identity/v3/users/cc5b7b716e6d432ca0e43a821b519496 => generated 274 bytes in 134 msecs (HTTP/1.1 200) 5 headers in 177 bytes (1 switches on core 0)
Nov 07 03:46:49 user devstack@keystone.service[45782]: DEBUG keystone.server.flask.request_processing.middleware.auth_context [None req-8ffeb7d3-80b5-44f4-8d14-7b3f6a9149b6 None admin] Authenticating user token {{(pid=45782) process_request /opt/stack/data/venv/lib/python3.10/site-packages/keystonemiddleware/auth_token/__init__.py:406}}
Nov 07 03:46:49 user devstack@keystone.service[45781]: DEBUG keystone.server.flask.request_processing.middleware.auth_context [None req-d6173996-6167-4f5d-b95d-3efb534fc177 None admin] RBAC: auth_context: {'token': , 'domain_id': None, 'trust_id': None, 'trustor_id': None, 'trustee_id': None, 'domain_name': None, 'group_ids': [], 'user_id': '1fdf3c7685c34cba929aa0a50b3ac913', 'user_domain_id': 'default', 'system_scope': 'all', 'project_id': None, 'project_domain_id': None, 'roles': ['admin', 'manager', 'member', 'reader'], 'is_admin_project': True, 'service_user_id': None, 'service_user_domain_id': None, 'service_project_id': None, 'service_project_domain_id': None, 'service_roles': []} {{(pid=45781) fill_context /opt/stack/keystone/keystone/server/flask/request_processing/middleware/auth_context.py:480}}
Nov 07 03:46:49 user devstack@keystone.service[45781]: DEBUG keystone.server.flask.request_processing.req_logging [None req-d6173996-6167-4f5d-b95d-3efb534fc177 None admin] REQUEST_METHOD: `GET` {{(pid=45781) log_request_info /opt/stack/keystone/keystone/server/flask/request_processing/req_logging.py:27}}
Nov 07 03:46:49 user devstack@keystone.service[45781]: DEBUG keystone.server.flask.request_processing.req_logging [None req-d6173996-6167-4f5d-b95d-3efb534fc177 None admin] SCRIPT_NAME: `/identity` {{(pid=45781) log_request_info /opt/stack/keystone/keystone/server/flask/request_processing/req_logging.py:28}}
Nov 07 03:46:49 user devstack@keystone.service[45781]: DEBUG keystone.server.flask.request_processing.req_logging [None req-d6173996-6167-4f5d-b95d-3efb534fc177 None admin] PATH_INFO: `/v3/auth/tokens` {{(pid=45781) log_request_info /opt/stack/keystone/keystone/server/flask/request_processing/req_logging.py:29}}
Nov 07 03:46:50 user devstack@keystone.service[45782]: DEBUG keystone.server.flask.request_processing.middleware.auth_context [None req-8ffeb7d3-80b5-44f4-8d14-7b3f6a9149b6 None admin] Validating token access rules against request {{(pid=45782) validate_allowed_request /opt/stack/data/venv/lib/python3.10/site-packages/keystonemiddleware/auth_token/__init__.py:544}}
Nov 07 03:46:50 user devstack@keystone.service[45783]: DEBUG keystone.server.flask.request_processing.middleware.auth_context [None req-48a74dc2-2230-4dd0-848b-8e130ceeab62 None admin] Validating token access rules against request {{(pid=45783) validate_allowed_request /opt/stack/data/venv/lib/python3.10/site-packages/keystonemiddleware/auth_token/__init__.py:544}}
Nov 07 03:46:50 user devstack@keystone.service[45781]: DEBUG keystone.common.rbac_enforcer.enforcer [None req-d6173996-6167-4f5d-b95d-3efb534fc177 None admin] RBAC: Authorizing `identity:validate_token()` {{(pid=45781) enforce_call /opt/stack/keystone/keystone/common/rbac_enforcer/enforcer.py:449}}
Nov 07 03:46:50 user devstack@keystone.service[45781]: DEBUG keystone.common.rbac_enforcer.enforcer [None req-d6173996-6167-4f5d-b95d-3efb534fc177 None admin] RBAC: Authorization granted {{(pid=45781) enforce_call /opt/stack/keystone/keystone/common/rbac_enforcer/enforcer.py:457}}
Nov 07 03:46:50 user devstack@keystone.service[45782]: DEBUG keystone.server.flask.request_processing.middleware.auth_context [None req-fcfdfbff-600f-424b-9e3c-f5cb43050bdc None admin] RBAC: auth_context: {'token': , 'domain_id': None, 'trust_id': None, 'trustor_id': None, 'trustee_id': None, 'domain_name': None, 'group_ids': [], 'user_id': '1fdf3c7685c34cba929aa0a50b3ac913', 'user_domain_id': 'default', 'system_scope': 'all', 'project_id': None, 'project_domain_id': None, 'roles': ['admin', 'manager', 'member', 'reader'], 'is_admin_project': True, 'service_user_id': None, 'service_user_domain_id': None, 'service_project_id': None, 'service_project_domain_id': None, 'service_roles': []} {{(pid=45782) fill_context /opt/stack/keystone/keystone/server/flask/request_processing/middleware/auth_context.py:480}}
Nov 07 03:46:50 user devstack@keystone.service[45782]: DEBUG keystone.server.flask.request_processing.req_logging [None req-fcfdfbff-600f-424b-9e3c-f5cb43050bdc None admin] REQUEST_METHOD: `POST` {{(pid=45782) log_request_info /opt/stack/keystone/keystone/server/flask/request_processing/req_logging.py:27}}
Nov 07 03:46:50 user devstack@keystone.service[45782]: DEBUG keystone.server.flask.request_processing.req_logging [None req-fcfdfbff-600f-424b-9e3c-f5cb43050bdc None admin] SCRIPT_NAME: `/identity` {{(pid=45782) log_request_info /opt/stack/keystone/keystone/server/flask/request_processing/req_logging.py:28}}
Nov 07 03:46:50 user devstack@keystone.service[45782]: DEBUG keystone.server.flask.request_processing.req_logging [None req-fcfdfbff-600f-424b-9e3c-f5cb43050bdc None admin] PATH_INFO: `/v3/projects` {{(pid=45782) log_request_info /opt/stack/keystone/keystone/server/flask/request_processing/req_logging.py:29}}
Nov 07 03:46:50 user devstack@keystone.service[45782]: DEBUG keystone.common.rbac_enforcer.enforcer [None req-fcfdfbff-600f-424b-9e3c-f5cb43050bdc None admin] RBAC: Authorizing `identity:create_project()` {{(pid=45782) enforce_call /opt/stack/keystone/keystone/common/rbac_enforcer/enforcer.py:449}}
Nov 07 03:46:50 user devstack@keystone.service[45782]: DEBUG keystone.common.rbac_enforcer.enforcer [None req-fcfdfbff-600f-424b-9e3c-f5cb43050bdc None admin] RBAC: Authorization granted {{(pid=45782) enforce_call /opt/stack/keystone/keystone/common/rbac_enforcer/enforcer.py:457}}
Nov 07 03:46:50 user devstack@keystone.service[45783]: DEBUG keystone.server.flask.request_processing.middleware.auth_context [None req-dfd26b03-e718-4f71-a8c9-34fd0ff1b5e6 None admin] RBAC: auth_context: {'token': , 'domain_id': None, 'trust_id': None, 'trustor_id': None, 'trustee_id': None, 'domain_name': None, 'group_ids': [], 'user_id': '1fdf3c7685c34cba929aa0a50b3ac913', 'user_domain_id': 'default', 'system_scope': 'all', 'project_id': None, 'project_domain_id': None, 'roles': ['admin', 'manager', 'member', 'reader'], 'is_admin_project': True, 'service_user_id': None, 'service_user_domain_id': None, 'service_project_id': None, 'service_project_domain_id': None, 'service_roles': []} {{(pid=45783) fill_context /opt/stack/keystone/keystone/server/flask/request_processing/middleware/auth_context.py:480}}
Nov 07 03:46:50 user devstack@keystone.service[45783]: DEBUG keystone.server.flask.request_processing.req_logging [None req-dfd26b03-e718-4f71-a8c9-34fd0ff1b5e6 None admin] REQUEST_METHOD: `GET` {{(pid=45783) log_request_info /opt/stack/keystone/keystone/server/flask/request_processing/req_logging.py:27}}
Nov 07 03:46:50 user devstack@keystone.service[45783]: DEBUG keystone.server.flask.request_processing.req_logging [None req-dfd26b03-e718-4f71-a8c9-34fd0ff1b5e6 None admin] SCRIPT_NAME: `/identity` {{(pid=45783) log_request_info /opt/stack/keystone/keystone/server/flask/request_processing/req_logging.py:28}}
Nov 07 03:46:50 user devstack@keystone.service[45783]: DEBUG keystone.server.flask.request_processing.req_logging [None req-dfd26b03-e718-4f71-a8c9-34fd0ff1b5e6 None admin] PATH_INFO: `/v3/projects/7ffda3d833224ea4b7c52d009614013f` {{(pid=45783) log_request_info /opt/stack/keystone/keystone/server/flask/request_processing/req_logging.py:29}}
Nov 07 03:46:50 user devstack@keystone.service[45783]: DEBUG keystone.common.rbac_enforcer.enforcer [None req-dfd26b03-e718-4f71-a8c9-34fd0ff1b5e6 None admin] RBAC: Authorizing `identity:get_project(project_id=7ffda3d833224ea4b7c52d009614013f)` {{(pid=45783) enforce_call /opt/stack/keystone/keystone/common/rbac_enforcer/enforcer.py:449}}
Nov 07 03:46:50 user devstack@keystone.service[45783]: DEBUG keystone.common.rbac_enforcer.enforcer [None req-dfd26b03-e718-4f71-a8c9-34fd0ff1b5e6 None admin] RBAC: Authorization granted {{(pid=45783) enforce_call /opt/stack/keystone/keystone/common/rbac_enforcer/enforcer.py:457}}
Nov 07 03:46:50 user devstack@keystone.service[45783]: [pid: 45783|app: 0|req: 33/93] 10.0.0.210 () {56 vars in 1181 bytes} [Tue Nov 7 03:46:49 2023] GET /identity/v3/projects/7ffda3d833224ea4b7c52d009614013f => generated 297 bytes in 163 msecs (HTTP/1.1 200) 5 headers in 177 bytes (1 switches on core 0)
Nov 07 03:46:50 user devstack@keystone.service[45783]: DEBUG keystone.server.flask.request_processing.middleware.auth_context [None req-dfd26b03-e718-4f71-a8c9-34fd0ff1b5e6 None admin] Authenticating user token {{(pid=45783) process_request /opt/stack/data/venv/lib/python3.10/site-packages/keystonemiddleware/auth_token/__init__.py:406}}
Nov 07 03:46:50 user devstack@keystone.service[45782]: [pid: 45782|app: 0|req: 33/94] 10.0.0.210 () {60 vars in 1136 bytes} [Tue Nov 7 03:46:49 2023] POST /identity/v3/projects => generated 301 bytes in 176 msecs (HTTP/1.1 201) 5 headers in 182 bytes (1 switches on core 0)
Nov 07 03:46:50 user devstack@keystone.service[45782]: DEBUG keystone.server.flask.request_processing.middleware.auth_context [None req-fcfdfbff-600f-424b-9e3c-f5cb43050bdc None admin] Authenticating user token {{(pid=45782) process_request /opt/stack/data/venv/lib/python3.10/site-packages/keystonemiddleware/auth_token/__init__.py:406}}
Nov 07 03:46:50 user devstack@keystone.service[45781]: [pid: 45781|app: 0|req: 29/95] 10.0.0.210 () {58 vars in 1277 bytes} [Tue Nov 7 03:46:49 2023] GET /identity/v3/auth/tokens => generated 861 bytes in 350 msecs (HTTP/1.1 200) 6 headers in 358 bytes (1 switches on core 0)
Nov 07 03:46:50 user devstack@keystone.service[45781]: DEBUG keystone.server.flask.request_processing.middleware.auth_context [None req-d6173996-6167-4f5d-b95d-3efb534fc177 None admin] Authenticating user token {{(pid=45781) process_request /opt/stack/data/venv/lib/python3.10/site-packages/keystonemiddleware/auth_token/__init__.py:406}}
Nov 07 03:46:50 user devstack@keystone.service[45783]: DEBUG keystone.server.flask.request_processing.middleware.auth_context [None req-dfd26b03-e718-4f71-a8c9-34fd0ff1b5e6 None admin] Validating token access rules against request {{(pid=45783) validate_allowed_request /opt/stack/data/venv/lib/python3.10/site-packages/keystonemiddleware/auth_token/__init__.py:544}}
Nov 07 03:46:50 user devstack@keystone.service[45782]: DEBUG keystone.server.flask.request_processing.middleware.auth_context [None req-fcfdfbff-600f-424b-9e3c-f5cb43050bdc None admin] Validating token access rules against request {{(pid=45782) validate_allowed_request /opt/stack/data/venv/lib/python3.10/site-packages/keystonemiddleware/auth_token/__init__.py:544}}
Nov 07 03:46:50 user devstack@keystone.service[45783]: DEBUG keystone.server.flask.request_processing.middleware.auth_context [None req-9e635965-cffa-47a0-a2a9-a31bc927ceb2 None admin] RBAC: auth_context: {'token': , 'domain_id': None, 'trust_id': None, 'trustor_id': None, 'trustee_id': None, 'domain_name': None, 'group_ids': [], 'user_id': '1fdf3c7685c34cba929aa0a50b3ac913', 'user_domain_id': 'default', 'system_scope': 'all', 'project_id': None, 'project_domain_id': None, 'roles': ['admin', 'manager', 'member', 'reader'], 'is_admin_project': True, 'service_user_id': None, 'service_user_domain_id': None, 'service_project_id': None, 'service_project_domain_id': None, 'service_roles': []} {{(pid=45783) fill_context /opt/stack/keystone/keystone/server/flask/request_processing/middleware/auth_context.py:480}}
Nov 07 03:46:50 user devstack@keystone.service[45783]: DEBUG keystone.server.flask.request_processing.req_logging [None req-9e635965-cffa-47a0-a2a9-a31bc927ceb2 None admin] REQUEST_METHOD: `GET` {{(pid=45783) log_request_info /opt/stack/keystone/keystone/server/flask/request_processing/req_logging.py:27}}
Nov 07 03:46:50 user devstack@keystone.service[45783]: DEBUG keystone.server.flask.request_processing.req_logging [None req-9e635965-cffa-47a0-a2a9-a31bc927ceb2 None admin] SCRIPT_NAME: `/identity` {{(pid=45783) log_request_info /opt/stack/keystone/keystone/server/flask/request_processing/req_logging.py:28}}
Nov 07 03:46:50 user devstack@keystone.service[45783]: DEBUG keystone.server.flask.request_processing.req_logging [None req-9e635965-cffa-47a0-a2a9-a31bc927ceb2 None admin] PATH_INFO: `/v3/roles/member` {{(pid=45783) log_request_info /opt/stack/keystone/keystone/server/flask/request_processing/req_logging.py:29}}
Nov 07 03:46:50 user devstack@keystone.service[45783]: DEBUG keystone.common.rbac_enforcer.enforcer [None req-9e635965-cffa-47a0-a2a9-a31bc927ceb2 None admin] Extracting inferred target data resulted in "NOT FOUND (404)". {{(pid=45783) enforce_call /opt/stack/keystone/keystone/common/rbac_enforcer/enforcer.py:409}}
Nov 07 03:46:50 user devstack@keystone.service[45783]: ERROR keystone.server.flask.application [None req-9e635965-cffa-47a0-a2a9-a31bc927ceb2 None admin] Could not find role: member.: keystone.exception.RoleNotFound: Could not find role: member.
Nov 07 03:46:50 user devstack@keystone.service[45783]: ERROR keystone.server.flask.application
Traceback (most recent call last):
Nov 07 03:46:50 user devstack@keystone.service[45783]: ERROR keystone.server.flask.application
File "/opt/stack/data/venv/lib/python3.10/site-packages/flask/app.py", line 1823, in full_dispatch_request
Nov 07 03:46:50 user devstack@keystone.service[45783]: ERROR keystone.server.flask.application rv = self.dispatch_request()
Nov 07 03:46:50 user devstack@keystone.service[45783]: ERROR keystone.server.flask.application
File "/opt/stack/data/venv/lib/python3.10/site-packages/flask/app.py", line 1799, in dispatch_request
Nov 07 03:46:50 user devstack@keystone.service[45783]: ERROR keystone.server.flask.application return self.ensure_sync(self.view_functions[rule.endpoint])(**view_args)
Nov 07 03:46:50 user devstack@keystone.service[45783]: ERROR keystone.server.flask.application
File "/opt/stack/data/venv/lib/python3.10/site-packages/flask_restful/__init__.py", line 489, in wrapper
Nov 07 03:46:50 user devstack@keystone.service[45783]: ERROR keystone.server.flask.application resp = resource(*args, **kwargs)
Nov 07 03:46:50 user devstack@keystone.service[45783]: ERROR keystone.server.flask.application
File "/opt/stack/data/venv/lib/python3.10/site-packages/flask/views.py", line 107, in view
Nov 07 03:46:50 user devstack@keystone.service[45783]: ERROR keystone.server.flask.application return current_app.ensure_sync(self.dispatch_request)(**kwargs)
Nov 07 03:46:50 user devstack@keystone.service[45783]: ERROR keystone.server.flask.application
File "/opt/stack/data/venv/lib/python3.10/site-packages/flask_restful/__init__.py", line 604, in dispatch_request
Nov 07 03:46:50 user devstack@keystone.service[45783]: ERROR keystone.server.flask.application resp = meth(*args, **kwargs)
Nov 07 03:46:50 user devstack@keystone.service[45783]: ERROR keystone.server.flask.application
File "/opt/stack/keystone/keystone/api/roles.py", line 50, in get
Nov 07 03:46:50 user devstack@keystone.service[45783]: ERROR keystone.server.flask.application return self._get_role(role_id)
Nov 07 03:46:50 user devstack@keystone.service[45783]: ERROR keystone.server.flask.application
File "/opt/stack/keystone/keystone/api/roles.py", line 70, in _get_role
Nov 07 03:46:50 user devstack@keystone.service[45783]: ERROR keystone.server.flask.application ENFORCER.enforce_call(action='identity:get_role')
Nov 07 03:46:50 user devstack@keystone.service[45783]: ERROR keystone.server.flask.application
File "/opt/stack/keystone/keystone/common/rbac_enforcer/enforcer.py", line 402, in enforce_call
Nov 07 03:46:50 user devstack@keystone.service[45783]: ERROR keystone.server.flask.application policy_dict.update(cls._extract_member_target_data(
Nov 07 03:46:50 user devstack@keystone.service[45783]: ERROR keystone.server.flask.application
File "/opt/stack/keystone/keystone/common/rbac_enforcer/enforcer.py", line 234, in _extract_member_target_data
Nov 07 03:46:50 user devstack@keystone.service[45783]: ERROR keystone.server.flask.application member_name: func(flask.request.view_args[key])
Nov 07 03:46:50 user devstack@keystone.service[45783]: ERROR keystone.server.flask.application
File "/opt/stack/keystone/keystone/common/manager.py", line 115, in wrapped
Nov 07 03:46:50 user devstack@keystone.service[45783]: ERROR keystone.server.flask.application __ret_val = __f(*args, **kwargs)
Nov 07 03:46:50 user devstack@keystone.service[45783]: ERROR keystone.server.flask.application
File "/opt/stack/data/venv/lib/python3.10/site-packages/decorator.py", line 232, in fun
Nov 07 03:46:50 user devstack@keystone.service[45783]: ERROR keystone.server.flask.application return caller(func, *(extras + args), **kw)
Nov 07 03:46:50 user devstack@keystone.service[45783]: ERROR keystone.server.flask.application
File "/opt/stack/data/venv/lib/python3.10/site-packages/dogpile/cache/region.py", line 1594, in get_or_create_for_user_func
Nov 07 03:46:50 user devstack@keystone.service[45783]: ERROR keystone.server.flask.application return self.get_or_create(
Nov 07 03:46:50 user devstack@keystone.service[45783]: ERROR keystone.server.flask.application
File "/opt/stack/data/venv/lib/python3.10/site-packages/dogpile/cache/region.py", line 1054, in get_or_create
Nov 07 03:46:50 user devstack@keystone.service[45783]: ERROR keystone.server.flask.application with Lock(
Nov 07 03:46:50 user devstack@keystone.service[45783]: ERROR keystone.server.flask.application
File "/opt/stack/data/venv/lib/python3.10/site-packages/dogpile/lock.py", line 185, in __enter__
Nov 07 03:46:50 user devstack@keystone.service[45783]: ERROR keystone.server.flask.application return self._enter()
Nov 07 03:46:50 user devstack@keystone.service[45783]: ERROR keystone.server.flask.application
File "/opt/stack/data/venv/lib/python3.10/site-packages/dogpile/lock.py", line 94, in _enter
Nov 07 03:46:50 user devstack@keystone.service[45783]: ERROR keystone.server.flask.application generated = self._enter_create(value, createdtime)
Nov 07 03:46:50 user devstack@keystone.service[45783]: ERROR keystone.server.flask.application
File "/opt/stack/data/venv/lib/python3.10/site-packages/dogpile/lock.py", line 178, in _enter_create
Nov 07 03:46:50 user devstack@keystone.service[45783]: ERROR keystone.server.flask.application return self.creator()
Nov 07 03:46:50 user devstack@keystone.service[45783]: ERROR keystone.server.flask.application
File "/opt/stack/data/venv/lib/python3.10/site-packages/dogpile/cache/region.py", line 1007, in gen_value
Nov 07 03:46:50 user devstack@keystone.service[45783]: ERROR keystone.server.flask.application created_value = creator(
Nov 07 03:46:50 user devstack@keystone.service[45783]: ERROR keystone.server.flask.application
File "/opt/stack/keystone/keystone/assignment/core.py", line 1276, in get_role
Nov 07 03:46:50 user devstack@keystone.service[45783]: ERROR keystone.server.flask.application return self.driver.get_role(role_id)
Nov 07 03:46:50 user devstack@keystone.service[45783]: ERROR keystone.server.flask.application
File "/opt/stack/keystone/keystone/assignment/role_backends/sql.py", line 70, in get_role
Nov 07 03:46:50 user devstack@keystone.service[45783]: ERROR keystone.server.flask.application return self._get_role(session, role_id).to_dict()
Nov 07 03:46:50 user devstack@keystone.service[45783]: ERROR keystone.server.flask.application
File "/opt/stack/keystone/keystone/assignment/role_backends/sql.py", line 65, in _get_role
Nov 07 03:46:50 user devstack@keystone.service[45783]: ERROR keystone.server.flask.application raise exception.RoleNotFound(role_id=role_id)
Nov 07 03:46:50 user devstack@keystone.service[45783]: ERROR keystone.server.flask.application keystone.exception.RoleNotFound: Could not find role: member.
Nov 07 03:46:50 user devstack@keystone.service[45783]: ERROR keystone.server.flask.application
Nov 07 03:46:50 user devstack@keystone.service[45783]: [pid: 45783|app: 0|req: 34/96] 10.0.0.210 () {56 vars in 1094 bytes} [Tue Nov 7 03:46:50 2023] GET /identity/v3/roles/member => generated 84 bytes in 174 msecs (HTTP/1.1 404) 5 headers in 183 bytes (1 switches on core 0)
Nov 07 03:46:50 user devstack@keystone.service[45783]: DEBUG keystone.server.flask.request_processing.middleware.auth_context [None req-9e635965-cffa-47a0-a2a9-a31bc927ceb2 None admin] Authenticating user token {{(pid=45783) process_request /opt/stack/data/venv/lib/python3.10/site-packages/keystonemiddleware/auth_token/__init__.py:406}}
Nov 07 03:46:50 user devstack@keystone.service[45782]: DEBUG keystone.server.flask.request_processing.middleware.auth_context [None req-ea50b650-5ca6-457f-bb88-87da79747fe5 None admin] RBAC: auth_context: {'token': , 'domain_id': None, 'trust_id': None, 'trustor_id': None, 'trustee_id': None, 'domain_name': None, 'group_ids': [], 'user_id': '1fdf3c7685c34cba929aa0a50b3ac913', 'user_domain_id': 'default', 'system_scope': 'all', 'project_id': None, 'project_domain_id': None, 'roles': ['admin', 'manager', 'member', 'reader'], 'is_admin_project': True, 'service_user_id': None, 'service_user_domain_id': None, 'service_project_id': None, 'service_project_domain_id': None, 'service_roles': []} {{(pid=45782) fill_context /opt/stack/keystone/keystone/server/flask/request_processing/middleware/auth_context.py:480}}
Nov 07 03:46:50 user devstack@keystone.service[45782]: DEBUG keystone.server.flask.request_processing.req_logging [None req-ea50b650-5ca6-457f-bb88-87da79747fe5 None admin] REQUEST_METHOD: `GET` {{(pid=45782) log_request_info /opt/stack/keystone/keystone/server/flask/request_processing/req_logging.py:27}}
Nov 07 03:46:50 user devstack@keystone.service[45782]: DEBUG keystone.server.flask.request_processing.req_logging [None req-ea50b650-5ca6-457f-bb88-87da79747fe5 None admin] SCRIPT_NAME: `/identity` {{(pid=45782) log_request_info /opt/stack/keystone/keystone/server/flask/request_processing/req_logging.py:28}}
Nov 07 03:46:50 user devstack@keystone.service[45782]: DEBUG keystone.server.flask.request_processing.req_logging [None req-ea50b650-5ca6-457f-bb88-87da79747fe5 None admin] PATH_INFO: `/v3/roles` {{(pid=45782) log_request_info /opt/stack/keystone/keystone/server/flask/request_processing/req_logging.py:29}}
Nov 07 03:46:50 user devstack@keystone.service[45782]: DEBUG keystone.common.rbac_enforcer.enforcer [None req-ea50b650-5ca6-457f-bb88-87da79747fe5 None admin] RBAC: Adding query filter params (name=reader) {{(pid=45782) _extract_filter_values /opt/stack/keystone/keystone/common/rbac_enforcer/enforcer.py:167}}
Nov 07 03:46:50 user devstack@keystone.service[45782]: DEBUG keystone.common.rbac_enforcer.enforcer [None req-ea50b650-5ca6-457f-bb88-87da79747fe5 None admin] RBAC: Authorizing `identity:list_roles()` {{(pid=45782) enforce_call /opt/stack/keystone/keystone/common/rbac_enforcer/enforcer.py:449}}
Nov 07 03:46:50 user devstack@keystone.service[45782]: DEBUG keystone.common.rbac_enforcer.enforcer [None req-ea50b650-5ca6-457f-bb88-87da79747fe5 None admin] RBAC: Authorization granted {{(pid=45782) enforce_call /opt/stack/keystone/keystone/common/rbac_enforcer/enforcer.py:457}}
Nov 07 03:46:50 user devstack@keystone.service[45782]: [pid: 45782|app: 0|req: 34/97] 10.0.0.210 () {56 vars in 1096 bytes} [Tue Nov 7 03:46:50 2023] GET /identity/v3/roles?name=reader => generated 339 bytes in 168 msecs (HTTP/1.1 200) 5 headers in 177 bytes (1 switches on core 0)
Nov 07 03:46:50 user devstack@keystone.service[45782]: DEBUG keystone.server.flask.request_processing.middleware.auth_context [None req-ea50b650-5ca6-457f-bb88-87da79747fe5 None admin] Authenticating user token {{(pid=45782) process_request /opt/stack/data/venv/lib/python3.10/site-packages/keystonemiddleware/auth_token/__init__.py:406}}
Nov 07 03:46:50 user devstack@keystone.service[45781]: DEBUG keystone.server.flask.request_processing.middleware.auth_context [None req-d6173996-6167-4f5d-b95d-3efb534fc177 None admin] Validating token access rules against request {{(pid=45781) validate_allowed_request /opt/stack/data/venv/lib/python3.10/site-packages/keystonemiddleware/auth_token/__init__.py:544}}
Nov 07 03:46:50 user devstack@keystone.service[45781]: DEBUG keystone.server.flask.request_processing.middleware.auth_context [None req-55ecbf5e-5ad1-4753-9e60-7272ebd0e89d None admin] RBAC: auth_context: {'token': , 'domain_id': None, 'trust_id': None, 'trustor_id': None, 'trustee_id': None, 'domain_name': None, 'group_ids': [], 'user_id': '1fdf3c7685c34cba929aa0a50b3ac913', 'user_domain_id': 'default', 'system_scope': 'all', 'project_id': None, 'project_domain_id': None, 'roles': ['admin', 'manager', 'member', 'reader'], 'is_admin_project': True, 'service_user_id': None, 'service_user_domain_id': None, 'service_project_id': None, 'service_project_domain_id': None, 'service_roles': []} {{(pid=45781) fill_context /opt/stack/keystone/keystone/server/flask/request_processing/middleware/auth_context.py:480}}
Nov 07 03:46:50 user devstack@keystone.service[45781]: DEBUG keystone.server.flask.request_processing.req_logging [None req-55ecbf5e-5ad1-4753-9e60-7272ebd0e89d None admin] REQUEST_METHOD: `GET` {{(pid=45781) log_request_info /opt/stack/keystone/keystone/server/flask/request_processing/req_logging.py:27}}
Nov 07 03:46:50 user devstack@keystone.service[45781]: DEBUG keystone.server.flask.request_processing.req_logging [None req-55ecbf5e-5ad1-4753-9e60-7272ebd0e89d None admin] SCRIPT_NAME: `/identity` {{(pid=45781) log_request_info /opt/stack/keystone/keystone/server/flask/request_processing/req_logging.py:28}}
Nov 07 03:46:50 user devstack@keystone.service[45781]: DEBUG keystone.server.flask.request_processing.req_logging [None req-55ecbf5e-5ad1-4753-9e60-7272ebd0e89d None admin] PATH_INFO: `/v3/auth/tokens` {{(pid=45781) log_request_info /opt/stack/keystone/keystone/server/flask/request_processing/req_logging.py:29}}
Nov 07 03:46:50 user devstack@keystone.service[45783]: DEBUG keystone.server.flask.request_processing.middleware.auth_context [None req-9e635965-cffa-47a0-a2a9-a31bc927ceb2 None admin] Validating token access rules against request {{(pid=45783) validate_allowed_request /opt/stack/data/venv/lib/python3.10/site-packages/keystonemiddleware/auth_token/__init__.py:544}}
Nov 07 03:46:50 user devstack@keystone.service[45782]: DEBUG keystone.server.flask.request_processing.middleware.auth_context [None req-ea50b650-5ca6-457f-bb88-87da79747fe5 None admin] Validating token access rules against request {{(pid=45782) validate_allowed_request /opt/stack/data/venv/lib/python3.10/site-packages/keystonemiddleware/auth_token/__init__.py:544}}
Nov 07 03:46:50 user devstack@keystone.service[45783]: DEBUG keystone.server.flask.request_processing.middleware.auth_context [None req-52fef680-2b99-4b3c-8e18-aca381d9cddf None admin] RBAC: auth_context: {'token': , 'domain_id': None, 'trust_id': None, 'trustor_id': None, 'trustee_id': None, 'domain_name': None, 'group_ids': [], 'user_id': '1fdf3c7685c34cba929aa0a50b3ac913', 'user_domain_id': 'default', 'system_scope': 'all', 'project_id': None, 'project_domain_id': None, 'roles': ['admin', 'manager', 'member', 'reader'], 'is_admin_project': True, 'service_user_id': None, 'service_user_domain_id': None, 'service_project_id': None, 'service_project_domain_id': None, 'service_roles': []} {{(pid=45783) fill_context /opt/stack/keystone/keystone/server/flask/request_processing/middleware/auth_context.py:480}}
Nov 07 03:46:50 user devstack@keystone.service[45783]: DEBUG keystone.server.flask.request_processing.req_logging [None req-52fef680-2b99-4b3c-8e18-aca381d9cddf None admin] REQUEST_METHOD: `GET` {{(pid=45783) log_request_info /opt/stack/keystone/keystone/server/flask/request_processing/req_logging.py:27}}
Nov 07 03:46:50 user devstack@keystone.service[45783]: DEBUG keystone.server.flask.request_processing.req_logging [None req-52fef680-2b99-4b3c-8e18-aca381d9cddf None admin] SCRIPT_NAME: `/identity` {{(pid=45783) log_request_info /opt/stack/keystone/keystone/server/flask/request_processing/req_logging.py:28}}
Nov 07 03:46:50 user devstack@keystone.service[45783]: DEBUG keystone.server.flask.request_processing.req_logging [None req-52fef680-2b99-4b3c-8e18-aca381d9cddf None admin] PATH_INFO: `/v3/role_assignments` {{(pid=45783) log_request_info /opt/stack/keystone/keystone/server/flask/request_processing/req_logging.py:29}}
Nov 07 03:46:50 user devstack@keystone.service[45783]: DEBUG keystone.common.rbac_enforcer.enforcer [None req-52fef680-2b99-4b3c-8e18-aca381d9cddf None admin] RBAC: Adding query filter params (role.id=5da3b16dc22344b28f14d2e04cb1af1b, scope.project.id=7ffda3d833224ea4b7c52d009614013f, user.id=1fdf3c7685c34cba929aa0a50b3ac913) {{(pid=45783) _extract_filter_values /opt/stack/keystone/keystone/common/rbac_enforcer/enforcer.py:167}}
Nov 07 03:46:50 user devstack@keystone.service[45783]: DEBUG keystone.common.rbac_enforcer.enforcer [None req-52fef680-2b99-4b3c-8e18-aca381d9cddf None admin] RBAC: Authorizing `identity:list_role_assignments()` {{(pid=45783) enforce_call /opt/stack/keystone/keystone/common/rbac_enforcer/enforcer.py:449}}
Nov 07 03:46:50 user devstack@keystone.service[45783]: DEBUG keystone.common.rbac_enforcer.enforcer [None req-52fef680-2b99-4b3c-8e18-aca381d9cddf None admin] RBAC: Authorization granted {{(pid=45783) enforce_call /opt/stack/keystone/keystone/common/rbac_enforcer/enforcer.py:457}}
Nov 07 03:46:50 user devstack@keystone.service[45782]: DEBUG keystone.server.flask.request_processing.middleware.auth_context [None req-cecc5003-ead6-49cc-915f-e8ceaa36356c None admin] RBAC: auth_context: {'token': , 'domain_id': None, 'trust_id': None, 'trustor_id': None, 'trustee_id': None, 'domain_name': None, 'group_ids': [], 'user_id': '1fdf3c7685c34cba929aa0a50b3ac913', 'user_domain_id': 'default', 'system_scope': 'all', 'project_id': None, 'project_domain_id': None, 'roles': ['admin', 'manager', 'member', 'reader'], 'is_admin_project': True, 'service_user_id': None, 'service_user_domain_id': None, 'service_project_id': None, 'service_project_domain_id': None, 'service_roles': []} {{(pid=45782) fill_context /opt/stack/keystone/keystone/server/flask/request_processing/middleware/auth_context.py:480}}
Nov 07 03:46:50 user devstack@keystone.service[45782]: DEBUG keystone.server.flask.request_processing.req_logging [None req-cecc5003-ead6-49cc-915f-e8ceaa36356c None admin] REQUEST_METHOD: `GET` {{(pid=45782) log_request_info /opt/stack/keystone/keystone/server/flask/request_processing/req_logging.py:27}}
Nov 07 03:46:50 user devstack@keystone.service[45782]: DEBUG keystone.server.flask.request_processing.req_logging [None req-cecc5003-ead6-49cc-915f-e8ceaa36356c None admin] SCRIPT_NAME: `/identity` {{(pid=45782) log_request_info /opt/stack/keystone/keystone/server/flask/request_processing/req_logging.py:28}}
Nov 07 03:46:50 user devstack@keystone.service[45782]: DEBUG keystone.server.flask.request_processing.req_logging [None req-cecc5003-ead6-49cc-915f-e8ceaa36356c None admin] PATH_INFO: `/v3/projects/7ffda3d833224ea4b7c52d009614013f` {{(pid=45782) log_request_info /opt/stack/keystone/keystone/server/flask/request_processing/req_logging.py:29}}
Nov 07 03:46:50 user devstack@keystone.service[45782]: DEBUG keystone.common.rbac_enforcer.enforcer [None req-cecc5003-ead6-49cc-915f-e8ceaa36356c None admin] RBAC: Authorizing `identity:get_project(project_id=7ffda3d833224ea4b7c52d009614013f)` {{(pid=45782) enforce_call /opt/stack/keystone/keystone/common/rbac_enforcer/enforcer.py:449}}
Nov 07 03:46:50 user devstack@keystone.service[45782]: DEBUG keystone.common.rbac_enforcer.enforcer [None req-cecc5003-ead6-49cc-915f-e8ceaa36356c None admin] RBAC: Authorization granted {{(pid=45782) enforce_call /opt/stack/keystone/keystone/common/rbac_enforcer/enforcer.py:457}}
Nov 07 03:46:50 user devstack@keystone.service[45783]: [pid: 45783|app: 0|req: 35/98] 10.0.0.210 () {56 vars in 1369 bytes} [Tue Nov 7 03:46:50 2023] GET /identity/v3/role_assignments?user.id=1fdf3c7685c34cba929aa0a50b3ac913&scope.project.id=7ffda3d833224ea4b7c52d009614013f&role.id=5da3b16dc22344b28f14d2e04cb1af1b => generated 606 bytes in 172 msecs (HTTP/1.1 200) 5 headers in 177 bytes (1 switches on core 0)
Nov 07 03:46:50 user devstack@keystone.service[45782]: [pid: 45782|app: 0|req: 35/99] 10.0.0.210 () {56 vars in 1181 bytes} [Tue Nov 7 03:46:50 2023] GET /identity/v3/projects/7ffda3d833224ea4b7c52d009614013f => generated 297 bytes in 154 msecs (HTTP/1.1 200) 5 headers in 177 bytes (1 switches on core 0)
Nov 07 03:46:50 user devstack@keystone.service[45783]: DEBUG keystone.server.flask.request_processing.middleware.auth_context [None req-52fef680-2b99-4b3c-8e18-aca381d9cddf None admin] Authenticating user token {{(pid=45783) process_request /opt/stack/data/venv/lib/python3.10/site-packages/keystonemiddleware/auth_token/__init__.py:406}}
Nov 07 03:46:50 user devstack@keystone.service[45781]: DEBUG keystone.common.rbac_enforcer.enforcer [None req-55ecbf5e-5ad1-4753-9e60-7272ebd0e89d None admin] RBAC: Authorizing `identity:validate_token()` {{(pid=45781) enforce_call /opt/stack/keystone/keystone/common/rbac_enforcer/enforcer.py:449}}
Nov 07 03:46:50 user devstack@keystone.service[45782]: DEBUG keystone.server.flask.request_processing.middleware.auth_context [None req-cecc5003-ead6-49cc-915f-e8ceaa36356c None admin] Authenticating user token {{(pid=45782) process_request /opt/stack/data/venv/lib/python3.10/site-packages/keystonemiddleware/auth_token/__init__.py:406}}
Nov 07 03:46:50 user devstack@keystone.service[45781]: DEBUG keystone.common.rbac_enforcer.enforcer [None req-55ecbf5e-5ad1-4753-9e60-7272ebd0e89d None admin] RBAC: Authorization granted {{(pid=45781) enforce_call /opt/stack/keystone/keystone/common/rbac_enforcer/enforcer.py:457}}
Nov 07 03:46:50 user devstack@keystone.service[45782]: DEBUG keystone.server.flask.request_processing.middleware.auth_context [None req-cecc5003-ead6-49cc-915f-e8ceaa36356c None admin] Validating token access rules against request {{(pid=45782) validate_allowed_request /opt/stack/data/venv/lib/python3.10/site-packages/keystonemiddleware/auth_token/__init__.py:544}}
Nov 07 03:46:50 user devstack@keystone.service[45781]: [pid: 45781|app: 0|req: 30/100] 10.0.0.210 () {58 vars in 1277 bytes} [Tue Nov 7 03:46:50 2023] GET /identity/v3/auth/tokens => generated 861 bytes in 369 msecs (HTTP/1.1 200) 6 headers in 358 bytes (1 switches on core 0)
Nov 07 03:46:50 user devstack@keystone.service[45781]: DEBUG keystone.server.flask.request_processing.middleware.auth_context [None req-55ecbf5e-5ad1-4753-9e60-7272ebd0e89d None admin] Authenticating user token {{(pid=45781) process_request /opt/stack/data/venv/lib/python3.10/site-packages/keystonemiddleware/auth_token/__init__.py:406}}
Nov 07 03:46:50 user devstack@keystone.service[45782]: DEBUG keystone.server.flask.request_processing.middleware.auth_context [None req-d2479b6a-dc31-4a87-8d5d-5c299f134978 None admin] RBAC: auth_context: {'token': , 'domain_id': None, 'trust_id': None, 'trustor_id': None, 'trustee_id': None, 'domain_name': None, 'group_ids': [], 'user_id': '1fdf3c7685c34cba929aa0a50b3ac913', 'user_domain_id': 'default', 'system_scope': 'all', 'project_id': None, 'project_domain_id': None, 'roles': ['admin', 'manager', 'member', 'reader'], 'is_admin_project': True, 'service_user_id': None, 'service_user_domain_id': None, 'service_project_id': None, 'service_project_domain_id': None, 'service_roles': []} {{(pid=45782) fill_context /opt/stack/keystone/keystone/server/flask/request_processing/middleware/auth_context.py:480}}
Nov 07 03:46:50 user devstack@keystone.service[45782]: DEBUG keystone.server.flask.request_processing.req_logging [None req-d2479b6a-dc31-4a87-8d5d-5c299f134978 None admin] REQUEST_METHOD: `GET` {{(pid=45782) log_request_info /opt/stack/keystone/keystone/server/flask/request_processing/req_logging.py:27}}
Nov 07 03:46:50 user devstack@keystone.service[45782]: DEBUG keystone.server.flask.request_processing.req_logging [None req-d2479b6a-dc31-4a87-8d5d-5c299f134978 None admin] SCRIPT_NAME: `/identity` {{(pid=45782) log_request_info /opt/stack/keystone/keystone/server/flask/request_processing/req_logging.py:28}}
Nov 07 03:46:50 user devstack@keystone.service[45782]: DEBUG keystone.server.flask.request_processing.req_logging [None req-d2479b6a-dc31-4a87-8d5d-5c299f134978 None admin] PATH_INFO: `/v3/users/94698f30ec1e4a3998f665321601210f` {{(pid=45782) log_request_info /opt/stack/keystone/keystone/server/flask/request_processing/req_logging.py:29}}
Nov 07 03:46:50 user devstack@keystone.service[45782]: DEBUG keystone.common.rbac_enforcer.enforcer [None req-d2479b6a-dc31-4a87-8d5d-5c299f134978 None admin] RBAC: Authorizing `identity:get_user(user_id=94698f30ec1e4a3998f665321601210f)` {{(pid=45782) enforce_call /opt/stack/keystone/keystone/common/rbac_enforcer/enforcer.py:449}}
Nov 07 03:46:50 user devstack@keystone.service[45782]: DEBUG keystone.common.rbac_enforcer.enforcer [None req-d2479b6a-dc31-4a87-8d5d-5c299f134978 None admin] RBAC: Authorization granted {{(pid=45782) enforce_call /opt/stack/keystone/keystone/common/rbac_enforcer/enforcer.py:457}}
Nov 07 03:46:50 user devstack@keystone.service[45782]: [pid: 45782|app: 0|req: 36/101] 10.0.0.210 () {56 vars in 1172 bytes} [Tue Nov 7 03:46:50 2023] GET /identity/v3/users/94698f30ec1e4a3998f665321601210f => generated 288 bytes in 156 msecs (HTTP/1.1 200) 5 headers in 177 bytes (1 switches on core 0)
Nov 07 03:46:50 user devstack@keystone.service[45782]: DEBUG keystone.server.flask.request_processing.middleware.auth_context [None req-d2479b6a-dc31-4a87-8d5d-5c299f134978 None admin] Authenticating user token {{(pid=45782) process_request /opt/stack/data/venv/lib/python3.10/site-packages/keystonemiddleware/auth_token/__init__.py:406}}
Nov 07 03:46:50 user devstack@keystone.service[45783]: DEBUG keystone.server.flask.request_processing.middleware.auth_context [None req-52fef680-2b99-4b3c-8e18-aca381d9cddf None admin] Validating token access rules against request {{(pid=45783) validate_allowed_request /opt/stack/data/venv/lib/python3.10/site-packages/keystonemiddleware/auth_token/__init__.py:544}}
Nov 07 03:46:50 user devstack@keystone.service[45783]: DEBUG keystone.server.flask.request_processing.middleware.auth_context [None req-f28cd9d4-6659-4e17-9557-d4578680eead None admin] RBAC: auth_context: {'token': , 'domain_id': None, 'trust_id': None, 'trustor_id': None, 'trustee_id': None, 'domain_name': None, 'group_ids': [], 'user_id': '1fdf3c7685c34cba929aa0a50b3ac913', 'user_domain_id': 'default', 'system_scope': 'all', 'project_id': None, 'project_domain_id': None, 'roles': ['admin', 'manager', 'member', 'reader'], 'is_admin_project': True, 'service_user_id': None, 'service_user_domain_id': None, 'service_project_id': None, 'service_project_domain_id': None, 'service_roles': []} {{(pid=45783) fill_context /opt/stack/keystone/keystone/server/flask/request_processing/middleware/auth_context.py:480}}
Nov 07 03:46:50 user devstack@keystone.service[45783]: DEBUG keystone.server.flask.request_processing.req_logging [None req-f28cd9d4-6659-4e17-9557-d4578680eead None admin] REQUEST_METHOD: `GET` {{(pid=45783) log_request_info /opt/stack/keystone/keystone/server/flask/request_processing/req_logging.py:27}}
Nov 07 03:46:50 user devstack@keystone.service[45783]: DEBUG keystone.server.flask.request_processing.req_logging [None req-f28cd9d4-6659-4e17-9557-d4578680eead None admin] SCRIPT_NAME: `/identity` {{(pid=45783) log_request_info /opt/stack/keystone/keystone/server/flask/request_processing/req_logging.py:28}}
Nov 07 03:46:50 user devstack@keystone.service[45783]: DEBUG keystone.server.flask.request_processing.req_logging [None req-f28cd9d4-6659-4e17-9557-d4578680eead None admin] PATH_INFO: `/v3/roles` {{(pid=45783) log_request_info /opt/stack/keystone/keystone/server/flask/request_processing/req_logging.py:29}}
Nov 07 03:46:50 user devstack@keystone.service[45783]: DEBUG keystone.common.rbac_enforcer.enforcer [None req-f28cd9d4-6659-4e17-9557-d4578680eead None admin] RBAC: Adding query filter params (name=member) {{(pid=45783) _extract_filter_values /opt/stack/keystone/keystone/common/rbac_enforcer/enforcer.py:167}}
Nov 07 03:46:50 user devstack@keystone.service[45783]: DEBUG keystone.common.rbac_enforcer.enforcer [None req-f28cd9d4-6659-4e17-9557-d4578680eead None admin] RBAC: Authorizing `identity:list_roles()` {{(pid=45783) enforce_call /opt/stack/keystone/keystone/common/rbac_enforcer/enforcer.py:449}}
Nov 07 03:46:50 user devstack@keystone.service[45783]: DEBUG keystone.common.rbac_enforcer.enforcer [None req-f28cd9d4-6659-4e17-9557-d4578680eead None admin] RBAC: Authorization granted {{(pid=45783) enforce_call /opt/stack/keystone/keystone/common/rbac_enforcer/enforcer.py:457}}
Nov 07 03:46:50 user devstack@keystone.service[45783]: [pid: 45783|app: 0|req: 36/102] 10.0.0.210 () {56 vars in 1096 bytes} [Tue Nov 7 03:46:50 2023] GET /identity/v3/roles?name=member => generated 339 bytes in 214 msecs (HTTP/1.1 200) 5 headers in 177 bytes (1 switches on core 0)
Nov 07 03:46:50 user devstack@keystone.service[45783]: DEBUG keystone.server.flask.request_processing.middleware.auth_context [None req-f28cd9d4-6659-4e17-9557-d4578680eead None admin] Authenticating user token {{(pid=45783) process_request /opt/stack/data/venv/lib/python3.10/site-packages/keystonemiddleware/auth_token/__init__.py:406}}
Nov 07 03:46:50 user devstack@keystone.service[45781]: DEBUG keystone.server.flask.request_processing.middleware.auth_context [None req-55ecbf5e-5ad1-4753-9e60-7272ebd0e89d None admin] Validating token access rules against request {{(pid=45781) validate_allowed_request /opt/stack/data/venv/lib/python3.10/site-packages/keystonemiddleware/auth_token/__init__.py:544}}
Nov 07 03:46:50 user devstack@keystone.service[45782]: DEBUG keystone.server.flask.request_processing.middleware.auth_context [None req-d2479b6a-dc31-4a87-8d5d-5c299f134978 None admin] Validating token access rules against request {{(pid=45782) validate_allowed_request /opt/stack/data/venv/lib/python3.10/site-packages/keystonemiddleware/auth_token/__init__.py:544}}
Nov 07 03:46:50 user devstack@keystone.service[45781]: DEBUG keystone.server.flask.request_processing.middleware.auth_context [None req-11e74075-88af-4d07-8fc5-f09e9a3e904a None admin] RBAC: auth_context: {'token': , 'domain_id': None, 'trust_id': None, 'trustor_id': None, 'trustee_id': None, 'domain_name': None, 'group_ids': [], 'user_id': '1fdf3c7685c34cba929aa0a50b3ac913', 'user_domain_id': 'default', 'system_scope': 'all', 'project_id': None, 'project_domain_id': None, 'roles': ['admin', 'manager', 'member', 'reader'], 'is_admin_project': True, 'service_user_id': None, 'service_user_domain_id': None, 'service_project_id': None, 'service_project_domain_id': None, 'service_roles': []} {{(pid=45781) fill_context /opt/stack/keystone/keystone/server/flask/request_processing/middleware/auth_context.py:480}}
Nov 07 03:46:50 user devstack@keystone.service[45781]: DEBUG keystone.server.flask.request_processing.req_logging [None req-11e74075-88af-4d07-8fc5-f09e9a3e904a None admin] REQUEST_METHOD: `GET` {{(pid=45781) log_request_info /opt/stack/keystone/keystone/server/flask/request_processing/req_logging.py:27}}
Nov 07 03:46:50 user devstack@keystone.service[45781]: DEBUG keystone.server.flask.request_processing.req_logging [None req-11e74075-88af-4d07-8fc5-f09e9a3e904a None admin] SCRIPT_NAME: `/identity` {{(pid=45781) log_request_info /opt/stack/keystone/keystone/server/flask/request_processing/req_logging.py:28}}
Nov 07 03:46:50 user devstack@keystone.service[45781]: DEBUG keystone.server.flask.request_processing.req_logging [None req-11e74075-88af-4d07-8fc5-f09e9a3e904a None admin] PATH_INFO: `/v3/role_assignments` {{(pid=45781) log_request_info /opt/stack/keystone/keystone/server/flask/request_processing/req_logging.py:29}}
Nov 07 03:46:50 user devstack@keystone.service[45781]: DEBUG keystone.common.rbac_enforcer.enforcer [None req-11e74075-88af-4d07-8fc5-f09e9a3e904a None admin] RBAC: Adding query filter params (role.id=e2aba20c5dac4f1db5e88414f818f776, scope.project.id=7ffda3d833224ea4b7c52d009614013f, user.id=cc5b7b716e6d432ca0e43a821b519496) {{(pid=45781) _extract_filter_values /opt/stack/keystone/keystone/common/rbac_enforcer/enforcer.py:167}}
Nov 07 03:46:50 user devstack@keystone.service[45781]: DEBUG keystone.common.rbac_enforcer.enforcer [None req-11e74075-88af-4d07-8fc5-f09e9a3e904a None admin] RBAC: Authorizing `identity:list_role_assignments()` {{(pid=45781) enforce_call /opt/stack/keystone/keystone/common/rbac_enforcer/enforcer.py:449}}
Nov 07 03:46:50 user devstack@keystone.service[45781]: DEBUG keystone.common.rbac_enforcer.enforcer [None req-11e74075-88af-4d07-8fc5-f09e9a3e904a None admin] RBAC: Authorization granted {{(pid=45781) enforce_call /opt/stack/keystone/keystone/common/rbac_enforcer/enforcer.py:457}}
Nov 07 03:46:50 user devstack@keystone.service[45781]: [pid: 45781|app: 0|req: 31/103] 10.0.0.210 () {56 vars in 1369 bytes} [Tue Nov 7 03:46:50 2023] GET /identity/v3/role_assignments?user.id=cc5b7b716e6d432ca0e43a821b519496&scope.project.id=7ffda3d833224ea4b7c52d009614013f&role.id=e2aba20c5dac4f1db5e88414f818f776 => generated 606 bytes in 179 msecs (HTTP/1.1 200) 5 headers in 177 bytes (1 switches on core 0)
Nov 07 03:46:50 user devstack@keystone.service[45781]: DEBUG keystone.server.flask.request_processing.middleware.auth_context [None req-11e74075-88af-4d07-8fc5-f09e9a3e904a None admin] Authenticating user token {{(pid=45781) process_request /opt/stack/data/venv/lib/python3.10/site-packages/keystonemiddleware/auth_token/__init__.py:406}}
