Nov 07 03:52:11 user devstack@n-api-meta.service[71774]: DEBUG nova.api.openstack.wsgi_app [-] oslo_limit.region_name = None {{(pid=71774) log_opt_values /opt/stack/data/venv/lib/python3.10/site-packages/oslo_config/cfg.py:2609}}
Nov 07 03:52:11 user devstack@n-api-meta.service[71774]: DEBUG nova.api.openstack.wsgi_app [-] oslo_limit.service_name = None {{(pid=71774) log_opt_values /opt/stack/data/venv/lib/python3.10/site-packages/oslo_config/cfg.py:2609}}
Nov 07 03:52:11 user devstack@n-api-meta.service[71774]: DEBUG nova.api.openstack.wsgi_app [-] oslo_limit.service_type = None {{(pid=71774) log_opt_values /opt/stack/data/venv/lib/python3.10/site-packages/oslo_config/cfg.py:2609}}
Nov 07 03:52:11 user devstack@n-api-meta.service[71774]: DEBUG nova.api.openstack.wsgi_app [-] oslo_limit.split_loggers = False {{(pid=71774) log_opt_values /opt/stack/data/venv/lib/python3.10/site-packages/oslo_config/cfg.py:2609}}
Nov 07 03:52:11 user devstack@n-api-meta.service[71774]: DEBUG nova.api.openstack.wsgi_app [-] oslo_limit.status_code_retries = None {{(pid=71774) log_opt_values /opt/stack/data/venv/lib/python3.10/site-packages/oslo_config/cfg.py:2609}}
Nov 07 03:52:11 user devstack@n-api-meta.service[71774]: DEBUG nova.api.openstack.wsgi_app [-] oslo_limit.status_code_retry_delay = None {{(pid=71774) log_opt_values /opt/stack/data/venv/lib/python3.10/site-packages/oslo_config/cfg.py:2609}}
Nov 07 03:52:11 user devstack@n-api-meta.service[71774]: DEBUG nova.api.openstack.wsgi_app [-] oslo_limit.timeout = None {{(pid=71774) log_opt_values /opt/stack/data/venv/lib/python3.10/site-packages/oslo_config/cfg.py:2609}}
Nov 07 03:52:11 user devstack@n-api-meta.service[71774]: DEBUG nova.api.openstack.wsgi_app [-] oslo_limit.valid_interfaces = None {{(pid=71774) log_opt_values /opt/stack/data/venv/lib/python3.10/site-packages/oslo_config/cfg.py:2609}}
Nov 07 03:52:11 user devstack@n-api-meta.service[71774]: DEBUG nova.api.openstack.wsgi_app [-] oslo_limit.version = None {{(pid=71774) log_opt_values /opt/stack/data/venv/lib/python3.10/site-packages/oslo_config/cfg.py:2609}}
Nov 07 03:52:11 user devstack@n-api-meta.service[71774]: DEBUG nova.api.openstack.wsgi_app [-] oslo_messaging_rabbit.amqp_auto_delete = False {{(pid=71774) log_opt_values /opt/stack/data/venv/lib/python3.10/site-packages/oslo_config/cfg.py:2609}}
Nov 07 03:52:11 user devstack@n-api-meta.service[71774]: DEBUG nova.api.openstack.wsgi_app [-] oslo_messaging_rabbit.amqp_durable_queues = False {{(pid=71774) log_opt_values /opt/stack/data/venv/lib/python3.10/site-packages/oslo_config/cfg.py:2609}}
Nov 07 03:52:11 user devstack@n-api-meta.service[71774]: DEBUG nova.api.openstack.wsgi_app [-] oslo_messaging_rabbit.conn_pool_min_size = 2 {{(pid=71774) log_opt_values /opt/stack/data/venv/lib/python3.10/site-packages/oslo_config/cfg.py:2609}}
Nov 07 03:52:11 user devstack@n-api-meta.service[71774]: DEBUG nova.api.openstack.wsgi_app [-] oslo_messaging_rabbit.conn_pool_ttl = 1200 {{(pid=71774) log_opt_values /opt/stack/data/venv/lib/python3.10/site-packages/oslo_config/cfg.py:2609}}
Nov 07 03:52:11 user devstack@n-api-meta.service[71774]: DEBUG nova.api.openstack.wsgi_app [-] oslo_messaging_rabbit.direct_mandatory_flag = True {{(pid=71774) log_opt_values /opt/stack/data/venv/lib/python3.10/site-packages/oslo_config/cfg.py:2609}}
Nov 07 03:52:11 user devstack@n-api-meta.service[71774]: DEBUG nova.api.openstack.wsgi_app [-] oslo_messaging_rabbit.enable_cancel_on_failover = False {{(pid=71774) log_opt_values /opt/stack/data/venv/lib/python3.10/site-packages/oslo_config/cfg.py:2609}}
Nov 07 03:52:11 user devstack@n-api-meta.service[71774]: DEBUG nova.api.openstack.wsgi_app [-] oslo_messaging_rabbit.heartbeat_in_pthread = False {{(pid=71774) log_opt_values /opt/stack/data/venv/lib/python3.10/site-packages/oslo_config/cfg.py:2609}}
Nov 07 03:52:11 user devstack@n-api-meta.service[71774]: DEBUG nova.api.openstack.wsgi_app [-] oslo_messaging_rabbit.heartbeat_rate = 2 {{(pid=71774) log_opt_values /opt/stack/data/venv/lib/python3.10/site-packages/oslo_config/cfg.py:2609}}
Nov 07 03:52:11 user devstack@n-api-meta.service[71774]: DEBUG nova.api.openstack.wsgi_app [-] oslo_messaging_rabbit.heartbeat_timeout_threshold = 60 {{(pid=71774) log_opt_values /opt/stack/data/venv/lib/python3.10/site-packages/oslo_config/cfg.py:2609}}
Nov 07 03:52:11 user devstack@n-api-meta.service[71774]: DEBUG nova.api.openstack.wsgi_app [-] oslo_messaging_rabbit.kombu_compression = None {{(pid=71774) log_opt_values /opt/stack/data/venv/lib/python3.10/site-packages/oslo_config/cfg.py:2609}}
Nov 07 03:52:11 user devstack@n-api-meta.service[71774]: DEBUG nova.api.openstack.wsgi_app [-] oslo_messaging_rabbit.kombu_failover_strategy = round-robin {{(pid=71774) log_opt_values /opt/stack/data/venv/lib/python3.10/site-packages/oslo_config/cfg.py:2609}}
Nov 07 03:52:11 user devstack@n-api-meta.service[71774]: DEBUG nova.api.openstack.wsgi_app [-] oslo_messaging_rabbit.kombu_missing_consumer_retry_timeout = 60 {{(pid=71774) log_opt_values /opt/stack/data/venv/lib/python3.10/site-packages/oslo_config/cfg.py:2609}}
Nov 07 03:52:11 user devstack@n-api-meta.service[71774]: DEBUG nova.api.openstack.wsgi_app [-] oslo_messaging_rabbit.kombu_reconnect_delay = 1.0 {{(pid=71774) log_opt_values /opt/stack/data/venv/lib/python3.10/site-packages/oslo_config/cfg.py:2609}}
Nov 07 03:52:11 user devstack@n-api-meta.service[71774]: DEBUG nova.api.openstack.wsgi_app [-] oslo_messaging_rabbit.rabbit_ha_queues = False {{(pid=71774) log_opt_values /opt/stack/data/venv/lib/python3.10/site-packages/oslo_config/cfg.py:2609}}
Nov 07 03:52:11 user devstack@n-api-meta.service[71774]: DEBUG nova.api.openstack.wsgi_app [-] oslo_messaging_rabbit.rabbit_interval_max = 30 {{(pid=71774) log_opt_values /opt/stack/data/venv/lib/python3.10/site-packages/oslo_config/cfg.py:2609}}
Nov 07 03:52:11 user devstack@n-api-meta.service[71774]: DEBUG nova.api.openstack.wsgi_app [-] oslo_messaging_rabbit.rabbit_login_method = AMQPLAIN {{(pid=71774) log_opt_values /opt/stack/data/venv/lib/python3.10/site-packages/oslo_config/cfg.py:2609}}
Nov 07 03:52:11 user devstack@n-api-meta.service[71774]: DEBUG nova.api.openstack.wsgi_app [-] oslo_messaging_rabbit.rabbit_qos_prefetch_count = 0 {{(pid=71774) log_opt_values /opt/stack/data/venv/lib/python3.10/site-packages/oslo_config/cfg.py:2609}}
Nov 07 03:52:11 user devstack@n-api-meta.service[71774]: DEBUG nova.api.openstack.wsgi_app [-] oslo_messaging_rabbit.rabbit_quorum_delivery_limit = 0 {{(pid=71774) log_opt_values /opt/stack/data/venv/lib/python3.10/site-packages/oslo_config/cfg.py:2609}}
Nov 07 03:52:11 user devstack@n-api-meta.service[71774]: DEBUG nova.api.openstack.wsgi_app [-] oslo_messaging_rabbit.rabbit_quorum_max_memory_bytes = 0 {{(pid=71774) log_opt_values /opt/stack/data/venv/lib/python3.10/site-packages/oslo_config/cfg.py:2609}}
Nov 07 03:52:11 user devstack@n-api-meta.service[71774]: DEBUG nova.api.openstack.wsgi_app [-] oslo_messaging_rabbit.rabbit_quorum_max_memory_length = 0 {{(pid=71774) log_opt_values /opt/stack/data/venv/lib/python3.10/site-packages/oslo_config/cfg.py:2609}}
Nov 07 03:52:11 user devstack@n-api-meta.service[71774]: DEBUG nova.api.openstack.wsgi_app [-] oslo_messaging_rabbit.rabbit_quorum_queue = False {{(pid=71774) log_opt_values /opt/stack/data/venv/lib/python3.10/site-packages/oslo_config/cfg.py:2609}}
Nov 07 03:52:11 user devstack@n-api-meta.service[71774]: DEBUG nova.api.openstack.wsgi_app [-] oslo_messaging_rabbit.rabbit_retry_backoff = 2 {{(pid=71774) log_opt_values /opt/stack/data/venv/lib/python3.10/site-packages/oslo_config/cfg.py:2609}}
Nov 07 03:52:11 user devstack@n-api-meta.service[71774]: DEBUG nova.api.openstack.wsgi_app [-] oslo_messaging_rabbit.rabbit_retry_interval = 1 {{(pid=71774) log_opt_values /opt/stack/data/venv/lib/python3.10/site-packages/oslo_config/cfg.py:2609}}
Nov 07 03:52:11 user devstack@n-api-meta.service[71774]: DEBUG nova.api.openstack.wsgi_app [-] oslo_messaging_rabbit.rabbit_transient_queues_ttl = 1800 {{(pid=71774) log_opt_values /opt/stack/data/venv/lib/python3.10/site-packages/oslo_config/cfg.py:2609}}
Nov 07 03:52:11 user devstack@n-api-meta.service[71774]: DEBUG nova.api.openstack.wsgi_app [-] oslo_messaging_rabbit.rpc_conn_pool_size = 30 {{(pid=71774) log_opt_values /opt/stack/data/venv/lib/python3.10/site-packages/oslo_config/cfg.py:2609}}
Nov 07 03:52:11 user devstack@n-api-meta.service[71774]: DEBUG nova.api.openstack.wsgi_app [-] oslo_messaging_rabbit.ssl = False {{(pid=71774) log_opt_values /opt/stack/data/venv/lib/python3.10/site-packages/oslo_config/cfg.py:2609}}
Nov 07 03:52:11 user devstack@n-api-meta.service[71774]: DEBUG nova.api.openstack.wsgi_app [-] oslo_messaging_rabbit.ssl_ca_file = {{(pid=71774) log_opt_values /opt/stack/data/venv/lib/python3.10/site-packages/oslo_config/cfg.py:2609}}
Nov 07 03:52:11 user devstack@n-api-meta.service[71774]: DEBUG nova.api.openstack.wsgi_app [-] oslo_messaging_rabbit.ssl_cert_file = {{(pid=71774) log_opt_values /opt/stack/data/venv/lib/python3.10/site-packages/oslo_config/cfg.py:2609}}
Nov 07 03:52:11 user devstack@n-api-meta.service[71774]: DEBUG nova.api.openstack.wsgi_app [-] oslo_messaging_rabbit.ssl_enforce_fips_mode = False {{(pid=71774) log_opt_values /opt/stack/data/venv/lib/python3.10/site-packages/oslo_config/cfg.py:2609}}
Nov 07 03:52:11 user devstack@n-api-meta.service[71774]: DEBUG nova.api.openstack.wsgi_app [-] oslo_messaging_rabbit.ssl_key_file = {{(pid=71774) log_opt_values /opt/stack/data/venv/lib/python3.10/site-packages/oslo_config/cfg.py:2609}}
Nov 07 03:52:11 user devstack@n-api-meta.service[71774]: DEBUG nova.api.openstack.wsgi_app [-] oslo_messaging_rabbit.ssl_version = {{(pid=71774) log_opt_values /opt/stack/data/venv/lib/python3.10/site-packages/oslo_config/cfg.py:2609}}
Nov 07 03:52:11 user devstack@n-api-meta.service[71774]: DEBUG nova.api.openstack.wsgi_app [-] oslo_messaging_notifications.driver = ['messagingv2'] {{(pid=71774) log_opt_values /opt/stack/data/venv/lib/python3.10/site-packages/oslo_config/cfg.py:2609}}
Nov 07 03:52:11 user devstack@n-api-meta.service[71774]: DEBUG nova.api.openstack.wsgi_app [-] oslo_messaging_notifications.retry = -1 {{(pid=71774) log_opt_values /opt/stack/data/venv/lib/python3.10/site-packages/oslo_config/cfg.py:2609}}
Nov 07 03:52:11 user devstack@n-api-meta.service[71774]: DEBUG nova.api.openstack.wsgi_app [-] oslo_messaging_notifications.topics = ['notifications'] {{(pid=71774) log_opt_values /opt/stack/data/venv/lib/python3.10/site-packages/oslo_config/cfg.py:2609}}
Nov 07 03:52:11 user devstack@n-api-meta.service[71774]: DEBUG nova.api.openstack.wsgi_app [-] oslo_messaging_notifications.transport_url = **** {{(pid=71774) log_opt_values /opt/stack/data/venv/lib/python3.10/site-packages/oslo_config/cfg.py:2609}}
Nov 07 03:52:11 user devstack@n-api-meta.service[71774]: DEBUG nova.api.openstack.wsgi_app [-] oslo_reports.file_event_handler = None {{(pid=71774) log_opt_values /opt/stack/data/venv/lib/python3.10/site-packages/oslo_config/cfg.py:2609}}
Nov 07 03:52:11 user devstack@n-api-meta.service[71774]: DEBUG nova.api.openstack.wsgi_app [-] oslo_reports.file_event_handler_interval = 1 {{(pid=71774) log_opt_values /opt/stack/data/venv/lib/python3.10/site-packages/oslo_config/cfg.py:2609}}
Nov 07 03:52:11 user devstack@n-api-meta.service[71774]: DEBUG nova.api.openstack.wsgi_app [-] oslo_reports.log_dir = None {{(pid=71774) log_opt_values /opt/stack/data/venv/lib/python3.10/site-packages/oslo_config/cfg.py:2609}}
Nov 07 03:52:11 user devstack@n-api-meta.service[71774]: DEBUG nova.api.openstack.wsgi_app [-] ******************************************************************************** {{(pid=71774) log_opt_values /opt/stack/data/venv/lib/python3.10/site-packages/oslo_config/cfg.py:2613}}
Nov 07 03:52:11 user devstack@n-api-meta.service[71775]: INFO dbcounter [None req-6dc26415-5f98-478f-835d-de42b7deae67 None None] Registered counter for database nova_api
Nov 07 03:52:11 user devstack@n-api-meta.service[71773]: DEBUG oslo_db.sqlalchemy.engines [None req-fdf47a95-ebc6-4547-9816-77dbe1af3f46 None None] MySQL server mode set to STRICT_TRANS_TABLES,STRICT_ALL_TABLES,NO_ZERO_IN_DATE,NO_ZERO_DATE,ERROR_FOR_DIVISION_BY_ZERO,TRADITIONAL,NO_ENGINE_SUBSTITUTION {{(pid=71773) _check_effective_sql_mode /opt/stack/data/venv/lib/python3.10/site-packages/oslo_db/sqlalchemy/engines.py:342}}
Nov 07 03:52:11 user devstack@n-api-meta.service[71773]: DEBUG dbcounter [-] [71773] Writer thread running {{(pid=71773) stat_writer /opt/stack/data/venv/lib/python3.10/site-packages/dbcounter.py:102}}
Nov 07 03:52:11 user devstack@n-api-meta.service[71774]: INFO dbcounter [None req-9bed2436-5430-417c-858e-c93e2c8b172d None None] Registered counter for database nova_api
Nov 07 03:52:11 user devstack@n-api-meta.service[71773]: DEBUG nova.context [None req-fdf47a95-ebc6-4547-9816-77dbe1af3f46 None None] Found 2 cells: 00000000-0000-0000-0000-000000000000(cell0),5b362b57-085c-4275-9f1e-543705043b37(cell1) {{(pid=71773) load_cells /opt/stack/nova/nova/context.py:464}}
Nov 07 03:52:11 user devstack@n-api-meta.service[71773]: DEBUG oslo_concurrency.lockutils [None req-fdf47a95-ebc6-4547-9816-77dbe1af3f46 None None] Acquiring lock "00000000-0000-0000-0000-000000000000" by "nova.context.set_target_cell..get_or_set_cached_cell_and_set_connections" {{(pid=71773) inner /opt/stack/data/venv/lib/python3.10/site-packages/oslo_concurrency/lockutils.py:404}}
Nov 07 03:52:11 user devstack@n-api-meta.service[71773]: DEBUG oslo_concurrency.lockutils [None req-fdf47a95-ebc6-4547-9816-77dbe1af3f46 None None] Lock "00000000-0000-0000-0000-000000000000" acquired by "nova.context.set_target_cell..get_or_set_cached_cell_and_set_connections" :: waited 0.001s {{(pid=71773) inner /opt/stack/data/venv/lib/python3.10/site-packages/oslo_concurrency/lockutils.py:409}}
Nov 07 03:52:11 user devstack@n-api-meta.service[71773]: DEBUG oslo_concurrency.lockutils [None req-fdf47a95-ebc6-4547-9816-77dbe1af3f46 None None] Lock "00000000-0000-0000-0000-000000000000" "released" by "nova.context.set_target_cell..get_or_set_cached_cell_and_set_connections" :: held 0.001s {{(pid=71773) inner /opt/stack/data/venv/lib/python3.10/site-packages/oslo_concurrency/lockutils.py:423}}
Nov 07 03:52:11 user devstack@n-api-meta.service[71773]: DEBUG oslo_concurrency.lockutils [None req-fdf47a95-ebc6-4547-9816-77dbe1af3f46 None None] Acquiring lock "5b362b57-085c-4275-9f1e-543705043b37" by "nova.context.set_target_cell..get_or_set_cached_cell_and_set_connections" {{(pid=71773) inner /opt/stack/data/venv/lib/python3.10/site-packages/oslo_concurrency/lockutils.py:404}}
Nov 07 03:52:11 user devstack@n-api-meta.service[71773]: DEBUG oslo_concurrency.lockutils [None req-fdf47a95-ebc6-4547-9816-77dbe1af3f46 None None] Lock "5b362b57-085c-4275-9f1e-543705043b37" acquired by "nova.context.set_target_cell..get_or_set_cached_cell_and_set_connections" :: waited 0.000s {{(pid=71773) inner /opt/stack/data/venv/lib/python3.10/site-packages/oslo_concurrency/lockutils.py:409}}
Nov 07 03:52:11 user devstack@n-api-meta.service[71773]: DEBUG oslo_concurrency.lockutils [None req-fdf47a95-ebc6-4547-9816-77dbe1af3f46 None None] Lock "5b362b57-085c-4275-9f1e-543705043b37" "released" by "nova.context.set_target_cell..get_or_set_cached_cell_and_set_connections" :: held 0.002s {{(pid=71773) inner /opt/stack/data/venv/lib/python3.10/site-packages/oslo_concurrency/lockutils.py:423}}
Nov 07 03:52:11 user devstack@n-api-meta.service[71773]: INFO dbcounter [None req-fdf47a95-ebc6-4547-9816-77dbe1af3f46 None None] Registered counter for database nova_cell0
Nov 07 03:52:11 user devstack@n-api-meta.service[71773]: INFO dbcounter [None req-fdf47a95-ebc6-4547-9816-77dbe1af3f46 None None] Registered counter for database nova_cell1
Nov 07 03:52:11 user devstack@n-api-meta.service[71773]: DEBUG oslo_db.sqlalchemy.engines [None req-fdf47a95-ebc6-4547-9816-77dbe1af3f46 None None] MySQL server mode set to STRICT_TRANS_TABLES,STRICT_ALL_TABLES,NO_ZERO_IN_DATE,NO_ZERO_DATE,ERROR_FOR_DIVISION_BY_ZERO,TRADITIONAL,NO_ENGINE_SUBSTITUTION {{(pid=71773) _check_effective_sql_mode /opt/stack/data/venv/lib/python3.10/site-packages/oslo_db/sqlalchemy/engines.py:342}}
Nov 07 03:52:11 user devstack@n-api-meta.service[71773]: DEBUG dbcounter [-] [71773] Writer thread running {{(pid=71773) stat_writer /opt/stack/data/venv/lib/python3.10/site-packages/dbcounter.py:102}}
Nov 07 03:52:11 user devstack@n-api-meta.service[71773]: DEBUG oslo_db.sqlalchemy.engines [None req-fdf47a95-ebc6-4547-9816-77dbe1af3f46 None None] MySQL server mode set to STRICT_TRANS_TABLES,STRICT_ALL_TABLES,NO_ZERO_IN_DATE,NO_ZERO_DATE,ERROR_FOR_DIVISION_BY_ZERO,TRADITIONAL,NO_ENGINE_SUBSTITUTION {{(pid=71773) _check_effective_sql_mode /opt/stack/data/venv/lib/python3.10/site-packages/oslo_db/sqlalchemy/engines.py:342}}
Nov 07 03:52:11 user devstack@n-api-meta.service[71775]: DEBUG oslo_db.sqlalchemy.engines [None req-6dc26415-5f98-478f-835d-de42b7deae67 None None] MySQL server mode set to STRICT_TRANS_TABLES,STRICT_ALL_TABLES,NO_ZERO_IN_DATE,NO_ZERO_DATE,ERROR_FOR_DIVISION_BY_ZERO,TRADITIONAL,NO_ENGINE_SUBSTITUTION {{(pid=71775) _check_effective_sql_mode /opt/stack/data/venv/lib/python3.10/site-packages/oslo_db/sqlalchemy/engines.py:342}}
Nov 07 03:52:11 user devstack@n-api-meta.service[71775]: DEBUG dbcounter [-] [71775] Writer thread running {{(pid=71775) stat_writer /opt/stack/data/venv/lib/python3.10/site-packages/dbcounter.py:102}}
Nov 07 03:52:11 user devstack@n-api-meta.service[71774]: DEBUG oslo_db.sqlalchemy.engines [None req-9bed2436-5430-417c-858e-c93e2c8b172d None None] MySQL server mode set to STRICT_TRANS_TABLES,STRICT_ALL_TABLES,NO_ZERO_IN_DATE,NO_ZERO_DATE,ERROR_FOR_DIVISION_BY_ZERO,TRADITIONAL,NO_ENGINE_SUBSTITUTION {{(pid=71774) _check_effective_sql_mode /opt/stack/data/venv/lib/python3.10/site-packages/oslo_db/sqlalchemy/engines.py:342}}
Nov 07 03:52:11 user devstack@n-api-meta.service[71774]: DEBUG dbcounter [-] [71774] Writer thread running {{(pid=71774) stat_writer /opt/stack/data/venv/lib/python3.10/site-packages/dbcounter.py:102}}
Nov 07 03:52:11 user devstack@n-api-meta.service[71775]: DEBUG nova.context [None req-6dc26415-5f98-478f-835d-de42b7deae67 None None] Found 2 cells: 00000000-0000-0000-0000-000000000000(cell0),5b362b57-085c-4275-9f1e-543705043b37(cell1) {{(pid=71775) load_cells /opt/stack/nova/nova/context.py:464}}
Nov 07 03:52:11 user devstack@n-api-meta.service[71775]: DEBUG oslo_concurrency.lockutils [None req-6dc26415-5f98-478f-835d-de42b7deae67 None None] Acquiring lock "00000000-0000-0000-0000-000000000000" by "nova.context.set_target_cell..get_or_set_cached_cell_and_set_connections" {{(pid=71775) inner /opt/stack/data/venv/lib/python3.10/site-packages/oslo_concurrency/lockutils.py:404}}
Nov 07 03:52:11 user devstack@n-api-meta.service[71775]: DEBUG oslo_concurrency.lockutils [None req-6dc26415-5f98-478f-835d-de42b7deae67 None None] Lock "00000000-0000-0000-0000-000000000000" acquired by "nova.context.set_target_cell..get_or_set_cached_cell_and_set_connections" :: waited 0.000s {{(pid=71775) inner /opt/stack/data/venv/lib/python3.10/site-packages/oslo_concurrency/lockutils.py:409}}
Nov 07 03:52:11 user devstack@n-api-meta.service[71775]: DEBUG oslo_concurrency.lockutils [None req-6dc26415-5f98-478f-835d-de42b7deae67 None None] Lock "00000000-0000-0000-0000-000000000000" "released" by "nova.context.set_target_cell..get_or_set_cached_cell_and_set_connections" :: held 0.001s {{(pid=71775) inner /opt/stack/data/venv/lib/python3.10/site-packages/oslo_concurrency/lockutils.py:423}}
Nov 07 03:52:11 user devstack@n-api-meta.service[71775]: DEBUG oslo_concurrency.lockutils [None req-6dc26415-5f98-478f-835d-de42b7deae67 None None] Acquiring lock "5b362b57-085c-4275-9f1e-543705043b37" by "nova.context.set_target_cell..get_or_set_cached_cell_and_set_connections" {{(pid=71775) inner /opt/stack/data/venv/lib/python3.10/site-packages/oslo_concurrency/lockutils.py:404}}
Nov 07 03:52:11 user devstack@n-api-meta.service[71775]: DEBUG oslo_concurrency.lockutils [None req-6dc26415-5f98-478f-835d-de42b7deae67 None None] Lock "5b362b57-085c-4275-9f1e-543705043b37" acquired by "nova.context.set_target_cell..get_or_set_cached_cell_and_set_connections" :: waited 0.000s {{(pid=71775) inner /opt/stack/data/venv/lib/python3.10/site-packages/oslo_concurrency/lockutils.py:409}}
Nov 07 03:52:11 user devstack@n-api-meta.service[71775]: DEBUG oslo_concurrency.lockutils [None req-6dc26415-5f98-478f-835d-de42b7deae67 None None] Lock "5b362b57-085c-4275-9f1e-543705043b37" "released" by "nova.context.set_target_cell..get_or_set_cached_cell_and_set_connections" :: held 0.001s {{(pid=71775) inner /opt/stack/data/venv/lib/python3.10/site-packages/oslo_concurrency/lockutils.py:423}}
Nov 07 03:52:11 user devstack@n-api-meta.service[71775]: INFO dbcounter [None req-6dc26415-5f98-478f-835d-de42b7deae67 None None] Registered counter for database nova_cell0
Nov 07 03:52:11 user devstack@n-api-meta.service[71775]: INFO dbcounter [None req-6dc26415-5f98-478f-835d-de42b7deae67 None None] Registered counter for database nova_cell1
Nov 07 03:52:11 user devstack@n-api-meta.service[71774]: DEBUG nova.context [None req-9bed2436-5430-417c-858e-c93e2c8b172d None None] Found 2 cells: 00000000-0000-0000-0000-000000000000(cell0),5b362b57-085c-4275-9f1e-543705043b37(cell1) {{(pid=71774) load_cells /opt/stack/nova/nova/context.py:464}}
Nov 07 03:52:11 user devstack@n-api-meta.service[71774]: DEBUG oslo_concurrency.lockutils [None req-9bed2436-5430-417c-858e-c93e2c8b172d None None] Acquiring lock "00000000-0000-0000-0000-000000000000" by "nova.context.set_target_cell..get_or_set_cached_cell_and_set_connections" {{(pid=71774) inner /opt/stack/data/venv/lib/python3.10/site-packages/oslo_concurrency/lockutils.py:404}}
Nov 07 03:52:11 user devstack@n-api-meta.service[71774]: DEBUG oslo_concurrency.lockutils [None req-9bed2436-5430-417c-858e-c93e2c8b172d None None] Lock "00000000-0000-0000-0000-000000000000" acquired by "nova.context.set_target_cell..get_or_set_cached_cell_and_set_connections" :: waited 0.000s {{(pid=71774) inner /opt/stack/data/venv/lib/python3.10/site-packages/oslo_concurrency/lockutils.py:409}}
Nov 07 03:52:11 user devstack@n-api-meta.service[71774]: DEBUG oslo_concurrency.lockutils [None req-9bed2436-5430-417c-858e-c93e2c8b172d None None] Lock "00000000-0000-0000-0000-000000000000" "released" by "nova.context.set_target_cell..get_or_set_cached_cell_and_set_connections" :: held 0.001s {{(pid=71774) inner /opt/stack/data/venv/lib/python3.10/site-packages/oslo_concurrency/lockutils.py:423}}
Nov 07 03:52:11 user devstack@n-api-meta.service[71774]: DEBUG oslo_concurrency.lockutils [None req-9bed2436-5430-417c-858e-c93e2c8b172d None None] Acquiring lock "5b362b57-085c-4275-9f1e-543705043b37" by "nova.context.set_target_cell..get_or_set_cached_cell_and_set_connections" {{(pid=71774) inner /opt/stack/data/venv/lib/python3.10/site-packages/oslo_concurrency/lockutils.py:404}}
Nov 07 03:52:11 user devstack@n-api-meta.service[71774]: DEBUG oslo_concurrency.lockutils [None req-9bed2436-5430-417c-858e-c93e2c8b172d None None] Lock "5b362b57-085c-4275-9f1e-543705043b37" acquired by "nova.context.set_target_cell..get_or_set_cached_cell_and_set_connections" :: waited 0.000s {{(pid=71774) inner /opt/stack/data/venv/lib/python3.10/site-packages/oslo_concurrency/lockutils.py:409}}
Nov 07 03:52:11 user devstack@n-api-meta.service[71774]: DEBUG oslo_concurrency.lockutils [None req-9bed2436-5430-417c-858e-c93e2c8b172d None None] Lock "5b362b57-085c-4275-9f1e-543705043b37" "released" by "nova.context.set_target_cell..get_or_set_cached_cell_and_set_connections" :: held 0.001s {{(pid=71774) inner /opt/stack/data/venv/lib/python3.10/site-packages/oslo_concurrency/lockutils.py:423}}
Nov 07 03:52:11 user devstack@n-api-meta.service[71775]: DEBUG oslo_db.sqlalchemy.engines [None req-6dc26415-5f98-478f-835d-de42b7deae67 None None] MySQL server mode set to STRICT_TRANS_TABLES,STRICT_ALL_TABLES,NO_ZERO_IN_DATE,NO_ZERO_DATE,ERROR_FOR_DIVISION_BY_ZERO,TRADITIONAL,NO_ENGINE_SUBSTITUTION {{(pid=71775) _check_effective_sql_mode /opt/stack/data/venv/lib/python3.10/site-packages/oslo_db/sqlalchemy/engines.py:342}}
Nov 07 03:52:11 user devstack@n-api-meta.service[71774]: INFO dbcounter [None req-9bed2436-5430-417c-858e-c93e2c8b172d None None] Registered counter for database nova_cell0
Nov 07 03:52:11 user devstack@n-api-meta.service[71773]: DEBUG dbcounter [-] [71773] Writer thread running {{(pid=71773) stat_writer /opt/stack/data/venv/lib/python3.10/site-packages/dbcounter.py:102}}
Nov 07 03:52:11 user devstack@n-api-meta.service[71775]: DEBUG dbcounter [-] [71775] Writer thread running {{(pid=71775) stat_writer /opt/stack/data/venv/lib/python3.10/site-packages/dbcounter.py:102}}
Nov 07 03:52:11 user devstack@n-api-meta.service[71774]: INFO dbcounter [None req-9bed2436-5430-417c-858e-c93e2c8b172d None None] Registered counter for database nova_cell1
Nov 07 03:52:11 user devstack@n-api-meta.service[71775]: DEBUG oslo_db.sqlalchemy.engines [None req-6dc26415-5f98-478f-835d-de42b7deae67 None None] MySQL server mode set to STRICT_TRANS_TABLES,STRICT_ALL_TABLES,NO_ZERO_IN_DATE,NO_ZERO_DATE,ERROR_FOR_DIVISION_BY_ZERO,TRADITIONAL,NO_ENGINE_SUBSTITUTION {{(pid=71775) _check_effective_sql_mode /opt/stack/data/venv/lib/python3.10/site-packages/oslo_db/sqlalchemy/engines.py:342}}
Nov 07 03:52:11 user devstack@n-api-meta.service[71773]: INFO dbcounter [None req-fdf47a95-ebc6-4547-9816-77dbe1af3f46 None None] Registered counter for database nova_cell0
Nov 07 03:52:11 user devstack@n-api-meta.service[71774]: DEBUG oslo_db.sqlalchemy.engines [None req-9bed2436-5430-417c-858e-c93e2c8b172d None None] MySQL server mode set to STRICT_TRANS_TABLES,STRICT_ALL_TABLES,NO_ZERO_IN_DATE,NO_ZERO_DATE,ERROR_FOR_DIVISION_BY_ZERO,TRADITIONAL,NO_ENGINE_SUBSTITUTION {{(pid=71774) _check_effective_sql_mode /opt/stack/data/venv/lib/python3.10/site-packages/oslo_db/sqlalchemy/engines.py:342}}
Nov 07 03:52:11 user devstack@n-api-meta.service[71774]: DEBUG oslo_db.sqlalchemy.engines [None req-9bed2436-5430-417c-858e-c93e2c8b172d None None] MySQL server mode set to STRICT_TRANS_TABLES,STRICT_ALL_TABLES,NO_ZERO_IN_DATE,NO_ZERO_DATE,ERROR_FOR_DIVISION_BY_ZERO,TRADITIONAL,NO_ENGINE_SUBSTITUTION {{(pid=71774) _check_effective_sql_mode /opt/stack/data/venv/lib/python3.10/site-packages/oslo_db/sqlalchemy/engines.py:342}}
Nov 07 03:52:11 user devstack@n-api-meta.service[71774]: DEBUG dbcounter [-] [71774] Writer thread running {{(pid=71774) stat_writer /opt/stack/data/venv/lib/python3.10/site-packages/dbcounter.py:102}}
Nov 07 03:52:11 user devstack@n-api-meta.service[71774]: DEBUG dbcounter [-] [71774] Writer thread running {{(pid=71774) stat_writer /opt/stack/data/venv/lib/python3.10/site-packages/dbcounter.py:102}}
Nov 07 03:52:11 user devstack@n-api-meta.service[71773]: DEBUG oslo_db.sqlalchemy.engines [None req-fdf47a95-ebc6-4547-9816-77dbe1af3f46 None None] MySQL server mode set to STRICT_TRANS_TABLES,STRICT_ALL_TABLES,NO_ZERO_IN_DATE,NO_ZERO_DATE,ERROR_FOR_DIVISION_BY_ZERO,TRADITIONAL,NO_ENGINE_SUBSTITUTION {{(pid=71773) _check_effective_sql_mode /opt/stack/data/venv/lib/python3.10/site-packages/oslo_db/sqlalchemy/engines.py:342}}
Nov 07 03:52:11 user devstack@n-api-meta.service[71773]: DEBUG dbcounter [-] [71773] Writer thread running {{(pid=71773) stat_writer /opt/stack/data/venv/lib/python3.10/site-packages/dbcounter.py:102}}
Nov 07 03:52:11 user devstack@n-api-meta.service[71773]: WARNING nova.api.metadata.handler [None req-fdf47a95-ebc6-4547-9816-77dbe1af3f46 None None] metadata_proxy_shared_secret is not configured, the metadata information returned by the proxy cannot be trusted
Nov 07 03:52:11 user devstack@n-api-meta.service[71773]: WSGI app 0 (mountpoint='') ready in 4 seconds on interpreter 0x564a7eed90d0 pid: 71773 (default app)
Nov 07 03:52:11 user devstack@n-api-meta.service[71775]: DEBUG dbcounter [-] [71775] Writer thread running {{(pid=71775) stat_writer /opt/stack/data/venv/lib/python3.10/site-packages/dbcounter.py:102}}
Nov 07 03:52:11 user devstack@n-api-meta.service[71775]: INFO dbcounter [None req-6dc26415-5f98-478f-835d-de42b7deae67 None None] Registered counter for database nova_cell0
Nov 07 03:52:11 user devstack@n-api-meta.service[71775]: DEBUG oslo_db.sqlalchemy.engines [None req-6dc26415-5f98-478f-835d-de42b7deae67 None None] MySQL server mode set to STRICT_TRANS_TABLES,STRICT_ALL_TABLES,NO_ZERO_IN_DATE,NO_ZERO_DATE,ERROR_FOR_DIVISION_BY_ZERO,TRADITIONAL,NO_ENGINE_SUBSTITUTION {{(pid=71775) _check_effective_sql_mode /opt/stack/data/venv/lib/python3.10/site-packages/oslo_db/sqlalchemy/engines.py:342}}
Nov 07 03:52:11 user devstack@n-api-meta.service[71775]: DEBUG dbcounter [-] [71775] Writer thread running {{(pid=71775) stat_writer /opt/stack/data/venv/lib/python3.10/site-packages/dbcounter.py:102}}
Nov 07 03:52:11 user devstack@n-api-meta.service[71774]: INFO dbcounter [None req-9bed2436-5430-417c-858e-c93e2c8b172d None None] Registered counter for database nova_cell0
Nov 07 03:52:11 user devstack@n-api-meta.service[71774]: DEBUG oslo_db.sqlalchemy.engines [None req-9bed2436-5430-417c-858e-c93e2c8b172d None None] MySQL server mode set to STRICT_TRANS_TABLES,STRICT_ALL_TABLES,NO_ZERO_IN_DATE,NO_ZERO_DATE,ERROR_FOR_DIVISION_BY_ZERO,TRADITIONAL,NO_ENGINE_SUBSTITUTION {{(pid=71774) _check_effective_sql_mode /opt/stack/data/venv/lib/python3.10/site-packages/oslo_db/sqlalchemy/engines.py:342}}
Nov 07 03:52:11 user devstack@n-api-meta.service[71774]: DEBUG dbcounter [-] [71774] Writer thread running {{(pid=71774) stat_writer /opt/stack/data/venv/lib/python3.10/site-packages/dbcounter.py:102}}
Nov 07 03:52:11 user devstack@n-api-meta.service[71775]: WARNING nova.api.metadata.handler [None req-6dc26415-5f98-478f-835d-de42b7deae67 None None] metadata_proxy_shared_secret is not configured, the metadata information returned by the proxy cannot be trusted
Nov 07 03:52:11 user devstack@n-api-meta.service[71775]: WSGI app 0 (mountpoint='') ready in 4 seconds on interpreter 0x564a7eed90d0 pid: 71775 (default app)
Nov 07 03:52:11 user devstack@n-api-meta.service[71774]: WARNING nova.api.metadata.handler [None req-9bed2436-5430-417c-858e-c93e2c8b172d None None] metadata_proxy_shared_secret is not configured, the metadata information returned by the proxy cannot be trusted
Nov 07 03:52:11 user devstack@n-api-meta.service[71774]: WSGI app 0 (mountpoint='') ready in 4 seconds on interpreter 0x564a7eed90d0 pid: 71774 (default app)
Nov 07 03:57:15 user devstack@n-api-meta.service[71773]: DEBUG nova.api.metadata.handler [None req-fdf47a95-ebc6-4547-9816-77dbe1af3f46 None None] Metadata request headers: {'Host': '10.0.0.210:8775', 'User-Agent': 'python-requests/2.31.0', 'Accept-Encoding': 'gzip, deflate', 'Accept': '*/*', 'Connection': 'keep-alive', 'X-Forwarded-For': '10.0.0.7', 'X-Instance-Id': '22ebfad2-30ec-4f1a-8575-d655d36c6f91', 'X-Tenant-Id': '60a9f3df6bba4675b2332ac4ded5373e', 'X-Instance-Id-Signature': '1817a57cf79aafe563f2ddef3ec633d579042a3211abd0d49a91e8c498cffc3c'} {{(pid=71773) __call__ /opt/stack/nova/nova/api/metadata/handler.py:110}}
Nov 07 03:57:15 user devstack@n-api-meta.service[71773]: DEBUG dbcounter [-] [71773] Writing DB stats nova_api:SELECT=3 {{(pid=71773) stat_writer /opt/stack/data/venv/lib/python3.10/site-packages/dbcounter.py:115}}
Nov 07 03:57:15 user devstack@n-api-meta.service[71773]: DEBUG dbcounter [-] [71773] Writing DB stats nova_cell0:SELECT=3 {{(pid=71773) stat_writer /opt/stack/data/venv/lib/python3.10/site-packages/dbcounter.py:115}}
Nov 07 03:57:15 user devstack@n-api-meta.service[71773]: DEBUG dbcounter [-] [71773] Writing DB stats nova_cell1:SELECT=3 {{(pid=71773) stat_writer /opt/stack/data/venv/lib/python3.10/site-packages/dbcounter.py:115}}
Nov 07 03:57:15 user devstack@n-api-meta.service[71773]: DEBUG dbcounter [-] [71773] Writing DB stats nova_cell0:SELECT=6,nova_cell0:INSERT=1 {{(pid=71773) stat_writer /opt/stack/data/venv/lib/python3.10/site-packages/dbcounter.py:115}}
Nov 07 03:57:15 user devstack@n-api-meta.service[71773]: DEBUG oslo_concurrency.lockutils [None req-42388500-e86a-46f5-a74e-e5efd7df1d71 None None] Acquiring lock "5b362b57-085c-4275-9f1e-543705043b37" by "nova.context.set_target_cell..get_or_set_cached_cell_and_set_connections" {{(pid=71773) inner /opt/stack/data/venv/lib/python3.10/site-packages/oslo_concurrency/lockutils.py:404}}
Nov 07 03:57:15 user devstack@n-api-meta.service[71773]: DEBUG oslo_concurrency.lockutils [None req-42388500-e86a-46f5-a74e-e5efd7df1d71 None None] Lock "5b362b57-085c-4275-9f1e-543705043b37" acquired by "nova.context.set_target_cell..get_or_set_cached_cell_and_set_connections" :: waited 0.001s {{(pid=71773) inner /opt/stack/data/venv/lib/python3.10/site-packages/oslo_concurrency/lockutils.py:409}}
Nov 07 03:57:15 user devstack@n-api-meta.service[71773]: DEBUG oslo_concurrency.lockutils [None req-42388500-e86a-46f5-a74e-e5efd7df1d71 None None] Lock "5b362b57-085c-4275-9f1e-543705043b37" "released" by "nova.context.set_target_cell..get_or_set_cached_cell_and_set_connections" :: held 0.000s {{(pid=71773) inner /opt/stack/data/venv/lib/python3.10/site-packages/oslo_concurrency/lockutils.py:423}}
Nov 07 03:57:15 user devstack@n-api-meta.service[71775]: DEBUG nova.api.metadata.handler [None req-6dc26415-5f98-478f-835d-de42b7deae67 None None] Metadata request headers: {'Host': '10.0.0.210:8775', 'User-Agent': 'python-requests/2.31.0', 'Accept-Encoding': 'gzip, deflate', 'Accept': '*/*', 'Connection': 'keep-alive', 'X-Forwarded-For': '10.0.0.14', 'X-Instance-Id': 'f146d8c3-a189-49da-84d0-b49dc77e4144', 'X-Tenant-Id': '60a9f3df6bba4675b2332ac4ded5373e', 'X-Instance-Id-Signature': '187a1e60a475ec3c34449981d01ec123db7f20a0fa5322e2c6d24174218f292f'} {{(pid=71775) __call__ /opt/stack/nova/nova/api/metadata/handler.py:110}}
Nov 07 03:57:15 user devstack@n-api-meta.service[71775]: DEBUG dbcounter [-] [71775] Writing DB stats nova_api:SELECT=3 {{(pid=71775) stat_writer /opt/stack/data/venv/lib/python3.10/site-packages/dbcounter.py:115}}
Nov 07 03:57:15 user devstack@n-api-meta.service[71775]: DEBUG dbcounter [-] [71775] Writing DB stats nova_cell0:SELECT=3 {{(pid=71775) stat_writer /opt/stack/data/venv/lib/python3.10/site-packages/dbcounter.py:115}}
Nov 07 03:57:15 user devstack@n-api-meta.service[71775]: DEBUG dbcounter [-] [71775] Writing DB stats nova_cell1:SELECT=3 {{(pid=71775) stat_writer /opt/stack/data/venv/lib/python3.10/site-packages/dbcounter.py:115}}
Nov 07 03:57:15 user devstack@n-api-meta.service[71775]: DEBUG dbcounter [-] [71775] Writing DB stats nova_cell0:SELECT=3 {{(pid=71775) stat_writer /opt/stack/data/venv/lib/python3.10/site-packages/dbcounter.py:115}}
Nov 07 03:57:15 user devstack@n-api-meta.service[71775]: DEBUG oslo_concurrency.lockutils [None req-ac9adbaa-e1b5-4ebe-a4db-c08ff430ca1c None None] Acquiring lock "5b362b57-085c-4275-9f1e-543705043b37" by "nova.context.set_target_cell..get_or_set_cached_cell_and_set_connections" {{(pid=71775) inner /opt/stack/data/venv/lib/python3.10/site-packages/oslo_concurrency/lockutils.py:404}}
Nov 07 03:57:15 user devstack@n-api-meta.service[71775]: DEBUG oslo_concurrency.lockutils [None req-ac9adbaa-e1b5-4ebe-a4db-c08ff430ca1c None None] Lock "5b362b57-085c-4275-9f1e-543705043b37" acquired by "nova.context.set_target_cell..get_or_set_cached_cell_and_set_connections" :: waited 0.001s {{(pid=71775) inner /opt/stack/data/venv/lib/python3.10/site-packages/oslo_concurrency/lockutils.py:409}}
Nov 07 03:57:15 user devstack@n-api-meta.service[71775]: DEBUG oslo_concurrency.lockutils [None req-ac9adbaa-e1b5-4ebe-a4db-c08ff430ca1c None None] Lock "5b362b57-085c-4275-9f1e-543705043b37" "released" by "nova.context.set_target_cell..get_or_set_cached_cell_and_set_connections" :: held 0.001s {{(pid=71775) inner /opt/stack/data/venv/lib/python3.10/site-packages/oslo_concurrency/lockutils.py:423}}
Nov 07 03:57:16 user devstack@n-api-meta.service[71775]: [pid: 71775|app: 0|req: 1/1] 10.0.0.210 () {40 vars in 668 bytes} [Tue Nov 7 03:57:15 2023] GET /2009-04-04/meta-data/instance-id => generated 10 bytes in 823 msecs (HTTP/1.1 200) 3 headers in 99 bytes (1 switches on core 0)
Nov 07 03:57:16 user devstack@n-api-meta.service[71773]: [pid: 71773|app: 0|req: 1/2] 10.0.0.210 () {40 vars in 667 bytes} [Tue Nov 7 03:57:15 2023] GET /2009-04-04/meta-data/instance-id => generated 10 bytes in 968 msecs (HTTP/1.1 200) 3 headers in 99 bytes (1 switches on core 0)
Nov 07 03:57:16 user devstack@n-api-meta.service[71774]: DEBUG nova.api.metadata.handler [None req-9bed2436-5430-417c-858e-c93e2c8b172d None None] Metadata request headers: {'Host': '10.0.0.210:8775', 'User-Agent': 'python-requests/2.31.0', 'Accept-Encoding': 'gzip, deflate', 'Accept': '*/*', 'Connection': 'keep-alive', 'X-Forwarded-For': '10.0.0.14', 'X-Instance-Id': 'f146d8c3-a189-49da-84d0-b49dc77e4144', 'X-Tenant-Id': '60a9f3df6bba4675b2332ac4ded5373e', 'X-Instance-Id-Signature': '187a1e60a475ec3c34449981d01ec123db7f20a0fa5322e2c6d24174218f292f'} {{(pid=71774) __call__ /opt/stack/nova/nova/api/metadata/handler.py:110}}
Nov 07 03:57:16 user devstack@n-api-meta.service[71775]: DEBUG nova.api.metadata.handler [None req-ac9adbaa-e1b5-4ebe-a4db-c08ff430ca1c None None] Metadata request headers: {'Host': '10.0.0.210:8775', 'User-Agent': 'python-requests/2.31.0', 'Accept-Encoding': 'gzip, deflate', 'Accept': '*/*', 'Connection': 'keep-alive', 'X-Forwarded-For': '10.0.0.7', 'X-Instance-Id': '22ebfad2-30ec-4f1a-8575-d655d36c6f91', 'X-Tenant-Id': '60a9f3df6bba4675b2332ac4ded5373e', 'X-Instance-Id-Signature': '1817a57cf79aafe563f2ddef3ec633d579042a3211abd0d49a91e8c498cffc3c'} {{(pid=71775) __call__ /opt/stack/nova/nova/api/metadata/handler.py:110}}
Nov 07 03:57:16 user devstack@n-api-meta.service[71775]: DEBUG nova.api.metadata.handler [None req-ac9adbaa-e1b5-4ebe-a4db-c08ff430ca1c None None] Using cached metadata for instance 22ebfad2-30ec-4f1a-8575-d655d36c6f91 {{(pid=71775) get_metadata_by_instance_id /opt/stack/nova/nova/api/metadata/handler.py:85}}
Nov 07 03:57:16 user devstack@n-api-meta.service[71775]: [pid: 71775|app: 0|req: 2/3] 10.0.0.210 () {40 vars in 667 bytes} [Tue Nov 7 03:57:16 2023] GET /2009-04-04/meta-data/public-keys => generated 154 bytes in 10 msecs (HTTP/1.1 404) 3 headers in 106 bytes (1 switches on core 0)
Nov 07 03:57:16 user devstack@n-api-meta.service[71774]: DEBUG nova.api.metadata.handler [None req-9bed2436-5430-417c-858e-c93e2c8b172d None None] Using cached metadata for instance f146d8c3-a189-49da-84d0-b49dc77e4144 {{(pid=71774) get_metadata_by_instance_id /opt/stack/nova/nova/api/metadata/handler.py:85}}
Nov 07 03:57:16 user devstack@n-api-meta.service[71774]: [pid: 71774|app: 0|req: 1/4] 10.0.0.210 () {40 vars in 668 bytes} [Tue Nov 7 03:57:16 2023] GET /2009-04-04/meta-data/public-keys => generated 154 bytes in 15 msecs (HTTP/1.1 404) 3 headers in 106 bytes (1 switches on core 0)
Nov 07 03:57:16 user devstack@n-api-meta.service[71773]: DEBUG nova.api.metadata.handler [None req-42388500-e86a-46f5-a74e-e5efd7df1d71 None None] Metadata request headers: {'Host': '10.0.0.210:8775', 'User-Agent': 'python-requests/2.31.0', 'Accept-Encoding': 'gzip, deflate', 'Accept': '*/*', 'Connection': 'keep-alive', 'X-Forwarded-For': '10.0.0.14', 'X-Instance-Id': 'f146d8c3-a189-49da-84d0-b49dc77e4144', 'X-Tenant-Id': '60a9f3df6bba4675b2332ac4ded5373e', 'X-Instance-Id-Signature': '187a1e60a475ec3c34449981d01ec123db7f20a0fa5322e2c6d24174218f292f'} {{(pid=71773) __call__ /opt/stack/nova/nova/api/metadata/handler.py:110}}
Nov 07 03:57:16 user devstack@n-api-meta.service[71775]: DEBUG nova.api.metadata.handler [None req-ac9adbaa-e1b5-4ebe-a4db-c08ff430ca1c None None] Metadata request headers: {'Host': '10.0.0.210:8775', 'User-Agent': 'python-requests/2.31.0', 'Accept-Encoding': 'gzip, deflate', 'Accept': '*/*', 'Connection': 'keep-alive', 'X-Forwarded-For': '10.0.0.7', 'X-Instance-Id': '22ebfad2-30ec-4f1a-8575-d655d36c6f91', 'X-Tenant-Id': '60a9f3df6bba4675b2332ac4ded5373e', 'X-Instance-Id-Signature': '1817a57cf79aafe563f2ddef3ec633d579042a3211abd0d49a91e8c498cffc3c'} {{(pid=71775) __call__ /opt/stack/nova/nova/api/metadata/handler.py:110}}
Nov 07 03:57:16 user devstack@n-api-meta.service[71773]: DEBUG nova.api.metadata.handler [None req-42388500-e86a-46f5-a74e-e5efd7df1d71 None None] Using cached metadata for instance f146d8c3-a189-49da-84d0-b49dc77e4144 {{(pid=71773) get_metadata_by_instance_id /opt/stack/nova/nova/api/metadata/handler.py:85}}
Nov 07 03:57:16 user devstack@n-api-meta.service[71773]: [pid: 71773|app: 0|req: 2/5] 10.0.0.210 () {40 vars in 668 bytes} [Tue Nov 7 03:57:16 2023] GET /2009-04-04/meta-data/instance-id => generated 10 bytes in 9 msecs (HTTP/1.1 200) 3 headers in 99 bytes (1 switches on core 0)
Nov 07 03:57:16 user devstack@n-api-meta.service[71775]: DEBUG nova.api.metadata.handler [None req-ac9adbaa-e1b5-4ebe-a4db-c08ff430ca1c None None] Using cached metadata for instance 22ebfad2-30ec-4f1a-8575-d655d36c6f91 {{(pid=71775) get_metadata_by_instance_id /opt/stack/nova/nova/api/metadata/handler.py:85}}
Nov 07 03:57:16 user devstack@n-api-meta.service[71775]: [pid: 71775|app: 0|req: 3/6] 10.0.0.210 () {40 vars in 667 bytes} [Tue Nov 7 03:57:16 2023] GET /2009-04-04/meta-data/instance-id => generated 10 bytes in 6 msecs (HTTP/1.1 200) 3 headers in 99 bytes (1 switches on core 0)
Nov 07 03:57:16 user devstack@n-api-meta.service[71774]: DEBUG nova.api.metadata.handler [None req-9bed2436-5430-417c-858e-c93e2c8b172d None None] Metadata request headers: {'Host': '10.0.0.210:8775', 'User-Agent': 'python-requests/2.31.0', 'Accept-Encoding': 'gzip, deflate', 'Accept': '*/*', 'Connection': 'keep-alive', 'X-Forwarded-For': '10.0.0.14', 'X-Instance-Id': 'f146d8c3-a189-49da-84d0-b49dc77e4144', 'X-Tenant-Id': '60a9f3df6bba4675b2332ac4ded5373e', 'X-Instance-Id-Signature': '187a1e60a475ec3c34449981d01ec123db7f20a0fa5322e2c6d24174218f292f'} {{(pid=71774) __call__ /opt/stack/nova/nova/api/metadata/handler.py:110}}
Nov 07 03:57:16 user devstack@n-api-meta.service[71774]: DEBUG dbcounter [-] [71774] Writing DB stats nova_api:SELECT=3 {{(pid=71774) stat_writer /opt/stack/data/venv/lib/python3.10/site-packages/dbcounter.py:115}}
Nov 07 03:57:16 user devstack@n-api-meta.service[71774]: DEBUG dbcounter [-] [71774] Writing DB stats nova_cell0:SELECT=3 {{(pid=71774) stat_writer /opt/stack/data/venv/lib/python3.10/site-packages/dbcounter.py:115}}
Nov 07 03:57:16 user devstack@n-api-meta.service[71774]: DEBUG dbcounter [-] [71774] Writing DB stats nova_cell1:SELECT=3 {{(pid=71774) stat_writer /opt/stack/data/venv/lib/python3.10/site-packages/dbcounter.py:115}}
Nov 07 03:57:16 user devstack@n-api-meta.service[71773]: DEBUG nova.api.metadata.handler [None req-42388500-e86a-46f5-a74e-e5efd7df1d71 None None] Metadata request headers: {'Host': '10.0.0.210:8775', 'User-Agent': 'python-requests/2.31.0', 'Accept-Encoding': 'gzip, deflate', 'Accept': '*/*', 'Connection': 'keep-alive', 'X-Forwarded-For': '10.0.0.7', 'X-Instance-Id': '22ebfad2-30ec-4f1a-8575-d655d36c6f91', 'X-Tenant-Id': '60a9f3df6bba4675b2332ac4ded5373e', 'X-Instance-Id-Signature': '1817a57cf79aafe563f2ddef3ec633d579042a3211abd0d49a91e8c498cffc3c'} {{(pid=71773) __call__ /opt/stack/nova/nova/api/metadata/handler.py:110}}
Nov 07 03:57:16 user devstack@n-api-meta.service[71773]: DEBUG nova.api.metadata.handler [None req-42388500-e86a-46f5-a74e-e5efd7df1d71 None None] Using cached metadata for instance 22ebfad2-30ec-4f1a-8575-d655d36c6f91 {{(pid=71773) get_metadata_by_instance_id /opt/stack/nova/nova/api/metadata/handler.py:85}}
Nov 07 03:57:16 user devstack@n-api-meta.service[71773]: [pid: 71773|app: 0|req: 3/7] 10.0.0.210 () {40 vars in 677 bytes} [Tue Nov 7 03:57:16 2023] GET /2009-04-04/meta-data/ami-launch-index => generated 1 bytes in 4 msecs (HTTP/1.1 200) 3 headers in 98 bytes (1 switches on core 0)
Nov 07 03:57:16 user devstack@n-api-meta.service[71774]: DEBUG dbcounter [-] [71774] Writing DB stats nova_cell0:SELECT=3 {{(pid=71774) stat_writer /opt/stack/data/venv/lib/python3.10/site-packages/dbcounter.py:115}}
Nov 07 03:57:16 user devstack@n-api-meta.service[71774]: DEBUG nova.api.metadata.handler [None req-9bed2436-5430-417c-858e-c93e2c8b172d None None] Using cached metadata for instance f146d8c3-a189-49da-84d0-b49dc77e4144 {{(pid=71774) get_metadata_by_instance_id /opt/stack/nova/nova/api/metadata/handler.py:85}}
Nov 07 03:57:16 user devstack@n-api-meta.service[71774]: [pid: 71774|app: 0|req: 2/8] 10.0.0.210 () {40 vars in 678 bytes} [Tue Nov 7 03:57:16 2023] GET /2009-04-04/meta-data/ami-launch-index => generated 1 bytes in 17 msecs (HTTP/1.1 200) 3 headers in 98 bytes (1 switches on core 0)
Nov 07 03:57:16 user devstack@n-api-meta.service[71775]: DEBUG nova.api.metadata.handler [None req-ac9adbaa-e1b5-4ebe-a4db-c08ff430ca1c None None] Metadata request headers: {'Host': '10.0.0.210:8775', 'User-Agent': 'python-requests/2.31.0', 'Accept-Encoding': 'gzip, deflate', 'Accept': '*/*', 'Connection': 'keep-alive', 'X-Forwarded-For': '10.0.0.14', 'X-Instance-Id': 'f146d8c3-a189-49da-84d0-b49dc77e4144', 'X-Tenant-Id': '60a9f3df6bba4675b2332ac4ded5373e', 'X-Instance-Id-Signature': '187a1e60a475ec3c34449981d01ec123db7f20a0fa5322e2c6d24174218f292f'} {{(pid=71775) __call__ /opt/stack/nova/nova/api/metadata/handler.py:110}}
Nov 07 03:57:16 user devstack@n-api-meta.service[71775]: DEBUG nova.api.metadata.handler [None req-ac9adbaa-e1b5-4ebe-a4db-c08ff430ca1c None None] Using cached metadata for instance f146d8c3-a189-49da-84d0-b49dc77e4144 {{(pid=71775) get_metadata_by_instance_id /opt/stack/nova/nova/api/metadata/handler.py:85}}
Nov 07 03:57:16 user devstack@n-api-meta.service[71775]: [pid: 71775|app: 0|req: 4/9] 10.0.0.210 () {40 vars in 672 bytes} [Tue Nov 7 03:57:16 2023] GET /2009-04-04/meta-data/instance-type => generated 7 bytes in 4 msecs (HTTP/1.1 200) 3 headers in 98 bytes (1 switches on core 0)
Nov 07 03:57:16 user devstack@n-api-meta.service[71773]: DEBUG nova.api.metadata.handler [None req-42388500-e86a-46f5-a74e-e5efd7df1d71 None None] Metadata request headers: {'Host': '10.0.0.210:8775', 'User-Agent': 'python-requests/2.31.0', 'Accept-Encoding': 'gzip, deflate', 'Accept': '*/*', 'Connection': 'keep-alive', 'X-Forwarded-For': '10.0.0.14', 'X-Instance-Id': 'f146d8c3-a189-49da-84d0-b49dc77e4144', 'X-Tenant-Id': '60a9f3df6bba4675b2332ac4ded5373e', 'X-Instance-Id-Signature': '187a1e60a475ec3c34449981d01ec123db7f20a0fa5322e2c6d24174218f292f'} {{(pid=71773) __call__ /opt/stack/nova/nova/api/metadata/handler.py:110}}
Nov 07 03:57:16 user devstack@n-api-meta.service[71773]: DEBUG nova.api.metadata.handler [None req-42388500-e86a-46f5-a74e-e5efd7df1d71 None None] Using cached metadata for instance f146d8c3-a189-49da-84d0-b49dc77e4144 {{(pid=71773) get_metadata_by_instance_id /opt/stack/nova/nova/api/metadata/handler.py:85}}
Nov 07 03:57:16 user devstack@n-api-meta.service[71773]: [pid: 71773|app: 0|req: 4/10] 10.0.0.210 () {40 vars in 666 bytes} [Tue Nov 7 03:57:16 2023] GET /2009-04-04/meta-data/local-ipv4 => generated 9 bytes in 4 msecs (HTTP/1.1 200) 3 headers in 98 bytes (1 switches on core 0)
Nov 07 03:57:16 user devstack@n-api-meta.service[71774]: DEBUG nova.api.metadata.handler [None req-9bed2436-5430-417c-858e-c93e2c8b172d None None] Metadata request headers: {'Host': '10.0.0.210:8775', 'User-Agent': 'python-requests/2.31.0', 'Accept-Encoding': 'gzip, deflate', 'Accept': '*/*', 'Connection': 'keep-alive', 'X-Forwarded-For': '10.0.0.7', 'X-Instance-Id': '22ebfad2-30ec-4f1a-8575-d655d36c6f91', 'X-Tenant-Id': '60a9f3df6bba4675b2332ac4ded5373e', 'X-Instance-Id-Signature': '1817a57cf79aafe563f2ddef3ec633d579042a3211abd0d49a91e8c498cffc3c'} {{(pid=71774) __call__ /opt/stack/nova/nova/api/metadata/handler.py:110}}
Nov 07 03:57:16 user devstack@n-api-meta.service[71774]: DEBUG nova.api.metadata.handler [None req-9bed2436-5430-417c-858e-c93e2c8b172d None None] Using cached metadata for instance 22ebfad2-30ec-4f1a-8575-d655d36c6f91 {{(pid=71774) get_metadata_by_instance_id /opt/stack/nova/nova/api/metadata/handler.py:85}}
Nov 07 03:57:16 user devstack@n-api-meta.service[71774]: [pid: 71774|app: 0|req: 3/11] 10.0.0.210 () {40 vars in 671 bytes} [Tue Nov 7 03:57:16 2023] GET /2009-04-04/meta-data/instance-type => generated 7 bytes in 5 msecs (HTTP/1.1 200) 3 headers in 98 bytes (1 switches on core 0)
Nov 07 03:57:16 user devstack@n-api-meta.service[71775]: DEBUG nova.api.metadata.handler [None req-ac9adbaa-e1b5-4ebe-a4db-c08ff430ca1c None None] Metadata request headers: {'Host': '10.0.0.210:8775', 'User-Agent': 'python-requests/2.31.0', 'Accept-Encoding': 'gzip, deflate', 'Accept': '*/*', 'Connection': 'keep-alive', 'X-Forwarded-For': '10.0.0.7', 'X-Instance-Id': '22ebfad2-30ec-4f1a-8575-d655d36c6f91', 'X-Tenant-Id': '60a9f3df6bba4675b2332ac4ded5373e', 'X-Instance-Id-Signature': '1817a57cf79aafe563f2ddef3ec633d579042a3211abd0d49a91e8c498cffc3c'} {{(pid=71775) __call__ /opt/stack/nova/nova/api/metadata/handler.py:110}}
Nov 07 03:57:16 user devstack@n-api-meta.service[71775]: DEBUG nova.api.metadata.handler [None req-ac9adbaa-e1b5-4ebe-a4db-c08ff430ca1c None None] Using cached metadata for instance 22ebfad2-30ec-4f1a-8575-d655d36c6f91 {{(pid=71775) get_metadata_by_instance_id /opt/stack/nova/nova/api/metadata/handler.py:85}}
Nov 07 03:57:16 user devstack@n-api-meta.service[71775]: [pid: 71775|app: 0|req: 5/12] 10.0.0.210 () {40 vars in 665 bytes} [Tue Nov 7 03:57:16 2023] GET /2009-04-04/meta-data/local-ipv4 => generated 8 bytes in 4 msecs (HTTP/1.1 200) 3 headers in 98 bytes (1 switches on core 0)
