Nov 08 03:00:14 user devstack@g-api.service[78296]: DEBUG glance.common.config [None req-e496c4df-908d-4cbd-9ebf-2911bcfd7744 None None] oslo_messaging_notifications.driver = ['messagingv2'] {{(pid=78296) log_opt_values /opt/stack/data/venv/lib/python3.10/site-packages/oslo_config/cfg.py:2609}}
Nov 08 03:00:14 user devstack@g-api.service[78297]: DEBUG glance.common.config [None req-4d28df44-be2a-4ac8-8a45-02722d1dc7fe None None] oslo_messaging_rabbit.ssl_cert_file = {{(pid=78297) log_opt_values /opt/stack/data/venv/lib/python3.10/site-packages/oslo_config/cfg.py:2609}}
Nov 08 03:00:14 user devstack@g-api.service[78296]: DEBUG glance.common.config [None req-e496c4df-908d-4cbd-9ebf-2911bcfd7744 None None] oslo_messaging_notifications.retry = -1 {{(pid=78296) log_opt_values /opt/stack/data/venv/lib/python3.10/site-packages/oslo_config/cfg.py:2609}}
Nov 08 03:00:14 user devstack@g-api.service[78297]: DEBUG glance.common.config [None req-4d28df44-be2a-4ac8-8a45-02722d1dc7fe None None] oslo_messaging_rabbit.ssl_enforce_fips_mode = False {{(pid=78297) log_opt_values /opt/stack/data/venv/lib/python3.10/site-packages/oslo_config/cfg.py:2609}}
Nov 08 03:00:14 user devstack@g-api.service[78296]: DEBUG glance.common.config [None req-e496c4df-908d-4cbd-9ebf-2911bcfd7744 None None] oslo_messaging_notifications.topics = ['notifications'] {{(pid=78296) log_opt_values /opt/stack/data/venv/lib/python3.10/site-packages/oslo_config/cfg.py:2609}}
Nov 08 03:00:14 user devstack@g-api.service[78297]: DEBUG glance.common.config [None req-4d28df44-be2a-4ac8-8a45-02722d1dc7fe None None] oslo_messaging_rabbit.ssl_key_file = {{(pid=78297) log_opt_values /opt/stack/data/venv/lib/python3.10/site-packages/oslo_config/cfg.py:2609}}
Nov 08 03:00:14 user devstack@g-api.service[78296]: DEBUG glance.common.config [None req-e496c4df-908d-4cbd-9ebf-2911bcfd7744 None None] oslo_messaging_notifications.transport_url = **** {{(pid=78296) log_opt_values /opt/stack/data/venv/lib/python3.10/site-packages/oslo_config/cfg.py:2609}}
Nov 08 03:00:14 user devstack@g-api.service[78297]: DEBUG glance.common.config [None req-4d28df44-be2a-4ac8-8a45-02722d1dc7fe None None] oslo_messaging_rabbit.ssl_version = {{(pid=78297) log_opt_values /opt/stack/data/venv/lib/python3.10/site-packages/oslo_config/cfg.py:2609}}
Nov 08 03:00:14 user devstack@g-api.service[78296]: DEBUG glance.common.config [None req-e496c4df-908d-4cbd-9ebf-2911bcfd7744 None None] oslo_messaging_rabbit.amqp_auto_delete = False {{(pid=78296) log_opt_values /opt/stack/data/venv/lib/python3.10/site-packages/oslo_config/cfg.py:2609}}
Nov 08 03:00:14 user devstack@g-api.service[78297]: DEBUG glance.common.config [None req-4d28df44-be2a-4ac8-8a45-02722d1dc7fe None None] key_manager.backend = barbican {{(pid=78297) log_opt_values /opt/stack/data/venv/lib/python3.10/site-packages/oslo_config/cfg.py:2609}}
Nov 08 03:00:14 user devstack@g-api.service[78296]: DEBUG glance.common.config [None req-e496c4df-908d-4cbd-9ebf-2911bcfd7744 None None] oslo_messaging_rabbit.amqp_durable_queues = False {{(pid=78296) log_opt_values /opt/stack/data/venv/lib/python3.10/site-packages/oslo_config/cfg.py:2609}}
Nov 08 03:00:14 user devstack@g-api.service[78297]: DEBUG glance.common.config [None req-4d28df44-be2a-4ac8-8a45-02722d1dc7fe None None] key_manager.fixed_key = None {{(pid=78297) log_opt_values /opt/stack/data/venv/lib/python3.10/site-packages/oslo_config/cfg.py:2609}}
Nov 08 03:00:14 user devstack@g-api.service[78296]: DEBUG glance.common.config [None req-e496c4df-908d-4cbd-9ebf-2911bcfd7744 None None] oslo_messaging_rabbit.conn_pool_min_size = 2 {{(pid=78296) log_opt_values /opt/stack/data/venv/lib/python3.10/site-packages/oslo_config/cfg.py:2609}}
Nov 08 03:00:14 user devstack@g-api.service[78297]: DEBUG glance.common.config [None req-4d28df44-be2a-4ac8-8a45-02722d1dc7fe None None] barbican.auth_endpoint = http://localhost/identity/v3 {{(pid=78297) log_opt_values /opt/stack/data/venv/lib/python3.10/site-packages/oslo_config/cfg.py:2609}}
Nov 08 03:00:14 user devstack@g-api.service[78296]: DEBUG glance.common.config [None req-e496c4df-908d-4cbd-9ebf-2911bcfd7744 None None] oslo_messaging_rabbit.conn_pool_ttl = 1200 {{(pid=78296) log_opt_values /opt/stack/data/venv/lib/python3.10/site-packages/oslo_config/cfg.py:2609}}
Nov 08 03:00:14 user devstack@g-api.service[78297]: DEBUG glance.common.config [None req-4d28df44-be2a-4ac8-8a45-02722d1dc7fe None None] barbican.barbican_api_version = None {{(pid=78297) log_opt_values /opt/stack/data/venv/lib/python3.10/site-packages/oslo_config/cfg.py:2609}}
Nov 08 03:00:14 user devstack@g-api.service[78296]: DEBUG glance.common.config [None req-e496c4df-908d-4cbd-9ebf-2911bcfd7744 None None] oslo_messaging_rabbit.direct_mandatory_flag = True {{(pid=78296) log_opt_values /opt/stack/data/venv/lib/python3.10/site-packages/oslo_config/cfg.py:2609}}
Nov 08 03:00:14 user devstack@g-api.service[78297]: DEBUG glance.common.config [None req-4d28df44-be2a-4ac8-8a45-02722d1dc7fe None None] barbican.barbican_endpoint = None {{(pid=78297) log_opt_values /opt/stack/data/venv/lib/python3.10/site-packages/oslo_config/cfg.py:2609}}
Nov 08 03:00:14 user devstack@g-api.service[78296]: DEBUG glance.common.config [None req-e496c4df-908d-4cbd-9ebf-2911bcfd7744 None None] oslo_messaging_rabbit.enable_cancel_on_failover = False {{(pid=78296) log_opt_values /opt/stack/data/venv/lib/python3.10/site-packages/oslo_config/cfg.py:2609}}
Nov 08 03:00:14 user devstack@g-api.service[78297]: DEBUG glance.common.config [None req-4d28df44-be2a-4ac8-8a45-02722d1dc7fe None None] barbican.barbican_endpoint_type = public {{(pid=78297) log_opt_values /opt/stack/data/venv/lib/python3.10/site-packages/oslo_config/cfg.py:2609}}
Nov 08 03:00:14 user devstack@g-api.service[78296]: DEBUG glance.common.config [None req-e496c4df-908d-4cbd-9ebf-2911bcfd7744 None None] oslo_messaging_rabbit.heartbeat_in_pthread = False {{(pid=78296) log_opt_values /opt/stack/data/venv/lib/python3.10/site-packages/oslo_config/cfg.py:2609}}
Nov 08 03:00:14 user devstack@g-api.service[78297]: DEBUG glance.common.config [None req-4d28df44-be2a-4ac8-8a45-02722d1dc7fe None None] barbican.barbican_region_name = None {{(pid=78297) log_opt_values /opt/stack/data/venv/lib/python3.10/site-packages/oslo_config/cfg.py:2609}}
Nov 08 03:00:14 user devstack@g-api.service[78296]: DEBUG glance.common.config [None req-e496c4df-908d-4cbd-9ebf-2911bcfd7744 None None] oslo_messaging_rabbit.heartbeat_rate = 2 {{(pid=78296) log_opt_values /opt/stack/data/venv/lib/python3.10/site-packages/oslo_config/cfg.py:2609}}
Nov 08 03:00:14 user devstack@g-api.service[78297]: DEBUG glance.common.config [None req-4d28df44-be2a-4ac8-8a45-02722d1dc7fe None None] barbican.cafile = None {{(pid=78297) log_opt_values /opt/stack/data/venv/lib/python3.10/site-packages/oslo_config/cfg.py:2609}}
Nov 08 03:00:14 user devstack@g-api.service[78296]: DEBUG glance.common.config [None req-e496c4df-908d-4cbd-9ebf-2911bcfd7744 None None] oslo_messaging_rabbit.heartbeat_timeout_threshold = 60 {{(pid=78296) log_opt_values /opt/stack/data/venv/lib/python3.10/site-packages/oslo_config/cfg.py:2609}}
Nov 08 03:00:14 user devstack@g-api.service[78297]: DEBUG glance.common.config [None req-4d28df44-be2a-4ac8-8a45-02722d1dc7fe None None] barbican.certfile = None {{(pid=78297) log_opt_values /opt/stack/data/venv/lib/python3.10/site-packages/oslo_config/cfg.py:2609}}
Nov 08 03:00:14 user devstack@g-api.service[78296]: DEBUG glance.common.config [None req-e496c4df-908d-4cbd-9ebf-2911bcfd7744 None None] oslo_messaging_rabbit.kombu_compression = None {{(pid=78296) log_opt_values /opt/stack/data/venv/lib/python3.10/site-packages/oslo_config/cfg.py:2609}}
Nov 08 03:00:14 user devstack@g-api.service[78297]: DEBUG glance.common.config [None req-4d28df44-be2a-4ac8-8a45-02722d1dc7fe None None] barbican.collect_timing = False {{(pid=78297) log_opt_values /opt/stack/data/venv/lib/python3.10/site-packages/oslo_config/cfg.py:2609}}
Nov 08 03:00:14 user devstack@g-api.service[78296]: DEBUG glance.common.config [None req-e496c4df-908d-4cbd-9ebf-2911bcfd7744 None None] oslo_messaging_rabbit.kombu_failover_strategy = round-robin {{(pid=78296) log_opt_values /opt/stack/data/venv/lib/python3.10/site-packages/oslo_config/cfg.py:2609}}
Nov 08 03:00:14 user devstack@g-api.service[78297]: DEBUG glance.common.config [None req-4d28df44-be2a-4ac8-8a45-02722d1dc7fe None None] barbican.insecure = False {{(pid=78297) log_opt_values /opt/stack/data/venv/lib/python3.10/site-packages/oslo_config/cfg.py:2609}}
Nov 08 03:00:14 user devstack@g-api.service[78296]: DEBUG glance.common.config [None req-e496c4df-908d-4cbd-9ebf-2911bcfd7744 None None] oslo_messaging_rabbit.kombu_missing_consumer_retry_timeout = 60 {{(pid=78296) log_opt_values /opt/stack/data/venv/lib/python3.10/site-packages/oslo_config/cfg.py:2609}}
Nov 08 03:00:14 user devstack@g-api.service[78297]: DEBUG glance.common.config [None req-4d28df44-be2a-4ac8-8a45-02722d1dc7fe None None] barbican.keyfile = None {{(pid=78297) log_opt_values /opt/stack/data/venv/lib/python3.10/site-packages/oslo_config/cfg.py:2609}}
Nov 08 03:00:14 user devstack@g-api.service[78296]: DEBUG glance.common.config [None req-e496c4df-908d-4cbd-9ebf-2911bcfd7744 None None] oslo_messaging_rabbit.kombu_reconnect_delay = 1.0 {{(pid=78296) log_opt_values /opt/stack/data/venv/lib/python3.10/site-packages/oslo_config/cfg.py:2609}}
Nov 08 03:00:14 user devstack@g-api.service[78297]: DEBUG glance.common.config [None req-4d28df44-be2a-4ac8-8a45-02722d1dc7fe None None] barbican.number_of_retries = 60 {{(pid=78297) log_opt_values /opt/stack/data/venv/lib/python3.10/site-packages/oslo_config/cfg.py:2609}}
Nov 08 03:00:14 user devstack@g-api.service[78296]: DEBUG glance.common.config [None req-e496c4df-908d-4cbd-9ebf-2911bcfd7744 None None] oslo_messaging_rabbit.rabbit_ha_queues = False {{(pid=78296) log_opt_values /opt/stack/data/venv/lib/python3.10/site-packages/oslo_config/cfg.py:2609}}
Nov 08 03:00:14 user devstack@g-api.service[78297]: DEBUG glance.common.config [None req-4d28df44-be2a-4ac8-8a45-02722d1dc7fe None None] barbican.retry_delay = 1 {{(pid=78297) log_opt_values /opt/stack/data/venv/lib/python3.10/site-packages/oslo_config/cfg.py:2609}}
Nov 08 03:00:14 user devstack@g-api.service[78296]: DEBUG glance.common.config [None req-e496c4df-908d-4cbd-9ebf-2911bcfd7744 None None] oslo_messaging_rabbit.rabbit_interval_max = 30 {{(pid=78296) log_opt_values /opt/stack/data/venv/lib/python3.10/site-packages/oslo_config/cfg.py:2609}}
Nov 08 03:00:14 user devstack@g-api.service[78297]: DEBUG glance.common.config [None req-4d28df44-be2a-4ac8-8a45-02722d1dc7fe None None] barbican.send_service_user_token = False {{(pid=78297) log_opt_values /opt/stack/data/venv/lib/python3.10/site-packages/oslo_config/cfg.py:2609}}
Nov 08 03:00:14 user devstack@g-api.service[78296]: DEBUG glance.common.config [None req-e496c4df-908d-4cbd-9ebf-2911bcfd7744 None None] oslo_messaging_rabbit.rabbit_login_method = AMQPLAIN {{(pid=78296) log_opt_values /opt/stack/data/venv/lib/python3.10/site-packages/oslo_config/cfg.py:2609}}
Nov 08 03:00:14 user devstack@g-api.service[78297]: DEBUG glance.common.config [None req-4d28df44-be2a-4ac8-8a45-02722d1dc7fe None None] barbican.split_loggers = False {{(pid=78297) log_opt_values /opt/stack/data/venv/lib/python3.10/site-packages/oslo_config/cfg.py:2609}}
Nov 08 03:00:14 user devstack@g-api.service[78296]: DEBUG glance.common.config [None req-e496c4df-908d-4cbd-9ebf-2911bcfd7744 None None] oslo_messaging_rabbit.rabbit_qos_prefetch_count = 0 {{(pid=78296) log_opt_values /opt/stack/data/venv/lib/python3.10/site-packages/oslo_config/cfg.py:2609}}
Nov 08 03:00:14 user devstack@g-api.service[78297]: DEBUG glance.common.config [None req-4d28df44-be2a-4ac8-8a45-02722d1dc7fe None None] barbican.timeout = None {{(pid=78297) log_opt_values /opt/stack/data/venv/lib/python3.10/site-packages/oslo_config/cfg.py:2609}}
Nov 08 03:00:14 user devstack@g-api.service[78296]: DEBUG glance.common.config [None req-e496c4df-908d-4cbd-9ebf-2911bcfd7744 None None] oslo_messaging_rabbit.rabbit_quorum_delivery_limit = 0 {{(pid=78296) log_opt_values /opt/stack/data/venv/lib/python3.10/site-packages/oslo_config/cfg.py:2609}}
Nov 08 03:00:14 user devstack@g-api.service[78297]: DEBUG glance.common.config [None req-4d28df44-be2a-4ac8-8a45-02722d1dc7fe None None] barbican.verify_ssl = True {{(pid=78297) log_opt_values /opt/stack/data/venv/lib/python3.10/site-packages/oslo_config/cfg.py:2609}}
Nov 08 03:00:14 user devstack@g-api.service[78296]: DEBUG glance.common.config [None req-e496c4df-908d-4cbd-9ebf-2911bcfd7744 None None] oslo_messaging_rabbit.rabbit_quorum_max_memory_bytes = 0 {{(pid=78296) log_opt_values /opt/stack/data/venv/lib/python3.10/site-packages/oslo_config/cfg.py:2609}}
Nov 08 03:00:14 user devstack@g-api.service[78297]: DEBUG glance.common.config [None req-4d28df44-be2a-4ac8-8a45-02722d1dc7fe None None] barbican.verify_ssl_path = None {{(pid=78297) log_opt_values /opt/stack/data/venv/lib/python3.10/site-packages/oslo_config/cfg.py:2609}}
Nov 08 03:00:14 user devstack@g-api.service[78296]: DEBUG glance.common.config [None req-e496c4df-908d-4cbd-9ebf-2911bcfd7744 None None] oslo_messaging_rabbit.rabbit_quorum_max_memory_length = 0 {{(pid=78296) log_opt_values /opt/stack/data/venv/lib/python3.10/site-packages/oslo_config/cfg.py:2609}}
Nov 08 03:00:14 user devstack@g-api.service[78297]: DEBUG glance.common.config [None req-4d28df44-be2a-4ac8-8a45-02722d1dc7fe None None] barbican_service_user.auth_section = None {{(pid=78297) log_opt_values /opt/stack/data/venv/lib/python3.10/site-packages/oslo_config/cfg.py:2609}}
Nov 08 03:00:14 user devstack@g-api.service[78296]: DEBUG glance.common.config [None req-e496c4df-908d-4cbd-9ebf-2911bcfd7744 None None] oslo_messaging_rabbit.rabbit_quorum_queue = False {{(pid=78296) log_opt_values /opt/stack/data/venv/lib/python3.10/site-packages/oslo_config/cfg.py:2609}}
Nov 08 03:00:14 user devstack@g-api.service[78297]: DEBUG glance.common.config [None req-4d28df44-be2a-4ac8-8a45-02722d1dc7fe None None] barbican_service_user.auth_type = None {{(pid=78297) log_opt_values /opt/stack/data/venv/lib/python3.10/site-packages/oslo_config/cfg.py:2609}}
Nov 08 03:00:14 user devstack@g-api.service[78296]: DEBUG glance.common.config [None req-e496c4df-908d-4cbd-9ebf-2911bcfd7744 None None] oslo_messaging_rabbit.rabbit_retry_backoff = 2 {{(pid=78296) log_opt_values /opt/stack/data/venv/lib/python3.10/site-packages/oslo_config/cfg.py:2609}}
Nov 08 03:00:14 user devstack@g-api.service[78297]: DEBUG glance.common.config [None req-4d28df44-be2a-4ac8-8a45-02722d1dc7fe None None] barbican_service_user.cafile = None {{(pid=78297) log_opt_values /opt/stack/data/venv/lib/python3.10/site-packages/oslo_config/cfg.py:2609}}
Nov 08 03:00:14 user devstack@g-api.service[78296]: DEBUG glance.common.config [None req-e496c4df-908d-4cbd-9ebf-2911bcfd7744 None None] oslo_messaging_rabbit.rabbit_retry_interval = 1 {{(pid=78296) log_opt_values /opt/stack/data/venv/lib/python3.10/site-packages/oslo_config/cfg.py:2609}}
Nov 08 03:00:14 user devstack@g-api.service[78297]: DEBUG glance.common.config [None req-4d28df44-be2a-4ac8-8a45-02722d1dc7fe None None] barbican_service_user.certfile = None {{(pid=78297) log_opt_values /opt/stack/data/venv/lib/python3.10/site-packages/oslo_config/cfg.py:2609}}
Nov 08 03:00:14 user devstack@g-api.service[78296]: DEBUG glance.common.config [None req-e496c4df-908d-4cbd-9ebf-2911bcfd7744 None None] oslo_messaging_rabbit.rabbit_transient_queues_ttl = 1800 {{(pid=78296) log_opt_values /opt/stack/data/venv/lib/python3.10/site-packages/oslo_config/cfg.py:2609}}
Nov 08 03:00:14 user devstack@g-api.service[78297]: DEBUG glance.common.config [None req-4d28df44-be2a-4ac8-8a45-02722d1dc7fe None None] barbican_service_user.collect_timing = False {{(pid=78297) log_opt_values /opt/stack/data/venv/lib/python3.10/site-packages/oslo_config/cfg.py:2609}}
Nov 08 03:00:14 user devstack@g-api.service[78296]: DEBUG glance.common.config [None req-e496c4df-908d-4cbd-9ebf-2911bcfd7744 None None] oslo_messaging_rabbit.rpc_conn_pool_size = 30 {{(pid=78296) log_opt_values /opt/stack/data/venv/lib/python3.10/site-packages/oslo_config/cfg.py:2609}}
Nov 08 03:00:14 user devstack@g-api.service[78297]: DEBUG glance.common.config [None req-4d28df44-be2a-4ac8-8a45-02722d1dc7fe None None] barbican_service_user.insecure = False {{(pid=78297) log_opt_values /opt/stack/data/venv/lib/python3.10/site-packages/oslo_config/cfg.py:2609}}
Nov 08 03:00:14 user devstack@g-api.service[78297]: DEBUG glance.common.config [None req-4d28df44-be2a-4ac8-8a45-02722d1dc7fe None None] barbican_service_user.keyfile = None {{(pid=78297) log_opt_values /opt/stack/data/venv/lib/python3.10/site-packages/oslo_config/cfg.py:2609}}
Nov 08 03:00:14 user devstack@g-api.service[78296]: DEBUG glance.common.config [None req-e496c4df-908d-4cbd-9ebf-2911bcfd7744 None None] oslo_messaging_rabbit.ssl = False {{(pid=78296) log_opt_values /opt/stack/data/venv/lib/python3.10/site-packages/oslo_config/cfg.py:2609}}
Nov 08 03:00:14 user devstack@g-api.service[78297]: DEBUG glance.common.config [None req-4d28df44-be2a-4ac8-8a45-02722d1dc7fe None None] barbican_service_user.split_loggers = False {{(pid=78297) log_opt_values /opt/stack/data/venv/lib/python3.10/site-packages/oslo_config/cfg.py:2609}}
Nov 08 03:00:14 user devstack@g-api.service[78296]: DEBUG glance.common.config [None req-e496c4df-908d-4cbd-9ebf-2911bcfd7744 None None] oslo_messaging_rabbit.ssl_ca_file = {{(pid=78296) log_opt_values /opt/stack/data/venv/lib/python3.10/site-packages/oslo_config/cfg.py:2609}}
Nov 08 03:00:14 user devstack@g-api.service[78297]: DEBUG glance.common.config [None req-4d28df44-be2a-4ac8-8a45-02722d1dc7fe None None] barbican_service_user.timeout = None {{(pid=78297) log_opt_values /opt/stack/data/venv/lib/python3.10/site-packages/oslo_config/cfg.py:2609}}
Nov 08 03:00:14 user devstack@g-api.service[78296]: DEBUG glance.common.config [None req-e496c4df-908d-4cbd-9ebf-2911bcfd7744 None None] oslo_messaging_rabbit.ssl_cert_file = {{(pid=78296) log_opt_values /opt/stack/data/venv/lib/python3.10/site-packages/oslo_config/cfg.py:2609}}
Nov 08 03:00:14 user devstack@g-api.service[78297]: DEBUG glance.common.config [None req-4d28df44-be2a-4ac8-8a45-02722d1dc7fe None None] healthcheck.backends = ['disable_by_file'] {{(pid=78297) log_opt_values /opt/stack/data/venv/lib/python3.10/site-packages/oslo_config/cfg.py:2609}}
Nov 08 03:00:14 user devstack@g-api.service[78296]: DEBUG glance.common.config [None req-e496c4df-908d-4cbd-9ebf-2911bcfd7744 None None] oslo_messaging_rabbit.ssl_enforce_fips_mode = False {{(pid=78296) log_opt_values /opt/stack/data/venv/lib/python3.10/site-packages/oslo_config/cfg.py:2609}}
Nov 08 03:00:14 user devstack@g-api.service[78297]: DEBUG glance.common.config [None req-4d28df44-be2a-4ac8-8a45-02722d1dc7fe None None] healthcheck.detailed = False {{(pid=78297) log_opt_values /opt/stack/data/venv/lib/python3.10/site-packages/oslo_config/cfg.py:2609}}
Nov 08 03:00:14 user devstack@g-api.service[78296]: DEBUG glance.common.config [None req-e496c4df-908d-4cbd-9ebf-2911bcfd7744 None None] oslo_messaging_rabbit.ssl_key_file = {{(pid=78296) log_opt_values /opt/stack/data/venv/lib/python3.10/site-packages/oslo_config/cfg.py:2609}}
Nov 08 03:00:14 user devstack@g-api.service[78297]: DEBUG glance.common.config [None req-4d28df44-be2a-4ac8-8a45-02722d1dc7fe None None] healthcheck.disable_by_file_path = None {{(pid=78297) log_opt_values /opt/stack/data/venv/lib/python3.10/site-packages/oslo_config/cfg.py:2609}}
Nov 08 03:00:14 user devstack@g-api.service[78296]: DEBUG glance.common.config [None req-e496c4df-908d-4cbd-9ebf-2911bcfd7744 None None] oslo_messaging_rabbit.ssl_version = {{(pid=78296) log_opt_values /opt/stack/data/venv/lib/python3.10/site-packages/oslo_config/cfg.py:2609}}
Nov 08 03:00:14 user devstack@g-api.service[78297]: DEBUG glance.common.config [None req-4d28df44-be2a-4ac8-8a45-02722d1dc7fe None None] healthcheck.path = /healthcheck {{(pid=78297) log_opt_values /opt/stack/data/venv/lib/python3.10/site-packages/oslo_config/cfg.py:2609}}
Nov 08 03:00:14 user devstack@g-api.service[78297]: DEBUG glance.common.config [None req-4d28df44-be2a-4ac8-8a45-02722d1dc7fe None None] ******************************************************************************** {{(pid=78297) log_opt_values /opt/stack/data/venv/lib/python3.10/site-packages/oslo_config/cfg.py:2613}}
Nov 08 03:00:14 user devstack@g-api.service[78296]: DEBUG glance.common.config [None req-e496c4df-908d-4cbd-9ebf-2911bcfd7744 None None] key_manager.backend = barbican {{(pid=78296) log_opt_values /opt/stack/data/venv/lib/python3.10/site-packages/oslo_config/cfg.py:2609}}
Nov 08 03:00:14 user devstack@g-api.service[78297]: WSGI app 0 (mountpoint='') ready in 3 seconds on interpreter 0x5593f0fad0a0 pid: 78297 (default app)
Nov 08 03:00:14 user devstack@g-api.service[78296]: DEBUG glance.common.config [None req-e496c4df-908d-4cbd-9ebf-2911bcfd7744 None None] key_manager.fixed_key = None {{(pid=78296) log_opt_values /opt/stack/data/venv/lib/python3.10/site-packages/oslo_config/cfg.py:2609}}
Nov 08 03:00:14 user devstack@g-api.service[78296]: DEBUG glance.common.config [None req-e496c4df-908d-4cbd-9ebf-2911bcfd7744 None None] barbican.auth_endpoint = http://localhost/identity/v3 {{(pid=78296) log_opt_values /opt/stack/data/venv/lib/python3.10/site-packages/oslo_config/cfg.py:2609}}
Nov 08 03:00:14 user devstack@g-api.service[78296]: DEBUG glance.common.config [None req-e496c4df-908d-4cbd-9ebf-2911bcfd7744 None None] barbican.barbican_api_version = None {{(pid=78296) log_opt_values /opt/stack/data/venv/lib/python3.10/site-packages/oslo_config/cfg.py:2609}}
Nov 08 03:00:14 user devstack@g-api.service[78297]: DEBUG glance.api.middleware.version_negotiation [None req-4d28df44-be2a-4ac8-8a45-02722d1dc7fe None None] Determining version of request: GET / Accept: */* {{(pid=78297) process_request /opt/stack/glance/glance/api/middleware/version_negotiation.py:44}}
Nov 08 03:00:14 user devstack@g-api.service[78296]: DEBUG glance.common.config [None req-e496c4df-908d-4cbd-9ebf-2911bcfd7744 None None] barbican.barbican_endpoint = None {{(pid=78296) log_opt_values /opt/stack/data/venv/lib/python3.10/site-packages/oslo_config/cfg.py:2609}}
Nov 08 03:00:14 user devstack@g-api.service[78297]: DEBUG glance.api.middleware.version_negotiation [None req-4d28df44-be2a-4ac8-8a45-02722d1dc7fe None None] Using url versioning {{(pid=78297) process_request /opt/stack/glance/glance/api/middleware/version_negotiation.py:57}}
Nov 08 03:00:14 user devstack@g-api.service[78296]: DEBUG glance.common.config [None req-e496c4df-908d-4cbd-9ebf-2911bcfd7744 None None] barbican.barbican_endpoint_type = public {{(pid=78296) log_opt_values /opt/stack/data/venv/lib/python3.10/site-packages/oslo_config/cfg.py:2609}}
Nov 08 03:00:14 user devstack@g-api.service[78297]: DEBUG glance.api.middleware.version_negotiation [None req-4d28df44-be2a-4ac8-8a45-02722d1dc7fe None None] Unknown version. Returning version choices. {{(pid=78297) process_request /opt/stack/glance/glance/api/middleware/version_negotiation.py:64}}
Nov 08 03:00:14 user devstack@g-api.service[78296]: DEBUG glance.common.config [None req-e496c4df-908d-4cbd-9ebf-2911bcfd7744 None None] barbican.barbican_region_name = None {{(pid=78296) log_opt_values /opt/stack/data/venv/lib/python3.10/site-packages/oslo_config/cfg.py:2609}}
Nov 08 03:00:14 user devstack@g-api.service[78296]: DEBUG glance.common.config [None req-e496c4df-908d-4cbd-9ebf-2911bcfd7744 None None] barbican.cafile = None {{(pid=78296) log_opt_values /opt/stack/data/venv/lib/python3.10/site-packages/oslo_config/cfg.py:2609}}
Nov 08 03:00:14 user devstack@g-api.service[78296]: DEBUG glance.common.config [None req-e496c4df-908d-4cbd-9ebf-2911bcfd7744 None None] barbican.certfile = None {{(pid=78296) log_opt_values /opt/stack/data/venv/lib/python3.10/site-packages/oslo_config/cfg.py:2609}}
Nov 08 03:00:14 user devstack@g-api.service[78296]: DEBUG glance.common.config [None req-e496c4df-908d-4cbd-9ebf-2911bcfd7744 None None] barbican.collect_timing = False {{(pid=78296) log_opt_values /opt/stack/data/venv/lib/python3.10/site-packages/oslo_config/cfg.py:2609}}
Nov 08 03:00:14 user devstack@g-api.service[78296]: DEBUG glance.common.config [None req-e496c4df-908d-4cbd-9ebf-2911bcfd7744 None None] barbican.insecure = False {{(pid=78296) log_opt_values /opt/stack/data/venv/lib/python3.10/site-packages/oslo_config/cfg.py:2609}}
Nov 08 03:00:14 user devstack@g-api.service[78297]: [pid: 78297|app: 0|req: 1/1] 127.0.0.1 () {32 vars in 382 bytes} [Wed Nov 8 03:00:14 2023] GET / => generated 1287 bytes in 2 msecs (HTTP/1.1 300) 3 headers in 106 bytes (1 switches on core 0)
Nov 08 03:00:14 user devstack@g-api.service[78296]: DEBUG glance.common.config [None req-e496c4df-908d-4cbd-9ebf-2911bcfd7744 None None] barbican.keyfile = None {{(pid=78296) log_opt_values /opt/stack/data/venv/lib/python3.10/site-packages/oslo_config/cfg.py:2609}}
Nov 08 03:00:14 user devstack@g-api.service[78296]: DEBUG glance.common.config [None req-e496c4df-908d-4cbd-9ebf-2911bcfd7744 None None] barbican.number_of_retries = 60 {{(pid=78296) log_opt_values /opt/stack/data/venv/lib/python3.10/site-packages/oslo_config/cfg.py:2609}}
Nov 08 03:00:14 user devstack@g-api.service[78296]: DEBUG glance.common.config [None req-e496c4df-908d-4cbd-9ebf-2911bcfd7744 None None] barbican.retry_delay = 1 {{(pid=78296) log_opt_values /opt/stack/data/venv/lib/python3.10/site-packages/oslo_config/cfg.py:2609}}
Nov 08 03:00:14 user devstack@g-api.service[78296]: DEBUG glance.common.config [None req-e496c4df-908d-4cbd-9ebf-2911bcfd7744 None None] barbican.send_service_user_token = False {{(pid=78296) log_opt_values /opt/stack/data/venv/lib/python3.10/site-packages/oslo_config/cfg.py:2609}}
Nov 08 03:00:14 user devstack@g-api.service[78296]: DEBUG glance.common.config [None req-e496c4df-908d-4cbd-9ebf-2911bcfd7744 None None] barbican.split_loggers = False {{(pid=78296) log_opt_values /opt/stack/data/venv/lib/python3.10/site-packages/oslo_config/cfg.py:2609}}
Nov 08 03:00:14 user devstack@g-api.service[78296]: DEBUG glance.common.config [None req-e496c4df-908d-4cbd-9ebf-2911bcfd7744 None None] barbican.timeout = None {{(pid=78296) log_opt_values /opt/stack/data/venv/lib/python3.10/site-packages/oslo_config/cfg.py:2609}}
Nov 08 03:00:14 user devstack@g-api.service[78296]: DEBUG glance.common.config [None req-e496c4df-908d-4cbd-9ebf-2911bcfd7744 None None] barbican.verify_ssl = True {{(pid=78296) log_opt_values /opt/stack/data/venv/lib/python3.10/site-packages/oslo_config/cfg.py:2609}}
Nov 08 03:00:14 user devstack@g-api.service[78296]: DEBUG glance.common.config [None req-e496c4df-908d-4cbd-9ebf-2911bcfd7744 None None] barbican.verify_ssl_path = None {{(pid=78296) log_opt_values /opt/stack/data/venv/lib/python3.10/site-packages/oslo_config/cfg.py:2609}}
Nov 08 03:00:14 user devstack@g-api.service[78296]: DEBUG glance.common.config [None req-e496c4df-908d-4cbd-9ebf-2911bcfd7744 None None] barbican_service_user.auth_section = None {{(pid=78296) log_opt_values /opt/stack/data/venv/lib/python3.10/site-packages/oslo_config/cfg.py:2609}}
Nov 08 03:00:14 user devstack@g-api.service[78296]: DEBUG glance.common.config [None req-e496c4df-908d-4cbd-9ebf-2911bcfd7744 None None] barbican_service_user.auth_type = None {{(pid=78296) log_opt_values /opt/stack/data/venv/lib/python3.10/site-packages/oslo_config/cfg.py:2609}}
Nov 08 03:00:14 user devstack@g-api.service[78296]: DEBUG glance.common.config [None req-e496c4df-908d-4cbd-9ebf-2911bcfd7744 None None] barbican_service_user.cafile = None {{(pid=78296) log_opt_values /opt/stack/data/venv/lib/python3.10/site-packages/oslo_config/cfg.py:2609}}
Nov 08 03:00:14 user devstack@g-api.service[78296]: DEBUG glance.common.config [None req-e496c4df-908d-4cbd-9ebf-2911bcfd7744 None None] barbican_service_user.certfile = None {{(pid=78296) log_opt_values /opt/stack/data/venv/lib/python3.10/site-packages/oslo_config/cfg.py:2609}}
Nov 08 03:00:14 user devstack@g-api.service[78296]: DEBUG glance.common.config [None req-e496c4df-908d-4cbd-9ebf-2911bcfd7744 None None] barbican_service_user.collect_timing = False {{(pid=78296) log_opt_values /opt/stack/data/venv/lib/python3.10/site-packages/oslo_config/cfg.py:2609}}
Nov 08 03:00:14 user devstack@g-api.service[78296]: DEBUG glance.common.config [None req-e496c4df-908d-4cbd-9ebf-2911bcfd7744 None None] barbican_service_user.insecure = False {{(pid=78296) log_opt_values /opt/stack/data/venv/lib/python3.10/site-packages/oslo_config/cfg.py:2609}}
Nov 08 03:00:14 user devstack@g-api.service[78296]: DEBUG glance.common.config [None req-e496c4df-908d-4cbd-9ebf-2911bcfd7744 None None] barbican_service_user.keyfile = None {{(pid=78296) log_opt_values /opt/stack/data/venv/lib/python3.10/site-packages/oslo_config/cfg.py:2609}}
Nov 08 03:00:14 user devstack@g-api.service[78296]: DEBUG glance.common.config [None req-e496c4df-908d-4cbd-9ebf-2911bcfd7744 None None] barbican_service_user.split_loggers = False {{(pid=78296) log_opt_values /opt/stack/data/venv/lib/python3.10/site-packages/oslo_config/cfg.py:2609}}
Nov 08 03:00:14 user devstack@g-api.service[78296]: DEBUG glance.common.config [None req-e496c4df-908d-4cbd-9ebf-2911bcfd7744 None None] barbican_service_user.timeout = None {{(pid=78296) log_opt_values /opt/stack/data/venv/lib/python3.10/site-packages/oslo_config/cfg.py:2609}}
Nov 08 03:00:14 user devstack@g-api.service[78296]: DEBUG glance.common.config [None req-e496c4df-908d-4cbd-9ebf-2911bcfd7744 None None] healthcheck.backends = ['disable_by_file'] {{(pid=78296) log_opt_values /opt/stack/data/venv/lib/python3.10/site-packages/oslo_config/cfg.py:2609}}
Nov 08 03:00:14 user devstack@g-api.service[78296]: DEBUG glance.common.config [None req-e496c4df-908d-4cbd-9ebf-2911bcfd7744 None None] healthcheck.detailed = False {{(pid=78296) log_opt_values /opt/stack/data/venv/lib/python3.10/site-packages/oslo_config/cfg.py:2609}}
Nov 08 03:00:14 user devstack@g-api.service[78296]: DEBUG glance.common.config [None req-e496c4df-908d-4cbd-9ebf-2911bcfd7744 None None] healthcheck.disable_by_file_path = None {{(pid=78296) log_opt_values /opt/stack/data/venv/lib/python3.10/site-packages/oslo_config/cfg.py:2609}}
Nov 08 03:00:14 user devstack@g-api.service[78296]: DEBUG glance.common.config [None req-e496c4df-908d-4cbd-9ebf-2911bcfd7744 None None] healthcheck.path = /healthcheck {{(pid=78296) log_opt_values /opt/stack/data/venv/lib/python3.10/site-packages/oslo_config/cfg.py:2609}}
Nov 08 03:00:14 user devstack@g-api.service[78296]: DEBUG glance.common.config [None req-e496c4df-908d-4cbd-9ebf-2911bcfd7744 None None] ******************************************************************************** {{(pid=78296) log_opt_values /opt/stack/data/venv/lib/python3.10/site-packages/oslo_config/cfg.py:2613}}
Nov 08 03:00:14 user devstack@g-api.service[78296]: WSGI app 0 (mountpoint='') ready in 3 seconds on interpreter 0x5593f0fad0a0 pid: 78296 (default app)
Nov 08 03:00:14 user devstack@g-api.service[78298]: INFO glance.image_cache [None req-e819dd74-80d1-40b5-9ca9-9733df629a31 None None] Image cache loaded driver 'sqlite'.
Nov 08 03:00:14 user devstack@g-api.service[78298]: DEBUG oslo_concurrency.lockutils [None req-e819dd74-80d1-40b5-9ca9-9733df629a31 None None] Acquiring lock "image_cache_db_init" by "glance.image_cache.drivers.sqlite.Driver.initialize_db..create_db" {{(pid=78298) inner /opt/stack/data/venv/lib/python3.10/site-packages/oslo_concurrency/lockutils.py:404}}
Nov 08 03:00:14 user devstack@g-api.service[78298]: DEBUG oslo_concurrency.lockutils [None req-e819dd74-80d1-40b5-9ca9-9733df629a31 None None] Lock "image_cache_db_init" acquired by "glance.image_cache.drivers.sqlite.Driver.initialize_db..create_db" :: waited 0.001s {{(pid=78298) inner /opt/stack/data/venv/lib/python3.10/site-packages/oslo_concurrency/lockutils.py:409}}
Nov 08 03:00:14 user devstack@g-api.service[78298]: DEBUG oslo_concurrency.lockutils [None req-e819dd74-80d1-40b5-9ca9-9733df629a31 None None] Lock "image_cache_db_init" "released" by "glance.image_cache.drivers.sqlite.Driver.initialize_db..create_db" :: held 0.001s {{(pid=78298) inner /opt/stack/data/venv/lib/python3.10/site-packages/oslo_concurrency/lockutils.py:423}}
Nov 08 03:00:14 user devstack@g-api.service[78298]: INFO glance.image_cache [None req-e819dd74-80d1-40b5-9ca9-9733df629a31 None None] Image cache loaded driver 'sqlite'.
Nov 08 03:00:14 user devstack@g-api.service[78298]: DEBUG oslo_concurrency.lockutils [None req-e819dd74-80d1-40b5-9ca9-9733df629a31 None None] Acquiring lock "image_cache_db_init" by "glance.image_cache.drivers.sqlite.Driver.initialize_db..create_db" {{(pid=78298) inner /opt/stack/data/venv/lib/python3.10/site-packages/oslo_concurrency/lockutils.py:404}}
Nov 08 03:00:14 user devstack@g-api.service[78298]: DEBUG oslo_concurrency.lockutils [None req-e819dd74-80d1-40b5-9ca9-9733df629a31 None None] Lock "image_cache_db_init" acquired by "glance.image_cache.drivers.sqlite.Driver.initialize_db..create_db" :: waited 0.001s {{(pid=78298) inner /opt/stack/data/venv/lib/python3.10/site-packages/oslo_concurrency/lockutils.py:409}}
Nov 08 03:00:14 user devstack@g-api.service[78298]: DEBUG oslo_concurrency.lockutils [None req-e819dd74-80d1-40b5-9ca9-9733df629a31 None None] Lock "image_cache_db_init" "released" by "glance.image_cache.drivers.sqlite.Driver.initialize_db..create_db" :: held 0.001s {{(pid=78298) inner /opt/stack/data/venv/lib/python3.10/site-packages/oslo_concurrency/lockutils.py:423}}
Nov 08 03:00:14 user devstack@g-api.service[78298]: DEBUG glance.api.v2.cached_images [None req-e819dd74-80d1-40b5-9ca9-9733df629a31 None None] Started cache worker thread {{(pid=78298) __init__ /opt/stack/glance/glance/api/v2/cached_images.py:69}}
Nov 08 03:00:14 user devstack@g-api.service[78298]: INFO glance.image_cache [None req-e819dd74-80d1-40b5-9ca9-9733df629a31 None None] Image cache loaded driver 'sqlite'.
Nov 08 03:00:14 user devstack@g-api.service[78298]: DEBUG oslo_concurrency.lockutils [None req-e819dd74-80d1-40b5-9ca9-9733df629a31 None None] Acquiring lock "image_cache_db_init" by "glance.image_cache.drivers.sqlite.Driver.initialize_db..create_db" {{(pid=78298) inner /opt/stack/data/venv/lib/python3.10/site-packages/oslo_concurrency/lockutils.py:404}}
Nov 08 03:00:14 user devstack@g-api.service[78298]: DEBUG oslo_concurrency.lockutils [None req-e819dd74-80d1-40b5-9ca9-9733df629a31 None None] Lock "image_cache_db_init" acquired by "glance.image_cache.drivers.sqlite.Driver.initialize_db..create_db" :: waited 0.001s {{(pid=78298) inner /opt/stack/data/venv/lib/python3.10/site-packages/oslo_concurrency/lockutils.py:409}}
Nov 08 03:00:14 user devstack@g-api.service[78298]: DEBUG oslo_concurrency.lockutils [None req-e819dd74-80d1-40b5-9ca9-9733df629a31 None None] Lock "image_cache_db_init" "released" by "glance.image_cache.drivers.sqlite.Driver.initialize_db..create_db" :: held 0.001s {{(pid=78298) inner /opt/stack/data/venv/lib/python3.10/site-packages/oslo_concurrency/lockutils.py:423}}
Nov 08 03:00:14 user devstack@g-api.service[78298]: INFO glance.api.middleware.cache_manage [None req-e819dd74-80d1-40b5-9ca9-9733df629a31 None None] Initialized image cache management middleware
Nov 08 03:00:14 user devstack@g-api.service[78298]: INFO glance.image_cache [None req-e819dd74-80d1-40b5-9ca9-9733df629a31 None None] Image cache loaded driver 'sqlite'.
Nov 08 03:00:14 user devstack@g-api.service[78298]: DEBUG oslo_concurrency.lockutils [None req-e819dd74-80d1-40b5-9ca9-9733df629a31 None None] Acquiring lock "image_cache_db_init" by "glance.image_cache.drivers.sqlite.Driver.initialize_db..create_db" {{(pid=78298) inner /opt/stack/data/venv/lib/python3.10/site-packages/oslo_concurrency/lockutils.py:404}}
Nov 08 03:00:14 user devstack@g-api.service[78298]: DEBUG oslo_concurrency.lockutils [None req-e819dd74-80d1-40b5-9ca9-9733df629a31 None None] Lock "image_cache_db_init" acquired by "glance.image_cache.drivers.sqlite.Driver.initialize_db..create_db" :: waited 0.001s {{(pid=78298) inner /opt/stack/data/venv/lib/python3.10/site-packages/oslo_concurrency/lockutils.py:409}}
Nov 08 03:00:14 user devstack@g-api.service[78298]: DEBUG oslo_concurrency.lockutils [None req-e819dd74-80d1-40b5-9ca9-9733df629a31 None None] Lock "image_cache_db_init" "released" by "glance.image_cache.drivers.sqlite.Driver.initialize_db..create_db" :: held 0.001s {{(pid=78298) inner /opt/stack/data/venv/lib/python3.10/site-packages/oslo_concurrency/lockutils.py:423}}
Nov 08 03:00:14 user devstack@g-api.service[78298]: INFO glance.api.middleware.cache [None req-e819dd74-80d1-40b5-9ca9-9733df629a31 None None] Initialized image cache middleware
Nov 08 03:00:14 user devstack@g-api.service[78298]: WARNING keystonemiddleware.auth_token [None req-e819dd74-80d1-40b5-9ca9-9733df629a31 None None] AuthToken middleware is set with keystone_authtoken.service_token_roles_required set to False. This is backwards compatible but deprecated behaviour. Please set this to True.
Nov 08 03:00:14 user devstack@g-api.service[78298]: WARNING keystonemiddleware.auth_token [None req-e819dd74-80d1-40b5-9ca9-9733df629a31 None None] Configuring www_authenticate_uri to point to the public identity endpoint is required; clients may not be able to authenticate against an admin endpoint
Nov 08 03:00:14 user devstack@g-api.service[78298]: DEBUG glance.common.config [None req-e819dd74-80d1-40b5-9ca9-9733df629a31 None None] ******************************************************************************** {{(pid=78298) log_opt_values /opt/stack/data/venv/lib/python3.10/site-packages/oslo_config/cfg.py:2589}}
Nov 08 03:00:14 user devstack@g-api.service[78298]: DEBUG glance.common.config [None req-e819dd74-80d1-40b5-9ca9-9733df629a31 None None] Configuration options gathered from: {{(pid=78298) log_opt_values /opt/stack/data/venv/lib/python3.10/site-packages/oslo_config/cfg.py:2590}}
Nov 08 03:00:14 user devstack@g-api.service[78298]: DEBUG glance.common.config [None req-e819dd74-80d1-40b5-9ca9-9733df629a31 None None] command line args: [] {{(pid=78298) log_opt_values /opt/stack/data/venv/lib/python3.10/site-packages/oslo_config/cfg.py:2591}}
Nov 08 03:00:14 user devstack@g-api.service[78298]: DEBUG glance.common.config [None req-e819dd74-80d1-40b5-9ca9-9733df629a31 None None] config files: ['/etc/glance/glance-api-paste.ini', '/etc/glance/glance-image-import.conf', '/etc/glance/glance-api.conf'] {{(pid=78298) log_opt_values /opt/stack/data/venv/lib/python3.10/site-packages/oslo_config/cfg.py:2592}}
Nov 08 03:00:14 user devstack@g-api.service[78298]: DEBUG glance.common.config [None req-e819dd74-80d1-40b5-9ca9-9733df629a31 None None] ================================================================================ {{(pid=78298) log_opt_values /opt/stack/data/venv/lib/python3.10/site-packages/oslo_config/cfg.py:2594}}
Nov 08 03:00:14 user devstack@g-api.service[78298]: DEBUG glance.common.config [None req-e819dd74-80d1-40b5-9ca9-9733df629a31 None None] allow_additional_image_properties = True {{(pid=78298) log_opt_values /opt/stack/data/venv/lib/python3.10/site-packages/oslo_config/cfg.py:2602}}
Nov 08 03:00:14 user devstack@g-api.service[78298]: DEBUG glance.common.config [None req-e819dd74-80d1-40b5-9ca9-9733df629a31 None None] allow_anonymous_access = False {{(pid=78298) log_opt_values /opt/stack/data/venv/lib/python3.10/site-packages/oslo_config/cfg.py:2602}}
Nov 08 03:00:14 user devstack@g-api.service[78298]: DEBUG glance.common.config [None req-e819dd74-80d1-40b5-9ca9-9733df629a31 None None] api_limit_max = 1000 {{(pid=78298) log_opt_values /opt/stack/data/venv/lib/python3.10/site-packages/oslo_config/cfg.py:2602}}
Nov 08 03:00:14 user devstack@g-api.service[78298]: DEBUG glance.common.config [None req-e819dd74-80d1-40b5-9ca9-9733df629a31 None None] backlog = 4096 {{(pid=78298) log_opt_values /opt/stack/data/venv/lib/python3.10/site-packages/oslo_config/cfg.py:2602}}
Nov 08 03:00:14 user devstack@g-api.service[78298]: DEBUG glance.common.config [None req-e819dd74-80d1-40b5-9ca9-9733df629a31 None None] bind_host = 0.0.0.0 {{(pid=78298) log_opt_values /opt/stack/data/venv/lib/python3.10/site-packages/oslo_config/cfg.py:2602}}
Nov 08 03:00:14 user devstack@g-api.service[78298]: DEBUG glance.common.config [None req-e819dd74-80d1-40b5-9ca9-9733df629a31 None None] bind_port = None {{(pid=78298) log_opt_values /opt/stack/data/venv/lib/python3.10/site-packages/oslo_config/cfg.py:2602}}
Nov 08 03:00:14 user devstack@g-api.service[78298]: DEBUG glance.common.config [None req-e819dd74-80d1-40b5-9ca9-9733df629a31 None None] client_socket_timeout = 900 {{(pid=78298) log_opt_values /opt/stack/data/venv/lib/python3.10/site-packages/oslo_config/cfg.py:2602}}
Nov 08 03:00:14 user devstack@g-api.service[78298]: DEBUG glance.common.config [None req-e819dd74-80d1-40b5-9ca9-9733df629a31 None None] config_dir = [] {{(pid=78298) log_opt_values /opt/stack/data/venv/lib/python3.10/site-packages/oslo_config/cfg.py:2602}}
Nov 08 03:00:14 user devstack@g-api.service[78298]: DEBUG glance.common.config [None req-e819dd74-80d1-40b5-9ca9-9733df629a31 None None] config_file = ['/etc/glance/glance-api-paste.ini', '/etc/glance/glance-image-import.conf', '/etc/glance/glance-api.conf'] {{(pid=78298) log_opt_values /opt/stack/data/venv/lib/python3.10/site-packages/oslo_config/cfg.py:2602}}
Nov 08 03:00:14 user devstack@g-api.service[78298]: DEBUG glance.common.config [None req-e819dd74-80d1-40b5-9ca9-9733df629a31 None None] config_source = [] {{(pid=78298) log_opt_values /opt/stack/data/venv/lib/python3.10/site-packages/oslo_config/cfg.py:2602}}
Nov 08 03:00:14 user devstack@g-api.service[78298]: DEBUG glance.common.config [None req-e819dd74-80d1-40b5-9ca9-9733df629a31 None None] control_exchange = glance {{(pid=78298) log_opt_values /opt/stack/data/venv/lib/python3.10/site-packages/oslo_config/cfg.py:2602}}
Nov 08 03:00:14 user devstack@g-api.service[78298]: DEBUG glance.common.config [None req-e819dd74-80d1-40b5-9ca9-9733df629a31 None None] debug = True {{(pid=78298) log_opt_values /opt/stack/data/venv/lib/python3.10/site-packages/oslo_config/cfg.py:2602}}
Nov 08 03:00:14 user devstack@g-api.service[78298]: DEBUG glance.common.config [None req-e819dd74-80d1-40b5-9ca9-9733df629a31 None None] default_log_levels = ['amqp=WARN', 'amqplib=WARN', 'boto=WARN', 'qpid=WARN', 'sqlalchemy=WARN', 'suds=INFO', 'oslo.messaging=INFO', 'oslo_messaging=INFO', 'iso8601=WARN', 'requests.packages.urllib3.connectionpool=WARN', 'urllib3.connectionpool=WARN', 'websocket=WARN', 'requests.packages.urllib3.util.retry=WARN', 'urllib3.util.retry=WARN', 'keystonemiddleware=WARN', 'routes.middleware=WARN', 'stevedore=WARN', 'taskflow=WARN', 'keystoneauth=WARN', 'oslo.cache=INFO', 'oslo_policy=INFO', 'dogpile.core.dogpile=INFO'] {{(pid=78298) log_opt_values /opt/stack/data/venv/lib/python3.10/site-packages/oslo_config/cfg.py:2602}}
Nov 08 03:00:14 user devstack@g-api.service[78298]: DEBUG glance.common.config [None req-e819dd74-80d1-40b5-9ca9-9733df629a31 None None] default_publisher_id = image.localhost {{(pid=78298) log_opt_values /opt/stack/data/venv/lib/python3.10/site-packages/oslo_config/cfg.py:2602}}
Nov 08 03:00:14 user devstack@g-api.service[78298]: DEBUG glance.common.config [None req-e819dd74-80d1-40b5-9ca9-9733df629a31 None None] delayed_delete = False {{(pid=78298) log_opt_values /opt/stack/data/venv/lib/python3.10/site-packages/oslo_config/cfg.py:2602}}
Nov 08 03:00:14 user devstack@g-api.service[78298]: DEBUG glance.common.config [None req-e819dd74-80d1-40b5-9ca9-9733df629a31 None None] digest_algorithm = sha256 {{(pid=78298) log_opt_values /opt/stack/data/venv/lib/python3.10/site-packages/oslo_config/cfg.py:2602}}
Nov 08 03:00:14 user devstack@g-api.service[78298]: DEBUG glance.common.config [None req-e819dd74-80d1-40b5-9ca9-9733df629a31 None None] disabled_notifications = [] {{(pid=78298) log_opt_values /opt/stack/data/venv/lib/python3.10/site-packages/oslo_config/cfg.py:2602}}
Nov 08 03:00:14 user devstack@g-api.service[78298]: DEBUG glance.common.config [None req-e819dd74-80d1-40b5-9ca9-9733df629a31 None None] enabled_backends = None {{(pid=78298) log_opt_values /opt/stack/data/venv/lib/python3.10/site-packages/oslo_config/cfg.py:2602}}
Nov 08 03:00:14 user devstack@g-api.service[78298]: DEBUG glance.common.config [None req-e819dd74-80d1-40b5-9ca9-9733df629a31 None None] enabled_import_methods = ['glance-direct', 'web-download', 'copy-image'] {{(pid=78298) log_opt_values /opt/stack/data/venv/lib/python3.10/site-packages/oslo_config/cfg.py:2602}}
Nov 08 03:00:14 user devstack@g-api.service[78298]: DEBUG glance.common.config [None req-e819dd74-80d1-40b5-9ca9-9733df629a31 None None] hashing_algorithm = sha512 {{(pid=78298) log_opt_values /opt/stack/data/venv/lib/python3.10/site-packages/oslo_config/cfg.py:2602}}
Nov 08 03:00:14 user devstack@g-api.service[78298]: DEBUG glance.common.config [None req-e819dd74-80d1-40b5-9ca9-9733df629a31 None None] http_keepalive = True {{(pid=78298) log_opt_values /opt/stack/data/venv/lib/python3.10/site-packages/oslo_config/cfg.py:2602}}
Nov 08 03:00:14 user devstack@g-api.service[78298]: DEBUG glance.common.config [None req-e819dd74-80d1-40b5-9ca9-9733df629a31 None None] image_cache_dir = /opt/stack/data/glance/cache/ {{(pid=78298) log_opt_values /opt/stack/data/venv/lib/python3.10/site-packages/oslo_config/cfg.py:2602}}
Nov 08 03:00:14 user devstack@g-api.service[78298]: DEBUG glance.common.config [None req-e819dd74-80d1-40b5-9ca9-9733df629a31 None None] image_cache_driver = sqlite {{(pid=78298) log_opt_values /opt/stack/data/venv/lib/python3.10/site-packages/oslo_config/cfg.py:2602}}
Nov 08 03:00:14 user devstack@g-api.service[78298]: DEBUG glance.common.config [None req-e819dd74-80d1-40b5-9ca9-9733df629a31 None None] image_cache_max_size = 10737418240 {{(pid=78298) log_opt_values /opt/stack/data/venv/lib/python3.10/site-packages/oslo_config/cfg.py:2602}}
Nov 08 03:00:14 user devstack@g-api.service[78298]: DEBUG glance.common.config [None req-e819dd74-80d1-40b5-9ca9-9733df629a31 None None] image_cache_sqlite_db = cache.db {{(pid=78298) log_opt_values /opt/stack/data/venv/lib/python3.10/site-packages/oslo_config/cfg.py:2602}}
Nov 08 03:00:14 user devstack@g-api.service[78298]: DEBUG glance.common.config [None req-e819dd74-80d1-40b5-9ca9-9733df629a31 None None] image_cache_stall_time = 86400 {{(pid=78298) log_opt_values /opt/stack/data/venv/lib/python3.10/site-packages/oslo_config/cfg.py:2602}}
Nov 08 03:00:14 user devstack@g-api.service[78298]: DEBUG glance.common.config [None req-e819dd74-80d1-40b5-9ca9-9733df629a31 None None] image_location_quota = 10 {{(pid=78298) log_opt_values /opt/stack/data/venv/lib/python3.10/site-packages/oslo_config/cfg.py:2602}}
Nov 08 03:00:14 user devstack@g-api.service[78298]: DEBUG glance.common.config [None req-e819dd74-80d1-40b5-9ca9-9733df629a31 None None] image_member_quota = 128 {{(pid=78298) log_opt_values /opt/stack/data/venv/lib/python3.10/site-packages/oslo_config/cfg.py:2602}}
Nov 08 03:00:14 user devstack@g-api.service[78298]: DEBUG glance.common.config [None req-e819dd74-80d1-40b5-9ca9-9733df629a31 None None] image_property_quota = 128 {{(pid=78298) log_opt_values /opt/stack/data/venv/lib/python3.10/site-packages/oslo_config/cfg.py:2602}}
Nov 08 03:00:14 user devstack@g-api.service[78298]: DEBUG glance.common.config [None req-e819dd74-80d1-40b5-9ca9-9733df629a31 None None] image_size_cap = 1099511627776 {{(pid=78298) log_opt_values /opt/stack/data/venv/lib/python3.10/site-packages/oslo_config/cfg.py:2602}}
Nov 08 03:00:14 user devstack@g-api.service[78298]: DEBUG glance.common.config [None req-e819dd74-80d1-40b5-9ca9-9733df629a31 None None] image_tag_quota = 128 {{(pid=78298) log_opt_values /opt/stack/data/venv/lib/python3.10/site-packages/oslo_config/cfg.py:2602}}
Nov 08 03:00:14 user devstack@g-api.service[78298]: DEBUG glance.common.config [None req-e819dd74-80d1-40b5-9ca9-9733df629a31 None None] instance_format = [instance: %(uuid)s] {{(pid=78298) log_opt_values /opt/stack/data/venv/lib/python3.10/site-packages/oslo_config/cfg.py:2602}}
Nov 08 03:00:14 user devstack@g-api.service[78298]: DEBUG glance.common.config [None req-e819dd74-80d1-40b5-9ca9-9733df629a31 None None] instance_uuid_format = [instance: %(uuid)s] {{(pid=78298) log_opt_values /opt/stack/data/venv/lib/python3.10/site-packages/oslo_config/cfg.py:2602}}
Nov 08 03:00:14 user devstack@g-api.service[78298]: DEBUG glance.common.config [None req-e819dd74-80d1-40b5-9ca9-9733df629a31 None None] limit_param_default = 25 {{(pid=78298) log_opt_values /opt/stack/data/venv/lib/python3.10/site-packages/oslo_config/cfg.py:2602}}
Nov 08 03:00:14 user devstack@g-api.service[78298]: DEBUG glance.common.config [None req-e819dd74-80d1-40b5-9ca9-9733df629a31 None None] location_strategy = location_order {{(pid=78298) log_opt_values /opt/stack/data/venv/lib/python3.10/site-packages/oslo_config/cfg.py:2602}}
Nov 08 03:00:14 user devstack@g-api.service[78298]: DEBUG glance.common.config [None req-e819dd74-80d1-40b5-9ca9-9733df629a31 None None] log_config_append = None {{(pid=78298) log_opt_values /opt/stack/data/venv/lib/python3.10/site-packages/oslo_config/cfg.py:2602}}
Nov 08 03:00:14 user devstack@g-api.service[78298]: DEBUG glance.common.config [None req-e819dd74-80d1-40b5-9ca9-9733df629a31 None None] log_date_format = %Y-%m-%d %H:%M:%S {{(pid=78298) log_opt_values /opt/stack/data/venv/lib/python3.10/site-packages/oslo_config/cfg.py:2602}}
Nov 08 03:00:14 user devstack@g-api.service[78298]: DEBUG glance.common.config [None req-e819dd74-80d1-40b5-9ca9-9733df629a31 None None] log_dir = None {{(pid=78298) log_opt_values /opt/stack/data/venv/lib/python3.10/site-packages/oslo_config/cfg.py:2602}}
