Nov 08 03:49:41 user devstack@c-api.service[75841]: DEBUG cinder.volume.api [None req-398774e0-3616-4598-9343-72ac63943819 tempest-TaggedBootDevicesTest-1093005057 tempest-TaggedBootDevicesTest-1093005057-project-member] Flow 'volume_create_api' (7a84b659-c035-4275-a8b4-c5755627b41a) transitioned into state 'RUNNING' from state 'PENDING' {{(pid=75841) _flow_receiver /opt/stack/data/venv/lib/python3.10/site-packages/taskflow/listeners/logging.py:141}}
Nov 08 03:49:41 user devstack@c-api.service[75841]: DEBUG cinder.volume.api [None req-398774e0-3616-4598-9343-72ac63943819 tempest-TaggedBootDevicesTest-1093005057 tempest-TaggedBootDevicesTest-1093005057-project-member] Task 'cinder.volume.flows.api.create_volume.ExtractVolumeRequestTask;volume:create' (7c290bb3-cdae-46c7-92d6-284e32f821b2) transitioned into state 'RUNNING' from state 'PENDING' {{(pid=75841) _task_receiver /opt/stack/data/venv/lib/python3.10/site-packages/taskflow/listeners/logging.py:190}}
Nov 08 03:49:41 user devstack@c-api.service[75841]: DEBUG cinder.volume.flows.api.create_volume [None req-398774e0-3616-4598-9343-72ac63943819 tempest-TaggedBootDevicesTest-1093005057 tempest-TaggedBootDevicesTest-1093005057-project-member] Validating volume size '1' using validate_int {{(pid=75841) _extract_size /opt/stack/cinder/cinder/volume/flows/api/create_volume.py:228}}
Nov 08 03:49:41 user devstack@c-api.service[75841]: DEBUG cinder.volume.api [None req-398774e0-3616-4598-9343-72ac63943819 tempest-TaggedBootDevicesTest-1093005057 tempest-TaggedBootDevicesTest-1093005057-project-member] Task 'cinder.volume.flows.api.create_volume.ExtractVolumeRequestTask;volume:create' (7c290bb3-cdae-46c7-92d6-284e32f821b2) transitioned into state 'SUCCESS' from state 'RUNNING' with result '{'size': 1, 'snapshot_id': None, 'source_volid': None, 'volume_type': VolumeType(created_at=2023-11-08T03:45:30Z,deleted=False,deleted_at=None,description=None,extra_specs={volume_backend_name='joviandss-2'},id=bb399fcc-669e-427b-9414-e6c060db60cb,is_public=True,name='joviandss-2',projects=[],qos_specs=,qos_specs_id=None,updated_at=None), 'volume_type_id': 'bb399fcc-669e-427b-9414-e6c060db60cb', 'encryption_key_id': None, 'qos_specs': None, 'consistencygroup_id': None, 'cgsnapshot_id': None, 'group_id': None, 'replication_status': 'disabled', 'refresh_az': False, 'backup_id': None, 'multiattach': False, 'availability_zones': ['nova']}' {{(pid=75841) _task_receiver /opt/stack/data/venv/lib/python3.10/site-packages/taskflow/listeners/logging.py:178}}
Nov 08 03:49:41 user devstack@c-api.service[75841]: DEBUG cinder.volume.api [None req-398774e0-3616-4598-9343-72ac63943819 tempest-TaggedBootDevicesTest-1093005057 tempest-TaggedBootDevicesTest-1093005057-project-member] Task 'cinder.volume.flows.api.create_volume.QuotaReserveTask;volume:create' (9111cae2-97b8-4b9e-939b-94eee0a2c4bb) transitioned into state 'RUNNING' from state 'PENDING' {{(pid=75841) _task_receiver /opt/stack/data/venv/lib/python3.10/site-packages/taskflow/listeners/logging.py:190}}
Nov 08 03:49:41 user devstack@c-api.service[75839]: DEBUG cinder.api.middleware.request_id [None req-a04f0213-9f42-4ab0-9c08-41f22017a2e8 None None] RequestId filter calling following filter/app {{(pid=75839) _context_setter /opt/stack/cinder/cinder/api/middleware/request_id.py:62}}
Nov 08 03:49:41 user devstack@c-api.service[75839]: INFO cinder.api.openstack.wsgi [None req-a04f0213-9f42-4ab0-9c08-41f22017a2e8 tempest-SnapshotsActionsTest-1449902213 tempest-SnapshotsActionsTest-1449902213-project-member] GET http://10.0.0.210/volume/v3/77d4076553804ea9bd81a0d66e499e8e/snapshots/fe509dd1-b284-491c-97f1-389beb91297b
Nov 08 03:49:41 user devstack@c-api.service[75839]: DEBUG cinder.api.openstack.wsgi [None req-a04f0213-9f42-4ab0-9c08-41f22017a2e8 tempest-SnapshotsActionsTest-1449902213 tempest-SnapshotsActionsTest-1449902213-project-member] Empty body provided in request {{(pid=75839) get_body /opt/stack/cinder/cinder/api/openstack/wsgi.py:715}}
Nov 08 03:49:41 user devstack@c-api.service[75839]: DEBUG cinder.api.openstack.wsgi [None req-a04f0213-9f42-4ab0-9c08-41f22017a2e8 tempest-SnapshotsActionsTest-1449902213 tempest-SnapshotsActionsTest-1449902213-project-member] Calling method 'show' {{(pid=75839) _process_stack /opt/stack/cinder/cinder/api/openstack/wsgi.py:868}}
Nov 08 03:49:41 user devstack@c-api.service[75841]: DEBUG cinder.quota [None req-398774e0-3616-4598-9343-72ac63943819 tempest-TaggedBootDevicesTest-1093005057 tempest-TaggedBootDevicesTest-1093005057-project-member] Created reservations ['237188b2-02ac-4398-b404-97c009eec4e4', '005d8a75-f8e5-4509-bb9b-d9e97f4cca1c', 'b86bf68a-9421-4371-8c63-7456c1ea3628', '96a69c23-871f-477b-bbf2-66a07847d376'] {{(pid=75841) reserve /opt/stack/cinder/cinder/quota.py:755}}
Nov 08 03:49:41 user devstack@c-api.service[75841]: DEBUG cinder.volume.api [None req-398774e0-3616-4598-9343-72ac63943819 tempest-TaggedBootDevicesTest-1093005057 tempest-TaggedBootDevicesTest-1093005057-project-member] Task 'cinder.volume.flows.api.create_volume.QuotaReserveTask;volume:create' (9111cae2-97b8-4b9e-939b-94eee0a2c4bb) transitioned into state 'SUCCESS' from state 'RUNNING' with result '{'reservations': ['237188b2-02ac-4398-b404-97c009eec4e4', '005d8a75-f8e5-4509-bb9b-d9e97f4cca1c', 'b86bf68a-9421-4371-8c63-7456c1ea3628', '96a69c23-871f-477b-bbf2-66a07847d376']}' {{(pid=75841) _task_receiver /opt/stack/data/venv/lib/python3.10/site-packages/taskflow/listeners/logging.py:178}}
Nov 08 03:49:41 user devstack@c-api.service[75841]: DEBUG cinder.volume.api [None req-398774e0-3616-4598-9343-72ac63943819 tempest-TaggedBootDevicesTest-1093005057 tempest-TaggedBootDevicesTest-1093005057-project-member] Task 'cinder.volume.flows.api.create_volume.EntryCreateTask;volume:create' (52c5d9fd-5819-42dd-89eb-791ba9185eb1) transitioned into state 'RUNNING' from state 'PENDING' {{(pid=75841) _task_receiver /opt/stack/data/venv/lib/python3.10/site-packages/taskflow/listeners/logging.py:190}}
Nov 08 03:49:41 user devstack@c-api.service[75839]: /opt/stack/data/venv/lib/python3.10/site-packages/oslo_context/context.py:100: DeprecationWarning: Policy enforcement is depending on the value of is_admin. This key is deprecated. Please update your policy file to use the standard policy values.
Nov 08 03:49:41 user devstack@c-api.service[75839]: warnings.warn('Policy enforcement is depending on the value of '
Nov 08 03:49:41 user devstack@c-api.service[75839]: INFO cinder.volume.api [None req-a04f0213-9f42-4ab0-9c08-41f22017a2e8 tempest-SnapshotsActionsTest-1449902213 tempest-SnapshotsActionsTest-1449902213-project-member] Snapshot retrieved successfully.
Nov 08 03:49:41 user devstack@c-api.service[75839]: INFO cinder.api.openstack.wsgi [None req-a04f0213-9f42-4ab0-9c08-41f22017a2e8 tempest-SnapshotsActionsTest-1449902213 tempest-SnapshotsActionsTest-1449902213-project-member] http://10.0.0.210/volume/v3/77d4076553804ea9bd81a0d66e499e8e/snapshots/fe509dd1-b284-491c-97f1-389beb91297b returned with HTTP 200
Nov 08 03:49:41 user devstack@c-api.service[75839]: [pid: 75839|app: 0|req: 37/111] 10.0.0.210 () {62 vars in 1408 bytes} [Wed Nov 8 03:49:41 2023] GET /volume/v3/77d4076553804ea9bd81a0d66e499e8e/snapshots/fe509dd1-b284-491c-97f1-389beb91297b => generated 465 bytes in 26 msecs (HTTP/1.1 200) 7 headers in 285 bytes (1 switches on core 0)
Nov 08 03:49:41 user devstack@c-api.service[75841]: DEBUG cinder.volume.api [None req-398774e0-3616-4598-9343-72ac63943819 tempest-TaggedBootDevicesTest-1093005057 tempest-TaggedBootDevicesTest-1093005057-project-member] Task 'cinder.volume.flows.api.create_volume.EntryCreateTask;volume:create' (52c5d9fd-5819-42dd-89eb-791ba9185eb1) transitioned into state 'SUCCESS' from state 'RUNNING' with result '{'volume_id': '50adc3d1-c482-4040-8bd2-e107a25dae7a', 'volume_properties': VolumeProperties(attach_status='detached',availability_zone='nova',cgsnapshot_id=None,consistencygroup_id=None,display_description=None,display_name='tempest-TaggedBootDevicesTest-volume-780039876',encryption_key_id=None,group_id=None,group_type_id=,metadata={},multiattach=False,project_id='6d16c603b6654fdfa3f43b9a142c186d',qos_specs=None,replication_status=,reservations=['237188b2-02ac-4398-b404-97c009eec4e4','005d8a75-f8e5-4509-bb9b-d9e97f4cca1c','b86bf68a-9421-4371-8c63-7456c1ea3628','96a69c23-871f-477b-bbf2-66a07847d376'],size=1,snapshot_id=None,source_replicaid=,source_volid=None,status='creating',user_id='98916bcc27bd4a1b9d9af94477e16410',volume_type_id=bb399fcc-669e-427b-9414-e6c060db60cb), 'volume': Volume(_name_id=None,admin_metadata=,attach_status='detached',availability_zone='nova',bootable=False,cluster=,cluster_name=None,consistencygroup=,consistencygroup_id=None,created_at=2023-11-08T03:49:41Z,deleted=False,deleted_at=None,display_description=None,display_name='tempest-TaggedBootDevicesTest-volume-780039876',ec2_id=None,encryption_key_id=None,glance_metadata=,group=,group_id=None,host=None,id=50adc3d1-c482-4040-8bd2-e107a25dae7a,launched_at=None,metadata={},migration_status=None,multiattach=False,previous_status=None,project_id='6d16c603b6654fdfa3f43b9a142c186d',provider_auth=None,provider_geometry=None,provider_id=None,provider_location=None,replication_driver_data=None,replication_extended_status=None,replication_status=None,scheduled_at=None,service_uuid=None,shared_targets=True,size=1,snapshot_id=None,snapshots=,source_volid=None,status='creating',terminated_at=None,updated_at=None,use_quota=True,user_id='98916bcc27bd4a1b9d9af94477e16410',volume_attachment=VolumeAttachmentList,volume_type=VolumeType(bb399fcc-669e-427b-9414-e6c060db60cb),volume_type_id=bb399fcc-669e-427b-9414-e6c060db60cb)}' {{(pid=75841) _task_receiver /opt/stack/data/venv/lib/python3.10/site-packages/taskflow/listeners/logging.py:178}}
Nov 08 03:49:41 user devstack@c-api.service[75841]: DEBUG cinder.volume.api [None req-398774e0-3616-4598-9343-72ac63943819 tempest-TaggedBootDevicesTest-1093005057 tempest-TaggedBootDevicesTest-1093005057-project-member] Task 'cinder.volume.flows.api.create_volume.QuotaCommitTask;volume:create' (94d9046a-f07b-4239-b152-25d0146e1178) transitioned into state 'RUNNING' from state 'PENDING' {{(pid=75841) _task_receiver /opt/stack/data/venv/lib/python3.10/site-packages/taskflow/listeners/logging.py:190}}
Nov 08 03:49:41 user devstack@c-api.service[75841]: DEBUG cinder.volume.api [None req-398774e0-3616-4598-9343-72ac63943819 tempest-TaggedBootDevicesTest-1093005057 tempest-TaggedBootDevicesTest-1093005057-project-member] Task 'cinder.volume.flows.api.create_volume.QuotaCommitTask;volume:create' (94d9046a-f07b-4239-b152-25d0146e1178) transitioned into state 'SUCCESS' from state 'RUNNING' with result '{'volume_properties': VolumeProperties(attach_status='detached',availability_zone='nova',cgsnapshot_id=None,consistencygroup_id=None,display_description=None,display_name='tempest-TaggedBootDevicesTest-volume-780039876',encryption_key_id=None,group_id=None,group_type_id=,metadata={},multiattach=False,project_id='6d16c603b6654fdfa3f43b9a142c186d',qos_specs=None,replication_status=,reservations=['237188b2-02ac-4398-b404-97c009eec4e4','005d8a75-f8e5-4509-bb9b-d9e97f4cca1c','b86bf68a-9421-4371-8c63-7456c1ea3628','96a69c23-871f-477b-bbf2-66a07847d376'],size=1,snapshot_id=None,source_replicaid=,source_volid=None,status='creating',user_id='98916bcc27bd4a1b9d9af94477e16410',volume_type_id=bb399fcc-669e-427b-9414-e6c060db60cb)}' {{(pid=75841) _task_receiver /opt/stack/data/venv/lib/python3.10/site-packages/taskflow/listeners/logging.py:178}}
Nov 08 03:49:41 user devstack@c-api.service[75841]: DEBUG cinder.volume.api [None req-398774e0-3616-4598-9343-72ac63943819 tempest-TaggedBootDevicesTest-1093005057 tempest-TaggedBootDevicesTest-1093005057-project-member] Task 'cinder.volume.flows.api.create_volume.VolumeCastTask;volume:create' (52f96fc7-a510-4b1b-85a7-1a709e2d143f) transitioned into state 'RUNNING' from state 'PENDING' {{(pid=75841) _task_receiver /opt/stack/data/venv/lib/python3.10/site-packages/taskflow/listeners/logging.py:190}}
Nov 08 03:49:41 user devstack@c-api.service[75841]: DEBUG cinder.volume.api [None req-398774e0-3616-4598-9343-72ac63943819 tempest-TaggedBootDevicesTest-1093005057 tempest-TaggedBootDevicesTest-1093005057-project-member] Task 'cinder.volume.flows.api.create_volume.VolumeCastTask;volume:create' (52f96fc7-a510-4b1b-85a7-1a709e2d143f) transitioned into state 'SUCCESS' from state 'RUNNING' with result 'None' {{(pid=75841) _task_receiver /opt/stack/data/venv/lib/python3.10/site-packages/taskflow/listeners/logging.py:178}}
Nov 08 03:49:41 user devstack@c-api.service[75841]: DEBUG cinder.volume.api [None req-398774e0-3616-4598-9343-72ac63943819 tempest-TaggedBootDevicesTest-1093005057 tempest-TaggedBootDevicesTest-1093005057-project-member] Flow 'volume_create_api' (7a84b659-c035-4275-a8b4-c5755627b41a) transitioned into state 'SUCCESS' from state 'RUNNING' {{(pid=75841) _flow_receiver /opt/stack/data/venv/lib/python3.10/site-packages/taskflow/listeners/logging.py:141}}
Nov 08 03:49:41 user devstack@c-api.service[75841]: INFO cinder.volume.api [None req-398774e0-3616-4598-9343-72ac63943819 tempest-TaggedBootDevicesTest-1093005057 tempest-TaggedBootDevicesTest-1093005057-project-member] Create volume request issued successfully.
Nov 08 03:49:41 user devstack@c-api.service[75841]: INFO cinder.api.openstack.wsgi [None req-398774e0-3616-4598-9343-72ac63943819 tempest-TaggedBootDevicesTest-1093005057 tempest-TaggedBootDevicesTest-1093005057-project-member] http://10.0.0.210/volume/v3/6d16c603b6654fdfa3f43b9a142c186d/volumes returned with HTTP 202
Nov 08 03:49:41 user devstack@c-api.service[75841]: [pid: 75841|app: 0|req: 36/112] 10.0.0.210 () {64 vars in 1313 bytes} [Wed Nov 8 03:49:40 2023] POST /volume/v3/6d16c603b6654fdfa3f43b9a142c186d/volumes => generated 818 bytes in 868 msecs (HTTP/1.1 202) 7 headers in 291 bytes (1 switches on core 0)
Nov 08 03:49:41 user devstack@c-api.service[75840]: DEBUG cinder.api.middleware.request_id [None req-a19a53ae-513a-4e9d-ab8b-7febff8277eb None None] RequestId filter calling following filter/app {{(pid=75840) _context_setter /opt/stack/cinder/cinder/api/middleware/request_id.py:62}}
Nov 08 03:49:41 user devstack@c-api.service[75840]: INFO cinder.api.openstack.wsgi [None req-a19a53ae-513a-4e9d-ab8b-7febff8277eb tempest-TaggedBootDevicesTest-1093005057 tempest-TaggedBootDevicesTest-1093005057-project-member] GET http://10.0.0.210/volume/v3/6d16c603b6654fdfa3f43b9a142c186d/volumes/50adc3d1-c482-4040-8bd2-e107a25dae7a
Nov 08 03:49:41 user devstack@c-api.service[75840]: DEBUG cinder.api.openstack.wsgi [None req-a19a53ae-513a-4e9d-ab8b-7febff8277eb tempest-TaggedBootDevicesTest-1093005057 tempest-TaggedBootDevicesTest-1093005057-project-member] Empty body provided in request {{(pid=75840) get_body /opt/stack/cinder/cinder/api/openstack/wsgi.py:715}}
Nov 08 03:49:41 user devstack@c-api.service[75840]: DEBUG cinder.api.openstack.wsgi [None req-a19a53ae-513a-4e9d-ab8b-7febff8277eb tempest-TaggedBootDevicesTest-1093005057 tempest-TaggedBootDevicesTest-1093005057-project-member] Calling method 'show' {{(pid=75840) _process_stack /opt/stack/cinder/cinder/api/openstack/wsgi.py:868}}
Nov 08 03:49:41 user devstack@c-api.service[75840]: /opt/stack/data/venv/lib/python3.10/site-packages/oslo_context/context.py:100: DeprecationWarning: Policy enforcement is depending on the value of is_admin. This key is deprecated. Please update your policy file to use the standard policy values.
Nov 08 03:49:41 user devstack@c-api.service[75840]: warnings.warn('Policy enforcement is depending on the value of '
Nov 08 03:49:41 user devstack@c-api.service[75840]: INFO cinder.volume.api [None req-a19a53ae-513a-4e9d-ab8b-7febff8277eb tempest-TaggedBootDevicesTest-1093005057 tempest-TaggedBootDevicesTest-1093005057-project-member] Volume info retrieved successfully.
Nov 08 03:49:41 user devstack@c-api.service[75840]: INFO cinder.api.openstack.wsgi [None req-a19a53ae-513a-4e9d-ab8b-7febff8277eb tempest-TaggedBootDevicesTest-1093005057 tempest-TaggedBootDevicesTest-1093005057-project-member] http://10.0.0.210/volume/v3/6d16c603b6654fdfa3f43b9a142c186d/volumes/50adc3d1-c482-4040-8bd2-e107a25dae7a returned with HTTP 200
Nov 08 03:49:41 user devstack@c-api.service[75839]: DEBUG cinder.api.middleware.request_id [None req-09cb4d6a-295f-4e2a-b747-9e37eda9bf0e None None] RequestId filter calling following filter/app {{(pid=75839) _context_setter /opt/stack/cinder/cinder/api/middleware/request_id.py:62}}
Nov 08 03:49:41 user devstack@c-api.service[75840]: [pid: 75840|app: 0|req: 40/113] 10.0.0.210 () {62 vars in 1402 bytes} [Wed Nov 8 03:49:41 2023] GET /volume/v3/6d16c603b6654fdfa3f43b9a142c186d/volumes/50adc3d1-c482-4040-8bd2-e107a25dae7a => generated 886 bytes in 82 msecs (HTTP/1.1 200) 7 headers in 285 bytes (1 switches on core 0)
Nov 08 03:49:41 user devstack@c-api.service[75839]: INFO cinder.api.openstack.wsgi [None req-09cb4d6a-295f-4e2a-b747-9e37eda9bf0e tempest-TaggedBootDevicesTest_v242-198201622 tempest-TaggedBootDevicesTest_v242-198201622-project-member] GET http://10.0.0.210/volume/v3/fd6fce809fab44789c36f2981972b5b8/volumes/2582dcd2-17c6-4521-b955-cafb600221ad
Nov 08 03:49:41 user devstack@c-api.service[75839]: DEBUG cinder.api.openstack.wsgi [None req-09cb4d6a-295f-4e2a-b747-9e37eda9bf0e tempest-TaggedBootDevicesTest_v242-198201622 tempest-TaggedBootDevicesTest_v242-198201622-project-member] Empty body provided in request {{(pid=75839) get_body /opt/stack/cinder/cinder/api/openstack/wsgi.py:715}}
Nov 08 03:49:41 user devstack@c-api.service[75839]: DEBUG cinder.api.openstack.wsgi [None req-09cb4d6a-295f-4e2a-b747-9e37eda9bf0e tempest-TaggedBootDevicesTest_v242-198201622 tempest-TaggedBootDevicesTest_v242-198201622-project-member] Calling method 'show' {{(pid=75839) _process_stack /opt/stack/cinder/cinder/api/openstack/wsgi.py:868}}
Nov 08 03:49:41 user devstack@c-api.service[75839]: /opt/stack/data/venv/lib/python3.10/site-packages/oslo_context/context.py:100: DeprecationWarning: Policy enforcement is depending on the value of is_admin. This key is deprecated. Please update your policy file to use the standard policy values.
Nov 08 03:49:41 user devstack@c-api.service[75839]: warnings.warn('Policy enforcement is depending on the value of '
Nov 08 03:49:41 user devstack@c-api.service[75839]: INFO cinder.volume.api [None req-09cb4d6a-295f-4e2a-b747-9e37eda9bf0e tempest-TaggedBootDevicesTest_v242-198201622 tempest-TaggedBootDevicesTest_v242-198201622-project-member] Volume info retrieved successfully.
Nov 08 03:49:41 user devstack@c-api.service[75839]: INFO cinder.api.openstack.wsgi [None req-09cb4d6a-295f-4e2a-b747-9e37eda9bf0e tempest-TaggedBootDevicesTest_v242-198201622 tempest-TaggedBootDevicesTest_v242-198201622-project-member] http://10.0.0.210/volume/v3/fd6fce809fab44789c36f2981972b5b8/volumes/2582dcd2-17c6-4521-b955-cafb600221ad returned with HTTP 200
Nov 08 03:49:41 user devstack@c-api.service[75839]: [pid: 75839|app: 0|req: 38/114] 10.0.0.210 () {62 vars in 1402 bytes} [Wed Nov 8 03:49:41 2023] GET /volume/v3/fd6fce809fab44789c36f2981972b5b8/volumes/2582dcd2-17c6-4521-b955-cafb600221ad => generated 973 bytes in 92 msecs (HTTP/1.1 200) 7 headers in 285 bytes (1 switches on core 0)
Nov 08 03:49:41 user devstack@c-api.service[75841]: DEBUG cinder.api.middleware.request_id [None req-eb79f196-ab32-473e-ad1a-9901c26ce2e7 None None] RequestId filter calling following filter/app {{(pid=75841) _context_setter /opt/stack/cinder/cinder/api/middleware/request_id.py:62}}
Nov 08 03:49:41 user devstack@c-api.service[75841]: INFO cinder.api.openstack.wsgi [None req-eb79f196-ab32-473e-ad1a-9901c26ce2e7 tempest-TestVolumeSwap-1359819208 tempest-TestVolumeSwap-1359819208-project-member] GET http://10.0.0.210/volume/v3/29ed0da9041f4975940636f88112cce2/volumes/735a233b-2c2f-4d50-99ea-9f457c541f06
Nov 08 03:49:41 user devstack@c-api.service[75841]: DEBUG cinder.api.openstack.wsgi [None req-eb79f196-ab32-473e-ad1a-9901c26ce2e7 tempest-TestVolumeSwap-1359819208 tempest-TestVolumeSwap-1359819208-project-member] Empty body provided in request {{(pid=75841) get_body /opt/stack/cinder/cinder/api/openstack/wsgi.py:715}}
Nov 08 03:49:41 user devstack@c-api.service[75841]: DEBUG cinder.api.openstack.wsgi [None req-eb79f196-ab32-473e-ad1a-9901c26ce2e7 tempest-TestVolumeSwap-1359819208 tempest-TestVolumeSwap-1359819208-project-member] Calling method 'show' {{(pid=75841) _process_stack /opt/stack/cinder/cinder/api/openstack/wsgi.py:868}}
Nov 08 03:49:41 user devstack@c-api.service[75841]: /opt/stack/data/venv/lib/python3.10/site-packages/oslo_context/context.py:100: DeprecationWarning: Policy enforcement is depending on the value of is_admin. This key is deprecated. Please update your policy file to use the standard policy values.
Nov 08 03:49:41 user devstack@c-api.service[75841]: warnings.warn('Policy enforcement is depending on the value of '
Nov 08 03:49:41 user devstack@c-api.service[75841]: INFO cinder.volume.api [None req-eb79f196-ab32-473e-ad1a-9901c26ce2e7 tempest-TestVolumeSwap-1359819208 tempest-TestVolumeSwap-1359819208-project-member] Volume info retrieved successfully.
Nov 08 03:49:41 user devstack@c-api.service[75841]: INFO cinder.api.openstack.wsgi [None req-eb79f196-ab32-473e-ad1a-9901c26ce2e7 tempest-TestVolumeSwap-1359819208 tempest-TestVolumeSwap-1359819208-project-member] http://10.0.0.210/volume/v3/29ed0da9041f4975940636f88112cce2/volumes/735a233b-2c2f-4d50-99ea-9f457c541f06 returned with HTTP 200
Nov 08 03:49:41 user devstack@c-api.service[75841]: [pid: 75841|app: 0|req: 37/115] 10.0.0.210 () {62 vars in 1402 bytes} [Wed Nov 8 03:49:41 2023] GET /volume/v3/29ed0da9041f4975940636f88112cce2/volumes/735a233b-2c2f-4d50-99ea-9f457c541f06 => generated 903 bytes in 53 msecs (HTTP/1.1 200) 7 headers in 285 bytes (1 switches on core 0)
Nov 08 03:49:42 user devstack@c-api.service[75840]: DEBUG cinder.api.middleware.request_id [None req-a3a1ed86-d572-4d1f-994d-e6bd8fb56914 None None] RequestId filter calling following filter/app {{(pid=75840) _context_setter /opt/stack/cinder/cinder/api/middleware/request_id.py:62}}
Nov 08 03:49:42 user devstack@c-api.service[75839]: DEBUG cinder.api.middleware.request_id [None req-8038ab09-9ff9-4ae0-837a-2b321158689f None None] RequestId filter calling following filter/app {{(pid=75839) _context_setter /opt/stack/cinder/cinder/api/middleware/request_id.py:62}}
Nov 08 03:49:42 user devstack@c-api.service[75839]: INFO cinder.api.openstack.wsgi [None req-8038ab09-9ff9-4ae0-837a-2b321158689f tempest-SnapshotsActionsTest-1449902213 tempest-SnapshotsActionsTest-1449902213-project-member] GET http://10.0.0.210/volume/v3/77d4076553804ea9bd81a0d66e499e8e/snapshots/fe509dd1-b284-491c-97f1-389beb91297b
Nov 08 03:49:42 user devstack@c-api.service[75839]: DEBUG cinder.api.openstack.wsgi [None req-8038ab09-9ff9-4ae0-837a-2b321158689f tempest-SnapshotsActionsTest-1449902213 tempest-SnapshotsActionsTest-1449902213-project-member] Empty body provided in request {{(pid=75839) get_body /opt/stack/cinder/cinder/api/openstack/wsgi.py:715}}
Nov 08 03:49:42 user devstack@c-api.service[75839]: DEBUG cinder.api.openstack.wsgi [None req-8038ab09-9ff9-4ae0-837a-2b321158689f tempest-SnapshotsActionsTest-1449902213 tempest-SnapshotsActionsTest-1449902213-project-member] Calling method 'show' {{(pid=75839) _process_stack /opt/stack/cinder/cinder/api/openstack/wsgi.py:868}}
Nov 08 03:49:42 user devstack@c-api.service[75839]: /opt/stack/data/venv/lib/python3.10/site-packages/oslo_context/context.py:100: DeprecationWarning: Policy enforcement is depending on the value of is_admin. This key is deprecated. Please update your policy file to use the standard policy values.
Nov 08 03:49:42 user devstack@c-api.service[75839]: warnings.warn('Policy enforcement is depending on the value of '
Nov 08 03:49:42 user devstack@c-api.service[75839]: INFO cinder.volume.api [None req-8038ab09-9ff9-4ae0-837a-2b321158689f tempest-SnapshotsActionsTest-1449902213 tempest-SnapshotsActionsTest-1449902213-project-member] Snapshot retrieved successfully.
Nov 08 03:49:42 user devstack@c-api.service[75839]: INFO cinder.api.openstack.wsgi [None req-8038ab09-9ff9-4ae0-837a-2b321158689f tempest-SnapshotsActionsTest-1449902213 tempest-SnapshotsActionsTest-1449902213-project-member] http://10.0.0.210/volume/v3/77d4076553804ea9bd81a0d66e499e8e/snapshots/fe509dd1-b284-491c-97f1-389beb91297b returned with HTTP 200
Nov 08 03:49:42 user devstack@c-api.service[75839]: [pid: 75839|app: 0|req: 39/116] 10.0.0.210 () {62 vars in 1408 bytes} [Wed Nov 8 03:49:42 2023] GET /volume/v3/77d4076553804ea9bd81a0d66e499e8e/snapshots/fe509dd1-b284-491c-97f1-389beb91297b => generated 465 bytes in 27 msecs (HTTP/1.1 200) 7 headers in 285 bytes (1 switches on core 0)
Nov 08 03:49:42 user devstack@c-api.service[75840]: INFO cinder.api.openstack.wsgi [None req-a3a1ed86-d572-4d1f-994d-e6bd8fb56914 tempest-VolumesSnapshotListTestJSON-645595764 tempest-VolumesSnapshotListTestJSON-645595764-project-member] POST http://10.0.0.210/volume/v3/9ad4b28cf92840a691774c57fbe58458/volumes
Nov 08 03:49:42 user devstack@c-api.service[75840]: DEBUG cinder.api.openstack.wsgi [None req-a3a1ed86-d572-4d1f-994d-e6bd8fb56914 tempest-VolumesSnapshotListTestJSON-645595764 tempest-VolumesSnapshotListTestJSON-645595764-project-member] Action: 'create', calling method: create, body: {"volume": {"size": 1, "name": "tempest-VolumesSnapshotListTestJSON-Volume-789240164"}} {{(pid=75840) _process_stack /opt/stack/cinder/cinder/api/openstack/wsgi.py:866}}
Nov 08 03:49:42 user devstack@c-api.service[75840]: DEBUG cinder.api.v3.volumes [None req-a3a1ed86-d572-4d1f-994d-e6bd8fb56914 tempest-VolumesSnapshotListTestJSON-645595764 tempest-VolumesSnapshotListTestJSON-645595764-project-member] Create volume request body: {'volume': {'size': 1, 'name': 'tempest-VolumesSnapshotListTestJSON-Volume-789240164'}} {{(pid=75840) create /opt/stack/cinder/cinder/api/v3/volumes.py:297}}
Nov 08 03:49:42 user devstack@c-api.service[75840]: INFO cinder.api.v3.volumes [None req-a3a1ed86-d572-4d1f-994d-e6bd8fb56914 tempest-VolumesSnapshotListTestJSON-645595764 tempest-VolumesSnapshotListTestJSON-645595764-project-member] Create volume of 1 GB
Nov 08 03:49:42 user devstack@c-api.service[75840]: INFO cinder.volume.api [None req-a3a1ed86-d572-4d1f-994d-e6bd8fb56914 tempest-VolumesSnapshotListTestJSON-645595764 tempest-VolumesSnapshotListTestJSON-645595764-project-member] Availability Zones retrieved successfully.
Nov 08 03:49:42 user devstack@c-api.service[75840]: DEBUG cinder.volume.api [None req-a3a1ed86-d572-4d1f-994d-e6bd8fb56914 tempest-VolumesSnapshotListTestJSON-645595764 tempest-VolumesSnapshotListTestJSON-645595764-project-member] Flow 'volume_create_api' (23d0f4ae-2f99-470d-99be-42c50dec4703) transitioned into state 'RUNNING' from state 'PENDING' {{(pid=75840) _flow_receiver /opt/stack/data/venv/lib/python3.10/site-packages/taskflow/listeners/logging.py:141}}
Nov 08 03:49:42 user devstack@c-api.service[75840]: DEBUG cinder.volume.api [None req-a3a1ed86-d572-4d1f-994d-e6bd8fb56914 tempest-VolumesSnapshotListTestJSON-645595764 tempest-VolumesSnapshotListTestJSON-645595764-project-member] Task 'cinder.volume.flows.api.create_volume.ExtractVolumeRequestTask;volume:create' (4ee65317-fee1-4cf5-8c93-1fc25243da87) transitioned into state 'RUNNING' from state 'PENDING' {{(pid=75840) _task_receiver /opt/stack/data/venv/lib/python3.10/site-packages/taskflow/listeners/logging.py:190}}
Nov 08 03:49:42 user devstack@c-api.service[75840]: DEBUG cinder.volume.flows.api.create_volume [None req-a3a1ed86-d572-4d1f-994d-e6bd8fb56914 tempest-VolumesSnapshotListTestJSON-645595764 tempest-VolumesSnapshotListTestJSON-645595764-project-member] Validating volume size '1' using validate_int {{(pid=75840) _extract_size /opt/stack/cinder/cinder/volume/flows/api/create_volume.py:228}}
Nov 08 03:49:42 user devstack@c-api.service[75840]: DEBUG cinder.volume.api [None req-a3a1ed86-d572-4d1f-994d-e6bd8fb56914 tempest-VolumesSnapshotListTestJSON-645595764 tempest-VolumesSnapshotListTestJSON-645595764-project-member] Task 'cinder.volume.flows.api.create_volume.ExtractVolumeRequestTask;volume:create' (4ee65317-fee1-4cf5-8c93-1fc25243da87) transitioned into state 'SUCCESS' from state 'RUNNING' with result '{'size': 1, 'snapshot_id': None, 'source_volid': None, 'volume_type': VolumeType(created_at=2023-11-08T03:45:30Z,deleted=False,deleted_at=None,description=None,extra_specs={volume_backend_name='joviandss-2'},id=bb399fcc-669e-427b-9414-e6c060db60cb,is_public=True,name='joviandss-2',projects=[],qos_specs=,qos_specs_id=None,updated_at=None), 'volume_type_id': 'bb399fcc-669e-427b-9414-e6c060db60cb', 'encryption_key_id': None, 'qos_specs': None, 'consistencygroup_id': None, 'cgsnapshot_id': None, 'group_id': None, 'replication_status': 'disabled', 'refresh_az': False, 'backup_id': None, 'multiattach': False, 'availability_zones': ['nova']}' {{(pid=75840) _task_receiver /opt/stack/data/venv/lib/python3.10/site-packages/taskflow/listeners/logging.py:178}}
Nov 08 03:49:42 user devstack@c-api.service[75840]: DEBUG cinder.volume.api [None req-a3a1ed86-d572-4d1f-994d-e6bd8fb56914 tempest-VolumesSnapshotListTestJSON-645595764 tempest-VolumesSnapshotListTestJSON-645595764-project-member] Task 'cinder.volume.flows.api.create_volume.QuotaReserveTask;volume:create' (985d3b34-0319-444d-a84f-71139e62ad79) transitioned into state 'RUNNING' from state 'PENDING' {{(pid=75840) _task_receiver /opt/stack/data/venv/lib/python3.10/site-packages/taskflow/listeners/logging.py:190}}
Nov 08 03:49:42 user devstack@c-api.service[75841]: DEBUG cinder.api.middleware.request_id [None req-be78690e-7ed7-4528-8165-51c27ae7d7aa None None] RequestId filter calling following filter/app {{(pid=75841) _context_setter /opt/stack/cinder/cinder/api/middleware/request_id.py:62}}
Nov 08 03:49:42 user devstack@c-api.service[75841]: INFO cinder.api.openstack.wsgi [None req-be78690e-7ed7-4528-8165-51c27ae7d7aa tempest-TaggedBootDevicesTest-1093005057 tempest-TaggedBootDevicesTest-1093005057-project-member] GET http://10.0.0.210/volume/v3/6d16c603b6654fdfa3f43b9a142c186d/volumes/50adc3d1-c482-4040-8bd2-e107a25dae7a
Nov 08 03:49:42 user devstack@c-api.service[75841]: DEBUG cinder.api.openstack.wsgi [None req-be78690e-7ed7-4528-8165-51c27ae7d7aa tempest-TaggedBootDevicesTest-1093005057 tempest-TaggedBootDevicesTest-1093005057-project-member] Empty body provided in request {{(pid=75841) get_body /opt/stack/cinder/cinder/api/openstack/wsgi.py:715}}
Nov 08 03:49:42 user devstack@c-api.service[75841]: DEBUG cinder.api.openstack.wsgi [None req-be78690e-7ed7-4528-8165-51c27ae7d7aa tempest-TaggedBootDevicesTest-1093005057 tempest-TaggedBootDevicesTest-1093005057-project-member] Calling method 'show' {{(pid=75841) _process_stack /opt/stack/cinder/cinder/api/openstack/wsgi.py:868}}
Nov 08 03:49:42 user devstack@c-api.service[75841]: /opt/stack/data/venv/lib/python3.10/site-packages/oslo_context/context.py:100: DeprecationWarning: Policy enforcement is depending on the value of is_admin. This key is deprecated. Please update your policy file to use the standard policy values.
Nov 08 03:49:42 user devstack@c-api.service[75841]: warnings.warn('Policy enforcement is depending on the value of '
Nov 08 03:49:42 user devstack@c-api.service[75840]: WARNING cinder.quota [None req-a3a1ed86-d572-4d1f-994d-e6bd8fb56914 tempest-VolumesSnapshotListTestJSON-645595764 tempest-VolumesSnapshotListTestJSON-645595764-project-member] Deprecated: Default quota for resource: volumes_joviandss-2 is set by the default quota flag: quota_volumes_joviandss-2, it is now deprecated. Please use the default quota class for default quota.
Nov 08 03:49:42 user devstack@c-api.service[75840]: WARNING cinder.quota [None req-a3a1ed86-d572-4d1f-994d-e6bd8fb56914 tempest-VolumesSnapshotListTestJSON-645595764 tempest-VolumesSnapshotListTestJSON-645595764-project-member] Deprecated: Default quota for resource: gigabytes_joviandss-2 is set by the default quota flag: quota_gigabytes_joviandss-2, it is now deprecated. Please use the default quota class for default quota.
Nov 08 03:49:42 user devstack@c-api.service[75841]: INFO cinder.volume.api [None req-be78690e-7ed7-4528-8165-51c27ae7d7aa tempest-TaggedBootDevicesTest-1093005057 tempest-TaggedBootDevicesTest-1093005057-project-member] Volume info retrieved successfully.
Nov 08 03:49:42 user devstack@c-api.service[75841]: INFO cinder.api.openstack.wsgi [None req-be78690e-7ed7-4528-8165-51c27ae7d7aa tempest-TaggedBootDevicesTest-1093005057 tempest-TaggedBootDevicesTest-1093005057-project-member] http://10.0.0.210/volume/v3/6d16c603b6654fdfa3f43b9a142c186d/volumes/50adc3d1-c482-4040-8bd2-e107a25dae7a returned with HTTP 200
Nov 08 03:49:42 user devstack@c-api.service[75841]: [pid: 75841|app: 0|req: 38/117] 10.0.0.210 () {62 vars in 1402 bytes} [Wed Nov 8 03:49:42 2023] GET /volume/v3/6d16c603b6654fdfa3f43b9a142c186d/volumes/50adc3d1-c482-4040-8bd2-e107a25dae7a => generated 910 bytes in 43 msecs (HTTP/1.1 200) 7 headers in 285 bytes (2 switches on core 0)
Nov 08 03:49:42 user devstack@c-api.service[75840]: DEBUG cinder.quota [None req-a3a1ed86-d572-4d1f-994d-e6bd8fb56914 tempest-VolumesSnapshotListTestJSON-645595764 tempest-VolumesSnapshotListTestJSON-645595764-project-member] Created reservations ['ec982f39-9e96-4793-90cd-096ddda334e4', '2c4b879b-74ff-4d63-a762-0d070490fdd6', '5030eeb3-802c-4b00-872a-1c96a4b49a91', '9f1db7ca-3e11-43ef-af5e-d45e577566e0'] {{(pid=75840) reserve /opt/stack/cinder/cinder/quota.py:755}}
Nov 08 03:49:42 user devstack@c-api.service[75840]: DEBUG cinder.volume.api [None req-a3a1ed86-d572-4d1f-994d-e6bd8fb56914 tempest-VolumesSnapshotListTestJSON-645595764 tempest-VolumesSnapshotListTestJSON-645595764-project-member] Task 'cinder.volume.flows.api.create_volume.QuotaReserveTask;volume:create' (985d3b34-0319-444d-a84f-71139e62ad79) transitioned into state 'SUCCESS' from state 'RUNNING' with result '{'reservations': ['ec982f39-9e96-4793-90cd-096ddda334e4', '2c4b879b-74ff-4d63-a762-0d070490fdd6', '5030eeb3-802c-4b00-872a-1c96a4b49a91', '9f1db7ca-3e11-43ef-af5e-d45e577566e0']}' {{(pid=75840) _task_receiver /opt/stack/data/venv/lib/python3.10/site-packages/taskflow/listeners/logging.py:178}}
Nov 08 03:49:42 user devstack@c-api.service[75839]: DEBUG cinder.api.middleware.request_id [None req-e9d87a28-4cf6-4cbd-8af7-28a545898fb1 None None] RequestId filter calling following filter/app {{(pid=75839) _context_setter /opt/stack/cinder/cinder/api/middleware/request_id.py:62}}
Nov 08 03:49:42 user devstack@c-api.service[75840]: DEBUG cinder.volume.api [None req-a3a1ed86-d572-4d1f-994d-e6bd8fb56914 tempest-VolumesSnapshotListTestJSON-645595764 tempest-VolumesSnapshotListTestJSON-645595764-project-member] Task 'cinder.volume.flows.api.create_volume.EntryCreateTask;volume:create' (3d6c74f5-d986-429d-85f2-414b10772e40) transitioned into state 'RUNNING' from state 'PENDING' {{(pid=75840) _task_receiver /opt/stack/data/venv/lib/python3.10/site-packages/taskflow/listeners/logging.py:190}}
Nov 08 03:49:42 user devstack@c-api.service[75839]: INFO cinder.api.openstack.wsgi [None req-e9d87a28-4cf6-4cbd-8af7-28a545898fb1 tempest-TaggedBootDevicesTest_v242-198201622 tempest-TaggedBootDevicesTest_v242-198201622-project-member] GET http://10.0.0.210/volume/v3/fd6fce809fab44789c36f2981972b5b8/volumes/2582dcd2-17c6-4521-b955-cafb600221ad
Nov 08 03:49:42 user devstack@c-api.service[75839]: DEBUG cinder.api.openstack.wsgi [None req-e9d87a28-4cf6-4cbd-8af7-28a545898fb1 tempest-TaggedBootDevicesTest_v242-198201622 tempest-TaggedBootDevicesTest_v242-198201622-project-member] Empty body provided in request {{(pid=75839) get_body /opt/stack/cinder/cinder/api/openstack/wsgi.py:715}}
Nov 08 03:49:42 user devstack@c-api.service[75839]: DEBUG cinder.api.openstack.wsgi [None req-e9d87a28-4cf6-4cbd-8af7-28a545898fb1 tempest-TaggedBootDevicesTest_v242-198201622 tempest-TaggedBootDevicesTest_v242-198201622-project-member] Calling method 'show' {{(pid=75839) _process_stack /opt/stack/cinder/cinder/api/openstack/wsgi.py:868}}
Nov 08 03:49:42 user devstack@c-api.service[75839]: /opt/stack/data/venv/lib/python3.10/site-packages/oslo_context/context.py:100: DeprecationWarning: Policy enforcement is depending on the value of is_admin. This key is deprecated. Please update your policy file to use the standard policy values.
Nov 08 03:49:42 user devstack@c-api.service[75839]: warnings.warn('Policy enforcement is depending on the value of '
Nov 08 03:49:42 user devstack@c-api.service[75839]: INFO cinder.volume.api [None req-e9d87a28-4cf6-4cbd-8af7-28a545898fb1 tempest-TaggedBootDevicesTest_v242-198201622 tempest-TaggedBootDevicesTest_v242-198201622-project-member] Volume info retrieved successfully.
Nov 08 03:49:42 user devstack@c-api.service[75839]: INFO cinder.api.openstack.wsgi [None req-e9d87a28-4cf6-4cbd-8af7-28a545898fb1 tempest-TaggedBootDevicesTest_v242-198201622 tempest-TaggedBootDevicesTest_v242-198201622-project-member] http://10.0.0.210/volume/v3/fd6fce809fab44789c36f2981972b5b8/volumes/2582dcd2-17c6-4521-b955-cafb600221ad returned with HTTP 200
Nov 08 03:49:42 user devstack@c-api.service[75839]: [pid: 75839|app: 0|req: 40/118] 10.0.0.210 () {62 vars in 1402 bytes} [Wed Nov 8 03:49:42 2023] GET /volume/v3/fd6fce809fab44789c36f2981972b5b8/volumes/2582dcd2-17c6-4521-b955-cafb600221ad => generated 973 bytes in 43 msecs (HTTP/1.1 200) 7 headers in 285 bytes (1 switches on core 0)
Nov 08 03:49:42 user devstack@c-api.service[75840]: DEBUG cinder.volume.api [None req-a3a1ed86-d572-4d1f-994d-e6bd8fb56914 tempest-VolumesSnapshotListTestJSON-645595764 tempest-VolumesSnapshotListTestJSON-645595764-project-member] Task 'cinder.volume.flows.api.create_volume.EntryCreateTask;volume:create' (3d6c74f5-d986-429d-85f2-414b10772e40) transitioned into state 'SUCCESS' from state 'RUNNING' with result '{'volume_id': 'f9532d38-c63e-4278-ac01-aac7b9afd692', 'volume_properties': VolumeProperties(attach_status='detached',availability_zone='nova',cgsnapshot_id=None,consistencygroup_id=None,display_description=None,display_name='tempest-VolumesSnapshotListTestJSON-Volume-789240164',encryption_key_id=None,group_id=None,group_type_id=,metadata={},multiattach=False,project_id='9ad4b28cf92840a691774c57fbe58458',qos_specs=None,replication_status=,reservations=['ec982f39-9e96-4793-90cd-096ddda334e4','2c4b879b-74ff-4d63-a762-0d070490fdd6','5030eeb3-802c-4b00-872a-1c96a4b49a91','9f1db7ca-3e11-43ef-af5e-d45e577566e0'],size=1,snapshot_id=None,source_replicaid=,source_volid=None,status='creating',user_id='537f07c9e16c4abca455f0199704e92d',volume_type_id=bb399fcc-669e-427b-9414-e6c060db60cb), 'volume': Volume(_name_id=None,admin_metadata=,attach_status='detached',availability_zone='nova',bootable=False,cluster=,cluster_name=None,consistencygroup=,consistencygroup_id=None,created_at=2023-11-08T03:49:42Z,deleted=False,deleted_at=None,display_description=None,display_name='tempest-VolumesSnapshotListTestJSON-Volume-789240164',ec2_id=None,encryption_key_id=None,glance_metadata=,group=,group_id=None,host=None,id=f9532d38-c63e-4278-ac01-aac7b9afd692,launched_at=None,metadata={},migration_status=None,multiattach=False,previous_status=None,project_id='9ad4b28cf92840a691774c57fbe58458',provider_auth=None,provider_geometry=None,provider_id=None,provider_location=None,replication_driver_data=None,replication_extended_status=None,replication_status=None,scheduled_at=None,service_uuid=None,shared_targets=True,size=1,snapshot_id=None,snapshots=,source_volid=None,status='creating',terminated_at=None,updated_at=None,use_quota=True,user_id='537f07c9e16c4abca455f0199704e92d',volume_attachment=VolumeAttachmentList,volume_type=VolumeType(bb399fcc-669e-427b-9414-e6c060db60cb),volume_type_id=bb399fcc-669e-427b-9414-e6c060db60cb)}' {{(pid=75840) _task_receiver /opt/stack/data/venv/lib/python3.10/site-packages/taskflow/listeners/logging.py:178}}
Nov 08 03:49:42 user devstack@c-api.service[75840]: DEBUG cinder.volume.api [None req-a3a1ed86-d572-4d1f-994d-e6bd8fb56914 tempest-VolumesSnapshotListTestJSON-645595764 tempest-VolumesSnapshotListTestJSON-645595764-project-member] Task 'cinder.volume.flows.api.create_volume.QuotaCommitTask;volume:create' (511d74fe-ddb8-4281-85a0-838bdc0e082a) transitioned into state 'RUNNING' from state 'PENDING' {{(pid=75840) _task_receiver /opt/stack/data/venv/lib/python3.10/site-packages/taskflow/listeners/logging.py:190}}
Nov 08 03:49:42 user devstack@c-api.service[75840]: DEBUG cinder.volume.api [None req-a3a1ed86-d572-4d1f-994d-e6bd8fb56914 tempest-VolumesSnapshotListTestJSON-645595764 tempest-VolumesSnapshotListTestJSON-645595764-project-member] Task 'cinder.volume.flows.api.create_volume.QuotaCommitTask;volume:create' (511d74fe-ddb8-4281-85a0-838bdc0e082a) transitioned into state 'SUCCESS' from state 'RUNNING' with result '{'volume_properties': VolumeProperties(attach_status='detached',availability_zone='nova',cgsnapshot_id=None,consistencygroup_id=None,display_description=None,display_name='tempest-VolumesSnapshotListTestJSON-Volume-789240164',encryption_key_id=None,group_id=None,group_type_id=,metadata={},multiattach=False,project_id='9ad4b28cf92840a691774c57fbe58458',qos_specs=None,replication_status=,reservations=['ec982f39-9e96-4793-90cd-096ddda334e4','2c4b879b-74ff-4d63-a762-0d070490fdd6','5030eeb3-802c-4b00-872a-1c96a4b49a91','9f1db7ca-3e11-43ef-af5e-d45e577566e0'],size=1,snapshot_id=None,source_replicaid=,source_volid=None,status='creating',user_id='537f07c9e16c4abca455f0199704e92d',volume_type_id=bb399fcc-669e-427b-9414-e6c060db60cb)}' {{(pid=75840) _task_receiver /opt/stack/data/venv/lib/python3.10/site-packages/taskflow/listeners/logging.py:178}}
Nov 08 03:49:42 user devstack@c-api.service[75840]: DEBUG cinder.volume.api [None req-a3a1ed86-d572-4d1f-994d-e6bd8fb56914 tempest-VolumesSnapshotListTestJSON-645595764 tempest-VolumesSnapshotListTestJSON-645595764-project-member] Task 'cinder.volume.flows.api.create_volume.VolumeCastTask;volume:create' (57a1df99-fc71-4795-aaf2-98b168eae634) transitioned into state 'RUNNING' from state 'PENDING' {{(pid=75840) _task_receiver /opt/stack/data/venv/lib/python3.10/site-packages/taskflow/listeners/logging.py:190}}
Nov 08 03:49:42 user devstack@c-api.service[75841]: DEBUG cinder.api.middleware.request_id [None req-e6a44840-df1f-4d6d-9b95-71222f0240f0 None None] RequestId filter calling following filter/app {{(pid=75841) _context_setter /opt/stack/cinder/cinder/api/middleware/request_id.py:62}}
Nov 08 03:49:42 user devstack@c-api.service[75841]: INFO cinder.api.openstack.wsgi [None req-e6a44840-df1f-4d6d-9b95-71222f0240f0 tempest-TestVolumeSwap-1359819208 tempest-TestVolumeSwap-1359819208-project-member] GET http://10.0.0.210/volume/v3/29ed0da9041f4975940636f88112cce2/volumes/735a233b-2c2f-4d50-99ea-9f457c541f06
Nov 08 03:49:42 user devstack@c-api.service[75841]: DEBUG cinder.api.openstack.wsgi [None req-e6a44840-df1f-4d6d-9b95-71222f0240f0 tempest-TestVolumeSwap-1359819208 tempest-TestVolumeSwap-1359819208-project-member] Empty body provided in request {{(pid=75841) get_body /opt/stack/cinder/cinder/api/openstack/wsgi.py:715}}
Nov 08 03:49:42 user devstack@c-api.service[75841]: DEBUG cinder.api.openstack.wsgi [None req-e6a44840-df1f-4d6d-9b95-71222f0240f0 tempest-TestVolumeSwap-1359819208 tempest-TestVolumeSwap-1359819208-project-member] Calling method 'show' {{(pid=75841) _process_stack /opt/stack/cinder/cinder/api/openstack/wsgi.py:868}}
Nov 08 03:49:42 user devstack@c-api.service[75841]: /opt/stack/data/venv/lib/python3.10/site-packages/oslo_context/context.py:100: DeprecationWarning: Policy enforcement is depending on the value of is_admin. This key is deprecated. Please update your policy file to use the standard policy values.
Nov 08 03:49:42 user devstack@c-api.service[75841]: warnings.warn('Policy enforcement is depending on the value of '
Nov 08 03:49:42 user devstack@c-api.service[75841]: INFO cinder.volume.api [None req-e6a44840-df1f-4d6d-9b95-71222f0240f0 tempest-TestVolumeSwap-1359819208 tempest-TestVolumeSwap-1359819208-project-member] Volume info retrieved successfully.
Nov 08 03:49:43 user devstack@c-api.service[75841]: INFO cinder.api.openstack.wsgi [None req-e6a44840-df1f-4d6d-9b95-71222f0240f0 tempest-TestVolumeSwap-1359819208 tempest-TestVolumeSwap-1359819208-project-member] http://10.0.0.210/volume/v3/29ed0da9041f4975940636f88112cce2/volumes/735a233b-2c2f-4d50-99ea-9f457c541f06 returned with HTTP 200
Nov 08 03:49:43 user devstack@c-api.service[75841]: [pid: 75841|app: 0|req: 39/119] 10.0.0.210 () {62 vars in 1402 bytes} [Wed Nov 8 03:49:42 2023] GET /volume/v3/29ed0da9041f4975940636f88112cce2/volumes/735a233b-2c2f-4d50-99ea-9f457c541f06 => generated 903 bytes in 45 msecs (HTTP/1.1 200) 7 headers in 285 bytes (1 switches on core 0)
Nov 08 03:49:43 user devstack@c-api.service[75840]: DEBUG cinder.volume.api [None req-a3a1ed86-d572-4d1f-994d-e6bd8fb56914 tempest-VolumesSnapshotListTestJSON-645595764 tempest-VolumesSnapshotListTestJSON-645595764-project-member] Task 'cinder.volume.flows.api.create_volume.VolumeCastTask;volume:create' (57a1df99-fc71-4795-aaf2-98b168eae634) transitioned into state 'SUCCESS' from state 'RUNNING' with result 'None' {{(pid=75840) _task_receiver /opt/stack/data/venv/lib/python3.10/site-packages/taskflow/listeners/logging.py:178}}
Nov 08 03:49:43 user devstack@c-api.service[75840]: DEBUG cinder.volume.api [None req-a3a1ed86-d572-4d1f-994d-e6bd8fb56914 tempest-VolumesSnapshotListTestJSON-645595764 tempest-VolumesSnapshotListTestJSON-645595764-project-member] Flow 'volume_create_api' (23d0f4ae-2f99-470d-99be-42c50dec4703) transitioned into state 'SUCCESS' from state 'RUNNING' {{(pid=75840) _flow_receiver /opt/stack/data/venv/lib/python3.10/site-packages/taskflow/listeners/logging.py:141}}
Nov 08 03:49:43 user devstack@c-api.service[75840]: INFO cinder.volume.api [None req-a3a1ed86-d572-4d1f-994d-e6bd8fb56914 tempest-VolumesSnapshotListTestJSON-645595764 tempest-VolumesSnapshotListTestJSON-645595764-project-member] Create volume request issued successfully.
Nov 08 03:49:43 user devstack@c-api.service[75840]: INFO cinder.api.openstack.wsgi [None req-a3a1ed86-d572-4d1f-994d-e6bd8fb56914 tempest-VolumesSnapshotListTestJSON-645595764 tempest-VolumesSnapshotListTestJSON-645595764-project-member] http://10.0.0.210/volume/v3/9ad4b28cf92840a691774c57fbe58458/volumes returned with HTTP 202
Nov 08 03:49:43 user devstack@c-api.service[75840]: [pid: 75840|app: 0|req: 41/120] 10.0.0.210 () {64 vars in 1312 bytes} [Wed Nov 8 03:49:42 2023] POST /volume/v3/9ad4b28cf92840a691774c57fbe58458/volumes => generated 824 bytes in 609 msecs (HTTP/1.1 202) 7 headers in 291 bytes (1 switches on core 0)
Nov 08 03:49:43 user devstack@c-api.service[75839]: DEBUG cinder.api.middleware.request_id [None req-50def2f1-9364-41a8-86a2-b70b79090484 None None] RequestId filter calling following filter/app {{(pid=75839) _context_setter /opt/stack/cinder/cinder/api/middleware/request_id.py:62}}
Nov 08 03:49:43 user devstack@c-api.service[75839]: INFO cinder.api.openstack.wsgi [None req-50def2f1-9364-41a8-86a2-b70b79090484 tempest-VolumesSnapshotListTestJSON-645595764 tempest-VolumesSnapshotListTestJSON-645595764-project-member] GET http://10.0.0.210/volume/v3/9ad4b28cf92840a691774c57fbe58458/volumes/f9532d38-c63e-4278-ac01-aac7b9afd692
Nov 08 03:49:43 user devstack@c-api.service[75839]: DEBUG cinder.api.openstack.wsgi [None req-50def2f1-9364-41a8-86a2-b70b79090484 tempest-VolumesSnapshotListTestJSON-645595764 tempest-VolumesSnapshotListTestJSON-645595764-project-member] Empty body provided in request {{(pid=75839) get_body /opt/stack/cinder/cinder/api/openstack/wsgi.py:715}}
Nov 08 03:49:43 user devstack@c-api.service[75839]: DEBUG cinder.api.openstack.wsgi [None req-50def2f1-9364-41a8-86a2-b70b79090484 tempest-VolumesSnapshotListTestJSON-645595764 tempest-VolumesSnapshotListTestJSON-645595764-project-member] Calling method 'show' {{(pid=75839) _process_stack /opt/stack/cinder/cinder/api/openstack/wsgi.py:868}}
Nov 08 03:49:43 user devstack@c-api.service[75839]: /opt/stack/data/venv/lib/python3.10/site-packages/oslo_context/context.py:100: DeprecationWarning: Policy enforcement is depending on the value of is_admin. This key is deprecated. Please update your policy file to use the standard policy values.
Nov 08 03:49:43 user devstack@c-api.service[75839]: warnings.warn('Policy enforcement is depending on the value of '
Nov 08 03:49:43 user devstack@c-api.service[75839]: INFO cinder.volume.api [None req-50def2f1-9364-41a8-86a2-b70b79090484 tempest-VolumesSnapshotListTestJSON-645595764 tempest-VolumesSnapshotListTestJSON-645595764-project-member] Volume info retrieved successfully.
Nov 08 03:49:43 user devstack@c-api.service[75839]: INFO cinder.api.openstack.wsgi [None req-50def2f1-9364-41a8-86a2-b70b79090484 tempest-VolumesSnapshotListTestJSON-645595764 tempest-VolumesSnapshotListTestJSON-645595764-project-member] http://10.0.0.210/volume/v3/9ad4b28cf92840a691774c57fbe58458/volumes/f9532d38-c63e-4278-ac01-aac7b9afd692 returned with HTTP 200
Nov 08 03:49:43 user devstack@c-api.service[75839]: [pid: 75839|app: 0|req: 41/121] 10.0.0.210 () {62 vars in 1402 bytes} [Wed Nov 8 03:49:43 2023] GET /volume/v3/9ad4b28cf92840a691774c57fbe58458/volumes/f9532d38-c63e-4278-ac01-aac7b9afd692 => generated 892 bytes in 55 msecs (HTTP/1.1 200) 7 headers in 285 bytes (1 switches on core 0)
Nov 08 03:49:43 user devstack@c-api.service[75841]: DEBUG cinder.api.middleware.request_id [None req-8f0c7f06-746b-418e-992a-38cf5aaa2e2c None None] RequestId filter calling following filter/app {{(pid=75841) _context_setter /opt/stack/cinder/cinder/api/middleware/request_id.py:62}}
