Nov 22 11:44:33 user devstack@c-api.service[76044]: INFO cinder.api.openstack.wsgi [None req-9ab33dc5-a131-4234-9110-3d13067e2704 tempest-ExtraSpecsNegativeTest-491960339 tempest-ExtraSpecsNegativeTest-491960339-project-admin] http://10.0.0.210/volume/v3/9552739b66254925b8ed6292510c97c9/types/d6189735-d895-470c-993e-5fcccf553622/extra_specs/af743742-3863-4261-b99a-a51e90cdb216 returned with HTTP 400
Nov 22 11:44:33 user devstack@c-api.service[76044]: [pid: 76044|app: 0|req: 114/375] 10.0.0.210 () {64 vars in 1563 bytes} [Wed Nov 22 11:44:33 2023] PUT /volume/v3/9552739b66254925b8ed6292510c97c9/types/d6189735-d895-470c-993e-5fcccf553622/extra_specs/af743742-3863-4261-b99a-a51e90cdb216 => generated 73 bytes in 69 msecs (HTTP/1.1 400) 7 headers in 293 bytes (1 switches on core 0)
Nov 22 11:44:33 user devstack@c-api.service[76045]: DEBUG cinder.api.middleware.request_id [None req-d246392f-39bf-4a36-b81b-2fc775d8310f None None] RequestId filter calling following filter/app {{(pid=76045) _context_setter /opt/stack/cinder/cinder/api/middleware/request_id.py:62}}
Nov 22 11:44:33 user devstack@c-api.service[76045]: INFO cinder.api.openstack.wsgi [None req-d246392f-39bf-4a36-b81b-2fc775d8310f tempest-ExtraSpecsNegativeTest-491960339 tempest-ExtraSpecsNegativeTest-491960339-project-admin] PUT http://10.0.0.210/volume/v3/9552739b66254925b8ed6292510c97c9/types/86fbdac0-a3df-4343-bde7-ceda368cb0e9/extra_specs/spec1
Nov 22 11:44:33 user devstack@c-api.service[76045]: DEBUG cinder.api.openstack.wsgi [None req-d246392f-39bf-4a36-b81b-2fc775d8310f tempest-ExtraSpecsNegativeTest-491960339 tempest-ExtraSpecsNegativeTest-491960339-project-admin] Action: 'update', calling method: update, body: {"spec1": "val5"} {{(pid=76045) _process_stack /opt/stack/cinder/cinder/api/openstack/wsgi.py:866}}
Nov 22 11:44:33 user devstack@c-api.service[76045]: INFO cinder.api.openstack.wsgi [None req-d246392f-39bf-4a36-b81b-2fc775d8310f tempest-ExtraSpecsNegativeTest-491960339 tempest-ExtraSpecsNegativeTest-491960339-project-admin] http://10.0.0.210/volume/v3/9552739b66254925b8ed6292510c97c9/types/86fbdac0-a3df-4343-bde7-ceda368cb0e9/extra_specs/spec1 returned with HTTP 404
Nov 22 11:44:33 user devstack@c-api.service[76045]: [pid: 76045|app: 0|req: 134/376] 10.0.0.210 () {64 vars in 1470 bytes} [Wed Nov 22 11:44:33 2023] PUT /volume/v3/9552739b66254925b8ed6292510c97c9/types/86fbdac0-a3df-4343-bde7-ceda368cb0e9/extra_specs/spec1 => generated 114 bytes in 54 msecs (HTTP/1.1 404) 7 headers in 292 bytes (1 switches on core 0)
Nov 22 11:44:33 user devstack@c-api.service[76043]: DEBUG cinder.api.middleware.request_id [None req-24d80916-24ea-41a6-9462-12f06c929227 None None] RequestId filter calling following filter/app {{(pid=76043) _context_setter /opt/stack/cinder/cinder/api/middleware/request_id.py:62}}
Nov 22 11:44:33 user devstack@c-api.service[76044]: DEBUG cinder.api.middleware.request_id [None req-1bf32645-b105-433f-aee6-21fc68b4f70f None None] RequestId filter calling following filter/app {{(pid=76044) _context_setter /opt/stack/cinder/cinder/api/middleware/request_id.py:62}}
Nov 22 11:44:33 user devstack@c-api.service[76044]: INFO cinder.api.openstack.wsgi [None req-1bf32645-b105-433f-aee6-21fc68b4f70f tempest-GroupSnapshotsTest-560391162 tempest-GroupSnapshotsTest-560391162-project-member] GET http://10.0.0.210/volume/v3/18b349ad4b44495789a0ef78018ef64d/volumes/35ba0b26-6f06-40aa-826e-18813c722c26
Nov 22 11:44:33 user devstack@c-api.service[76044]: DEBUG cinder.api.openstack.wsgi [None req-1bf32645-b105-433f-aee6-21fc68b4f70f tempest-GroupSnapshotsTest-560391162 tempest-GroupSnapshotsTest-560391162-project-member] Empty body provided in request {{(pid=76044) get_body /opt/stack/cinder/cinder/api/openstack/wsgi.py:715}}
Nov 22 11:44:33 user devstack@c-api.service[76044]: DEBUG cinder.api.openstack.wsgi [None req-1bf32645-b105-433f-aee6-21fc68b4f70f tempest-GroupSnapshotsTest-560391162 tempest-GroupSnapshotsTest-560391162-project-member] Calling method 'show' {{(pid=76044) _process_stack /opt/stack/cinder/cinder/api/openstack/wsgi.py:868}}
Nov 22 11:44:33 user devstack@c-api.service[76043]: INFO cinder.api.openstack.wsgi [None req-24d80916-24ea-41a6-9462-12f06c929227 tempest-ExtraSpecsNegativeTest-491960339 tempest-ExtraSpecsNegativeTest-491960339-project-admin] DELETE http://10.0.0.210/volume/v3/9552739b66254925b8ed6292510c97c9/types/d6189735-d895-470c-993e-5fcccf553622
Nov 22 11:44:33 user devstack@c-api.service[76043]: DEBUG cinder.api.openstack.wsgi [None req-24d80916-24ea-41a6-9462-12f06c929227 tempest-ExtraSpecsNegativeTest-491960339 tempest-ExtraSpecsNegativeTest-491960339-project-admin] Empty body provided in request {{(pid=76043) get_body /opt/stack/cinder/cinder/api/openstack/wsgi.py:715}}
Nov 22 11:44:33 user devstack@c-api.service[76043]: DEBUG cinder.api.openstack.wsgi [None req-24d80916-24ea-41a6-9462-12f06c929227 tempest-ExtraSpecsNegativeTest-491960339 tempest-ExtraSpecsNegativeTest-491960339-project-admin] Calling method '_delete' {{(pid=76043) _process_stack /opt/stack/cinder/cinder/api/openstack/wsgi.py:868}}
Nov 22 11:44:33 user devstack@c-api.service[76044]: /opt/stack/data/venv/lib/python3.10/site-packages/oslo_context/context.py:100: DeprecationWarning: Policy enforcement is depending on the value of is_admin. This key is deprecated. Please update your policy file to use the standard policy values.
Nov 22 11:44:33 user devstack@c-api.service[76044]: warnings.warn('Policy enforcement is depending on the value of '
Nov 22 11:44:33 user devstack@c-api.service[76044]: INFO cinder.api.openstack.wsgi [None req-1bf32645-b105-433f-aee6-21fc68b4f70f tempest-GroupSnapshotsTest-560391162 tempest-GroupSnapshotsTest-560391162-project-member] http://10.0.0.210/volume/v3/18b349ad4b44495789a0ef78018ef64d/volumes/35ba0b26-6f06-40aa-826e-18813c722c26 returned with HTTP 404
Nov 22 11:44:33 user devstack@c-api.service[76044]: [pid: 76044|app: 0|req: 115/377] 10.0.0.210 () {64 vars in 1443 bytes} [Wed Nov 22 11:44:33 2023] GET /volume/v3/18b349ad4b44495789a0ef78018ef64d/volumes/35ba0b26-6f06-40aa-826e-18813c722c26 => generated 109 bytes in 63 msecs (HTTP/1.1 404) 7 headers in 293 bytes (1 switches on core 0)
Nov 22 11:44:33 user devstack@c-api.service[76045]: DEBUG cinder.api.middleware.request_id [None req-70c4dd7d-09f2-42f8-b9b7-f8c98f3299b8 None None] RequestId filter calling following filter/app {{(pid=76045) _context_setter /opt/stack/cinder/cinder/api/middleware/request_id.py:62}}
Nov 22 11:44:33 user devstack@c-api.service[76045]: INFO cinder.api.openstack.wsgi [None req-70c4dd7d-09f2-42f8-b9b7-f8c98f3299b8 tempest-GroupSnapshotsTest-560391162 tempest-GroupSnapshotsTest-560391162-project-member] GET http://10.0.0.210/volume/v3/18b349ad4b44495789a0ef78018ef64d/groups/cecfd983-0af0-4cd1-9a11-d268a3c76433
Nov 22 11:44:33 user devstack@c-api.service[76045]: DEBUG cinder.api.openstack.wsgi [None req-70c4dd7d-09f2-42f8-b9b7-f8c98f3299b8 tempest-GroupSnapshotsTest-560391162 tempest-GroupSnapshotsTest-560391162-project-member] Empty body provided in request {{(pid=76045) get_body /opt/stack/cinder/cinder/api/openstack/wsgi.py:715}}
Nov 22 11:44:33 user devstack@c-api.service[76045]: DEBUG cinder.api.openstack.wsgi [None req-70c4dd7d-09f2-42f8-b9b7-f8c98f3299b8 tempest-GroupSnapshotsTest-560391162 tempest-GroupSnapshotsTest-560391162-project-member] Calling method 'version_select' {{(pid=76045) _process_stack /opt/stack/cinder/cinder/api/openstack/wsgi.py:868}}
Nov 22 11:44:33 user devstack@c-api.service[76045]: DEBUG cinder.api.v3.groups [None req-70c4dd7d-09f2-42f8-b9b7-f8c98f3299b8 tempest-GroupSnapshotsTest-560391162 tempest-GroupSnapshotsTest-560391162-project-member] show called for member cecfd983-0af0-4cd1-9a11-d268a3c76433 {{(pid=76045) show /opt/stack/cinder/cinder/api/v3/groups.py:58}}
Nov 22 11:44:33 user devstack@c-api.service[76045]: /opt/stack/data/venv/lib/python3.10/site-packages/oslo_context/context.py:100: DeprecationWarning: Policy enforcement is depending on the value of is_admin. This key is deprecated. Please update your policy file to use the standard policy values.
Nov 22 11:44:33 user devstack@c-api.service[76045]: warnings.warn('Policy enforcement is depending on the value of '
Nov 22 11:44:33 user devstack@c-api.service[76043]: INFO cinder.api.openstack.wsgi [None req-24d80916-24ea-41a6-9462-12f06c929227 tempest-ExtraSpecsNegativeTest-491960339 tempest-ExtraSpecsNegativeTest-491960339-project-admin] http://10.0.0.210/volume/v3/9552739b66254925b8ed6292510c97c9/types/d6189735-d895-470c-993e-5fcccf553622 returned with HTTP 202
Nov 22 11:44:33 user devstack@c-api.service[76043]: [pid: 76043|app: 0|req: 129/378] 10.0.0.210 () {62 vars in 1399 bytes} [Wed Nov 22 11:44:33 2023] DELETE /volume/v3/9552739b66254925b8ed6292510c97c9/types/d6189735-d895-470c-993e-5fcccf553622 => generated 0 bytes in 250 msecs (HTTP/1.1 202) 6 headers in 233 bytes (1 switches on core 0)
Nov 22 11:44:33 user devstack@c-api.service[76045]: INFO cinder.api.openstack.wsgi [None req-70c4dd7d-09f2-42f8-b9b7-f8c98f3299b8 tempest-GroupSnapshotsTest-560391162 tempest-GroupSnapshotsTest-560391162-project-member] http://10.0.0.210/volume/v3/18b349ad4b44495789a0ef78018ef64d/groups/cecfd983-0af0-4cd1-9a11-d268a3c76433 returned with HTTP 200
Nov 22 11:44:33 user devstack@c-api.service[76045]: [pid: 76045|app: 0|req: 135/379] 10.0.0.210 () {64 vars in 1440 bytes} [Wed Nov 22 11:44:33 2023] GET /volume/v3/18b349ad4b44495789a0ef78018ef64d/groups/cecfd983-0af0-4cd1-9a11-d268a3c76433 => generated 416 bytes in 179 msecs (HTTP/1.1 200) 7 headers in 286 bytes (1 switches on core 0)
Nov 22 11:44:33 user devstack@c-api.service[76044]: DEBUG cinder.api.middleware.request_id [None req-495cfffd-4280-41fd-a63d-da72e0d85fb8 None None] RequestId filter calling following filter/app {{(pid=76044) _context_setter /opt/stack/cinder/cinder/api/middleware/request_id.py:62}}
Nov 22 11:44:33 user devstack@c-api.service[76044]: INFO cinder.api.openstack.wsgi [None req-495cfffd-4280-41fd-a63d-da72e0d85fb8 tempest-ExtraSpecsNegativeTest-491960339 tempest-ExtraSpecsNegativeTest-491960339-project-admin] GET http://10.0.0.210/volume/v3/9552739b66254925b8ed6292510c97c9/types/d6189735-d895-470c-993e-5fcccf553622
Nov 22 11:44:33 user devstack@c-api.service[76044]: DEBUG cinder.api.openstack.wsgi [None req-495cfffd-4280-41fd-a63d-da72e0d85fb8 tempest-ExtraSpecsNegativeTest-491960339 tempest-ExtraSpecsNegativeTest-491960339-project-admin] Empty body provided in request {{(pid=76044) get_body /opt/stack/cinder/cinder/api/openstack/wsgi.py:715}}
Nov 22 11:44:33 user devstack@c-api.service[76044]: DEBUG cinder.api.openstack.wsgi [None req-495cfffd-4280-41fd-a63d-da72e0d85fb8 tempest-ExtraSpecsNegativeTest-491960339 tempest-ExtraSpecsNegativeTest-491960339-project-admin] Calling method 'show' {{(pid=76044) _process_stack /opt/stack/cinder/cinder/api/openstack/wsgi.py:868}}
Nov 22 11:44:33 user devstack@c-api.service[76044]: INFO cinder.api.openstack.wsgi [None req-495cfffd-4280-41fd-a63d-da72e0d85fb8 tempest-ExtraSpecsNegativeTest-491960339 tempest-ExtraSpecsNegativeTest-491960339-project-admin] http://10.0.0.210/volume/v3/9552739b66254925b8ed6292510c97c9/types/d6189735-d895-470c-993e-5fcccf553622 returned with HTTP 404
Nov 22 11:44:33 user devstack@c-api.service[76044]: [pid: 76044|app: 0|req: 116/380] 10.0.0.210 () {62 vars in 1396 bytes} [Wed Nov 22 11:44:33 2023] GET /volume/v3/9552739b66254925b8ed6292510c97c9/types/d6189735-d895-470c-993e-5fcccf553622 => generated 114 bytes in 23 msecs (HTTP/1.1 404) 7 headers in 292 bytes (1 switches on core 0)
Nov 22 11:44:33 user devstack@c-api.service[76043]: DEBUG cinder.api.middleware.request_id [req-24a8fda2-ad74-4709-8701-290617709bfe req-a749608b-a016-4579-9f70-b045b369ab55 None None] RequestId filter calling following filter/app {{(pid=76043) _context_setter /opt/stack/cinder/cinder/api/middleware/request_id.py:62}}
Nov 22 11:44:33 user devstack@c-api.service[76043]: INFO cinder.api.openstack.wsgi [req-24a8fda2-ad74-4709-8701-290617709bfe req-a749608b-a016-4579-9f70-b045b369ab55 tempest-ServerActionsV293TestJSON-1582262134 tempest-ServerActionsV293TestJSON-1582262134-project-member] GET http://10.0.0.210/volume/v3/672000cc8fe1421986655ebf224340a2/volumes/516dc3cc-a305-45b0-ba4b-00daaa828ad3
Nov 22 11:44:33 user devstack@c-api.service[76043]: DEBUG cinder.api.openstack.wsgi [req-24a8fda2-ad74-4709-8701-290617709bfe req-a749608b-a016-4579-9f70-b045b369ab55 tempest-ServerActionsV293TestJSON-1582262134 tempest-ServerActionsV293TestJSON-1582262134-project-member] Empty body provided in request {{(pid=76043) get_body /opt/stack/cinder/cinder/api/openstack/wsgi.py:715}}
Nov 22 11:44:33 user devstack@c-api.service[76043]: DEBUG cinder.api.openstack.wsgi [req-24a8fda2-ad74-4709-8701-290617709bfe req-a749608b-a016-4579-9f70-b045b369ab55 tempest-ServerActionsV293TestJSON-1582262134 tempest-ServerActionsV293TestJSON-1582262134-project-member] Calling method 'show' {{(pid=76043) _process_stack /opt/stack/cinder/cinder/api/openstack/wsgi.py:868}}
Nov 22 11:44:33 user devstack@c-api.service[76043]: /opt/stack/data/venv/lib/python3.10/site-packages/oslo_context/context.py:100: DeprecationWarning: Policy enforcement is depending on the value of is_admin. This key is deprecated. Please update your policy file to use the standard policy values.
Nov 22 11:44:33 user devstack@c-api.service[76043]: warnings.warn('Policy enforcement is depending on the value of '
Nov 22 11:44:33 user devstack@c-api.service[76043]: INFO cinder.volume.api [req-24a8fda2-ad74-4709-8701-290617709bfe req-a749608b-a016-4579-9f70-b045b369ab55 tempest-ServerActionsV293TestJSON-1582262134 tempest-ServerActionsV293TestJSON-1582262134-project-member] Volume info retrieved successfully.
Nov 22 11:44:33 user devstack@c-api.service[76043]: INFO cinder.api.openstack.wsgi [req-24a8fda2-ad74-4709-8701-290617709bfe req-a749608b-a016-4579-9f70-b045b369ab55 tempest-ServerActionsV293TestJSON-1582262134 tempest-ServerActionsV293TestJSON-1582262134-project-member] http://10.0.0.210/volume/v3/672000cc8fe1421986655ebf224340a2/volumes/516dc3cc-a305-45b0-ba4b-00daaa828ad3 returned with HTTP 200
Nov 22 11:44:33 user devstack@c-api.service[76043]: [pid: 76043|app: 0|req: 130/381] 10.0.0.210 () {64 vars in 1655 bytes} [Wed Nov 22 11:44:33 2023] GET /volume/v3/672000cc8fe1421986655ebf224340a2/volumes/516dc3cc-a305-45b0-ba4b-00daaa828ad3 => generated 1391 bytes in 56 msecs (HTTP/1.1 200) 7 headers in 286 bytes (2 switches on core 0)
Nov 22 11:44:33 user devstack@c-api.service[76045]: DEBUG cinder.api.middleware.request_id [None req-91fd9043-48a8-4ee6-ad04-1ff17e834e29 None None] RequestId filter calling following filter/app {{(pid=76045) _context_setter /opt/stack/cinder/cinder/api/middleware/request_id.py:62}}
Nov 22 11:44:33 user devstack@c-api.service[76045]: INFO cinder.api.openstack.wsgi [None req-91fd9043-48a8-4ee6-ad04-1ff17e834e29 None None] GET http://10.0.0.210/volume//
Nov 22 11:44:33 user devstack@c-api.service[76045]: DEBUG cinder.api.openstack.wsgi [None req-91fd9043-48a8-4ee6-ad04-1ff17e834e29 None None] Empty body provided in request {{(pid=76045) get_body /opt/stack/cinder/cinder/api/openstack/wsgi.py:715}}
Nov 22 11:44:33 user devstack@c-api.service[76045]: DEBUG cinder.api.openstack.wsgi [None req-91fd9043-48a8-4ee6-ad04-1ff17e834e29 None None] Calling method 'all' {{(pid=76045) _process_stack /opt/stack/cinder/cinder/api/openstack/wsgi.py:868}}
Nov 22 11:44:33 user devstack@c-api.service[76045]: INFO cinder.api.openstack.wsgi [None req-91fd9043-48a8-4ee6-ad04-1ff17e834e29 None None] http://10.0.0.210/volume// returned with HTTP 300
Nov 22 11:44:33 user devstack@c-api.service[76045]: [pid: 76045|app: 0|req: 136/382] 10.0.0.210 () {62 vars in 1377 bytes} [Wed Nov 22 11:44:33 2023] GET /volume/ => generated 385 bytes in 7 msecs (HTTP/1.1 300) 7 headers in 299 bytes (1 switches on core 0)
Nov 22 11:44:33 user devstack@c-api.service[76044]: DEBUG cinder.api.middleware.request_id [req-24a8fda2-ad74-4709-8701-290617709bfe req-5dca5314-9a36-4db3-979a-ac8ba0c4f67e None None] RequestId filter calling following filter/app {{(pid=76044) _context_setter /opt/stack/cinder/cinder/api/middleware/request_id.py:62}}
Nov 22 11:44:34 user devstack@c-api.service[76044]: INFO cinder.api.openstack.wsgi [req-24a8fda2-ad74-4709-8701-290617709bfe req-5dca5314-9a36-4db3-979a-ac8ba0c4f67e tempest-ServerActionsV293TestJSON-1582262134 tempest-ServerActionsV293TestJSON-1582262134-project-member] POST http://10.0.0.210/volume/v3/672000cc8fe1421986655ebf224340a2/attachments
Nov 22 11:44:34 user devstack@c-api.service[76044]: DEBUG cinder.api.openstack.wsgi [req-24a8fda2-ad74-4709-8701-290617709bfe req-5dca5314-9a36-4db3-979a-ac8ba0c4f67e tempest-ServerActionsV293TestJSON-1582262134 tempest-ServerActionsV293TestJSON-1582262134-project-member] Action: 'create', calling method: version_select, body: {"attachment": {"volume_uuid": "516dc3cc-a305-45b0-ba4b-00daaa828ad3", "connector": null, "instance_uuid": "9a229f89-ac7a-4f54-95c6-aed24f9c645e"}} {{(pid=76044) _process_stack /opt/stack/cinder/cinder/api/openstack/wsgi.py:866}}
Nov 22 11:44:34 user devstack@c-api.service[76044]: /opt/stack/data/venv/lib/python3.10/site-packages/oslo_context/context.py:100: DeprecationWarning: Policy enforcement is depending on the value of is_admin. This key is deprecated. Please update your policy file to use the standard policy values.
Nov 22 11:44:34 user devstack@c-api.service[76044]: warnings.warn('Policy enforcement is depending on the value of '
Nov 22 11:44:34 user devstack@c-api.service[76043]: DEBUG cinder.api.middleware.request_id [None req-13717600-262a-43b2-a363-76b583d4d358 None None] RequestId filter calling following filter/app {{(pid=76043) _context_setter /opt/stack/cinder/cinder/api/middleware/request_id.py:62}}
Nov 22 11:44:34 user devstack@c-api.service[76043]: INFO cinder.api.openstack.wsgi [None req-13717600-262a-43b2-a363-76b583d4d358 tempest-VolumesAssistedSnapshotsTest-350562505 tempest-VolumesAssistedSnapshotsTest-350562505-project-admin] GET http://10.0.0.210/volume/v3/3ff287220261411783f2d0be5771df1a/volumes/f9069d43-5823-427a-bc13-39f502cc5601
Nov 22 11:44:34 user devstack@c-api.service[76043]: DEBUG cinder.api.openstack.wsgi [None req-13717600-262a-43b2-a363-76b583d4d358 tempest-VolumesAssistedSnapshotsTest-350562505 tempest-VolumesAssistedSnapshotsTest-350562505-project-admin] Empty body provided in request {{(pid=76043) get_body /opt/stack/cinder/cinder/api/openstack/wsgi.py:715}}
Nov 22 11:44:34 user devstack@c-api.service[76043]: DEBUG cinder.api.openstack.wsgi [None req-13717600-262a-43b2-a363-76b583d4d358 tempest-VolumesAssistedSnapshotsTest-350562505 tempest-VolumesAssistedSnapshotsTest-350562505-project-admin] Calling method 'show' {{(pid=76043) _process_stack /opt/stack/cinder/cinder/api/openstack/wsgi.py:868}}
Nov 22 11:44:34 user devstack@c-api.service[76043]: /opt/stack/data/venv/lib/python3.10/site-packages/oslo_context/context.py:100: DeprecationWarning: Policy enforcement is depending on the value of is_admin. This key is deprecated. Please update your policy file to use the standard policy values.
Nov 22 11:44:34 user devstack@c-api.service[76043]: warnings.warn('Policy enforcement is depending on the value of '
Nov 22 11:44:34 user devstack@c-api.service[76043]: INFO cinder.volume.api [None req-13717600-262a-43b2-a363-76b583d4d358 tempest-VolumesAssistedSnapshotsTest-350562505 tempest-VolumesAssistedSnapshotsTest-350562505-project-admin] Volume info retrieved successfully.
Nov 22 11:44:34 user devstack@c-api.service[76045]: DEBUG cinder.api.middleware.request_id [None req-2e5cc572-4e35-4337-a247-56e424dca146 None None] RequestId filter calling following filter/app {{(pid=76045) _context_setter /opt/stack/cinder/cinder/api/middleware/request_id.py:62}}
Nov 22 11:44:34 user devstack@c-api.service[76045]: INFO cinder.api.openstack.wsgi [None req-2e5cc572-4e35-4337-a247-56e424dca146 tempest-TaggedBootDevicesTest-1574296730 tempest-TaggedBootDevicesTest-1574296730-project-member] GET http://10.0.0.210/volume/v3/0d86279a8d924733bb708bb97175bbfa/volumes/d0f88362-d29e-4a46-b4d9-fb31d14611d8
Nov 22 11:44:34 user devstack@c-api.service[76045]: DEBUG cinder.api.openstack.wsgi [None req-2e5cc572-4e35-4337-a247-56e424dca146 tempest-TaggedBootDevicesTest-1574296730 tempest-TaggedBootDevicesTest-1574296730-project-member] Empty body provided in request {{(pid=76045) get_body /opt/stack/cinder/cinder/api/openstack/wsgi.py:715}}
Nov 22 11:44:34 user devstack@c-api.service[76045]: DEBUG cinder.api.openstack.wsgi [None req-2e5cc572-4e35-4337-a247-56e424dca146 tempest-TaggedBootDevicesTest-1574296730 tempest-TaggedBootDevicesTest-1574296730-project-member] Calling method 'show' {{(pid=76045) _process_stack /opt/stack/cinder/cinder/api/openstack/wsgi.py:868}}
Nov 22 11:44:34 user devstack@c-api.service[76043]: INFO cinder.api.openstack.wsgi [None req-13717600-262a-43b2-a363-76b583d4d358 tempest-VolumesAssistedSnapshotsTest-350562505 tempest-VolumesAssistedSnapshotsTest-350562505-project-admin] http://10.0.0.210/volume/v3/3ff287220261411783f2d0be5771df1a/volumes/f9069d43-5823-427a-bc13-39f502cc5601 returned with HTTP 200
Nov 22 11:44:34 user devstack@c-api.service[76043]: [pid: 76043|app: 0|req: 131/383] 10.0.0.210 () {62 vars in 1402 bytes} [Wed Nov 22 11:44:34 2023] GET /volume/v3/3ff287220261411783f2d0be5771df1a/volumes/f9069d43-5823-427a-bc13-39f502cc5601 => generated 1080 bytes in 88 msecs (HTTP/1.1 200) 7 headers in 286 bytes (1 switches on core 0)
Nov 22 11:44:34 user devstack@c-api.service[76045]: /opt/stack/data/venv/lib/python3.10/site-packages/oslo_context/context.py:100: DeprecationWarning: Policy enforcement is depending on the value of is_admin. This key is deprecated. Please update your policy file to use the standard policy values.
Nov 22 11:44:34 user devstack@c-api.service[76045]: warnings.warn('Policy enforcement is depending on the value of '
Nov 22 11:44:34 user devstack@c-api.service[76045]: INFO cinder.volume.api [None req-2e5cc572-4e35-4337-a247-56e424dca146 tempest-TaggedBootDevicesTest-1574296730 tempest-TaggedBootDevicesTest-1574296730-project-member] Volume info retrieved successfully.
Nov 22 11:44:34 user devstack@c-api.service[76045]: INFO cinder.api.openstack.wsgi [None req-2e5cc572-4e35-4337-a247-56e424dca146 tempest-TaggedBootDevicesTest-1574296730 tempest-TaggedBootDevicesTest-1574296730-project-member] http://10.0.0.210/volume/v3/0d86279a8d924733bb708bb97175bbfa/volumes/d0f88362-d29e-4a46-b4d9-fb31d14611d8 returned with HTTP 200
Nov 22 11:44:34 user devstack@c-api.service[76045]: [pid: 76045|app: 0|req: 137/384] 10.0.0.210 () {62 vars in 1402 bytes} [Wed Nov 22 11:44:34 2023] GET /volume/v3/0d86279a8d924733bb708bb97175bbfa/volumes/d0f88362-d29e-4a46-b4d9-fb31d14611d8 => generated 910 bytes in 58 msecs (HTTP/1.1 200) 7 headers in 285 bytes (2 switches on core 0)
Nov 22 11:44:34 user devstack@c-api.service[76044]: INFO cinder.api.openstack.wsgi [req-24a8fda2-ad74-4709-8701-290617709bfe req-5dca5314-9a36-4db3-979a-ac8ba0c4f67e tempest-ServerActionsV293TestJSON-1582262134 tempest-ServerActionsV293TestJSON-1582262134-project-member] http://10.0.0.210/volume/v3/672000cc8fe1421986655ebf224340a2/attachments returned with HTTP 200
Nov 22 11:44:34 user devstack@c-api.service[76044]: [pid: 76044|app: 0|req: 117/385] 10.0.0.210 () {70 vars in 1651 bytes} [Wed Nov 22 11:44:33 2023] POST /volume/v3/672000cc8fe1421986655ebf224340a2/attachments => generated 273 bytes in 245 msecs (HTTP/1.1 200) 7 headers in 286 bytes (1 switches on core 0)
Nov 22 11:44:34 user devstack@c-api.service[76043]: DEBUG cinder.api.middleware.request_id [None req-61fb9caa-2c0f-45da-bbdc-b1e3faca7236 None None] RequestId filter calling following filter/app {{(pid=76043) _context_setter /opt/stack/cinder/cinder/api/middleware/request_id.py:62}}
Nov 22 11:44:34 user devstack@c-api.service[76043]: INFO cinder.api.openstack.wsgi [None req-61fb9caa-2c0f-45da-bbdc-b1e3faca7236 tempest-VolumeQuotasAdminTestJSON-1239467452 tempest-VolumeQuotasAdminTestJSON-1239467452-project-member] GET http://10.0.0.210/volume/v3/ab26d71362024bb8817b54ff47c7d70e/volumes/b35aabe6-b380-4fed-b573-e713350dc75c
Nov 22 11:44:34 user devstack@c-api.service[76043]: DEBUG cinder.api.openstack.wsgi [None req-61fb9caa-2c0f-45da-bbdc-b1e3faca7236 tempest-VolumeQuotasAdminTestJSON-1239467452 tempest-VolumeQuotasAdminTestJSON-1239467452-project-member] Empty body provided in request {{(pid=76043) get_body /opt/stack/cinder/cinder/api/openstack/wsgi.py:715}}
Nov 22 11:44:34 user devstack@c-api.service[76043]: DEBUG cinder.api.openstack.wsgi [None req-61fb9caa-2c0f-45da-bbdc-b1e3faca7236 tempest-VolumeQuotasAdminTestJSON-1239467452 tempest-VolumeQuotasAdminTestJSON-1239467452-project-member] Calling method 'show' {{(pid=76043) _process_stack /opt/stack/cinder/cinder/api/openstack/wsgi.py:868}}
Nov 22 11:44:34 user devstack@c-api.service[76043]: INFO cinder.api.openstack.wsgi [None req-61fb9caa-2c0f-45da-bbdc-b1e3faca7236 tempest-VolumeQuotasAdminTestJSON-1239467452 tempest-VolumeQuotasAdminTestJSON-1239467452-project-member] http://10.0.0.210/volume/v3/ab26d71362024bb8817b54ff47c7d70e/volumes/b35aabe6-b380-4fed-b573-e713350dc75c returned with HTTP 404
Nov 22 11:44:34 user devstack@c-api.service[76043]: [pid: 76043|app: 0|req: 132/386] 10.0.0.210 () {62 vars in 1402 bytes} [Wed Nov 22 11:44:34 2023] GET /volume/v3/ab26d71362024bb8817b54ff47c7d70e/volumes/b35aabe6-b380-4fed-b573-e713350dc75c => generated 109 bytes in 45 msecs (HTTP/1.1 404) 7 headers in 292 bytes (1 switches on core 0)
Nov 22 11:44:34 user devstack@c-api.service[76045]: DEBUG cinder.api.middleware.request_id [None req-a1f0c443-0226-4722-999b-315e3be295db None None] RequestId filter calling following filter/app {{(pid=76045) _context_setter /opt/stack/cinder/cinder/api/middleware/request_id.py:62}}
Nov 22 11:44:34 user devstack@c-api.service[76045]: INFO cinder.api.openstack.wsgi [None req-a1f0c443-0226-4722-999b-315e3be295db tempest-VolumeQuotasAdminTestJSON-1239467452 tempest-VolumeQuotasAdminTestJSON-1239467452-project-member] GET http://10.0.0.210/volume/v3/ab26d71362024bb8817b54ff47c7d70e/volumes/b35aabe6-b380-4fed-b573-e713350dc75c
Nov 22 11:44:34 user devstack@c-api.service[76045]: DEBUG cinder.api.openstack.wsgi [None req-a1f0c443-0226-4722-999b-315e3be295db tempest-VolumeQuotasAdminTestJSON-1239467452 tempest-VolumeQuotasAdminTestJSON-1239467452-project-member] Empty body provided in request {{(pid=76045) get_body /opt/stack/cinder/cinder/api/openstack/wsgi.py:715}}
Nov 22 11:44:34 user devstack@c-api.service[76045]: DEBUG cinder.api.openstack.wsgi [None req-a1f0c443-0226-4722-999b-315e3be295db tempest-VolumeQuotasAdminTestJSON-1239467452 tempest-VolumeQuotasAdminTestJSON-1239467452-project-member] Calling method 'show' {{(pid=76045) _process_stack /opt/stack/cinder/cinder/api/openstack/wsgi.py:868}}
Nov 22 11:44:34 user devstack@c-api.service[76045]: INFO cinder.api.openstack.wsgi [None req-a1f0c443-0226-4722-999b-315e3be295db tempest-VolumeQuotasAdminTestJSON-1239467452 tempest-VolumeQuotasAdminTestJSON-1239467452-project-member] http://10.0.0.210/volume/v3/ab26d71362024bb8817b54ff47c7d70e/volumes/b35aabe6-b380-4fed-b573-e713350dc75c returned with HTTP 404
Nov 22 11:44:34 user devstack@c-api.service[76045]: [pid: 76045|app: 0|req: 138/387] 10.0.0.210 () {62 vars in 1402 bytes} [Wed Nov 22 11:44:34 2023] GET /volume/v3/ab26d71362024bb8817b54ff47c7d70e/volumes/b35aabe6-b380-4fed-b573-e713350dc75c => generated 109 bytes in 42 msecs (HTTP/1.1 404) 7 headers in 292 bytes (1 switches on core 0)
Nov 22 11:44:34 user devstack@c-api.service[76044]: DEBUG cinder.api.middleware.request_id [None req-fcf2e63a-ffb2-4d1b-9456-5aef55775b8e None None] RequestId filter calling following filter/app {{(pid=76044) _context_setter /opt/stack/cinder/cinder/api/middleware/request_id.py:62}}
Nov 22 11:44:34 user devstack@c-api.service[76044]: INFO cinder.api.openstack.wsgi [None req-fcf2e63a-ffb2-4d1b-9456-5aef55775b8e tempest-VolumeQuotasAdminTestJSON-1239467452 tempest-VolumeQuotasAdminTestJSON-1239467452-project-member] DELETE http://10.0.0.210/volume/v3/ab26d71362024bb8817b54ff47c7d70e/volumes/b35aabe6-b380-4fed-b573-e713350dc75c
Nov 22 11:44:34 user devstack@c-api.service[76044]: DEBUG cinder.api.openstack.wsgi [None req-fcf2e63a-ffb2-4d1b-9456-5aef55775b8e tempest-VolumeQuotasAdminTestJSON-1239467452 tempest-VolumeQuotasAdminTestJSON-1239467452-project-member] Empty body provided in request {{(pid=76044) get_body /opt/stack/cinder/cinder/api/openstack/wsgi.py:715}}
Nov 22 11:44:34 user devstack@c-api.service[76044]: DEBUG cinder.api.openstack.wsgi [None req-fcf2e63a-ffb2-4d1b-9456-5aef55775b8e tempest-VolumeQuotasAdminTestJSON-1239467452 tempest-VolumeQuotasAdminTestJSON-1239467452-project-member] Calling method 'delete' {{(pid=76044) _process_stack /opt/stack/cinder/cinder/api/openstack/wsgi.py:868}}
Nov 22 11:44:34 user devstack@c-api.service[76044]: INFO cinder.api.v3.volumes [None req-fcf2e63a-ffb2-4d1b-9456-5aef55775b8e tempest-VolumeQuotasAdminTestJSON-1239467452 tempest-VolumeQuotasAdminTestJSON-1239467452-project-member] Delete volume with id: b35aabe6-b380-4fed-b573-e713350dc75c
Nov 22 11:44:34 user devstack@c-api.service[76044]: INFO cinder.api.openstack.wsgi [None req-fcf2e63a-ffb2-4d1b-9456-5aef55775b8e tempest-VolumeQuotasAdminTestJSON-1239467452 tempest-VolumeQuotasAdminTestJSON-1239467452-project-member] http://10.0.0.210/volume/v3/ab26d71362024bb8817b54ff47c7d70e/volumes/b35aabe6-b380-4fed-b573-e713350dc75c returned with HTTP 404
Nov 22 11:44:34 user devstack@c-api.service[76044]: [pid: 76044|app: 0|req: 118/388] 10.0.0.210 () {62 vars in 1405 bytes} [Wed Nov 22 11:44:34 2023] DELETE /volume/v3/ab26d71362024bb8817b54ff47c7d70e/volumes/b35aabe6-b380-4fed-b573-e713350dc75c => generated 109 bytes in 22 msecs (HTTP/1.1 404) 7 headers in 292 bytes (2 switches on core 0)
Nov 22 11:44:34 user devstack@c-api.service[76043]: DEBUG cinder.api.middleware.request_id [None req-5a5148f3-6ed2-4206-8308-893ab82c856f None None] RequestId filter calling following filter/app {{(pid=76043) _context_setter /opt/stack/cinder/cinder/api/middleware/request_id.py:62}}
Nov 22 11:44:34 user devstack@c-api.service[76043]: INFO cinder.api.openstack.wsgi [None req-5a5148f3-6ed2-4206-8308-893ab82c856f tempest-VolumeQuotasAdminTestJSON-1239467452 tempest-VolumeQuotasAdminTestJSON-1239467452-project-member] POST http://10.0.0.210/volume/v3/ab26d71362024bb8817b54ff47c7d70e/volumes
Nov 22 11:44:34 user devstack@c-api.service[76043]: DEBUG cinder.api.openstack.wsgi [None req-5a5148f3-6ed2-4206-8308-893ab82c856f tempest-VolumeQuotasAdminTestJSON-1239467452 tempest-VolumeQuotasAdminTestJSON-1239467452-project-member] Action: 'create', calling method: create, body: {"volume": {"size": 1, "name": "tempest-VolumeQuotasAdminTestJSON-Volume-1957134741"}} {{(pid=76043) _process_stack /opt/stack/cinder/cinder/api/openstack/wsgi.py:866}}
Nov 22 11:44:34 user devstack@c-api.service[76043]: DEBUG cinder.api.v3.volumes [None req-5a5148f3-6ed2-4206-8308-893ab82c856f tempest-VolumeQuotasAdminTestJSON-1239467452 tempest-VolumeQuotasAdminTestJSON-1239467452-project-member] Create volume request body: {'volume': {'size': 1, 'name': 'tempest-VolumeQuotasAdminTestJSON-Volume-1957134741'}} {{(pid=76043) create /opt/stack/cinder/cinder/api/v3/volumes.py:297}}
Nov 22 11:44:34 user devstack@c-api.service[76043]: INFO cinder.api.v3.volumes [None req-5a5148f3-6ed2-4206-8308-893ab82c856f tempest-VolumeQuotasAdminTestJSON-1239467452 tempest-VolumeQuotasAdminTestJSON-1239467452-project-member] Create volume of 1 GB
Nov 22 11:44:34 user devstack@c-api.service[76043]: INFO cinder.volume.api [None req-5a5148f3-6ed2-4206-8308-893ab82c856f tempest-VolumeQuotasAdminTestJSON-1239467452 tempest-VolumeQuotasAdminTestJSON-1239467452-project-member] Availability Zones retrieved successfully.
Nov 22 11:44:34 user devstack@c-api.service[76043]: DEBUG cinder.volume.api [None req-5a5148f3-6ed2-4206-8308-893ab82c856f tempest-VolumeQuotasAdminTestJSON-1239467452 tempest-VolumeQuotasAdminTestJSON-1239467452-project-member] Flow 'volume_create_api' (f120b8f7-630f-4d09-9713-16791ba95b84) transitioned into state 'RUNNING' from state 'PENDING' {{(pid=76043) _flow_receiver /opt/stack/data/venv/lib/python3.10/site-packages/taskflow/listeners/logging.py:141}}
Nov 22 11:44:34 user devstack@c-api.service[76043]: DEBUG cinder.volume.api [None req-5a5148f3-6ed2-4206-8308-893ab82c856f tempest-VolumeQuotasAdminTestJSON-1239467452 tempest-VolumeQuotasAdminTestJSON-1239467452-project-member] Task 'cinder.volume.flows.api.create_volume.ExtractVolumeRequestTask;volume:create' (6dac6550-133e-4aad-bd30-07f2b1a40b7d) transitioned into state 'RUNNING' from state 'PENDING' {{(pid=76043) _task_receiver /opt/stack/data/venv/lib/python3.10/site-packages/taskflow/listeners/logging.py:190}}
Nov 22 11:44:34 user devstack@c-api.service[76043]: DEBUG cinder.volume.flows.api.create_volume [None req-5a5148f3-6ed2-4206-8308-893ab82c856f tempest-VolumeQuotasAdminTestJSON-1239467452 tempest-VolumeQuotasAdminTestJSON-1239467452-project-member] Validating volume size '1' using validate_int {{(pid=76043) _extract_size /opt/stack/cinder/cinder/volume/flows/api/create_volume.py:228}}
Nov 22 11:44:34 user devstack@c-api.service[76043]: DEBUG cinder.volume.api [None req-5a5148f3-6ed2-4206-8308-893ab82c856f tempest-VolumeQuotasAdminTestJSON-1239467452 tempest-VolumeQuotasAdminTestJSON-1239467452-project-member] Task 'cinder.volume.flows.api.create_volume.ExtractVolumeRequestTask;volume:create' (6dac6550-133e-4aad-bd30-07f2b1a40b7d) transitioned into state 'SUCCESS' from state 'RUNNING' with result '{'size': 1, 'snapshot_id': None, 'source_volid': None, 'volume_type': VolumeType(created_at=2023-11-22T11:40:08Z,deleted=False,deleted_at=None,description=None,extra_specs={volume_backend_name='joviandss-2'},id=c8b6086b-0490-4435-af7a-929bedcc15cc,is_public=True,name='joviandss-2',projects=[],qos_specs=,qos_specs_id=None,updated_at=None), 'volume_type_id': 'c8b6086b-0490-4435-af7a-929bedcc15cc', 'encryption_key_id': None, 'qos_specs': None, 'consistencygroup_id': None, 'cgsnapshot_id': None, 'group_id': None, 'replication_status': 'disabled', 'refresh_az': False, 'backup_id': None, 'multiattach': False, 'availability_zones': ['nova']}' {{(pid=76043) _task_receiver /opt/stack/data/venv/lib/python3.10/site-packages/taskflow/listeners/logging.py:178}}
Nov 22 11:44:34 user devstack@c-api.service[76043]: DEBUG cinder.volume.api [None req-5a5148f3-6ed2-4206-8308-893ab82c856f tempest-VolumeQuotasAdminTestJSON-1239467452 tempest-VolumeQuotasAdminTestJSON-1239467452-project-member] Task 'cinder.volume.flows.api.create_volume.QuotaReserveTask;volume:create' (a827adce-baad-4222-baec-be08e15fd69f) transitioned into state 'RUNNING' from state 'PENDING' {{(pid=76043) _task_receiver /opt/stack/data/venv/lib/python3.10/site-packages/taskflow/listeners/logging.py:190}}
Nov 22 11:44:34 user devstack@c-api.service[76045]: DEBUG cinder.api.middleware.request_id [None req-3bc3a9b3-4312-46b5-bf2e-cc7a15502d3f None None] RequestId filter calling following filter/app {{(pid=76045) _context_setter /opt/stack/cinder/cinder/api/middleware/request_id.py:62}}
Nov 22 11:44:34 user devstack@c-api.service[76045]: INFO cinder.api.openstack.wsgi [None req-3bc3a9b3-4312-46b5-bf2e-cc7a15502d3f tempest-GroupSnapshotsTest-560391162 tempest-GroupSnapshotsTest-560391162-project-member] GET http://10.0.0.210/volume/v3/18b349ad4b44495789a0ef78018ef64d/groups/cecfd983-0af0-4cd1-9a11-d268a3c76433
Nov 22 11:44:34 user devstack@c-api.service[76045]: DEBUG cinder.api.openstack.wsgi [None req-3bc3a9b3-4312-46b5-bf2e-cc7a15502d3f tempest-GroupSnapshotsTest-560391162 tempest-GroupSnapshotsTest-560391162-project-member] Empty body provided in request {{(pid=76045) get_body /opt/stack/cinder/cinder/api/openstack/wsgi.py:715}}
Nov 22 11:44:34 user devstack@c-api.service[76045]: DEBUG cinder.api.openstack.wsgi [None req-3bc3a9b3-4312-46b5-bf2e-cc7a15502d3f tempest-GroupSnapshotsTest-560391162 tempest-GroupSnapshotsTest-560391162-project-member] Calling method 'version_select' {{(pid=76045) _process_stack /opt/stack/cinder/cinder/api/openstack/wsgi.py:868}}
Nov 22 11:44:34 user devstack@c-api.service[76045]: DEBUG cinder.api.v3.groups [None req-3bc3a9b3-4312-46b5-bf2e-cc7a15502d3f tempest-GroupSnapshotsTest-560391162 tempest-GroupSnapshotsTest-560391162-project-member] show called for member cecfd983-0af0-4cd1-9a11-d268a3c76433 {{(pid=76045) show /opt/stack/cinder/cinder/api/v3/groups.py:58}}
Nov 22 11:44:34 user devstack@c-api.service[76045]: INFO cinder.api.openstack.wsgi [None req-3bc3a9b3-4312-46b5-bf2e-cc7a15502d3f tempest-GroupSnapshotsTest-560391162 tempest-GroupSnapshotsTest-560391162-project-member] http://10.0.0.210/volume/v3/18b349ad4b44495789a0ef78018ef64d/groups/cecfd983-0af0-4cd1-9a11-d268a3c76433 returned with HTTP 404
Nov 22 11:44:34 user devstack@c-api.service[76045]: [pid: 76045|app: 0|req: 139/389] 10.0.0.210 () {64 vars in 1440 bytes} [Wed Nov 22 11:44:34 2023] GET /volume/v3/18b349ad4b44495789a0ef78018ef64d/groups/cecfd983-0af0-4cd1-9a11-d268a3c76433 => generated 108 bytes in 68 msecs (HTTP/1.1 404) 7 headers in 293 bytes (1 switches on core 0)
Nov 22 11:44:34 user devstack@c-api.service[76044]: DEBUG cinder.api.middleware.request_id [None req-acafce36-5667-4386-b3de-9cdaf8877a77 None None] RequestId filter calling following filter/app {{(pid=76044) _context_setter /opt/stack/cinder/cinder/api/middleware/request_id.py:62}}
Nov 22 11:44:34 user devstack@c-api.service[76044]: INFO cinder.api.openstack.wsgi [None req-acafce36-5667-4386-b3de-9cdaf8877a77 tempest-GroupSnapshotsTest-560391162 tempest-GroupSnapshotsTest-560391162-project-member] DELETE http://10.0.0.210/volume/v3/18b349ad4b44495789a0ef78018ef64d/group_snapshots/513c727f-ace7-4b99-ad4b-fec1b00a8f67
Nov 22 11:44:34 user devstack@c-api.service[76044]: DEBUG cinder.api.openstack.wsgi [None req-acafce36-5667-4386-b3de-9cdaf8877a77 tempest-GroupSnapshotsTest-560391162 tempest-GroupSnapshotsTest-560391162-project-member] Empty body provided in request {{(pid=76044) get_body /opt/stack/cinder/cinder/api/openstack/wsgi.py:715}}
Nov 22 11:44:34 user devstack@c-api.service[76044]: DEBUG cinder.api.openstack.wsgi [None req-acafce36-5667-4386-b3de-9cdaf8877a77 tempest-GroupSnapshotsTest-560391162 tempest-GroupSnapshotsTest-560391162-project-member] Calling method 'version_select' {{(pid=76044) _process_stack /opt/stack/cinder/cinder/api/openstack/wsgi.py:868}}
Nov 22 11:44:34 user devstack@c-api.service[76043]: DEBUG cinder.quota [None req-5a5148f3-6ed2-4206-8308-893ab82c856f tempest-VolumeQuotasAdminTestJSON-1239467452 tempest-VolumeQuotasAdminTestJSON-1239467452-project-member] Created reservations ['56410321-4255-43d3-bc39-1994b20964f2', '168e6a3c-5f78-4384-9465-3150952aa1a4', '02ee6f28-2540-4bee-897f-b1094d98d263', '7c0e6520-d75a-47b1-9bce-9faea993f7ed'] {{(pid=76043) reserve /opt/stack/cinder/cinder/quota.py:755}}
Nov 22 11:44:34 user devstack@c-api.service[76044]: DEBUG cinder.api.v3.group_snapshots [None req-acafce36-5667-4386-b3de-9cdaf8877a77 tempest-GroupSnapshotsTest-560391162 tempest-GroupSnapshotsTest-560391162-project-member] delete called for member 513c727f-ace7-4b99-ad4b-fec1b00a8f67 {{(pid=76044) delete /opt/stack/cinder/cinder/api/v3/group_snapshots.py:72}}
Nov 22 11:44:34 user devstack@c-api.service[76044]: INFO cinder.api.v3.group_snapshots [None req-acafce36-5667-4386-b3de-9cdaf8877a77 tempest-GroupSnapshotsTest-560391162 tempest-GroupSnapshotsTest-560391162-project-member] Delete group_snapshot with id: 513c727f-ace7-4b99-ad4b-fec1b00a8f67
Nov 22 11:44:34 user devstack@c-api.service[76043]: DEBUG cinder.volume.api [None req-5a5148f3-6ed2-4206-8308-893ab82c856f tempest-VolumeQuotasAdminTestJSON-1239467452 tempest-VolumeQuotasAdminTestJSON-1239467452-project-member] Task 'cinder.volume.flows.api.create_volume.QuotaReserveTask;volume:create' (a827adce-baad-4222-baec-be08e15fd69f) transitioned into state 'SUCCESS' from state 'RUNNING' with result '{'reservations': ['56410321-4255-43d3-bc39-1994b20964f2', '168e6a3c-5f78-4384-9465-3150952aa1a4', '02ee6f28-2540-4bee-897f-b1094d98d263', '7c0e6520-d75a-47b1-9bce-9faea993f7ed']}' {{(pid=76043) _task_receiver /opt/stack/data/venv/lib/python3.10/site-packages/taskflow/listeners/logging.py:178}}
Nov 22 11:44:34 user devstack@c-api.service[76043]: DEBUG cinder.volume.api [None req-5a5148f3-6ed2-4206-8308-893ab82c856f tempest-VolumeQuotasAdminTestJSON-1239467452 tempest-VolumeQuotasAdminTestJSON-1239467452-project-member] Task 'cinder.volume.flows.api.create_volume.EntryCreateTask;volume:create' (62c46c30-9fb9-437f-a702-53efe3f75f26) transitioned into state 'RUNNING' from state 'PENDING' {{(pid=76043) _task_receiver /opt/stack/data/venv/lib/python3.10/site-packages/taskflow/listeners/logging.py:190}}
Nov 22 11:44:34 user devstack@c-api.service[76044]: /opt/stack/data/venv/lib/python3.10/site-packages/oslo_context/context.py:100: DeprecationWarning: Policy enforcement is depending on the value of is_admin. This key is deprecated. Please update your policy file to use the standard policy values.
Nov 22 11:44:34 user devstack@c-api.service[76044]: warnings.warn('Policy enforcement is depending on the value of '
Nov 22 11:44:34 user devstack@c-api.service[76043]: DEBUG cinder.volume.api [None req-5a5148f3-6ed2-4206-8308-893ab82c856f tempest-VolumeQuotasAdminTestJSON-1239467452 tempest-VolumeQuotasAdminTestJSON-1239467452-project-member] Task 'cinder.volume.flows.api.create_volume.EntryCreateTask;volume:create' (62c46c30-9fb9-437f-a702-53efe3f75f26) transitioned into state 'SUCCESS' from state 'RUNNING' with result '{'volume_id': '38de7d7e-8196-4d55-aeb5-0967e41b853b', 'volume_properties': VolumeProperties(attach_status='detached',availability_zone='nova',cgsnapshot_id=None,consistencygroup_id=None,display_description=None,display_name='tempest-VolumeQuotasAdminTestJSON-Volume-1957134741',encryption_key_id=None,group_id=None,group_type_id=,metadata={},multiattach=False,project_id='ab26d71362024bb8817b54ff47c7d70e',qos_specs=None,replication_status=,reservations=['56410321-4255-43d3-bc39-1994b20964f2','168e6a3c-5f78-4384-9465-3150952aa1a4','02ee6f28-2540-4bee-897f-b1094d98d263','7c0e6520-d75a-47b1-9bce-9faea993f7ed'],size=1,snapshot_id=None,source_replicaid=,source_volid=None,status='creating',user_id='68149da78f6b4afb8076c293adcd533a',volume_type_id=c8b6086b-0490-4435-af7a-929bedcc15cc), 'volume': Volume(_name_id=None,admin_metadata=,attach_status='detached',availability_zone='nova',bootable=False,cluster=,cluster_name=None,consistencygroup=,consistencygroup_id=None,created_at=2023-11-22T11:44:34Z,deleted=False,deleted_at=None,display_description=None,display_name='tempest-VolumeQuotasAdminTestJSON-Volume-1957134741',ec2_id=None,encryption_key_id=None,glance_metadata=,group=,group_id=None,host=None,id=38de7d7e-8196-4d55-aeb5-0967e41b853b,launched_at=None,metadata={},migration_status=None,multiattach=False,previous_status=None,project_id='ab26d71362024bb8817b54ff47c7d70e',provider_auth=None,provider_geometry=None,provider_id=None,provider_location=None,replication_driver_data=None,replication_extended_status=None,replication_status=None,scheduled_at=None,service_uuid=None,shared_targets=True,size=1,snapshot_id=None,snapshots=,source_volid=None,status='creating',terminated_at=None,updated_at=None,use_quota=True,user_id='68149da78f6b4afb8076c293adcd533a',volume_attachment=VolumeAttachmentList,volume_type=VolumeType(c8b6086b-0490-4435-af7a-929bedcc15cc),volume_type_id=c8b6086b-0490-4435-af7a-929bedcc15cc)}' {{(pid=76043) _task_receiver /opt/stack/data/venv/lib/python3.10/site-packages/taskflow/listeners/logging.py:178}}
Nov 22 11:44:34 user devstack@c-api.service[76043]: DEBUG cinder.volume.api [None req-5a5148f3-6ed2-4206-8308-893ab82c856f tempest-VolumeQuotasAdminTestJSON-1239467452 tempest-VolumeQuotasAdminTestJSON-1239467452-project-member] Task 'cinder.volume.flows.api.create_volume.QuotaCommitTask;volume:create' (26f4d4b6-7e51-42e0-b248-a60a146ac0d8) transitioned into state 'RUNNING' from state 'PENDING' {{(pid=76043) _task_receiver /opt/stack/data/venv/lib/python3.10/site-packages/taskflow/listeners/logging.py:190}}
Nov 22 11:44:34 user devstack@c-api.service[76043]: DEBUG cinder.volume.api [None req-5a5148f3-6ed2-4206-8308-893ab82c856f tempest-VolumeQuotasAdminTestJSON-1239467452 tempest-VolumeQuotasAdminTestJSON-1239467452-project-member] Task 'cinder.volume.flows.api.create_volume.QuotaCommitTask;volume:create' (26f4d4b6-7e51-42e0-b248-a60a146ac0d8) transitioned into state 'SUCCESS' from state 'RUNNING' with result '{'volume_properties': VolumeProperties(attach_status='detached',availability_zone='nova',cgsnapshot_id=None,consistencygroup_id=None,display_description=None,display_name='tempest-VolumeQuotasAdminTestJSON-Volume-1957134741',encryption_key_id=None,group_id=None,group_type_id=,metadata={},multiattach=False,project_id='ab26d71362024bb8817b54ff47c7d70e',qos_specs=None,replication_status=,reservations=['56410321-4255-43d3-bc39-1994b20964f2','168e6a3c-5f78-4384-9465-3150952aa1a4','02ee6f28-2540-4bee-897f-b1094d98d263','7c0e6520-d75a-47b1-9bce-9faea993f7ed'],size=1,snapshot_id=None,source_replicaid=,source_volid=None,status='creating',user_id='68149da78f6b4afb8076c293adcd533a',volume_type_id=c8b6086b-0490-4435-af7a-929bedcc15cc)}' {{(pid=76043) _task_receiver /opt/stack/data/venv/lib/python3.10/site-packages/taskflow/listeners/logging.py:178}}
Nov 22 11:44:34 user devstack@c-api.service[76043]: DEBUG cinder.volume.api [None req-5a5148f3-6ed2-4206-8308-893ab82c856f tempest-VolumeQuotasAdminTestJSON-1239467452 tempest-VolumeQuotasAdminTestJSON-1239467452-project-member] Task 'cinder.volume.flows.api.create_volume.VolumeCastTask;volume:create' (751b61b8-5c02-4614-8d5d-3cf5b6245e97) transitioned into state 'RUNNING' from state 'PENDING' {{(pid=76043) _task_receiver /opt/stack/data/venv/lib/python3.10/site-packages/taskflow/listeners/logging.py:190}}
Nov 22 11:44:34 user devstack@c-api.service[76043]: DEBUG cinder.volume.api [None req-5a5148f3-6ed2-4206-8308-893ab82c856f tempest-VolumeQuotasAdminTestJSON-1239467452 tempest-VolumeQuotasAdminTestJSON-1239467452-project-member] Task 'cinder.volume.flows.api.create_volume.VolumeCastTask;volume:create' (751b61b8-5c02-4614-8d5d-3cf5b6245e97) transitioned into state 'SUCCESS' from state 'RUNNING' with result 'None' {{(pid=76043) _task_receiver /opt/stack/data/venv/lib/python3.10/site-packages/taskflow/listeners/logging.py:178}}
Nov 22 11:44:34 user devstack@c-api.service[76043]: DEBUG cinder.volume.api [None req-5a5148f3-6ed2-4206-8308-893ab82c856f tempest-VolumeQuotasAdminTestJSON-1239467452 tempest-VolumeQuotasAdminTestJSON-1239467452-project-member] Flow 'volume_create_api' (f120b8f7-630f-4d09-9713-16791ba95b84) transitioned into state 'SUCCESS' from state 'RUNNING' {{(pid=76043) _flow_receiver /opt/stack/data/venv/lib/python3.10/site-packages/taskflow/listeners/logging.py:141}}
Nov 22 11:44:34 user devstack@c-api.service[76043]: INFO cinder.volume.api [None req-5a5148f3-6ed2-4206-8308-893ab82c856f tempest-VolumeQuotasAdminTestJSON-1239467452 tempest-VolumeQuotasAdminTestJSON-1239467452-project-member] Create volume request issued successfully.
Nov 22 11:44:34 user devstack@c-api.service[76043]: INFO cinder.api.openstack.wsgi [None req-5a5148f3-6ed2-4206-8308-893ab82c856f tempest-VolumeQuotasAdminTestJSON-1239467452 tempest-VolumeQuotasAdminTestJSON-1239467452-project-member] http://10.0.0.210/volume/v3/ab26d71362024bb8817b54ff47c7d70e/volumes returned with HTTP 202
Nov 22 11:44:34 user devstack@c-api.service[76043]: [pid: 76043|app: 0|req: 133/390] 10.0.0.210 () {64 vars in 1312 bytes} [Wed Nov 22 11:44:34 2023] POST /volume/v3/ab26d71362024bb8817b54ff47c7d70e/volumes => generated 823 bytes in 544 msecs (HTTP/1.1 202) 7 headers in 291 bytes (1 switches on core 0)
Nov 22 11:44:35 user devstack@c-api.service[76044]: INFO cinder.api.openstack.wsgi [None req-acafce36-5667-4386-b3de-9cdaf8877a77 tempest-GroupSnapshotsTest-560391162 tempest-GroupSnapshotsTest-560391162-project-member] http://10.0.0.210/volume/v3/18b349ad4b44495789a0ef78018ef64d/group_snapshots/513c727f-ace7-4b99-ad4b-fec1b00a8f67 returned with HTTP 202
Nov 22 11:44:35 user devstack@c-api.service[76044]: [pid: 76044|app: 0|req: 119/391] 10.0.0.210 () {64 vars in 1470 bytes} [Wed Nov 22 11:44:34 2023] DELETE /volume/v3/18b349ad4b44495789a0ef78018ef64d/group_snapshots/513c727f-ace7-4b99-ad4b-fec1b00a8f67 => generated 0 bytes in 194 msecs (HTTP/1.1 202) 6 headers in 234 bytes (1 switches on core 0)
Nov 22 11:44:35 user devstack@c-api.service[76045]: DEBUG cinder.api.middleware.request_id [None req-ec21b539-2be9-4e32-a0a9-e6718553df5e None None] RequestId filter calling following filter/app {{(pid=76045) _context_setter /opt/stack/cinder/cinder/api/middleware/request_id.py:62}}
Nov 22 11:44:35 user devstack@c-api.service[76043]: DEBUG cinder.api.middleware.request_id [None req-d2d73607-a5d1-4158-a360-8f9e80573d50 None None] RequestId filter calling following filter/app {{(pid=76043) _context_setter /opt/stack/cinder/cinder/api/middleware/request_id.py:62}}
Nov 22 11:44:35 user devstack@c-api.service[76043]: INFO cinder.api.openstack.wsgi [None req-d2d73607-a5d1-4158-a360-8f9e80573d50 tempest-GroupSnapshotsTest-560391162 tempest-GroupSnapshotsTest-560391162-project-member] GET http://10.0.0.210/volume/v3/18b349ad4b44495789a0ef78018ef64d/volumes/detail
Nov 22 11:44:35 user devstack@c-api.service[76043]: DEBUG cinder.api.openstack.wsgi [None req-d2d73607-a5d1-4158-a360-8f9e80573d50 tempest-GroupSnapshotsTest-560391162 tempest-GroupSnapshotsTest-560391162-project-member] Empty body provided in request {{(pid=76043) get_body /opt/stack/cinder/cinder/api/openstack/wsgi.py:715}}
