Nov 22 11:34:03 user devstack@keystone.service[46586]: DEBUG keystone.server.flask.request_processing.req_logging [None req-6b907149-9828-44d8-b692-e746bd685a15 None None] REQUEST_METHOD: `POST` {{(pid=46586) log_request_info /opt/stack/keystone/keystone/server/flask/request_processing/req_logging.py:27}}
Nov 22 11:34:03 user devstack@keystone.service[46586]: DEBUG keystone.server.flask.request_processing.req_logging [None req-6b907149-9828-44d8-b692-e746bd685a15 None None] SCRIPT_NAME: `/identity` {{(pid=46586) log_request_info /opt/stack/keystone/keystone/server/flask/request_processing/req_logging.py:28}}
Nov 22 11:34:03 user devstack@keystone.service[46586]: DEBUG keystone.server.flask.request_processing.req_logging [None req-6b907149-9828-44d8-b692-e746bd685a15 None None] PATH_INFO: `/v3/auth/tokens` {{(pid=46586) log_request_info /opt/stack/keystone/keystone/server/flask/request_processing/req_logging.py:29}}
Nov 22 11:34:03 user devstack@keystone.service[46586]: WARNING keystone.common.password_hashing [None req-6b907149-9828-44d8-b692-e746bd685a15 None None] Truncating password to algorithm specific maximum length 72 characters.
Nov 22 11:34:03 user devstack@keystone.service[46586]: DEBUG keystone.auth.core [None req-6b907149-9828-44d8-b692-e746bd685a15 None None] MFA Rules not processed for user `d56d3fdd0fc147fa9454bf87b3b7aa8e`. Rule list: `[]` (Enabled: `True`). {{(pid=46586) check_auth_methods_against_rules /opt/stack/keystone/keystone/auth/core.py:438}}
Nov 22 11:34:03 user devstack@keystone.service[46586]: DEBUG keystone.common.fernet_utils [None req-6b907149-9828-44d8-b692-e746bd685a15 None None] Loaded 2 Fernet keys from /etc/keystone/fernet-keys/, but `[fernet_tokens] max_active_keys = 3`; perhaps there have not been enough key rotations to reach `max_active_keys` yet? {{(pid=46586) load_keys /opt/stack/keystone/keystone/common/fernet_utils.py:286}}
Nov 22 11:34:03 user devstack@keystone.service[46587]: DEBUG keystone.server.flask.request_processing.middleware.auth_context [None req-c206ee17-198d-4383-a79f-0ce8c16c755c None admin] Validating token access rules against request {{(pid=46587) validate_allowed_request /opt/stack/data/venv/lib/python3.10/site-packages/keystonemiddleware/auth_token/__init__.py:544}}
Nov 22 11:34:03 user devstack@keystone.service[46586]: [pid: 46586|app: 0|req: 23/74] 10.0.0.210 () {58 vars in 1018 bytes} [Wed Nov 22 11:34:03 2023] POST /identity/v3/auth/tokens => generated 861 bytes in 104 msecs (HTTP/1.1 201) 6 headers in 363 bytes (1 switches on core 0)
Nov 22 11:34:03 user devstack@keystone.service[46586]: DEBUG keystone.server.flask.request_processing.middleware.auth_context [None req-6b907149-9828-44d8-b692-e746bd685a15 None None] Authenticating user token {{(pid=46586) process_request /opt/stack/data/venv/lib/python3.10/site-packages/keystonemiddleware/auth_token/__init__.py:406}}
Nov 22 11:34:03 user devstack@keystone.service[46588]: DEBUG keystone.server.flask.request_processing.middleware.auth_context [None req-e3c28307-2796-472c-9a10-14e1a110c39c None None] Validating token access rules against request {{(pid=46588) validate_allowed_request /opt/stack/data/venv/lib/python3.10/site-packages/keystonemiddleware/auth_token/__init__.py:544}}
Nov 22 11:34:03 user devstack@keystone.service[46587]: DEBUG keystone.server.flask.request_processing.middleware.auth_context [None req-84e4f313-6d6f-418e-9281-62b40bc4cd44 None admin] RBAC: auth_context: {'token': , 'domain_id': None, 'trust_id': None, 'trustor_id': None, 'trustee_id': None, 'domain_name': None, 'group_ids': [], 'user_id': 'd56d3fdd0fc147fa9454bf87b3b7aa8e', 'user_domain_id': 'default', 'system_scope': 'all', 'project_id': None, 'project_domain_id': None, 'roles': ['admin', 'manager', 'member', 'reader'], 'is_admin_project': True, 'service_user_id': None, 'service_user_domain_id': None, 'service_project_id': None, 'service_project_domain_id': None, 'service_roles': []} {{(pid=46587) fill_context /opt/stack/keystone/keystone/server/flask/request_processing/middleware/auth_context.py:480}}
Nov 22 11:34:03 user devstack@keystone.service[46587]: DEBUG keystone.server.flask.request_processing.req_logging [None req-84e4f313-6d6f-418e-9281-62b40bc4cd44 None admin] REQUEST_METHOD: `GET` {{(pid=46587) log_request_info /opt/stack/keystone/keystone/server/flask/request_processing/req_logging.py:27}}
Nov 22 11:34:03 user devstack@keystone.service[46587]: DEBUG keystone.server.flask.request_processing.req_logging [None req-84e4f313-6d6f-418e-9281-62b40bc4cd44 None admin] SCRIPT_NAME: `/identity` {{(pid=46587) log_request_info /opt/stack/keystone/keystone/server/flask/request_processing/req_logging.py:28}}
Nov 22 11:34:03 user devstack@keystone.service[46587]: DEBUG keystone.server.flask.request_processing.req_logging [None req-84e4f313-6d6f-418e-9281-62b40bc4cd44 None admin] PATH_INFO: `/v3/users/f9606ebfcf1a4396a211e0affa576c47` {{(pid=46587) log_request_info /opt/stack/keystone/keystone/server/flask/request_processing/req_logging.py:29}}
Nov 22 11:34:03 user devstack@keystone.service[46587]: DEBUG keystone.common.rbac_enforcer.enforcer [None req-84e4f313-6d6f-418e-9281-62b40bc4cd44 None admin] RBAC: Authorizing `identity:get_user(user_id=f9606ebfcf1a4396a211e0affa576c47)` {{(pid=46587) enforce_call /opt/stack/keystone/keystone/common/rbac_enforcer/enforcer.py:449}}
Nov 22 11:34:03 user devstack@keystone.service[46587]: DEBUG keystone.common.rbac_enforcer.enforcer [None req-84e4f313-6d6f-418e-9281-62b40bc4cd44 None admin] RBAC: Authorization granted {{(pid=46587) enforce_call /opt/stack/keystone/keystone/common/rbac_enforcer/enforcer.py:457}}
Nov 22 11:34:03 user devstack@keystone.service[46587]: [pid: 46587|app: 0|req: 25/75] 10.0.0.210 () {56 vars in 1172 bytes} [Wed Nov 22 11:34:03 2023] GET /identity/v3/users/f9606ebfcf1a4396a211e0affa576c47 => generated 274 bytes in 134 msecs (HTTP/1.1 200) 5 headers in 177 bytes (1 switches on core 0)
Nov 22 11:34:03 user devstack@keystone.service[46587]: DEBUG keystone.server.flask.request_processing.middleware.auth_context [None req-84e4f313-6d6f-418e-9281-62b40bc4cd44 None admin] Authenticating user token {{(pid=46587) process_request /opt/stack/data/venv/lib/python3.10/site-packages/keystonemiddleware/auth_token/__init__.py:406}}
Nov 22 11:34:03 user devstack@keystone.service[46588]: DEBUG keystone.server.flask.request_processing.middleware.auth_context [None req-61191223-1b5d-4643-a52d-2784cb3338f1 None admin] RBAC: auth_context: {'token': , 'domain_id': None, 'trust_id': None, 'trustor_id': None, 'trustee_id': None, 'domain_name': None, 'group_ids': [], 'user_id': 'd56d3fdd0fc147fa9454bf87b3b7aa8e', 'user_domain_id': 'default', 'system_scope': 'all', 'project_id': None, 'project_domain_id': None, 'roles': ['admin', 'manager', 'member', 'reader'], 'is_admin_project': True, 'service_user_id': None, 'service_user_domain_id': None, 'service_project_id': None, 'service_project_domain_id': None, 'service_roles': []} {{(pid=46588) fill_context /opt/stack/keystone/keystone/server/flask/request_processing/middleware/auth_context.py:480}}
Nov 22 11:34:03 user devstack@keystone.service[46588]: DEBUG keystone.server.flask.request_processing.req_logging [None req-61191223-1b5d-4643-a52d-2784cb3338f1 None admin] REQUEST_METHOD: `GET` {{(pid=46588) log_request_info /opt/stack/keystone/keystone/server/flask/request_processing/req_logging.py:27}}
Nov 22 11:34:03 user devstack@keystone.service[46588]: DEBUG keystone.server.flask.request_processing.req_logging [None req-61191223-1b5d-4643-a52d-2784cb3338f1 None admin] SCRIPT_NAME: `/identity` {{(pid=46588) log_request_info /opt/stack/keystone/keystone/server/flask/request_processing/req_logging.py:28}}
Nov 22 11:34:03 user devstack@keystone.service[46588]: DEBUG keystone.server.flask.request_processing.req_logging [None req-61191223-1b5d-4643-a52d-2784cb3338f1 None admin] PATH_INFO: `/v3/roles/member` {{(pid=46588) log_request_info /opt/stack/keystone/keystone/server/flask/request_processing/req_logging.py:29}}
Nov 22 11:34:03 user devstack@keystone.service[46588]: DEBUG keystone.common.rbac_enforcer.enforcer [None req-61191223-1b5d-4643-a52d-2784cb3338f1 None admin] Extracting inferred target data resulted in "NOT FOUND (404)". {{(pid=46588) enforce_call /opt/stack/keystone/keystone/common/rbac_enforcer/enforcer.py:409}}
Nov 22 11:34:03 user devstack@keystone.service[46588]: ERROR keystone.server.flask.application [None req-61191223-1b5d-4643-a52d-2784cb3338f1 None admin] Could not find role: member.: keystone.exception.RoleNotFound: Could not find role: member.
Nov 22 11:34:03 user devstack@keystone.service[46588]: ERROR keystone.server.flask.application
Traceback (most recent call last):
Nov 22 11:34:03 user devstack@keystone.service[46588]: ERROR keystone.server.flask.application
File "/opt/stack/data/venv/lib/python3.10/site-packages/flask/app.py", line 1823, in full_dispatch_request
Nov 22 11:34:03 user devstack@keystone.service[46588]: ERROR keystone.server.flask.application rv = self.dispatch_request()
Nov 22 11:34:03 user devstack@keystone.service[46588]: ERROR keystone.server.flask.application
File "/opt/stack/data/venv/lib/python3.10/site-packages/flask/app.py", line 1799, in dispatch_request
Nov 22 11:34:03 user devstack@keystone.service[46588]: ERROR keystone.server.flask.application return self.ensure_sync(self.view_functions[rule.endpoint])(**view_args)
Nov 22 11:34:03 user devstack@keystone.service[46588]: ERROR keystone.server.flask.application
File "/opt/stack/data/venv/lib/python3.10/site-packages/flask_restful/__init__.py", line 489, in wrapper
Nov 22 11:34:03 user devstack@keystone.service[46588]: ERROR keystone.server.flask.application resp = resource(*args, **kwargs)
Nov 22 11:34:03 user devstack@keystone.service[46588]: ERROR keystone.server.flask.application
File "/opt/stack/data/venv/lib/python3.10/site-packages/flask/views.py", line 107, in view
Nov 22 11:34:03 user devstack@keystone.service[46588]: ERROR keystone.server.flask.application return current_app.ensure_sync(self.dispatch_request)(**kwargs)
Nov 22 11:34:03 user devstack@keystone.service[46588]: ERROR keystone.server.flask.application
File "/opt/stack/data/venv/lib/python3.10/site-packages/flask_restful/__init__.py", line 604, in dispatch_request
Nov 22 11:34:03 user devstack@keystone.service[46588]: ERROR keystone.server.flask.application resp = meth(*args, **kwargs)
Nov 22 11:34:03 user devstack@keystone.service[46588]: ERROR keystone.server.flask.application
File "/opt/stack/keystone/keystone/api/roles.py", line 50, in get
Nov 22 11:34:03 user devstack@keystone.service[46588]: ERROR keystone.server.flask.application return self._get_role(role_id)
Nov 22 11:34:03 user devstack@keystone.service[46588]: ERROR keystone.server.flask.application
File "/opt/stack/keystone/keystone/api/roles.py", line 70, in _get_role
Nov 22 11:34:03 user devstack@keystone.service[46588]: ERROR keystone.server.flask.application ENFORCER.enforce_call(action='identity:get_role')
Nov 22 11:34:03 user devstack@keystone.service[46588]: ERROR keystone.server.flask.application
File "/opt/stack/keystone/keystone/common/rbac_enforcer/enforcer.py", line 402, in enforce_call
Nov 22 11:34:03 user devstack@keystone.service[46588]: ERROR keystone.server.flask.application policy_dict.update(cls._extract_member_target_data(
Nov 22 11:34:03 user devstack@keystone.service[46588]: ERROR keystone.server.flask.application
File "/opt/stack/keystone/keystone/common/rbac_enforcer/enforcer.py", line 234, in _extract_member_target_data
Nov 22 11:34:03 user devstack@keystone.service[46588]: ERROR keystone.server.flask.application member_name: func(flask.request.view_args[key])
Nov 22 11:34:03 user devstack@keystone.service[46588]: ERROR keystone.server.flask.application
File "/opt/stack/keystone/keystone/common/manager.py", line 115, in wrapped
Nov 22 11:34:03 user devstack@keystone.service[46588]: ERROR keystone.server.flask.application __ret_val = __f(*args, **kwargs)
Nov 22 11:34:03 user devstack@keystone.service[46588]: ERROR keystone.server.flask.application
File "/opt/stack/data/venv/lib/python3.10/site-packages/decorator.py", line 232, in fun
Nov 22 11:34:03 user devstack@keystone.service[46588]: ERROR keystone.server.flask.application return caller(func, *(extras + args), **kw)
Nov 22 11:34:03 user devstack@keystone.service[46588]: ERROR keystone.server.flask.application
File "/opt/stack/data/venv/lib/python3.10/site-packages/dogpile/cache/region.py", line 1594, in get_or_create_for_user_func
Nov 22 11:34:03 user devstack@keystone.service[46588]: ERROR keystone.server.flask.application return self.get_or_create(
Nov 22 11:34:03 user devstack@keystone.service[46588]: ERROR keystone.server.flask.application
File "/opt/stack/data/venv/lib/python3.10/site-packages/dogpile/cache/region.py", line 1054, in get_or_create
Nov 22 11:34:03 user devstack@keystone.service[46588]: ERROR keystone.server.flask.application with Lock(
Nov 22 11:34:03 user devstack@keystone.service[46588]: ERROR keystone.server.flask.application
File "/opt/stack/data/venv/lib/python3.10/site-packages/dogpile/lock.py", line 185, in __enter__
Nov 22 11:34:03 user devstack@keystone.service[46588]: ERROR keystone.server.flask.application return self._enter()
Nov 22 11:34:03 user devstack@keystone.service[46588]: ERROR keystone.server.flask.application
File "/opt/stack/data/venv/lib/python3.10/site-packages/dogpile/lock.py", line 94, in _enter
Nov 22 11:34:03 user devstack@keystone.service[46588]: ERROR keystone.server.flask.application generated = self._enter_create(value, createdtime)
Nov 22 11:34:03 user devstack@keystone.service[46588]: ERROR keystone.server.flask.application
File "/opt/stack/data/venv/lib/python3.10/site-packages/dogpile/lock.py", line 178, in _enter_create
Nov 22 11:34:03 user devstack@keystone.service[46588]: ERROR keystone.server.flask.application return self.creator()
Nov 22 11:34:03 user devstack@keystone.service[46588]: ERROR keystone.server.flask.application
File "/opt/stack/data/venv/lib/python3.10/site-packages/dogpile/cache/region.py", line 1007, in gen_value
Nov 22 11:34:03 user devstack@keystone.service[46588]: ERROR keystone.server.flask.application created_value = creator(
Nov 22 11:34:03 user devstack@keystone.service[46588]: ERROR keystone.server.flask.application
File "/opt/stack/keystone/keystone/assignment/core.py", line 1276, in get_role
Nov 22 11:34:03 user devstack@keystone.service[46588]: ERROR keystone.server.flask.application return self.driver.get_role(role_id)
Nov 22 11:34:03 user devstack@keystone.service[46588]: ERROR keystone.server.flask.application
File "/opt/stack/keystone/keystone/assignment/role_backends/sql.py", line 70, in get_role
Nov 22 11:34:03 user devstack@keystone.service[46588]: ERROR keystone.server.flask.application return self._get_role(session, role_id).to_dict()
Nov 22 11:34:03 user devstack@keystone.service[46588]: ERROR keystone.server.flask.application
File "/opt/stack/keystone/keystone/assignment/role_backends/sql.py", line 65, in _get_role
Nov 22 11:34:03 user devstack@keystone.service[46588]: ERROR keystone.server.flask.application raise exception.RoleNotFound(role_id=role_id)
Nov 22 11:34:03 user devstack@keystone.service[46588]: ERROR keystone.server.flask.application keystone.exception.RoleNotFound: Could not find role: member.
Nov 22 11:34:03 user devstack@keystone.service[46588]: ERROR keystone.server.flask.application
Nov 22 11:34:03 user devstack@keystone.service[46588]: [pid: 46588|app: 0|req: 28/76] 10.0.0.210 () {56 vars in 1094 bytes} [Wed Nov 22 11:34:03 2023] GET /identity/v3/roles/member => generated 84 bytes in 172 msecs (HTTP/1.1 404) 5 headers in 183 bytes (1 switches on core 0)
Nov 22 11:34:03 user devstack@keystone.service[46588]: DEBUG keystone.server.flask.request_processing.middleware.auth_context [None req-61191223-1b5d-4643-a52d-2784cb3338f1 None admin] Authenticating user token {{(pid=46588) process_request /opt/stack/data/venv/lib/python3.10/site-packages/keystonemiddleware/auth_token/__init__.py:406}}
Nov 22 11:34:03 user devstack@keystone.service[46587]: DEBUG keystone.server.flask.request_processing.middleware.auth_context [None req-84e4f313-6d6f-418e-9281-62b40bc4cd44 None admin] Validating token access rules against request {{(pid=46587) validate_allowed_request /opt/stack/data/venv/lib/python3.10/site-packages/keystonemiddleware/auth_token/__init__.py:544}}
Nov 22 11:34:03 user devstack@keystone.service[46587]: DEBUG keystone.server.flask.request_processing.middleware.auth_context [None req-18c87e1f-e65f-4d99-88e7-e07b55d2ea33 None admin] RBAC: auth_context: {'token': , 'domain_id': None, 'trust_id': None, 'trustor_id': None, 'trustee_id': None, 'domain_name': None, 'group_ids': [], 'user_id': 'd56d3fdd0fc147fa9454bf87b3b7aa8e', 'user_domain_id': 'default', 'system_scope': 'all', 'project_id': None, 'project_domain_id': None, 'roles': ['admin', 'manager', 'member', 'reader'], 'is_admin_project': True, 'service_user_id': None, 'service_user_domain_id': None, 'service_project_id': None, 'service_project_domain_id': None, 'service_roles': []} {{(pid=46587) fill_context /opt/stack/keystone/keystone/server/flask/request_processing/middleware/auth_context.py:480}}
Nov 22 11:34:03 user devstack@keystone.service[46587]: DEBUG keystone.server.flask.request_processing.req_logging [None req-18c87e1f-e65f-4d99-88e7-e07b55d2ea33 None admin] REQUEST_METHOD: `GET` {{(pid=46587) log_request_info /opt/stack/keystone/keystone/server/flask/request_processing/req_logging.py:27}}
Nov 22 11:34:03 user devstack@keystone.service[46587]: DEBUG keystone.server.flask.request_processing.req_logging [None req-18c87e1f-e65f-4d99-88e7-e07b55d2ea33 None admin] SCRIPT_NAME: `/identity` {{(pid=46587) log_request_info /opt/stack/keystone/keystone/server/flask/request_processing/req_logging.py:28}}
Nov 22 11:34:03 user devstack@keystone.service[46587]: DEBUG keystone.server.flask.request_processing.req_logging [None req-18c87e1f-e65f-4d99-88e7-e07b55d2ea33 None admin] PATH_INFO: `/v3/users/d56d3fdd0fc147fa9454bf87b3b7aa8e` {{(pid=46587) log_request_info /opt/stack/keystone/keystone/server/flask/request_processing/req_logging.py:29}}
Nov 22 11:34:03 user devstack@keystone.service[46587]: DEBUG keystone.common.rbac_enforcer.enforcer [None req-18c87e1f-e65f-4d99-88e7-e07b55d2ea33 None admin] RBAC: Authorizing `identity:get_user(user_id=d56d3fdd0fc147fa9454bf87b3b7aa8e)` {{(pid=46587) enforce_call /opt/stack/keystone/keystone/common/rbac_enforcer/enforcer.py:449}}
Nov 22 11:34:03 user devstack@keystone.service[46586]: DEBUG keystone.server.flask.request_processing.middleware.auth_context [None req-6b907149-9828-44d8-b692-e746bd685a15 None None] Validating token access rules against request {{(pid=46586) validate_allowed_request /opt/stack/data/venv/lib/python3.10/site-packages/keystonemiddleware/auth_token/__init__.py:544}}
Nov 22 11:34:03 user devstack@keystone.service[46587]: DEBUG keystone.common.rbac_enforcer.enforcer [None req-18c87e1f-e65f-4d99-88e7-e07b55d2ea33 None admin] RBAC: Authorization granted {{(pid=46587) enforce_call /opt/stack/keystone/keystone/common/rbac_enforcer/enforcer.py:457}}
Nov 22 11:34:03 user devstack@keystone.service[46587]: [pid: 46587|app: 0|req: 26/77] 10.0.0.210 () {56 vars in 1172 bytes} [Wed Nov 22 11:34:03 2023] GET /identity/v3/users/d56d3fdd0fc147fa9454bf87b3b7aa8e => generated 246 bytes in 128 msecs (HTTP/1.1 200) 5 headers in 177 bytes (1 switches on core 0)
Nov 22 11:34:03 user devstack@keystone.service[46587]: DEBUG keystone.server.flask.request_processing.middleware.auth_context [None req-18c87e1f-e65f-4d99-88e7-e07b55d2ea33 None admin] Authenticating user token {{(pid=46587) process_request /opt/stack/data/venv/lib/python3.10/site-packages/keystonemiddleware/auth_token/__init__.py:406}}
Nov 22 11:34:03 user devstack@keystone.service[46588]: DEBUG keystone.server.flask.request_processing.middleware.auth_context [None req-61191223-1b5d-4643-a52d-2784cb3338f1 None admin] Validating token access rules against request {{(pid=46588) validate_allowed_request /opt/stack/data/venv/lib/python3.10/site-packages/keystonemiddleware/auth_token/__init__.py:544}}
Nov 22 11:34:03 user devstack@keystone.service[46586]: DEBUG keystone.server.flask.request_processing.middleware.auth_context [None req-a50aba91-393c-4915-83a3-690f235b4426 None admin] RBAC: auth_context: {'token': , 'domain_id': None, 'trust_id': None, 'trustor_id': None, 'trustee_id': None, 'domain_name': None, 'group_ids': [], 'user_id': 'd56d3fdd0fc147fa9454bf87b3b7aa8e', 'user_domain_id': 'default', 'system_scope': 'all', 'project_id': None, 'project_domain_id': None, 'roles': ['admin', 'manager', 'member', 'reader'], 'is_admin_project': True, 'service_user_id': None, 'service_user_domain_id': None, 'service_project_id': None, 'service_project_domain_id': None, 'service_roles': []} {{(pid=46586) fill_context /opt/stack/keystone/keystone/server/flask/request_processing/middleware/auth_context.py:480}}
Nov 22 11:34:03 user devstack@keystone.service[46586]: DEBUG keystone.server.flask.request_processing.req_logging [None req-a50aba91-393c-4915-83a3-690f235b4426 None admin] REQUEST_METHOD: `PUT` {{(pid=46586) log_request_info /opt/stack/keystone/keystone/server/flask/request_processing/req_logging.py:27}}
Nov 22 11:34:03 user devstack@keystone.service[46586]: DEBUG keystone.server.flask.request_processing.req_logging [None req-a50aba91-393c-4915-83a3-690f235b4426 None admin] SCRIPT_NAME: `/identity` {{(pid=46586) log_request_info /opt/stack/keystone/keystone/server/flask/request_processing/req_logging.py:28}}
Nov 22 11:34:03 user devstack@keystone.service[46586]: DEBUG keystone.server.flask.request_processing.req_logging [None req-a50aba91-393c-4915-83a3-690f235b4426 None admin] PATH_INFO: `/v3/projects/c8a4f96abc96427780542eade682107a/users/f9606ebfcf1a4396a211e0affa576c47/roles/2481a3cfb51246ae8ae62957d0da04a1` {{(pid=46586) log_request_info /opt/stack/keystone/keystone/server/flask/request_processing/req_logging.py:29}}
Nov 22 11:34:03 user devstack@keystone.service[46586]: DEBUG keystone.common.rbac_enforcer.enforcer [None req-a50aba91-393c-4915-83a3-690f235b4426 None admin] RBAC: Authorizing `identity:create_grant(project_id=c8a4f96abc96427780542eade682107a, user_id=f9606ebfcf1a4396a211e0affa576c47, role_id=2481a3cfb51246ae8ae62957d0da04a1)` {{(pid=46586) enforce_call /opt/stack/keystone/keystone/common/rbac_enforcer/enforcer.py:449}}
Nov 22 11:34:03 user devstack@keystone.service[46586]: DEBUG keystone.common.rbac_enforcer.enforcer [None req-a50aba91-393c-4915-83a3-690f235b4426 None admin] RBAC: Authorization granted {{(pid=46586) enforce_call /opt/stack/keystone/keystone/common/rbac_enforcer/enforcer.py:457}}
Nov 22 11:34:03 user devstack@keystone.service[46588]: DEBUG keystone.server.flask.request_processing.middleware.auth_context [None req-46b53737-e3f0-4a32-9505-c699bb0b3636 None admin] RBAC: auth_context: {'token': , 'domain_id': None, 'trust_id': None, 'trustor_id': None, 'trustee_id': None, 'domain_name': None, 'group_ids': [], 'user_id': 'd56d3fdd0fc147fa9454bf87b3b7aa8e', 'user_domain_id': 'default', 'system_scope': 'all', 'project_id': None, 'project_domain_id': None, 'roles': ['admin', 'manager', 'member', 'reader'], 'is_admin_project': True, 'service_user_id': None, 'service_user_domain_id': None, 'service_project_id': None, 'service_project_domain_id': None, 'service_roles': []} {{(pid=46588) fill_context /opt/stack/keystone/keystone/server/flask/request_processing/middleware/auth_context.py:480}}
Nov 22 11:34:03 user devstack@keystone.service[46588]: DEBUG keystone.server.flask.request_processing.req_logging [None req-46b53737-e3f0-4a32-9505-c699bb0b3636 None admin] REQUEST_METHOD: `GET` {{(pid=46588) log_request_info /opt/stack/keystone/keystone/server/flask/request_processing/req_logging.py:27}}
Nov 22 11:34:03 user devstack@keystone.service[46588]: DEBUG keystone.server.flask.request_processing.req_logging [None req-46b53737-e3f0-4a32-9505-c699bb0b3636 None admin] SCRIPT_NAME: `/identity` {{(pid=46588) log_request_info /opt/stack/keystone/keystone/server/flask/request_processing/req_logging.py:28}}
Nov 22 11:34:03 user devstack@keystone.service[46588]: DEBUG keystone.server.flask.request_processing.req_logging [None req-46b53737-e3f0-4a32-9505-c699bb0b3636 None admin] PATH_INFO: `/v3/projects/c8a4f96abc96427780542eade682107a` {{(pid=46588) log_request_info /opt/stack/keystone/keystone/server/flask/request_processing/req_logging.py:29}}
Nov 22 11:34:03 user devstack@keystone.service[46588]: DEBUG keystone.common.rbac_enforcer.enforcer [None req-46b53737-e3f0-4a32-9505-c699bb0b3636 None admin] RBAC: Authorizing `identity:get_project(project_id=c8a4f96abc96427780542eade682107a)` {{(pid=46588) enforce_call /opt/stack/keystone/keystone/common/rbac_enforcer/enforcer.py:449}}
Nov 22 11:34:03 user devstack@keystone.service[46588]: DEBUG keystone.common.rbac_enforcer.enforcer [None req-46b53737-e3f0-4a32-9505-c699bb0b3636 None admin] RBAC: Authorization granted {{(pid=46588) enforce_call /opt/stack/keystone/keystone/common/rbac_enforcer/enforcer.py:457}}
Nov 22 11:34:03 user devstack@keystone.service[46588]: [pid: 46588|app: 0|req: 29/78] 10.0.0.210 () {56 vars in 1181 bytes} [Wed Nov 22 11:34:03 2023] GET /identity/v3/projects/c8a4f96abc96427780542eade682107a => generated 297 bytes in 142 msecs (HTTP/1.1 200) 5 headers in 177 bytes (1 switches on core 0)
Nov 22 11:34:03 user devstack@keystone.service[46588]: DEBUG keystone.server.flask.request_processing.middleware.auth_context [None req-46b53737-e3f0-4a32-9505-c699bb0b3636 None admin] Authenticating user token {{(pid=46588) process_request /opt/stack/data/venv/lib/python3.10/site-packages/keystonemiddleware/auth_token/__init__.py:406}}
Nov 22 11:34:03 user devstack@keystone.service[46586]: [pid: 46586|app: 0|req: 24/79] 10.0.0.210 () {58 vars in 1434 bytes} [Wed Nov 22 11:34:03 2023] PUT /identity/v3/projects/c8a4f96abc96427780542eade682107a/users/f9606ebfcf1a4396a211e0affa576c47/roles/2481a3cfb51246ae8ae62957d0da04a1 => generated 0 bytes in 207 msecs (HTTP/1.1 204) 3 headers in 132 bytes (0 switches on core 0)
Nov 22 11:34:03 user devstack@keystone.service[46586]: DEBUG keystone.server.flask.request_processing.middleware.auth_context [None req-a50aba91-393c-4915-83a3-690f235b4426 None admin] Authenticating user token {{(pid=46586) process_request /opt/stack/data/venv/lib/python3.10/site-packages/keystonemiddleware/auth_token/__init__.py:406}}
Nov 22 11:34:04 user devstack@keystone.service[46587]: DEBUG keystone.server.flask.request_processing.middleware.auth_context [None req-18c87e1f-e65f-4d99-88e7-e07b55d2ea33 None admin] Validating token access rules against request {{(pid=46587) validate_allowed_request /opt/stack/data/venv/lib/python3.10/site-packages/keystonemiddleware/auth_token/__init__.py:544}}
Nov 22 11:34:04 user devstack@keystone.service[46587]: DEBUG keystone.server.flask.request_processing.middleware.auth_context [None req-ed8cf728-1396-4ed9-b500-d9c4b61e1c52 None admin] RBAC: auth_context: {'token': , 'domain_id': None, 'trust_id': None, 'trustor_id': None, 'trustee_id': None, 'domain_name': None, 'group_ids': [], 'user_id': 'd56d3fdd0fc147fa9454bf87b3b7aa8e', 'user_domain_id': 'default', 'system_scope': 'all', 'project_id': None, 'project_domain_id': None, 'roles': ['admin', 'manager', 'member', 'reader'], 'is_admin_project': True, 'service_user_id': None, 'service_user_domain_id': None, 'service_project_id': None, 'service_project_domain_id': None, 'service_roles': []} {{(pid=46587) fill_context /opt/stack/keystone/keystone/server/flask/request_processing/middleware/auth_context.py:480}}
Nov 22 11:34:04 user devstack@keystone.service[46587]: DEBUG keystone.server.flask.request_processing.req_logging [None req-ed8cf728-1396-4ed9-b500-d9c4b61e1c52 None admin] REQUEST_METHOD: `GET` {{(pid=46587) log_request_info /opt/stack/keystone/keystone/server/flask/request_processing/req_logging.py:27}}
Nov 22 11:34:04 user devstack@keystone.service[46587]: DEBUG keystone.server.flask.request_processing.req_logging [None req-ed8cf728-1396-4ed9-b500-d9c4b61e1c52 None admin] SCRIPT_NAME: `/identity` {{(pid=46587) log_request_info /opt/stack/keystone/keystone/server/flask/request_processing/req_logging.py:28}}
Nov 22 11:34:04 user devstack@keystone.service[46587]: DEBUG keystone.server.flask.request_processing.req_logging [None req-ed8cf728-1396-4ed9-b500-d9c4b61e1c52 None admin] PATH_INFO: `/v3/roles` {{(pid=46587) log_request_info /opt/stack/keystone/keystone/server/flask/request_processing/req_logging.py:29}}
Nov 22 11:34:04 user devstack@keystone.service[46587]: DEBUG keystone.common.rbac_enforcer.enforcer [None req-ed8cf728-1396-4ed9-b500-d9c4b61e1c52 None admin] RBAC: Adding query filter params (name=member) {{(pid=46587) _extract_filter_values /opt/stack/keystone/keystone/common/rbac_enforcer/enforcer.py:167}}
Nov 22 11:34:04 user devstack@keystone.service[46587]: DEBUG keystone.common.rbac_enforcer.enforcer [None req-ed8cf728-1396-4ed9-b500-d9c4b61e1c52 None admin] RBAC: Authorizing `identity:list_roles()` {{(pid=46587) enforce_call /opt/stack/keystone/keystone/common/rbac_enforcer/enforcer.py:449}}
Nov 22 11:34:04 user devstack@keystone.service[46587]: DEBUG keystone.common.rbac_enforcer.enforcer [None req-ed8cf728-1396-4ed9-b500-d9c4b61e1c52 None admin] RBAC: Authorization granted {{(pid=46587) enforce_call /opt/stack/keystone/keystone/common/rbac_enforcer/enforcer.py:457}}
Nov 22 11:34:04 user devstack@keystone.service[46587]: [pid: 46587|app: 0|req: 27/80] 10.0.0.210 () {56 vars in 1096 bytes} [Wed Nov 22 11:34:03 2023] GET /identity/v3/roles?name=member => generated 339 bytes in 137 msecs (HTTP/1.1 200) 5 headers in 177 bytes (1 switches on core 0)
Nov 22 11:34:04 user devstack@keystone.service[46587]: DEBUG keystone.server.flask.request_processing.middleware.auth_context [None req-ed8cf728-1396-4ed9-b500-d9c4b61e1c52 None admin] Authenticating user token {{(pid=46587) process_request /opt/stack/data/venv/lib/python3.10/site-packages/keystonemiddleware/auth_token/__init__.py:406}}
Nov 22 11:34:04 user devstack@keystone.service[46588]: DEBUG keystone.server.flask.request_processing.middleware.auth_context [None req-46b53737-e3f0-4a32-9505-c699bb0b3636 None admin] Validating token access rules against request {{(pid=46588) validate_allowed_request /opt/stack/data/venv/lib/python3.10/site-packages/keystonemiddleware/auth_token/__init__.py:544}}
Nov 22 11:34:04 user devstack@keystone.service[46586]: DEBUG keystone.server.flask.request_processing.middleware.auth_context [None req-a50aba91-393c-4915-83a3-690f235b4426 None admin] Validating token access rules against request {{(pid=46586) validate_allowed_request /opt/stack/data/venv/lib/python3.10/site-packages/keystonemiddleware/auth_token/__init__.py:544}}
Nov 22 11:34:04 user devstack@keystone.service[46588]: DEBUG keystone.server.flask.request_processing.middleware.auth_context [None req-956efb16-933e-4f43-884e-74952455ca34 None admin] RBAC: auth_context: {'token': , 'domain_id': None, 'trust_id': None, 'trustor_id': None, 'trustee_id': None, 'domain_name': None, 'group_ids': [], 'user_id': 'd56d3fdd0fc147fa9454bf87b3b7aa8e', 'user_domain_id': 'default', 'system_scope': 'all', 'project_id': None, 'project_domain_id': None, 'roles': ['admin', 'manager', 'member', 'reader'], 'is_admin_project': True, 'service_user_id': None, 'service_user_domain_id': None, 'service_project_id': None, 'service_project_domain_id': None, 'service_roles': []} {{(pid=46588) fill_context /opt/stack/keystone/keystone/server/flask/request_processing/middleware/auth_context.py:480}}
Nov 22 11:34:04 user devstack@keystone.service[46588]: DEBUG keystone.server.flask.request_processing.req_logging [None req-956efb16-933e-4f43-884e-74952455ca34 None admin] REQUEST_METHOD: `GET` {{(pid=46588) log_request_info /opt/stack/keystone/keystone/server/flask/request_processing/req_logging.py:27}}
Nov 22 11:34:04 user devstack@keystone.service[46588]: DEBUG keystone.server.flask.request_processing.req_logging [None req-956efb16-933e-4f43-884e-74952455ca34 None admin] SCRIPT_NAME: `/identity` {{(pid=46588) log_request_info /opt/stack/keystone/keystone/server/flask/request_processing/req_logging.py:28}}
Nov 22 11:34:04 user devstack@keystone.service[46588]: DEBUG keystone.server.flask.request_processing.req_logging [None req-956efb16-933e-4f43-884e-74952455ca34 None admin] PATH_INFO: `/v3/projects/c8a4f96abc96427780542eade682107a` {{(pid=46588) log_request_info /opt/stack/keystone/keystone/server/flask/request_processing/req_logging.py:29}}
Nov 22 11:34:04 user devstack@keystone.service[46588]: DEBUG keystone.common.rbac_enforcer.enforcer [None req-956efb16-933e-4f43-884e-74952455ca34 None admin] RBAC: Authorizing `identity:get_project(project_id=c8a4f96abc96427780542eade682107a)` {{(pid=46588) enforce_call /opt/stack/keystone/keystone/common/rbac_enforcer/enforcer.py:449}}
Nov 22 11:34:04 user devstack@keystone.service[46588]: DEBUG keystone.common.rbac_enforcer.enforcer [None req-956efb16-933e-4f43-884e-74952455ca34 None admin] RBAC: Authorization granted {{(pid=46588) enforce_call /opt/stack/keystone/keystone/common/rbac_enforcer/enforcer.py:457}}
Nov 22 11:34:04 user devstack@keystone.service[46588]: [pid: 46588|app: 0|req: 30/81] 10.0.0.210 () {56 vars in 1181 bytes} [Wed Nov 22 11:34:03 2023] GET /identity/v3/projects/c8a4f96abc96427780542eade682107a => generated 297 bytes in 170 msecs (HTTP/1.1 200) 5 headers in 177 bytes (1 switches on core 0)
Nov 22 11:34:04 user devstack@keystone.service[46588]: DEBUG keystone.server.flask.request_processing.middleware.auth_context [None req-956efb16-933e-4f43-884e-74952455ca34 None admin] Authenticating user token {{(pid=46588) process_request /opt/stack/data/venv/lib/python3.10/site-packages/keystonemiddleware/auth_token/__init__.py:406}}
Nov 22 11:34:04 user devstack@keystone.service[46587]: DEBUG keystone.server.flask.request_processing.middleware.auth_context [None req-ed8cf728-1396-4ed9-b500-d9c4b61e1c52 None admin] Validating token access rules against request {{(pid=46587) validate_allowed_request /opt/stack/data/venv/lib/python3.10/site-packages/keystonemiddleware/auth_token/__init__.py:544}}
Nov 22 11:34:04 user devstack@keystone.service[46586]: DEBUG keystone.server.flask.request_processing.middleware.auth_context [None req-bf3dbb68-dac2-4a3d-ac48-052e240b88ed None admin] RBAC: auth_context: {'token': , 'domain_id': None, 'trust_id': None, 'trustor_id': None, 'trustee_id': None, 'domain_name': None, 'group_ids': [], 'user_id': 'd56d3fdd0fc147fa9454bf87b3b7aa8e', 'user_domain_id': 'default', 'system_scope': 'all', 'project_id': None, 'project_domain_id': None, 'roles': ['admin', 'manager', 'member', 'reader'], 'is_admin_project': True, 'service_user_id': None, 'service_user_domain_id': None, 'service_project_id': None, 'service_project_domain_id': None, 'service_roles': []} {{(pid=46586) fill_context /opt/stack/keystone/keystone/server/flask/request_processing/middleware/auth_context.py:480}}
Nov 22 11:34:04 user devstack@keystone.service[46586]: DEBUG keystone.server.flask.request_processing.req_logging [None req-bf3dbb68-dac2-4a3d-ac48-052e240b88ed None admin] REQUEST_METHOD: `PUT` {{(pid=46586) log_request_info /opt/stack/keystone/keystone/server/flask/request_processing/req_logging.py:27}}
Nov 22 11:34:04 user devstack@keystone.service[46586]: DEBUG keystone.server.flask.request_processing.req_logging [None req-bf3dbb68-dac2-4a3d-ac48-052e240b88ed None admin] SCRIPT_NAME: `/identity` {{(pid=46586) log_request_info /opt/stack/keystone/keystone/server/flask/request_processing/req_logging.py:28}}
Nov 22 11:34:04 user devstack@keystone.service[46586]: DEBUG keystone.server.flask.request_processing.req_logging [None req-bf3dbb68-dac2-4a3d-ac48-052e240b88ed None admin] PATH_INFO: `/v3/projects/c8a4f96abc96427780542eade682107a/users/f9606ebfcf1a4396a211e0affa576c47/roles/cf98fc03e66b47dea10a36711f90588b` {{(pid=46586) log_request_info /opt/stack/keystone/keystone/server/flask/request_processing/req_logging.py:29}}
Nov 22 11:34:04 user devstack@keystone.service[46586]: DEBUG keystone.common.rbac_enforcer.enforcer [None req-bf3dbb68-dac2-4a3d-ac48-052e240b88ed None admin] RBAC: Authorizing `identity:create_grant(project_id=c8a4f96abc96427780542eade682107a, user_id=f9606ebfcf1a4396a211e0affa576c47, role_id=cf98fc03e66b47dea10a36711f90588b)` {{(pid=46586) enforce_call /opt/stack/keystone/keystone/common/rbac_enforcer/enforcer.py:449}}
Nov 22 11:34:04 user devstack@keystone.service[46586]: DEBUG keystone.common.rbac_enforcer.enforcer [None req-bf3dbb68-dac2-4a3d-ac48-052e240b88ed None admin] RBAC: Authorization granted {{(pid=46586) enforce_call /opt/stack/keystone/keystone/common/rbac_enforcer/enforcer.py:457}}
Nov 22 11:34:04 user devstack@keystone.service[46587]: DEBUG keystone.server.flask.request_processing.middleware.auth_context [None req-ed3e0903-ec34-4d7b-b046-8c94decb404e None admin] RBAC: auth_context: {'token': , 'domain_id': None, 'trust_id': None, 'trustor_id': None, 'trustee_id': None, 'domain_name': None, 'group_ids': [], 'user_id': 'd56d3fdd0fc147fa9454bf87b3b7aa8e', 'user_domain_id': 'default', 'system_scope': 'all', 'project_id': None, 'project_domain_id': None, 'roles': ['admin', 'manager', 'member', 'reader'], 'is_admin_project': True, 'service_user_id': None, 'service_user_domain_id': None, 'service_project_id': None, 'service_project_domain_id': None, 'service_roles': []} {{(pid=46587) fill_context /opt/stack/keystone/keystone/server/flask/request_processing/middleware/auth_context.py:480}}
Nov 22 11:34:04 user devstack@keystone.service[46587]: DEBUG keystone.server.flask.request_processing.req_logging [None req-ed3e0903-ec34-4d7b-b046-8c94decb404e None admin] REQUEST_METHOD: `GET` {{(pid=46587) log_request_info /opt/stack/keystone/keystone/server/flask/request_processing/req_logging.py:27}}
Nov 22 11:34:04 user devstack@keystone.service[46587]: DEBUG keystone.server.flask.request_processing.req_logging [None req-ed3e0903-ec34-4d7b-b046-8c94decb404e None admin] SCRIPT_NAME: `/identity` {{(pid=46587) log_request_info /opt/stack/keystone/keystone/server/flask/request_processing/req_logging.py:28}}
Nov 22 11:34:04 user devstack@keystone.service[46587]: DEBUG keystone.server.flask.request_processing.req_logging [None req-ed3e0903-ec34-4d7b-b046-8c94decb404e None admin] PATH_INFO: `/v3/domains/default` {{(pid=46587) log_request_info /opt/stack/keystone/keystone/server/flask/request_processing/req_logging.py:29}}
Nov 22 11:34:04 user devstack@keystone.service[46587]: DEBUG keystone.common.rbac_enforcer.enforcer [None req-ed3e0903-ec34-4d7b-b046-8c94decb404e None admin] RBAC: Authorizing `identity:get_domain(domain_id=default)` {{(pid=46587) enforce_call /opt/stack/keystone/keystone/common/rbac_enforcer/enforcer.py:449}}
Nov 22 11:34:04 user devstack@keystone.service[46587]: DEBUG keystone.common.rbac_enforcer.enforcer [None req-ed3e0903-ec34-4d7b-b046-8c94decb404e None admin] RBAC: Authorization granted {{(pid=46587) enforce_call /opt/stack/keystone/keystone/common/rbac_enforcer/enforcer.py:457}}
Nov 22 11:34:04 user devstack@keystone.service[46586]: [pid: 46586|app: 0|req: 25/82] 10.0.0.210 () {58 vars in 1434 bytes} [Wed Nov 22 11:34:03 2023] PUT /identity/v3/projects/c8a4f96abc96427780542eade682107a/users/f9606ebfcf1a4396a211e0affa576c47/roles/cf98fc03e66b47dea10a36711f90588b => generated 0 bytes in 218 msecs (HTTP/1.1 204) 3 headers in 132 bytes (0 switches on core 0)
Nov 22 11:34:04 user devstack@keystone.service[46587]: [pid: 46587|app: 0|req: 28/83] 10.0.0.210 () {56 vars in 1103 bytes} [Wed Nov 22 11:34:04 2023] GET /identity/v3/domains/default => generated 198 bytes in 137 msecs (HTTP/1.1 200) 5 headers in 177 bytes (1 switches on core 0)
Nov 22 11:34:04 user devstack@keystone.service[46586]: DEBUG keystone.server.flask.request_processing.middleware.auth_context [None req-bf3dbb68-dac2-4a3d-ac48-052e240b88ed None admin] Authenticating user token {{(pid=46586) process_request /opt/stack/data/venv/lib/python3.10/site-packages/keystonemiddleware/auth_token/__init__.py:406}}
Nov 22 11:34:04 user devstack@keystone.service[46587]: DEBUG keystone.server.flask.request_processing.middleware.auth_context [None req-ed3e0903-ec34-4d7b-b046-8c94decb404e None admin] Authenticating user token {{(pid=46587) process_request /opt/stack/data/venv/lib/python3.10/site-packages/keystonemiddleware/auth_token/__init__.py:406}}
Nov 22 11:34:04 user devstack@keystone.service[46588]: DEBUG keystone.server.flask.request_processing.middleware.auth_context [None req-956efb16-933e-4f43-884e-74952455ca34 None admin] Validating token access rules against request {{(pid=46588) validate_allowed_request /opt/stack/data/venv/lib/python3.10/site-packages/keystonemiddleware/auth_token/__init__.py:544}}
Nov 22 11:34:04 user devstack@keystone.service[46588]: DEBUG keystone.server.flask.request_processing.middleware.auth_context [None req-c7a9c655-b576-4228-94ef-c7074395b3e2 None admin] RBAC: auth_context: {'token': , 'domain_id': None, 'trust_id': None, 'trustor_id': None, 'trustee_id': None, 'domain_name': None, 'group_ids': [], 'user_id': 'd56d3fdd0fc147fa9454bf87b3b7aa8e', 'user_domain_id': 'default', 'system_scope': 'all', 'project_id': None, 'project_domain_id': None, 'roles': ['admin', 'manager', 'member', 'reader'], 'is_admin_project': True, 'service_user_id': None, 'service_user_domain_id': None, 'service_project_id': None, 'service_project_domain_id': None, 'service_roles': []} {{(pid=46588) fill_context /opt/stack/keystone/keystone/server/flask/request_processing/middleware/auth_context.py:480}}
Nov 22 11:34:04 user devstack@keystone.service[46588]: DEBUG keystone.server.flask.request_processing.req_logging [None req-c7a9c655-b576-4228-94ef-c7074395b3e2 None admin] REQUEST_METHOD: `GET` {{(pid=46588) log_request_info /opt/stack/keystone/keystone/server/flask/request_processing/req_logging.py:27}}
Nov 22 11:34:04 user devstack@keystone.service[46588]: DEBUG keystone.server.flask.request_processing.req_logging [None req-c7a9c655-b576-4228-94ef-c7074395b3e2 None admin] SCRIPT_NAME: `/identity` {{(pid=46588) log_request_info /opt/stack/keystone/keystone/server/flask/request_processing/req_logging.py:28}}
Nov 22 11:34:04 user devstack@keystone.service[46588]: DEBUG keystone.server.flask.request_processing.req_logging [None req-c7a9c655-b576-4228-94ef-c7074395b3e2 None admin] PATH_INFO: `/v3/users/f9606ebfcf1a4396a211e0affa576c47` {{(pid=46588) log_request_info /opt/stack/keystone/keystone/server/flask/request_processing/req_logging.py:29}}
Nov 22 11:34:04 user devstack@keystone.service[46588]: DEBUG keystone.common.rbac_enforcer.enforcer [None req-c7a9c655-b576-4228-94ef-c7074395b3e2 None admin] RBAC: Authorizing `identity:get_user(user_id=f9606ebfcf1a4396a211e0affa576c47)` {{(pid=46588) enforce_call /opt/stack/keystone/keystone/common/rbac_enforcer/enforcer.py:449}}
Nov 22 11:34:04 user devstack@keystone.service[46588]: DEBUG keystone.common.rbac_enforcer.enforcer [None req-c7a9c655-b576-4228-94ef-c7074395b3e2 None admin] RBAC: Authorization granted {{(pid=46588) enforce_call /opt/stack/keystone/keystone/common/rbac_enforcer/enforcer.py:457}}
Nov 22 11:34:04 user devstack@keystone.service[46588]: [pid: 46588|app: 0|req: 31/84] 10.0.0.210 () {56 vars in 1172 bytes} [Wed Nov 22 11:34:04 2023] GET /identity/v3/users/f9606ebfcf1a4396a211e0affa576c47 => generated 274 bytes in 150 msecs (HTTP/1.1 200) 5 headers in 177 bytes (1 switches on core 0)
Nov 22 11:34:04 user devstack@keystone.service[46588]: DEBUG keystone.server.flask.request_processing.middleware.auth_context [None req-c7a9c655-b576-4228-94ef-c7074395b3e2 None admin] Authenticating user token {{(pid=46588) process_request /opt/stack/data/venv/lib/python3.10/site-packages/keystonemiddleware/auth_token/__init__.py:406}}
Nov 22 11:34:04 user devstack@keystone.service[46587]: DEBUG keystone.server.flask.request_processing.middleware.auth_context [None req-ed3e0903-ec34-4d7b-b046-8c94decb404e None admin] Validating token access rules against request {{(pid=46587) validate_allowed_request /opt/stack/data/venv/lib/python3.10/site-packages/keystonemiddleware/auth_token/__init__.py:544}}
Nov 22 11:34:04 user devstack@keystone.service[46586]: DEBUG keystone.server.flask.request_processing.middleware.auth_context [None req-bf3dbb68-dac2-4a3d-ac48-052e240b88ed None admin] Validating token access rules against request {{(pid=46586) validate_allowed_request /opt/stack/data/venv/lib/python3.10/site-packages/keystonemiddleware/auth_token/__init__.py:544}}
Nov 22 11:34:04 user devstack@keystone.service[46587]: DEBUG keystone.server.flask.request_processing.middleware.auth_context [None req-b096993c-a25a-4173-bb1b-f8b159116f33 None admin] RBAC: auth_context: {'token': , 'domain_id': None, 'trust_id': None, 'trustor_id': None, 'trustee_id': None, 'domain_name': None, 'group_ids': [], 'user_id': 'd56d3fdd0fc147fa9454bf87b3b7aa8e', 'user_domain_id': 'default', 'system_scope': 'all', 'project_id': None, 'project_domain_id': None, 'roles': ['admin', 'manager', 'member', 'reader'], 'is_admin_project': True, 'service_user_id': None, 'service_user_domain_id': None, 'service_project_id': None, 'service_project_domain_id': None, 'service_roles': []} {{(pid=46587) fill_context /opt/stack/keystone/keystone/server/flask/request_processing/middleware/auth_context.py:480}}
Nov 22 11:34:04 user devstack@keystone.service[46587]: DEBUG keystone.server.flask.request_processing.req_logging [None req-b096993c-a25a-4173-bb1b-f8b159116f33 None admin] REQUEST_METHOD: `POST` {{(pid=46587) log_request_info /opt/stack/keystone/keystone/server/flask/request_processing/req_logging.py:27}}
Nov 22 11:34:04 user devstack@keystone.service[46587]: DEBUG keystone.server.flask.request_processing.req_logging [None req-b096993c-a25a-4173-bb1b-f8b159116f33 None admin] SCRIPT_NAME: `/identity` {{(pid=46587) log_request_info /opt/stack/keystone/keystone/server/flask/request_processing/req_logging.py:28}}
Nov 22 11:34:04 user devstack@keystone.service[46587]: DEBUG keystone.server.flask.request_processing.req_logging [None req-b096993c-a25a-4173-bb1b-f8b159116f33 None admin] PATH_INFO: `/v3/users` {{(pid=46587) log_request_info /opt/stack/keystone/keystone/server/flask/request_processing/req_logging.py:29}}
Nov 22 11:34:04 user devstack@keystone.service[46587]: DEBUG keystone.common.rbac_enforcer.enforcer [None req-b096993c-a25a-4173-bb1b-f8b159116f33 None admin] RBAC: Authorizing `identity:create_user()` {{(pid=46587) enforce_call /opt/stack/keystone/keystone/common/rbac_enforcer/enforcer.py:449}}
Nov 22 11:34:04 user devstack@keystone.service[46587]: DEBUG keystone.common.rbac_enforcer.enforcer [None req-b096993c-a25a-4173-bb1b-f8b159116f33 None admin] RBAC: Authorization granted {{(pid=46587) enforce_call /opt/stack/keystone/keystone/common/rbac_enforcer/enforcer.py:457}}
Nov 22 11:34:04 user devstack@keystone.service[46586]: DEBUG keystone.server.flask.request_processing.middleware.auth_context [None req-8869ec5d-e626-4f88-bbe6-efbd12febf68 None admin] RBAC: auth_context: {'token': , 'domain_id': None, 'trust_id': None, 'trustor_id': None, 'trustee_id': None, 'domain_name': None, 'group_ids': [], 'user_id': 'd56d3fdd0fc147fa9454bf87b3b7aa8e', 'user_domain_id': 'default', 'system_scope': 'all', 'project_id': None, 'project_domain_id': None, 'roles': ['admin', 'manager', 'member', 'reader'], 'is_admin_project': True, 'service_user_id': None, 'service_user_domain_id': None, 'service_project_id': None, 'service_project_domain_id': None, 'service_roles': []} {{(pid=46586) fill_context /opt/stack/keystone/keystone/server/flask/request_processing/middleware/auth_context.py:480}}
Nov 22 11:34:04 user devstack@keystone.service[46586]: DEBUG keystone.server.flask.request_processing.req_logging [None req-8869ec5d-e626-4f88-bbe6-efbd12febf68 None admin] REQUEST_METHOD: `PUT` {{(pid=46586) log_request_info /opt/stack/keystone/keystone/server/flask/request_processing/req_logging.py:27}}
Nov 22 11:34:04 user devstack@keystone.service[46586]: DEBUG keystone.server.flask.request_processing.req_logging [None req-8869ec5d-e626-4f88-bbe6-efbd12febf68 None admin] SCRIPT_NAME: `/identity` {{(pid=46586) log_request_info /opt/stack/keystone/keystone/server/flask/request_processing/req_logging.py:28}}
Nov 22 11:34:04 user devstack@keystone.service[46586]: DEBUG keystone.server.flask.request_processing.req_logging [None req-8869ec5d-e626-4f88-bbe6-efbd12febf68 None admin] PATH_INFO: `/v3/projects/c8a4f96abc96427780542eade682107a/users/d56d3fdd0fc147fa9454bf87b3b7aa8e/roles/a4a75efe475b4dba8986de87f106cbda` {{(pid=46586) log_request_info /opt/stack/keystone/keystone/server/flask/request_processing/req_logging.py:29}}
Nov 22 11:34:04 user devstack@keystone.service[46587]: WARNING keystone.common.password_hashing [None req-b096993c-a25a-4173-bb1b-f8b159116f33 None admin] Truncating password to algorithm specific maximum length 72 characters.
Nov 22 11:34:04 user devstack@keystone.service[46586]: DEBUG keystone.common.rbac_enforcer.enforcer [None req-8869ec5d-e626-4f88-bbe6-efbd12febf68 None admin] RBAC: Authorizing `identity:create_grant(project_id=c8a4f96abc96427780542eade682107a, user_id=d56d3fdd0fc147fa9454bf87b3b7aa8e, role_id=a4a75efe475b4dba8986de87f106cbda)` {{(pid=46586) enforce_call /opt/stack/keystone/keystone/common/rbac_enforcer/enforcer.py:449}}
Nov 22 11:34:04 user devstack@keystone.service[46586]: DEBUG keystone.common.rbac_enforcer.enforcer [None req-8869ec5d-e626-4f88-bbe6-efbd12febf68 None admin] RBAC: Authorization granted {{(pid=46586) enforce_call /opt/stack/keystone/keystone/common/rbac_enforcer/enforcer.py:457}}
