Nov 22 11:34:22 user devstack@keystone.service[46586]: DEBUG keystone.server.flask.request_processing.req_logging [None req-fedd6e6f-5daf-44b4-926c-b3f00a29e9cc None admin] SCRIPT_NAME: `/identity` {{(pid=46586) log_request_info /opt/stack/keystone/keystone/server/flask/request_processing/req_logging.py:28}}
Nov 22 11:34:22 user devstack@keystone.service[46586]: DEBUG keystone.server.flask.request_processing.req_logging [None req-fedd6e6f-5daf-44b4-926c-b3f00a29e9cc None admin] PATH_INFO: `/v3/roles` {{(pid=46586) log_request_info /opt/stack/keystone/keystone/server/flask/request_processing/req_logging.py:29}}
Nov 22 11:34:22 user devstack@keystone.service[46586]: DEBUG keystone.common.rbac_enforcer.enforcer [None req-fedd6e6f-5daf-44b4-926c-b3f00a29e9cc None admin] RBAC: Adding query filter params (name=reader) {{(pid=46586) _extract_filter_values /opt/stack/keystone/keystone/common/rbac_enforcer/enforcer.py:167}}
Nov 22 11:34:22 user devstack@keystone.service[46586]: DEBUG keystone.common.rbac_enforcer.enforcer [None req-fedd6e6f-5daf-44b4-926c-b3f00a29e9cc None admin] RBAC: Authorizing `identity:list_roles()` {{(pid=46586) enforce_call /opt/stack/keystone/keystone/common/rbac_enforcer/enforcer.py:449}}
Nov 22 11:34:22 user devstack@keystone.service[46588]: DEBUG keystone.server.flask.request_processing.middleware.auth_context [None req-84c949e4-ff24-4bb3-8f26-d0907368628c None admin] Validating token access rules against request {{(pid=46588) validate_allowed_request /opt/stack/data/venv/lib/python3.10/site-packages/keystonemiddleware/auth_token/__init__.py:544}}
Nov 22 11:34:22 user devstack@keystone.service[46586]: DEBUG keystone.common.rbac_enforcer.enforcer [None req-fedd6e6f-5daf-44b4-926c-b3f00a29e9cc None admin] RBAC: Authorization granted {{(pid=46586) enforce_call /opt/stack/keystone/keystone/common/rbac_enforcer/enforcer.py:457}}
Nov 22 11:34:22 user devstack@keystone.service[46586]: [pid: 46586|app: 0|req: 78/235] 10.0.0.210 () {56 vars in 1096 bytes} [Wed Nov 22 11:34:22 2023] GET /identity/v3/roles?name=reader => generated 339 bytes in 141 msecs (HTTP/1.1 200) 5 headers in 177 bytes (2 switches on core 0)
Nov 22 11:34:22 user devstack@keystone.service[46586]: DEBUG keystone.server.flask.request_processing.middleware.auth_context [None req-fedd6e6f-5daf-44b4-926c-b3f00a29e9cc None admin] Authenticating user token {{(pid=46586) process_request /opt/stack/data/venv/lib/python3.10/site-packages/keystonemiddleware/auth_token/__init__.py:406}}
Nov 22 11:34:22 user devstack@keystone.service[46588]: DEBUG keystone.server.flask.request_processing.middleware.auth_context [None req-eed0457a-b5fc-4d40-ae81-80eb0c5a8d9d None admin] RBAC: auth_context: {'token': , 'domain_id': None, 'trust_id': None, 'trustor_id': None, 'trustee_id': None, 'domain_name': None, 'group_ids': [], 'user_id': 'd56d3fdd0fc147fa9454bf87b3b7aa8e', 'user_domain_id': 'default', 'system_scope': 'all', 'project_id': None, 'project_domain_id': None, 'roles': ['admin', 'manager', 'member', 'reader'], 'is_admin_project': True, 'service_user_id': None, 'service_user_domain_id': None, 'service_project_id': None, 'service_project_domain_id': None, 'service_roles': []} {{(pid=46588) fill_context /opt/stack/keystone/keystone/server/flask/request_processing/middleware/auth_context.py:480}}
Nov 22 11:34:22 user devstack@keystone.service[46588]: DEBUG keystone.server.flask.request_processing.req_logging [None req-eed0457a-b5fc-4d40-ae81-80eb0c5a8d9d None admin] REQUEST_METHOD: `POST` {{(pid=46588) log_request_info /opt/stack/keystone/keystone/server/flask/request_processing/req_logging.py:27}}
Nov 22 11:34:22 user devstack@keystone.service[46588]: DEBUG keystone.server.flask.request_processing.req_logging [None req-eed0457a-b5fc-4d40-ae81-80eb0c5a8d9d None admin] SCRIPT_NAME: `/identity` {{(pid=46588) log_request_info /opt/stack/keystone/keystone/server/flask/request_processing/req_logging.py:28}}
Nov 22 11:34:22 user devstack@keystone.service[46588]: DEBUG keystone.server.flask.request_processing.req_logging [None req-eed0457a-b5fc-4d40-ae81-80eb0c5a8d9d None admin] PATH_INFO: `/v3/groups` {{(pid=46588) log_request_info /opt/stack/keystone/keystone/server/flask/request_processing/req_logging.py:29}}
Nov 22 11:34:22 user devstack@keystone.service[46588]: DEBUG keystone.common.rbac_enforcer.enforcer [None req-eed0457a-b5fc-4d40-ae81-80eb0c5a8d9d None admin] RBAC: Authorizing `identity:create_group()` {{(pid=46588) enforce_call /opt/stack/keystone/keystone/common/rbac_enforcer/enforcer.py:449}}
Nov 22 11:34:22 user devstack@keystone.service[46588]: DEBUG keystone.common.rbac_enforcer.enforcer [None req-eed0457a-b5fc-4d40-ae81-80eb0c5a8d9d None admin] RBAC: Authorization granted {{(pid=46588) enforce_call /opt/stack/keystone/keystone/common/rbac_enforcer/enforcer.py:457}}
Nov 22 11:34:22 user devstack@keystone.service[46588]: [pid: 46588|app: 0|req: 81/236] 10.0.0.210 () {60 vars in 1129 bytes} [Wed Nov 22 11:34:22 2023] POST /identity/v3/groups => generated 228 bytes in 151 msecs (HTTP/1.1 201) 5 headers in 182 bytes (1 switches on core 0)
Nov 22 11:34:22 user devstack@keystone.service[46587]: DEBUG keystone.server.flask.request_processing.middleware.auth_context [None req-cdee4882-47dc-4e5e-abbd-5ad0682d2886 None admin] Validating token access rules against request {{(pid=46587) validate_allowed_request /opt/stack/data/venv/lib/python3.10/site-packages/keystonemiddleware/auth_token/__init__.py:544}}
Nov 22 11:34:22 user devstack@keystone.service[46587]: DEBUG keystone.server.flask.request_processing.middleware.auth_context [None req-1835a696-6d1a-46e4-91d4-e3f1bb8ead22 None admin] RBAC: auth_context: {'token': , 'domain_id': None, 'trust_id': None, 'trustor_id': None, 'trustee_id': None, 'domain_name': None, 'group_ids': [], 'user_id': 'd56d3fdd0fc147fa9454bf87b3b7aa8e', 'user_domain_id': 'default', 'system_scope': 'all', 'project_id': None, 'project_domain_id': None, 'roles': ['admin', 'manager', 'member', 'reader'], 'is_admin_project': True, 'service_user_id': None, 'service_user_domain_id': None, 'service_project_id': None, 'service_project_domain_id': None, 'service_roles': []} {{(pid=46587) fill_context /opt/stack/keystone/keystone/server/flask/request_processing/middleware/auth_context.py:480}}
Nov 22 11:34:22 user devstack@keystone.service[46587]: DEBUG keystone.server.flask.request_processing.req_logging [None req-1835a696-6d1a-46e4-91d4-e3f1bb8ead22 None admin] REQUEST_METHOD: `GET` {{(pid=46587) log_request_info /opt/stack/keystone/keystone/server/flask/request_processing/req_logging.py:27}}
Nov 22 11:34:22 user devstack@keystone.service[46587]: DEBUG keystone.server.flask.request_processing.req_logging [None req-1835a696-6d1a-46e4-91d4-e3f1bb8ead22 None admin] SCRIPT_NAME: `/identity` {{(pid=46587) log_request_info /opt/stack/keystone/keystone/server/flask/request_processing/req_logging.py:28}}
Nov 22 11:34:22 user devstack@keystone.service[46587]: DEBUG keystone.server.flask.request_processing.req_logging [None req-1835a696-6d1a-46e4-91d4-e3f1bb8ead22 None admin] PATH_INFO: `/v3/roles` {{(pid=46587) log_request_info /opt/stack/keystone/keystone/server/flask/request_processing/req_logging.py:29}}
Nov 22 11:34:22 user devstack@keystone.service[46587]: DEBUG keystone.common.rbac_enforcer.enforcer [None req-1835a696-6d1a-46e4-91d4-e3f1bb8ead22 None admin] RBAC: Adding query filter params (name=member) {{(pid=46587) _extract_filter_values /opt/stack/keystone/keystone/common/rbac_enforcer/enforcer.py:167}}
Nov 22 11:34:22 user devstack@keystone.service[46587]: DEBUG keystone.common.rbac_enforcer.enforcer [None req-1835a696-6d1a-46e4-91d4-e3f1bb8ead22 None admin] RBAC: Authorizing `identity:list_roles()` {{(pid=46587) enforce_call /opt/stack/keystone/keystone/common/rbac_enforcer/enforcer.py:449}}
Nov 22 11:34:22 user devstack@keystone.service[46587]: DEBUG keystone.common.rbac_enforcer.enforcer [None req-1835a696-6d1a-46e4-91d4-e3f1bb8ead22 None admin] RBAC: Authorization granted {{(pid=46587) enforce_call /opt/stack/keystone/keystone/common/rbac_enforcer/enforcer.py:457}}
Nov 22 11:34:22 user devstack@keystone.service[46587]: [pid: 46587|app: 0|req: 78/237] 10.0.0.210 () {56 vars in 1096 bytes} [Wed Nov 22 11:34:22 2023] GET /identity/v3/roles?name=member => generated 339 bytes in 147 msecs (HTTP/1.1 200) 5 headers in 177 bytes (1 switches on core 0)
Nov 22 11:34:22 user devstack@keystone.service[46588]: DEBUG keystone.server.flask.request_processing.middleware.auth_context [None req-eed0457a-b5fc-4d40-ae81-80eb0c5a8d9d None admin] Authenticating user token {{(pid=46588) process_request /opt/stack/data/venv/lib/python3.10/site-packages/keystonemiddleware/auth_token/__init__.py:406}}
Nov 22 11:34:22 user devstack@keystone.service[46586]: DEBUG keystone.server.flask.request_processing.middleware.auth_context [None req-fedd6e6f-5daf-44b4-926c-b3f00a29e9cc None admin] Validating token access rules against request {{(pid=46586) validate_allowed_request /opt/stack/data/venv/lib/python3.10/site-packages/keystonemiddleware/auth_token/__init__.py:544}}
Nov 22 11:34:22 user devstack@keystone.service[46586]: DEBUG keystone.server.flask.request_processing.middleware.auth_context [None req-41b7726a-6f54-4266-a7b7-680e01c7207e None admin] RBAC: auth_context: {'token': , 'domain_id': None, 'trust_id': None, 'trustor_id': None, 'trustee_id': None, 'domain_name': None, 'group_ids': [], 'user_id': 'd56d3fdd0fc147fa9454bf87b3b7aa8e', 'user_domain_id': 'default', 'system_scope': 'all', 'project_id': None, 'project_domain_id': None, 'roles': ['admin', 'manager', 'member', 'reader'], 'is_admin_project': True, 'service_user_id': None, 'service_user_domain_id': None, 'service_project_id': None, 'service_project_domain_id': None, 'service_roles': []} {{(pid=46586) fill_context /opt/stack/keystone/keystone/server/flask/request_processing/middleware/auth_context.py:480}}
Nov 22 11:34:22 user devstack@keystone.service[46586]: DEBUG keystone.server.flask.request_processing.req_logging [None req-41b7726a-6f54-4266-a7b7-680e01c7207e None admin] REQUEST_METHOD: `GET` {{(pid=46586) log_request_info /opt/stack/keystone/keystone/server/flask/request_processing/req_logging.py:27}}
Nov 22 11:34:22 user devstack@keystone.service[46586]: DEBUG keystone.server.flask.request_processing.req_logging [None req-41b7726a-6f54-4266-a7b7-680e01c7207e None admin] SCRIPT_NAME: `/identity` {{(pid=46586) log_request_info /opt/stack/keystone/keystone/server/flask/request_processing/req_logging.py:28}}
Nov 22 11:34:22 user devstack@keystone.service[46586]: DEBUG keystone.server.flask.request_processing.req_logging [None req-41b7726a-6f54-4266-a7b7-680e01c7207e None admin] PATH_INFO: `/v3/users/27c5b63e7e354fb48442fe77b76287a3` {{(pid=46586) log_request_info /opt/stack/keystone/keystone/server/flask/request_processing/req_logging.py:29}}
Nov 22 11:34:22 user devstack@keystone.service[46586]: DEBUG keystone.common.rbac_enforcer.enforcer [None req-41b7726a-6f54-4266-a7b7-680e01c7207e None admin] RBAC: Authorizing `identity:get_user(user_id=27c5b63e7e354fb48442fe77b76287a3)` {{(pid=46586) enforce_call /opt/stack/keystone/keystone/common/rbac_enforcer/enforcer.py:449}}
Nov 22 11:34:22 user devstack@keystone.service[46586]: DEBUG keystone.common.rbac_enforcer.enforcer [None req-41b7726a-6f54-4266-a7b7-680e01c7207e None admin] RBAC: Authorization granted {{(pid=46586) enforce_call /opt/stack/keystone/keystone/common/rbac_enforcer/enforcer.py:457}}
Nov 22 11:34:22 user devstack@keystone.service[46586]: [pid: 46586|app: 0|req: 79/238] 10.0.0.210 () {56 vars in 1172 bytes} [Wed Nov 22 11:34:22 2023] GET /identity/v3/users/27c5b63e7e354fb48442fe77b76287a3 => generated 292 bytes in 199 msecs (HTTP/1.1 200) 5 headers in 177 bytes (1 switches on core 0)
Nov 22 11:34:22 user devstack@keystone.service[46587]: DEBUG keystone.server.flask.request_processing.middleware.auth_context [None req-1835a696-6d1a-46e4-91d4-e3f1bb8ead22 None admin] Authenticating user token {{(pid=46587) process_request /opt/stack/data/venv/lib/python3.10/site-packages/keystonemiddleware/auth_token/__init__.py:406}}
Nov 22 11:34:22 user devstack@keystone.service[46588]: DEBUG keystone.server.flask.request_processing.middleware.auth_context [None req-eed0457a-b5fc-4d40-ae81-80eb0c5a8d9d None admin] Validating token access rules against request {{(pid=46588) validate_allowed_request /opt/stack/data/venv/lib/python3.10/site-packages/keystonemiddleware/auth_token/__init__.py:544}}
Nov 22 11:34:22 user devstack@keystone.service[46588]: DEBUG keystone.server.flask.request_processing.middleware.auth_context [None req-6e9404b0-ffbd-416e-8f35-3648e42094e0 None admin] RBAC: auth_context: {'token': , 'domain_id': None, 'trust_id': None, 'trustor_id': None, 'trustee_id': None, 'domain_name': None, 'group_ids': [], 'user_id': 'd56d3fdd0fc147fa9454bf87b3b7aa8e', 'user_domain_id': 'default', 'system_scope': 'all', 'project_id': None, 'project_domain_id': None, 'roles': ['admin', 'manager', 'member', 'reader'], 'is_admin_project': True, 'service_user_id': None, 'service_user_domain_id': None, 'service_project_id': None, 'service_project_domain_id': None, 'service_roles': []} {{(pid=46588) fill_context /opt/stack/keystone/keystone/server/flask/request_processing/middleware/auth_context.py:480}}
Nov 22 11:34:22 user devstack@keystone.service[46588]: DEBUG keystone.server.flask.request_processing.req_logging [None req-6e9404b0-ffbd-416e-8f35-3648e42094e0 None admin] REQUEST_METHOD: `GET` {{(pid=46588) log_request_info /opt/stack/keystone/keystone/server/flask/request_processing/req_logging.py:27}}
Nov 22 11:34:22 user devstack@keystone.service[46588]: DEBUG keystone.server.flask.request_processing.req_logging [None req-6e9404b0-ffbd-416e-8f35-3648e42094e0 None admin] SCRIPT_NAME: `/identity` {{(pid=46588) log_request_info /opt/stack/keystone/keystone/server/flask/request_processing/req_logging.py:28}}
Nov 22 11:34:22 user devstack@keystone.service[46588]: DEBUG keystone.server.flask.request_processing.req_logging [None req-6e9404b0-ffbd-416e-8f35-3648e42094e0 None admin] PATH_INFO: `/v3/users/67791f76d9c544c2b673eac5121b8e98` {{(pid=46588) log_request_info /opt/stack/keystone/keystone/server/flask/request_processing/req_logging.py:29}}
Nov 22 11:34:22 user devstack@keystone.service[46588]: DEBUG keystone.common.rbac_enforcer.enforcer [None req-6e9404b0-ffbd-416e-8f35-3648e42094e0 None admin] RBAC: Authorizing `identity:get_user(user_id=67791f76d9c544c2b673eac5121b8e98)` {{(pid=46588) enforce_call /opt/stack/keystone/keystone/common/rbac_enforcer/enforcer.py:449}}
Nov 22 11:34:22 user devstack@keystone.service[46588]: DEBUG keystone.common.rbac_enforcer.enforcer [None req-6e9404b0-ffbd-416e-8f35-3648e42094e0 None admin] RBAC: Authorization granted {{(pid=46588) enforce_call /opt/stack/keystone/keystone/common/rbac_enforcer/enforcer.py:457}}
Nov 22 11:34:22 user devstack@keystone.service[46588]: [pid: 46588|app: 0|req: 82/239] 10.0.0.210 () {56 vars in 1172 bytes} [Wed Nov 22 11:34:22 2023] GET /identity/v3/users/67791f76d9c544c2b673eac5121b8e98 => generated 292 bytes in 141 msecs (HTTP/1.1 200) 5 headers in 177 bytes (1 switches on core 0)
Nov 22 11:34:22 user devstack@keystone.service[46586]: DEBUG keystone.server.flask.request_processing.middleware.auth_context [None req-41b7726a-6f54-4266-a7b7-680e01c7207e None admin] Authenticating user token {{(pid=46586) process_request /opt/stack/data/venv/lib/python3.10/site-packages/keystonemiddleware/auth_token/__init__.py:406}}
Nov 22 11:34:22 user devstack@keystone.service[46587]: DEBUG keystone.server.flask.request_processing.middleware.auth_context [None req-1835a696-6d1a-46e4-91d4-e3f1bb8ead22 None admin] Validating token access rules against request {{(pid=46587) validate_allowed_request /opt/stack/data/venv/lib/python3.10/site-packages/keystonemiddleware/auth_token/__init__.py:544}}
Nov 22 11:34:22 user devstack@keystone.service[46587]: DEBUG keystone.server.flask.request_processing.middleware.auth_context [None req-32ad3bcb-7d4d-4dd5-ad0f-3cd1c4d5d323 None admin] RBAC: auth_context: {'token': , 'domain_id': None, 'trust_id': None, 'trustor_id': None, 'trustee_id': None, 'domain_name': None, 'group_ids': [], 'user_id': 'd56d3fdd0fc147fa9454bf87b3b7aa8e', 'user_domain_id': 'default', 'system_scope': 'all', 'project_id': None, 'project_domain_id': None, 'roles': ['admin', 'manager', 'member', 'reader'], 'is_admin_project': True, 'service_user_id': None, 'service_user_domain_id': None, 'service_project_id': None, 'service_project_domain_id': None, 'service_roles': []} {{(pid=46587) fill_context /opt/stack/keystone/keystone/server/flask/request_processing/middleware/auth_context.py:480}}
Nov 22 11:34:22 user devstack@keystone.service[46587]: DEBUG keystone.server.flask.request_processing.req_logging [None req-32ad3bcb-7d4d-4dd5-ad0f-3cd1c4d5d323 None admin] REQUEST_METHOD: `GET` {{(pid=46587) log_request_info /opt/stack/keystone/keystone/server/flask/request_processing/req_logging.py:27}}
Nov 22 11:34:22 user devstack@keystone.service[46587]: DEBUG keystone.server.flask.request_processing.req_logging [None req-32ad3bcb-7d4d-4dd5-ad0f-3cd1c4d5d323 None admin] SCRIPT_NAME: `/identity` {{(pid=46587) log_request_info /opt/stack/keystone/keystone/server/flask/request_processing/req_logging.py:28}}
Nov 22 11:34:22 user devstack@keystone.service[46587]: DEBUG keystone.server.flask.request_processing.req_logging [None req-32ad3bcb-7d4d-4dd5-ad0f-3cd1c4d5d323 None admin] PATH_INFO: `/v3/role_assignments` {{(pid=46587) log_request_info /opt/stack/keystone/keystone/server/flask/request_processing/req_logging.py:29}}
Nov 22 11:34:22 user devstack@keystone.service[46587]: DEBUG keystone.common.rbac_enforcer.enforcer [None req-32ad3bcb-7d4d-4dd5-ad0f-3cd1c4d5d323 None admin] RBAC: Adding query filter params (role.id=c8bfad9924bf4d7093d8bb4125bd34f5, user.id=27c5b63e7e354fb48442fe77b76287a3, scope.system=all) {{(pid=46587) _extract_filter_values /opt/stack/keystone/keystone/common/rbac_enforcer/enforcer.py:167}}
Nov 22 11:34:22 user devstack@keystone.service[46587]: DEBUG keystone.common.rbac_enforcer.enforcer [None req-32ad3bcb-7d4d-4dd5-ad0f-3cd1c4d5d323 None admin] RBAC: Authorizing `identity:list_role_assignments()` {{(pid=46587) enforce_call /opt/stack/keystone/keystone/common/rbac_enforcer/enforcer.py:449}}
Nov 22 11:34:22 user devstack@keystone.service[46587]: DEBUG keystone.common.rbac_enforcer.enforcer [None req-32ad3bcb-7d4d-4dd5-ad0f-3cd1c4d5d323 None admin] RBAC: Authorization granted {{(pid=46587) enforce_call /opt/stack/keystone/keystone/common/rbac_enforcer/enforcer.py:457}}
Nov 22 11:34:22 user devstack@keystone.service[46587]: [pid: 46587|app: 0|req: 79/240] 10.0.0.210 () {56 vars in 1303 bytes} [Wed Nov 22 11:34:22 2023] GET /identity/v3/role_assignments?user.id=27c5b63e7e354fb48442fe77b76287a3&scope.system=all&role.id=c8bfad9924bf4d7093d8bb4125bd34f5 => generated 225 bytes in 137 msecs (HTTP/1.1 200) 5 headers in 177 bytes (1 switches on core 0)
Nov 22 11:34:22 user devstack@keystone.service[46586]: DEBUG keystone.server.flask.request_processing.middleware.auth_context [None req-41b7726a-6f54-4266-a7b7-680e01c7207e None admin] Validating token access rules against request {{(pid=46586) validate_allowed_request /opt/stack/data/venv/lib/python3.10/site-packages/keystonemiddleware/auth_token/__init__.py:544}}
Nov 22 11:34:22 user devstack@keystone.service[46586]: DEBUG keystone.server.flask.request_processing.middleware.auth_context [None req-84b60d9e-12f4-40fe-9556-fe8edf9a4e9e None admin] RBAC: auth_context: {'token': , 'domain_id': None, 'trust_id': None, 'trustor_id': None, 'trustee_id': None, 'domain_name': None, 'group_ids': [], 'user_id': 'd56d3fdd0fc147fa9454bf87b3b7aa8e', 'user_domain_id': 'default', 'system_scope': 'all', 'project_id': None, 'project_domain_id': None, 'roles': ['admin', 'manager', 'member', 'reader'], 'is_admin_project': True, 'service_user_id': None, 'service_user_domain_id': None, 'service_project_id': None, 'service_project_domain_id': None, 'service_roles': []} {{(pid=46586) fill_context /opt/stack/keystone/keystone/server/flask/request_processing/middleware/auth_context.py:480}}
Nov 22 11:34:22 user devstack@keystone.service[46586]: DEBUG keystone.server.flask.request_processing.req_logging [None req-84b60d9e-12f4-40fe-9556-fe8edf9a4e9e None admin] REQUEST_METHOD: `PUT` {{(pid=46586) log_request_info /opt/stack/keystone/keystone/server/flask/request_processing/req_logging.py:27}}
Nov 22 11:34:22 user devstack@keystone.service[46586]: DEBUG keystone.server.flask.request_processing.req_logging [None req-84b60d9e-12f4-40fe-9556-fe8edf9a4e9e None admin] SCRIPT_NAME: `/identity` {{(pid=46586) log_request_info /opt/stack/keystone/keystone/server/flask/request_processing/req_logging.py:28}}
Nov 22 11:34:22 user devstack@keystone.service[46586]: DEBUG keystone.server.flask.request_processing.req_logging [None req-84b60d9e-12f4-40fe-9556-fe8edf9a4e9e None admin] PATH_INFO: `/v3/system/users/67791f76d9c544c2b673eac5121b8e98/roles/2481a3cfb51246ae8ae62957d0da04a1` {{(pid=46586) log_request_info /opt/stack/keystone/keystone/server/flask/request_processing/req_logging.py:29}}
Nov 22 11:34:22 user devstack@keystone.service[46586]: DEBUG keystone.common.rbac_enforcer.enforcer [None req-84b60d9e-12f4-40fe-9556-fe8edf9a4e9e None admin] RBAC: Authorizing `identity:create_system_grant_for_user(user_id=67791f76d9c544c2b673eac5121b8e98, role_id=2481a3cfb51246ae8ae62957d0da04a1)` {{(pid=46586) enforce_call /opt/stack/keystone/keystone/common/rbac_enforcer/enforcer.py:449}}
Nov 22 11:34:22 user devstack@keystone.service[46586]: DEBUG keystone.common.rbac_enforcer.enforcer [None req-84b60d9e-12f4-40fe-9556-fe8edf9a4e9e None admin] RBAC: Authorization granted {{(pid=46586) enforce_call /opt/stack/keystone/keystone/common/rbac_enforcer/enforcer.py:457}}
Nov 22 11:34:22 user devstack@keystone.service[46586]: [pid: 46586|app: 0|req: 80/241] 10.0.0.210 () {58 vars in 1329 bytes} [Wed Nov 22 11:34:22 2023] PUT /identity/v3/system/users/67791f76d9c544c2b673eac5121b8e98/roles/2481a3cfb51246ae8ae62957d0da04a1 => generated 0 bytes in 147 msecs (HTTP/1.1 204) 3 headers in 132 bytes (0 switches on core 0)
Nov 22 11:34:24 user devstack@keystone.service[46588]: DEBUG keystone.server.flask.request_processing.req_logging [None req-f01e3fc9-914f-43f0-bea7-af117ca97b64 None None] REQUEST_METHOD: `GET` {{(pid=46588) log_request_info /opt/stack/keystone/keystone/server/flask/request_processing/req_logging.py:27}}
Nov 22 11:34:24 user devstack@keystone.service[46588]: DEBUG keystone.server.flask.request_processing.req_logging [None req-f01e3fc9-914f-43f0-bea7-af117ca97b64 None None] SCRIPT_NAME: `/identity` {{(pid=46588) log_request_info /opt/stack/keystone/keystone/server/flask/request_processing/req_logging.py:28}}
Nov 22 11:34:24 user devstack@keystone.service[46588]: DEBUG keystone.server.flask.request_processing.req_logging [None req-f01e3fc9-914f-43f0-bea7-af117ca97b64 None None] PATH_INFO: `/` {{(pid=46588) log_request_info /opt/stack/keystone/keystone/server/flask/request_processing/req_logging.py:29}}
Nov 22 11:34:24 user devstack@keystone.service[46588]: [pid: 46588|app: 0|req: 83/242] 10.0.0.210 () {54 vars in 921 bytes} [Wed Nov 22 11:34:24 2023] GET /identity => generated 269 bytes in 3 msecs (HTTP/1.1 300) 6 headers in 233 bytes (1 switches on core 0)
Nov 22 11:34:24 user devstack@keystone.service[46587]: DEBUG keystone.server.flask.request_processing.req_logging [None req-e453beec-bf7a-4acf-afcf-f0e29f99d74b None None] REQUEST_METHOD: `POST` {{(pid=46587) log_request_info /opt/stack/keystone/keystone/server/flask/request_processing/req_logging.py:27}}
Nov 22 11:34:24 user devstack@keystone.service[46587]: DEBUG keystone.server.flask.request_processing.req_logging [None req-e453beec-bf7a-4acf-afcf-f0e29f99d74b None None] SCRIPT_NAME: `/identity` {{(pid=46587) log_request_info /opt/stack/keystone/keystone/server/flask/request_processing/req_logging.py:28}}
Nov 22 11:34:24 user devstack@keystone.service[46587]: DEBUG keystone.server.flask.request_processing.req_logging [None req-e453beec-bf7a-4acf-afcf-f0e29f99d74b None None] PATH_INFO: `/v3/auth/tokens` {{(pid=46587) log_request_info /opt/stack/keystone/keystone/server/flask/request_processing/req_logging.py:29}}
Nov 22 11:34:24 user devstack@keystone.service[46587]: WARNING keystone.common.password_hashing [None req-e453beec-bf7a-4acf-afcf-f0e29f99d74b None None] Truncating password to algorithm specific maximum length 72 characters.
Nov 22 11:34:24 user devstack@keystone.service[46587]: DEBUG keystone.auth.core [None req-e453beec-bf7a-4acf-afcf-f0e29f99d74b None None] MFA Rules not processed for user `d56d3fdd0fc147fa9454bf87b3b7aa8e`. Rule list: `[]` (Enabled: `True`). {{(pid=46587) check_auth_methods_against_rules /opt/stack/keystone/keystone/auth/core.py:438}}
Nov 22 11:34:24 user devstack@keystone.service[46587]: DEBUG keystone.common.fernet_utils [None req-e453beec-bf7a-4acf-afcf-f0e29f99d74b None None] Loaded 2 Fernet keys from /etc/keystone/fernet-keys/, but `[fernet_tokens] max_active_keys = 3`; perhaps there have not been enough key rotations to reach `max_active_keys` yet? {{(pid=46587) load_keys /opt/stack/keystone/keystone/common/fernet_utils.py:286}}
Nov 22 11:34:24 user devstack@keystone.service[46587]: [pid: 46587|app: 0|req: 80/243] 10.0.0.210 () {58 vars in 1018 bytes} [Wed Nov 22 11:34:24 2023] POST /identity/v3/auth/tokens => generated 861 bytes in 102 msecs (HTTP/1.1 201) 6 headers in 363 bytes (1 switches on core 0)
Nov 22 11:34:24 user devstack@keystone.service[46586]: DEBUG keystone.server.flask.request_processing.req_logging [None req-11f253e3-62e3-4d86-adf0-6b78ea64386b None None] REQUEST_METHOD: `GET` {{(pid=46586) log_request_info /opt/stack/keystone/keystone/server/flask/request_processing/req_logging.py:27}}
Nov 22 11:34:24 user devstack@keystone.service[46586]: DEBUG keystone.server.flask.request_processing.req_logging [None req-11f253e3-62e3-4d86-adf0-6b78ea64386b None None] SCRIPT_NAME: `/identity` {{(pid=46586) log_request_info /opt/stack/keystone/keystone/server/flask/request_processing/req_logging.py:28}}
Nov 22 11:34:24 user devstack@keystone.service[46586]: DEBUG keystone.server.flask.request_processing.req_logging [None req-11f253e3-62e3-4d86-adf0-6b78ea64386b None None] PATH_INFO: `/` {{(pid=46586) log_request_info /opt/stack/keystone/keystone/server/flask/request_processing/req_logging.py:29}}
Nov 22 11:34:24 user devstack@keystone.service[46586]: [pid: 46586|app: 0|req: 81/244] 10.0.0.210 () {54 vars in 921 bytes} [Wed Nov 22 11:34:24 2023] GET /identity => generated 269 bytes in 3 msecs (HTTP/1.1 300) 6 headers in 233 bytes (1 switches on core 0)
Nov 22 11:34:24 user devstack@keystone.service[46588]: DEBUG keystone.server.flask.request_processing.req_logging [None req-a15dda6b-9e83-495f-a5fa-d9bfee205972 None None] REQUEST_METHOD: `POST` {{(pid=46588) log_request_info /opt/stack/keystone/keystone/server/flask/request_processing/req_logging.py:27}}
Nov 22 11:34:24 user devstack@keystone.service[46588]: DEBUG keystone.server.flask.request_processing.req_logging [None req-a15dda6b-9e83-495f-a5fa-d9bfee205972 None None] SCRIPT_NAME: `/identity` {{(pid=46588) log_request_info /opt/stack/keystone/keystone/server/flask/request_processing/req_logging.py:28}}
Nov 22 11:34:24 user devstack@keystone.service[46588]: DEBUG keystone.server.flask.request_processing.req_logging [None req-a15dda6b-9e83-495f-a5fa-d9bfee205972 None None] PATH_INFO: `/v3/auth/tokens` {{(pid=46588) log_request_info /opt/stack/keystone/keystone/server/flask/request_processing/req_logging.py:29}}
Nov 22 11:34:24 user devstack@keystone.service[46588]: WARNING keystone.common.password_hashing [None req-a15dda6b-9e83-495f-a5fa-d9bfee205972 None None] Truncating password to algorithm specific maximum length 72 characters.
Nov 22 11:34:24 user devstack@keystone.service[46588]: DEBUG keystone.auth.core [None req-a15dda6b-9e83-495f-a5fa-d9bfee205972 None None] MFA Rules not processed for user `d56d3fdd0fc147fa9454bf87b3b7aa8e`. Rule list: `[]` (Enabled: `True`). {{(pid=46588) check_auth_methods_against_rules /opt/stack/keystone/keystone/auth/core.py:438}}
Nov 22 11:34:24 user devstack@keystone.service[46588]: DEBUG keystone.common.fernet_utils [None req-a15dda6b-9e83-495f-a5fa-d9bfee205972 None None] Loaded 2 Fernet keys from /etc/keystone/fernet-keys/, but `[fernet_tokens] max_active_keys = 3`; perhaps there have not been enough key rotations to reach `max_active_keys` yet? {{(pid=46588) load_keys /opt/stack/keystone/keystone/common/fernet_utils.py:286}}
Nov 22 11:34:24 user devstack@keystone.service[46588]: [pid: 46588|app: 0|req: 84/245] 10.0.0.210 () {58 vars in 1018 bytes} [Wed Nov 22 11:34:24 2023] POST /identity/v3/auth/tokens => generated 861 bytes in 82 msecs (HTTP/1.1 201) 6 headers in 363 bytes (1 switches on core 0)
Nov 22 11:34:24 user devstack@keystone.service[46587]: DEBUG keystone.server.flask.request_processing.req_logging [None req-4c36220c-80d6-488f-a11d-9ba9ce2cba0a None None] REQUEST_METHOD: `GET` {{(pid=46587) log_request_info /opt/stack/keystone/keystone/server/flask/request_processing/req_logging.py:27}}
Nov 22 11:34:24 user devstack@keystone.service[46587]: DEBUG keystone.server.flask.request_processing.req_logging [None req-4c36220c-80d6-488f-a11d-9ba9ce2cba0a None None] SCRIPT_NAME: `/identity` {{(pid=46587) log_request_info /opt/stack/keystone/keystone/server/flask/request_processing/req_logging.py:28}}
Nov 22 11:34:24 user devstack@keystone.service[46587]: DEBUG keystone.server.flask.request_processing.req_logging [None req-4c36220c-80d6-488f-a11d-9ba9ce2cba0a None None] PATH_INFO: `/` {{(pid=46587) log_request_info /opt/stack/keystone/keystone/server/flask/request_processing/req_logging.py:29}}
Nov 22 11:34:24 user devstack@keystone.service[46587]: [pid: 46587|app: 0|req: 81/246] 10.0.0.210 () {54 vars in 921 bytes} [Wed Nov 22 11:34:24 2023] GET /identity => generated 269 bytes in 3 msecs (HTTP/1.1 300) 6 headers in 233 bytes (1 switches on core 0)
Nov 22 11:34:24 user devstack@keystone.service[46586]: DEBUG keystone.server.flask.request_processing.req_logging [None req-bb509299-1a96-4277-ac43-0d2a0e8e1ee7 None None] REQUEST_METHOD: `POST` {{(pid=46586) log_request_info /opt/stack/keystone/keystone/server/flask/request_processing/req_logging.py:27}}
Nov 22 11:34:24 user devstack@keystone.service[46586]: DEBUG keystone.server.flask.request_processing.req_logging [None req-bb509299-1a96-4277-ac43-0d2a0e8e1ee7 None None] SCRIPT_NAME: `/identity` {{(pid=46586) log_request_info /opt/stack/keystone/keystone/server/flask/request_processing/req_logging.py:28}}
Nov 22 11:34:24 user devstack@keystone.service[46586]: DEBUG keystone.server.flask.request_processing.req_logging [None req-bb509299-1a96-4277-ac43-0d2a0e8e1ee7 None None] PATH_INFO: `/v3/auth/tokens` {{(pid=46586) log_request_info /opt/stack/keystone/keystone/server/flask/request_processing/req_logging.py:29}}
Nov 22 11:34:24 user devstack@keystone.service[46586]: WARNING keystone.common.password_hashing [None req-bb509299-1a96-4277-ac43-0d2a0e8e1ee7 None None] Truncating password to algorithm specific maximum length 72 characters.
Nov 22 11:34:24 user devstack@keystone.service[46586]: DEBUG keystone.auth.core [None req-bb509299-1a96-4277-ac43-0d2a0e8e1ee7 None None] MFA Rules not processed for user `d56d3fdd0fc147fa9454bf87b3b7aa8e`. Rule list: `[]` (Enabled: `True`). {{(pid=46586) check_auth_methods_against_rules /opt/stack/keystone/keystone/auth/core.py:438}}
Nov 22 11:34:24 user devstack@keystone.service[46586]: DEBUG keystone.common.fernet_utils [None req-bb509299-1a96-4277-ac43-0d2a0e8e1ee7 None None] Loaded 2 Fernet keys from /etc/keystone/fernet-keys/, but `[fernet_tokens] max_active_keys = 3`; perhaps there have not been enough key rotations to reach `max_active_keys` yet? {{(pid=46586) load_keys /opt/stack/keystone/keystone/common/fernet_utils.py:286}}
Nov 22 11:34:24 user devstack@keystone.service[46588]: DEBUG keystone.server.flask.request_processing.middleware.auth_context [None req-a15dda6b-9e83-495f-a5fa-d9bfee205972 None None] Authenticating user token {{(pid=46588) process_request /opt/stack/data/venv/lib/python3.10/site-packages/keystonemiddleware/auth_token/__init__.py:406}}
Nov 22 11:34:24 user devstack@keystone.service[46586]: [pid: 46586|app: 0|req: 82/247] 10.0.0.210 () {58 vars in 1018 bytes} [Wed Nov 22 11:34:24 2023] POST /identity/v3/auth/tokens => generated 861 bytes in 86 msecs (HTTP/1.1 201) 6 headers in 363 bytes (1 switches on core 0)
Nov 22 11:34:24 user devstack@keystone.service[46588]: DEBUG keystone.server.flask.request_processing.middleware.auth_context [None req-a15dda6b-9e83-495f-a5fa-d9bfee205972 None None] Validating token access rules against request {{(pid=46588) validate_allowed_request /opt/stack/data/venv/lib/python3.10/site-packages/keystonemiddleware/auth_token/__init__.py:544}}
Nov 22 11:34:24 user devstack@keystone.service[46588]: DEBUG keystone.server.flask.request_processing.middleware.auth_context [None req-5a184cd7-56b2-43a2-a2a6-63f645aaf6e1 None admin] RBAC: auth_context: {'token': , 'domain_id': None, 'trust_id': None, 'trustor_id': None, 'trustee_id': None, 'domain_name': None, 'group_ids': [], 'user_id': 'd56d3fdd0fc147fa9454bf87b3b7aa8e', 'user_domain_id': 'default', 'system_scope': 'all', 'project_id': None, 'project_domain_id': None, 'roles': ['admin', 'manager', 'member', 'reader'], 'is_admin_project': True, 'service_user_id': None, 'service_user_domain_id': None, 'service_project_id': None, 'service_project_domain_id': None, 'service_roles': []} {{(pid=46588) fill_context /opt/stack/keystone/keystone/server/flask/request_processing/middleware/auth_context.py:480}}
Nov 22 11:34:24 user devstack@keystone.service[46588]: DEBUG keystone.server.flask.request_processing.req_logging [None req-5a184cd7-56b2-43a2-a2a6-63f645aaf6e1 None admin] REQUEST_METHOD: `GET` {{(pid=46588) log_request_info /opt/stack/keystone/keystone/server/flask/request_processing/req_logging.py:27}}
Nov 22 11:34:24 user devstack@keystone.service[46588]: DEBUG keystone.server.flask.request_processing.req_logging [None req-5a184cd7-56b2-43a2-a2a6-63f645aaf6e1 None admin] SCRIPT_NAME: `/identity` {{(pid=46588) log_request_info /opt/stack/keystone/keystone/server/flask/request_processing/req_logging.py:28}}
Nov 22 11:34:24 user devstack@keystone.service[46588]: DEBUG keystone.server.flask.request_processing.req_logging [None req-5a184cd7-56b2-43a2-a2a6-63f645aaf6e1 None admin] PATH_INFO: `/v3/domains/default` {{(pid=46588) log_request_info /opt/stack/keystone/keystone/server/flask/request_processing/req_logging.py:29}}
Nov 22 11:34:24 user devstack@keystone.service[46588]: DEBUG keystone.common.rbac_enforcer.enforcer [None req-5a184cd7-56b2-43a2-a2a6-63f645aaf6e1 None admin] RBAC: Authorizing `identity:get_domain(domain_id=default)` {{(pid=46588) enforce_call /opt/stack/keystone/keystone/common/rbac_enforcer/enforcer.py:449}}
Nov 22 11:34:24 user devstack@keystone.service[46588]: DEBUG keystone.common.rbac_enforcer.enforcer [None req-5a184cd7-56b2-43a2-a2a6-63f645aaf6e1 None admin] RBAC: Authorization granted {{(pid=46588) enforce_call /opt/stack/keystone/keystone/common/rbac_enforcer/enforcer.py:457}}
Nov 22 11:34:24 user devstack@keystone.service[46588]: [pid: 46588|app: 0|req: 85/248] 10.0.0.210 () {56 vars in 1103 bytes} [Wed Nov 22 11:34:24 2023] GET /identity/v3/domains/default => generated 198 bytes in 138 msecs (HTTP/1.1 200) 5 headers in 177 bytes (1 switches on core 0)
Nov 22 11:34:24 user devstack@keystone.service[46587]: DEBUG keystone.server.flask.request_processing.middleware.auth_context [None req-4c36220c-80d6-488f-a11d-9ba9ce2cba0a None None] Authenticating user token {{(pid=46587) process_request /opt/stack/data/venv/lib/python3.10/site-packages/keystonemiddleware/auth_token/__init__.py:406}}
Nov 22 11:34:24 user devstack@keystone.service[46586]: DEBUG keystone.server.flask.request_processing.middleware.auth_context [None req-bb509299-1a96-4277-ac43-0d2a0e8e1ee7 None None] Authenticating user token {{(pid=46586) process_request /opt/stack/data/venv/lib/python3.10/site-packages/keystonemiddleware/auth_token/__init__.py:406}}
Nov 22 11:34:24 user devstack@keystone.service[46586]: DEBUG keystone.server.flask.request_processing.middleware.auth_context [None req-bb509299-1a96-4277-ac43-0d2a0e8e1ee7 None None] Validating token access rules against request {{(pid=46586) validate_allowed_request /opt/stack/data/venv/lib/python3.10/site-packages/keystonemiddleware/auth_token/__init__.py:544}}
Nov 22 11:34:24 user devstack@keystone.service[46587]: DEBUG keystone.server.flask.request_processing.middleware.auth_context [None req-4c36220c-80d6-488f-a11d-9ba9ce2cba0a None None] Validating token access rules against request {{(pid=46587) validate_allowed_request /opt/stack/data/venv/lib/python3.10/site-packages/keystonemiddleware/auth_token/__init__.py:544}}
Nov 22 11:34:24 user devstack@keystone.service[46588]: DEBUG keystone.server.flask.request_processing.middleware.auth_context [None req-5a184cd7-56b2-43a2-a2a6-63f645aaf6e1 None admin] Authenticating user token {{(pid=46588) process_request /opt/stack/data/venv/lib/python3.10/site-packages/keystonemiddleware/auth_token/__init__.py:406}}
Nov 22 11:34:24 user devstack@keystone.service[46586]: DEBUG keystone.server.flask.request_processing.middleware.auth_context [None req-d9fa0f8f-b23e-4709-a538-32cee88582c8 None admin] RBAC: auth_context: {'token': , 'domain_id': None, 'trust_id': None, 'trustor_id': None, 'trustee_id': None, 'domain_name': None, 'group_ids': [], 'user_id': 'd56d3fdd0fc147fa9454bf87b3b7aa8e', 'user_domain_id': 'default', 'system_scope': 'all', 'project_id': None, 'project_domain_id': None, 'roles': ['admin', 'manager', 'member', 'reader'], 'is_admin_project': True, 'service_user_id': None, 'service_user_domain_id': None, 'service_project_id': None, 'service_project_domain_id': None, 'service_roles': []} {{(pid=46586) fill_context /opt/stack/keystone/keystone/server/flask/request_processing/middleware/auth_context.py:480}}
Nov 22 11:34:24 user devstack@keystone.service[46586]: DEBUG keystone.server.flask.request_processing.req_logging [None req-d9fa0f8f-b23e-4709-a538-32cee88582c8 None admin] REQUEST_METHOD: `GET` {{(pid=46586) log_request_info /opt/stack/keystone/keystone/server/flask/request_processing/req_logging.py:27}}
Nov 22 11:34:24 user devstack@keystone.service[46587]: DEBUG keystone.server.flask.request_processing.middleware.auth_context [None req-9b76ca4b-d685-4550-8ad7-60887121a6f7 None admin] RBAC: auth_context: {'token': , 'domain_id': None, 'trust_id': None, 'trustor_id': None, 'trustee_id': None, 'domain_name': None, 'group_ids': [], 'user_id': 'd56d3fdd0fc147fa9454bf87b3b7aa8e', 'user_domain_id': 'default', 'system_scope': 'all', 'project_id': None, 'project_domain_id': None, 'roles': ['admin', 'manager', 'member', 'reader'], 'is_admin_project': True, 'service_user_id': None, 'service_user_domain_id': None, 'service_project_id': None, 'service_project_domain_id': None, 'service_roles': []} {{(pid=46587) fill_context /opt/stack/keystone/keystone/server/flask/request_processing/middleware/auth_context.py:480}}
Nov 22 11:34:24 user devstack@keystone.service[46586]: DEBUG keystone.server.flask.request_processing.req_logging [None req-d9fa0f8f-b23e-4709-a538-32cee88582c8 None admin] SCRIPT_NAME: `/identity` {{(pid=46586) log_request_info /opt/stack/keystone/keystone/server/flask/request_processing/req_logging.py:28}}
Nov 22 11:34:24 user devstack@keystone.service[46586]: DEBUG keystone.server.flask.request_processing.req_logging [None req-d9fa0f8f-b23e-4709-a538-32cee88582c8 None admin] PATH_INFO: `/v3/roles/reader` {{(pid=46586) log_request_info /opt/stack/keystone/keystone/server/flask/request_processing/req_logging.py:29}}
Nov 22 11:34:24 user devstack@keystone.service[46587]: DEBUG keystone.server.flask.request_processing.req_logging [None req-9b76ca4b-d685-4550-8ad7-60887121a6f7 None admin] REQUEST_METHOD: `POST` {{(pid=46587) log_request_info /opt/stack/keystone/keystone/server/flask/request_processing/req_logging.py:27}}
Nov 22 11:34:24 user devstack@keystone.service[46587]: DEBUG keystone.server.flask.request_processing.req_logging [None req-9b76ca4b-d685-4550-8ad7-60887121a6f7 None admin] SCRIPT_NAME: `/identity` {{(pid=46587) log_request_info /opt/stack/keystone/keystone/server/flask/request_processing/req_logging.py:28}}
Nov 22 11:34:24 user devstack@keystone.service[46587]: DEBUG keystone.server.flask.request_processing.req_logging [None req-9b76ca4b-d685-4550-8ad7-60887121a6f7 None admin] PATH_INFO: `/v3/groups` {{(pid=46587) log_request_info /opt/stack/keystone/keystone/server/flask/request_processing/req_logging.py:29}}
Nov 22 11:34:24 user devstack@keystone.service[46587]: DEBUG keystone.common.rbac_enforcer.enforcer [None req-9b76ca4b-d685-4550-8ad7-60887121a6f7 None admin] RBAC: Authorizing `identity:create_group()` {{(pid=46587) enforce_call /opt/stack/keystone/keystone/common/rbac_enforcer/enforcer.py:449}}
Nov 22 11:34:24 user devstack@keystone.service[46587]: DEBUG keystone.common.rbac_enforcer.enforcer [None req-9b76ca4b-d685-4550-8ad7-60887121a6f7 None admin] RBAC: Authorization granted {{(pid=46587) enforce_call /opt/stack/keystone/keystone/common/rbac_enforcer/enforcer.py:457}}
Nov 22 11:34:24 user devstack@keystone.service[46586]: DEBUG keystone.common.rbac_enforcer.enforcer [None req-d9fa0f8f-b23e-4709-a538-32cee88582c8 None admin] Extracting inferred target data resulted in "NOT FOUND (404)". {{(pid=46586) enforce_call /opt/stack/keystone/keystone/common/rbac_enforcer/enforcer.py:409}}
Nov 22 11:34:24 user devstack@keystone.service[46586]: ERROR keystone.server.flask.application [None req-d9fa0f8f-b23e-4709-a538-32cee88582c8 None admin] Could not find role: reader.: keystone.exception.RoleNotFound: Could not find role: reader.
Nov 22 11:34:24 user devstack@keystone.service[46586]: ERROR keystone.server.flask.application
Traceback (most recent call last):
Nov 22 11:34:24 user devstack@keystone.service[46586]: ERROR keystone.server.flask.application
File "/opt/stack/data/venv/lib/python3.10/site-packages/flask/app.py", line 1823, in full_dispatch_request
Nov 22 11:34:24 user devstack@keystone.service[46586]: ERROR keystone.server.flask.application rv = self.dispatch_request()
Nov 22 11:34:24 user devstack@keystone.service[46586]: ERROR keystone.server.flask.application
File "/opt/stack/data/venv/lib/python3.10/site-packages/flask/app.py", line 1799, in dispatch_request
Nov 22 11:34:24 user devstack@keystone.service[46586]: ERROR keystone.server.flask.application return self.ensure_sync(self.view_functions[rule.endpoint])(**view_args)
Nov 22 11:34:24 user devstack@keystone.service[46586]: ERROR keystone.server.flask.application
File "/opt/stack/data/venv/lib/python3.10/site-packages/flask_restful/__init__.py", line 489, in wrapper
Nov 22 11:34:24 user devstack@keystone.service[46586]: ERROR keystone.server.flask.application resp = resource(*args, **kwargs)
Nov 22 11:34:24 user devstack@keystone.service[46586]: ERROR keystone.server.flask.application
File "/opt/stack/data/venv/lib/python3.10/site-packages/flask/views.py", line 107, in view
Nov 22 11:34:24 user devstack@keystone.service[46586]: ERROR keystone.server.flask.application return current_app.ensure_sync(self.dispatch_request)(**kwargs)
Nov 22 11:34:24 user devstack@keystone.service[46586]: ERROR keystone.server.flask.application
File "/opt/stack/data/venv/lib/python3.10/site-packages/flask_restful/__init__.py", line 604, in dispatch_request
Nov 22 11:34:24 user devstack@keystone.service[46586]: ERROR keystone.server.flask.application resp = meth(*args, **kwargs)
Nov 22 11:34:24 user devstack@keystone.service[46586]: ERROR keystone.server.flask.application
File "/opt/stack/keystone/keystone/api/roles.py", line 50, in get
Nov 22 11:34:24 user devstack@keystone.service[46586]: ERROR keystone.server.flask.application return self._get_role(role_id)
Nov 22 11:34:24 user devstack@keystone.service[46586]: ERROR keystone.server.flask.application
File "/opt/stack/keystone/keystone/api/roles.py", line 70, in _get_role
Nov 22 11:34:24 user devstack@keystone.service[46586]: ERROR keystone.server.flask.application ENFORCER.enforce_call(action='identity:get_role')
Nov 22 11:34:24 user devstack@keystone.service[46586]: ERROR keystone.server.flask.application
File "/opt/stack/keystone/keystone/common/rbac_enforcer/enforcer.py", line 402, in enforce_call
Nov 22 11:34:24 user devstack@keystone.service[46586]: ERROR keystone.server.flask.application policy_dict.update(cls._extract_member_target_data(
Nov 22 11:34:24 user devstack@keystone.service[46586]: ERROR keystone.server.flask.application
File "/opt/stack/keystone/keystone/common/rbac_enforcer/enforcer.py", line 234, in _extract_member_target_data
Nov 22 11:34:24 user devstack@keystone.service[46586]: ERROR keystone.server.flask.application member_name: func(flask.request.view_args[key])
Nov 22 11:34:24 user devstack@keystone.service[46586]: ERROR keystone.server.flask.application
File "/opt/stack/keystone/keystone/common/manager.py", line 115, in wrapped
Nov 22 11:34:24 user devstack@keystone.service[46586]: ERROR keystone.server.flask.application __ret_val = __f(*args, **kwargs)
Nov 22 11:34:24 user devstack@keystone.service[46586]: ERROR keystone.server.flask.application
File "/opt/stack/data/venv/lib/python3.10/site-packages/decorator.py", line 232, in fun
Nov 22 11:34:24 user devstack@keystone.service[46586]: ERROR keystone.server.flask.application return caller(func, *(extras + args), **kw)
Nov 22 11:34:24 user devstack@keystone.service[46586]: ERROR keystone.server.flask.application
File "/opt/stack/data/venv/lib/python3.10/site-packages/dogpile/cache/region.py", line 1594, in get_or_create_for_user_func
Nov 22 11:34:24 user devstack@keystone.service[46586]: ERROR keystone.server.flask.application return self.get_or_create(
Nov 22 11:34:24 user devstack@keystone.service[46586]: ERROR keystone.server.flask.application
File "/opt/stack/data/venv/lib/python3.10/site-packages/dogpile/cache/region.py", line 1054, in get_or_create
Nov 22 11:34:24 user devstack@keystone.service[46586]: ERROR keystone.server.flask.application with Lock(
Nov 22 11:34:24 user devstack@keystone.service[46586]: ERROR keystone.server.flask.application
File "/opt/stack/data/venv/lib/python3.10/site-packages/dogpile/lock.py", line 185, in __enter__
Nov 22 11:34:24 user devstack@keystone.service[46586]: ERROR keystone.server.flask.application return self._enter()
Nov 22 11:34:24 user devstack@keystone.service[46586]: ERROR keystone.server.flask.application
File "/opt/stack/data/venv/lib/python3.10/site-packages/dogpile/lock.py", line 94, in _enter
Nov 22 11:34:24 user devstack@keystone.service[46586]: ERROR keystone.server.flask.application generated = self._enter_create(value, createdtime)
Nov 22 11:34:24 user devstack@keystone.service[46586]: ERROR keystone.server.flask.application
File "/opt/stack/data/venv/lib/python3.10/site-packages/dogpile/lock.py", line 178, in _enter_create
Nov 22 11:34:24 user devstack@keystone.service[46586]: ERROR keystone.server.flask.application return self.creator()
Nov 22 11:34:24 user devstack@keystone.service[46586]: ERROR keystone.server.flask.application
File "/opt/stack/data/venv/lib/python3.10/site-packages/dogpile/cache/region.py", line 1007, in gen_value
Nov 22 11:34:24 user devstack@keystone.service[46586]: ERROR keystone.server.flask.application created_value = creator(
Nov 22 11:34:24 user devstack@keystone.service[46586]: ERROR keystone.server.flask.application
File "/opt/stack/keystone/keystone/assignment/core.py", line 1276, in get_role
Nov 22 11:34:24 user devstack@keystone.service[46586]: ERROR keystone.server.flask.application return self.driver.get_role(role_id)
Nov 22 11:34:24 user devstack@keystone.service[46586]: ERROR keystone.server.flask.application
File "/opt/stack/keystone/keystone/assignment/role_backends/sql.py", line 70, in get_role
Nov 22 11:34:24 user devstack@keystone.service[46586]: ERROR keystone.server.flask.application return self._get_role(session, role_id).to_dict()
Nov 22 11:34:24 user devstack@keystone.service[46586]: ERROR keystone.server.flask.application
File "/opt/stack/keystone/keystone/assignment/role_backends/sql.py", line 65, in _get_role
Nov 22 11:34:24 user devstack@keystone.service[46586]: ERROR keystone.server.flask.application raise exception.RoleNotFound(role_id=role_id)
Nov 22 11:34:24 user devstack@keystone.service[46586]: ERROR keystone.server.flask.application keystone.exception.RoleNotFound: Could not find role: reader.
Nov 22 11:34:24 user devstack@keystone.service[46586]: ERROR keystone.server.flask.application
Nov 22 11:34:24 user devstack@keystone.service[46586]: [pid: 46586|app: 0|req: 83/249] 10.0.0.210 () {56 vars in 1094 bytes} [Wed Nov 22 11:34:24 2023] GET /identity/v3/roles/reader => generated 84 bytes in 164 msecs (HTTP/1.1 404) 5 headers in 183 bytes (1 switches on core 0)
Nov 22 11:34:24 user devstack@keystone.service[46586]: DEBUG keystone.server.flask.request_processing.middleware.auth_context [None req-d9fa0f8f-b23e-4709-a538-32cee88582c8 None admin] Authenticating user token {{(pid=46586) process_request /opt/stack/data/venv/lib/python3.10/site-packages/keystonemiddleware/auth_token/__init__.py:406}}
Nov 22 11:34:24 user devstack@keystone.service[46587]: [pid: 46587|app: 0|req: 82/250] 10.0.0.210 () {60 vars in 1129 bytes} [Wed Nov 22 11:34:24 2023] POST /identity/v3/groups => generated 225 bytes in 177 msecs (HTTP/1.1 201) 5 headers in 182 bytes (1 switches on core 0)
