Jul 24 07:59:41 user devstack@c-api.service[71023]: DEBUG cinder.api.middleware.request_id [None req-325b142d-bf5f-4d01-8d63-d1f810fbbc87 None None] RequestId filter calling following filter/app {{(pid=71023) _context_setter /opt/stack/cinder/cinder/api/middleware/request_id.py:62}}
Jul 24 07:59:41 user devstack@c-api.service[71023]: INFO cinder.api.openstack.wsgi [None req-325b142d-bf5f-4d01-8d63-d1f810fbbc87 tempest-VolumesTransfersV357Test-895758928 tempest-VolumesTransfersV357Test-895758928-project-member] GET http://10.0.0.210/volume/v3/f0073e8f1f19494fa0c13e5eb179e95a/volumes/1a06c208-d329-416b-bbbe-eb57a66681f9
Jul 24 07:59:41 user devstack@c-api.service[71023]: DEBUG cinder.api.openstack.wsgi [None req-325b142d-bf5f-4d01-8d63-d1f810fbbc87 tempest-VolumesTransfersV357Test-895758928 tempest-VolumesTransfersV357Test-895758928-project-member] Empty body provided in request {{(pid=71023) get_body /opt/stack/cinder/cinder/api/openstack/wsgi.py:715}}
Jul 24 07:59:41 user devstack@c-api.service[71023]: DEBUG cinder.api.openstack.wsgi [None req-325b142d-bf5f-4d01-8d63-d1f810fbbc87 tempest-VolumesTransfersV357Test-895758928 tempest-VolumesTransfersV357Test-895758928-project-member] Calling method 'show' {{(pid=71023) _process_stack /opt/stack/cinder/cinder/api/openstack/wsgi.py:868}}
Jul 24 07:59:41 user devstack@c-api.service[71023]: /usr/local/lib/python3.10/dist-packages/oslo_context/context.py:100: DeprecationWarning: Policy enforcement is depending on the value of is_admin. This key is deprecated. Please update your policy file to use the standard policy values.
Jul 24 07:59:41 user devstack@c-api.service[71023]: warnings.warn('Policy enforcement is depending on the value of '
Jul 24 07:59:41 user devstack@c-api.service[71023]: INFO cinder.volume.api [None req-325b142d-bf5f-4d01-8d63-d1f810fbbc87 tempest-VolumesTransfersV357Test-895758928 tempest-VolumesTransfersV357Test-895758928-project-member] Volume info retrieved successfully.
Jul 24 07:59:41 user devstack@c-api.service[71023]: INFO cinder.api.openstack.wsgi [None req-325b142d-bf5f-4d01-8d63-d1f810fbbc87 tempest-VolumesTransfersV357Test-895758928 tempest-VolumesTransfersV357Test-895758928-project-member] http://10.0.0.210/volume/v3/f0073e8f1f19494fa0c13e5eb179e95a/volumes/1a06c208-d329-416b-bbbe-eb57a66681f9 returned with HTTP 200
Jul 24 07:59:41 user devstack@c-api.service[71023]: [pid: 71023|app: 0|req: 102/312] 10.0.0.210 () {64 vars in 1443 bytes} [Mon Jul 24 07:59:41 2023] GET /volume/v3/f0073e8f1f19494fa0c13e5eb179e95a/volumes/1a06c208-d329-416b-bbbe-eb57a66681f9 => generated 1013 bytes in 100 msecs (HTTP/1.1 200) 7 headers in 287 bytes (1 switches on core 0)
Jul 24 07:59:41 user devstack@c-api.service[71025]: DEBUG cinder.api.middleware.request_id [None req-7e514643-644e-4744-b950-8a57659f709f None None] RequestId filter calling following filter/app {{(pid=71025) _context_setter /opt/stack/cinder/cinder/api/middleware/request_id.py:62}}
Jul 24 07:59:41 user devstack@c-api.service[71025]: INFO cinder.api.openstack.wsgi [None req-7e514643-644e-4744-b950-8a57659f709f tempest-VolumesTransfersV357Test-895758928 tempest-VolumesTransfersV357Test-895758928-project-member] GET http://10.0.0.210/volume/v3/f0073e8f1f19494fa0c13e5eb179e95a/volumes/1a06c208-d329-416b-bbbe-eb57a66681f9
Jul 24 07:59:41 user devstack@c-api.service[71025]: DEBUG cinder.api.openstack.wsgi [None req-7e514643-644e-4744-b950-8a57659f709f tempest-VolumesTransfersV357Test-895758928 tempest-VolumesTransfersV357Test-895758928-project-member] Empty body provided in request {{(pid=71025) get_body /opt/stack/cinder/cinder/api/openstack/wsgi.py:715}}
Jul 24 07:59:41 user devstack@c-api.service[71025]: DEBUG cinder.api.openstack.wsgi [None req-7e514643-644e-4744-b950-8a57659f709f tempest-VolumesTransfersV357Test-895758928 tempest-VolumesTransfersV357Test-895758928-project-member] Calling method 'show' {{(pid=71025) _process_stack /opt/stack/cinder/cinder/api/openstack/wsgi.py:868}}
Jul 24 07:59:42 user devstack@c-api.service[71025]: /usr/local/lib/python3.10/dist-packages/oslo_context/context.py:100: DeprecationWarning: Policy enforcement is depending on the value of is_admin. This key is deprecated. Please update your policy file to use the standard policy values.
Jul 24 07:59:42 user devstack@c-api.service[71025]: warnings.warn('Policy enforcement is depending on the value of '
Jul 24 07:59:42 user devstack@c-api.service[71025]: INFO cinder.volume.api [None req-7e514643-644e-4744-b950-8a57659f709f tempest-VolumesTransfersV357Test-895758928 tempest-VolumesTransfersV357Test-895758928-project-member] Volume info retrieved successfully.
Jul 24 07:59:42 user devstack@c-api.service[71025]: INFO cinder.api.openstack.wsgi [None req-7e514643-644e-4744-b950-8a57659f709f tempest-VolumesTransfersV357Test-895758928 tempest-VolumesTransfersV357Test-895758928-project-member] http://10.0.0.210/volume/v3/f0073e8f1f19494fa0c13e5eb179e95a/volumes/1a06c208-d329-416b-bbbe-eb57a66681f9 returned with HTTP 200
Jul 24 07:59:42 user devstack@c-api.service[71025]: [pid: 71025|app: 0|req: 104/313] 10.0.0.210 () {64 vars in 1443 bytes} [Mon Jul 24 07:59:41 2023] GET /volume/v3/f0073e8f1f19494fa0c13e5eb179e95a/volumes/1a06c208-d329-416b-bbbe-eb57a66681f9 => generated 1013 bytes in 62 msecs (HTTP/1.1 200) 7 headers in 287 bytes (1 switches on core 0)
Jul 24 07:59:42 user devstack@c-api.service[71024]: DEBUG cinder.api.middleware.request_id [None req-563ff8e5-c8a7-4ac5-95ed-61ec706e4324 None None] RequestId filter calling following filter/app {{(pid=71024) _context_setter /opt/stack/cinder/cinder/api/middleware/request_id.py:62}}
Jul 24 07:59:42 user devstack@c-api.service[71024]: INFO cinder.api.openstack.wsgi [None req-563ff8e5-c8a7-4ac5-95ed-61ec706e4324 tempest-VolumesTransfersV357Test-621656057 tempest-VolumesTransfersV357Test-621656057-project-member] DELETE http://10.0.0.210/volume/v3/853b00a830454668877531208f933c8f/volume-transfers/32ef0b29-ab6e-4d99-942c-669138220e1f
Jul 24 07:59:42 user devstack@c-api.service[71024]: DEBUG cinder.api.openstack.wsgi [None req-563ff8e5-c8a7-4ac5-95ed-61ec706e4324 tempest-VolumesTransfersV357Test-621656057 tempest-VolumesTransfersV357Test-621656057-project-member] Empty body provided in request {{(pid=71024) get_body /opt/stack/cinder/cinder/api/openstack/wsgi.py:715}}
Jul 24 07:59:42 user devstack@c-api.service[71024]: DEBUG cinder.api.openstack.wsgi [None req-563ff8e5-c8a7-4ac5-95ed-61ec706e4324 tempest-VolumesTransfersV357Test-621656057 tempest-VolumesTransfersV357Test-621656057-project-member] Calling method 'delete' {{(pid=71024) _process_stack /opt/stack/cinder/cinder/api/openstack/wsgi.py:868}}
Jul 24 07:59:42 user devstack@c-api.service[71024]: INFO cinder.api.contrib.volume_transfer [None req-563ff8e5-c8a7-4ac5-95ed-61ec706e4324 tempest-VolumesTransfersV357Test-621656057 tempest-VolumesTransfersV357Test-621656057-project-member] Delete transfer with id: 32ef0b29-ab6e-4d99-942c-669138220e1f
Jul 24 07:59:42 user devstack@c-api.service[71024]: INFO cinder.api.openstack.wsgi [None req-563ff8e5-c8a7-4ac5-95ed-61ec706e4324 tempest-VolumesTransfersV357Test-621656057 tempest-VolumesTransfersV357Test-621656057-project-member] http://10.0.0.210/volume/v3/853b00a830454668877531208f933c8f/volume-transfers/32ef0b29-ab6e-4d99-942c-669138220e1f returned with HTTP 404
Jul 24 07:59:42 user devstack@c-api.service[71024]: [pid: 71024|app: 0|req: 108/314] 10.0.0.210 () {64 vars in 1473 bytes} [Mon Jul 24 07:59:42 2023] DELETE /volume/v3/853b00a830454668877531208f933c8f/volume-transfers/32ef0b29-ab6e-4d99-942c-669138220e1f => generated 111 bytes in 19 msecs (HTTP/1.1 404) 7 headers in 293 bytes (1 switches on core 0)
Jul 24 07:59:42 user devstack@c-api.service[71023]: DEBUG cinder.api.middleware.request_id [None req-4977905d-74d6-400a-ac06-7122fe58f66d None None] RequestId filter calling following filter/app {{(pid=71023) _context_setter /opt/stack/cinder/cinder/api/middleware/request_id.py:62}}
Jul 24 07:59:42 user devstack@c-api.service[71023]: INFO cinder.api.openstack.wsgi [None req-4977905d-74d6-400a-ac06-7122fe58f66d tempest-VolumesTransfersV357Test-2054415221 tempest-VolumesTransfersV357Test-2054415221-project-admin] DELETE http://10.0.0.210/volume/v3/dc88ac075a014189a81e581e23d26310/volumes/1a06c208-d329-416b-bbbe-eb57a66681f9
Jul 24 07:59:42 user devstack@c-api.service[71023]: DEBUG cinder.api.openstack.wsgi [None req-4977905d-74d6-400a-ac06-7122fe58f66d tempest-VolumesTransfersV357Test-2054415221 tempest-VolumesTransfersV357Test-2054415221-project-admin] Empty body provided in request {{(pid=71023) get_body /opt/stack/cinder/cinder/api/openstack/wsgi.py:715}}
Jul 24 07:59:42 user devstack@c-api.service[71023]: DEBUG cinder.api.openstack.wsgi [None req-4977905d-74d6-400a-ac06-7122fe58f66d tempest-VolumesTransfersV357Test-2054415221 tempest-VolumesTransfersV357Test-2054415221-project-admin] Calling method 'delete' {{(pid=71023) _process_stack /opt/stack/cinder/cinder/api/openstack/wsgi.py:868}}
Jul 24 07:59:42 user devstack@c-api.service[71023]: INFO cinder.api.v3.volumes [None req-4977905d-74d6-400a-ac06-7122fe58f66d tempest-VolumesTransfersV357Test-2054415221 tempest-VolumesTransfersV357Test-2054415221-project-admin] Delete volume with id: 1a06c208-d329-416b-bbbe-eb57a66681f9
Jul 24 07:59:42 user devstack@c-api.service[71025]: DEBUG cinder.api.middleware.request_id [None req-04e5194c-3f45-4eaf-b7ac-02d006953bac None None] RequestId filter calling following filter/app {{(pid=71025) _context_setter /opt/stack/cinder/cinder/api/middleware/request_id.py:62}}
Jul 24 07:59:42 user devstack@c-api.service[71025]: INFO cinder.api.openstack.wsgi [None req-04e5194c-3f45-4eaf-b7ac-02d006953bac tempest-TestVolumeSwap-398473445 tempest-TestVolumeSwap-398473445-project-member] GET http://10.0.0.210/volume/v3/b4dffddebe9b4c1cbfee6f5aef6fa43f/volumes/3fc56bbb-5c72-45a7-9796-eb022e2f593d
Jul 24 07:59:42 user devstack@c-api.service[71025]: DEBUG cinder.api.openstack.wsgi [None req-04e5194c-3f45-4eaf-b7ac-02d006953bac tempest-TestVolumeSwap-398473445 tempest-TestVolumeSwap-398473445-project-member] Empty body provided in request {{(pid=71025) get_body /opt/stack/cinder/cinder/api/openstack/wsgi.py:715}}
Jul 24 07:59:42 user devstack@c-api.service[71025]: DEBUG cinder.api.openstack.wsgi [None req-04e5194c-3f45-4eaf-b7ac-02d006953bac tempest-TestVolumeSwap-398473445 tempest-TestVolumeSwap-398473445-project-member] Calling method 'show' {{(pid=71025) _process_stack /opt/stack/cinder/cinder/api/openstack/wsgi.py:868}}
Jul 24 07:59:42 user devstack@c-api.service[71023]: /usr/local/lib/python3.10/dist-packages/oslo_context/context.py:100: DeprecationWarning: Policy enforcement is depending on the value of is_admin. This key is deprecated. Please update your policy file to use the standard policy values.
Jul 24 07:59:42 user devstack@c-api.service[71023]: warnings.warn('Policy enforcement is depending on the value of '
Jul 24 07:59:42 user devstack@c-api.service[71023]: INFO cinder.volume.api [None req-4977905d-74d6-400a-ac06-7122fe58f66d tempest-VolumesTransfersV357Test-2054415221 tempest-VolumesTransfersV357Test-2054415221-project-admin] Volume info retrieved successfully.
Jul 24 07:59:42 user devstack@c-api.service[71025]: /usr/local/lib/python3.10/dist-packages/oslo_context/context.py:100: DeprecationWarning: Policy enforcement is depending on the value of is_admin. This key is deprecated. Please update your policy file to use the standard policy values.
Jul 24 07:59:42 user devstack@c-api.service[71025]: warnings.warn('Policy enforcement is depending on the value of '
Jul 24 07:59:42 user devstack@c-api.service[71025]: INFO cinder.volume.api [None req-04e5194c-3f45-4eaf-b7ac-02d006953bac tempest-TestVolumeSwap-398473445 tempest-TestVolumeSwap-398473445-project-member] Volume info retrieved successfully.
Jul 24 07:59:42 user devstack@c-api.service[71025]: INFO cinder.api.openstack.wsgi [None req-04e5194c-3f45-4eaf-b7ac-02d006953bac tempest-TestVolumeSwap-398473445 tempest-TestVolumeSwap-398473445-project-member] http://10.0.0.210/volume/v3/b4dffddebe9b4c1cbfee6f5aef6fa43f/volumes/3fc56bbb-5c72-45a7-9796-eb022e2f593d returned with HTTP 200
Jul 24 07:59:42 user devstack@c-api.service[71025]: [pid: 71025|app: 0|req: 105/315] 10.0.0.210 () {62 vars in 1402 bytes} [Mon Jul 24 07:59:42 2023] GET /volume/v3/b4dffddebe9b4c1cbfee6f5aef6fa43f/volumes/3fc56bbb-5c72-45a7-9796-eb022e2f593d => generated 903 bytes in 47 msecs (HTTP/1.1 200) 7 headers in 285 bytes (1 switches on core 0)
Jul 24 07:59:42 user devstack@c-api.service[71023]: INFO cinder.volume.api [None req-4977905d-74d6-400a-ac06-7122fe58f66d tempest-VolumesTransfersV357Test-2054415221 tempest-VolumesTransfersV357Test-2054415221-project-admin] Delete volume request issued successfully.
Jul 24 07:59:42 user devstack@c-api.service[71023]: INFO cinder.api.openstack.wsgi [None req-4977905d-74d6-400a-ac06-7122fe58f66d tempest-VolumesTransfersV357Test-2054415221 tempest-VolumesTransfersV357Test-2054415221-project-admin] http://10.0.0.210/volume/v3/dc88ac075a014189a81e581e23d26310/volumes/1a06c208-d329-416b-bbbe-eb57a66681f9 returned with HTTP 202
Jul 24 07:59:42 user devstack@c-api.service[71023]: [pid: 71023|app: 0|req: 103/316] 10.0.0.210 () {64 vars in 1446 bytes} [Mon Jul 24 07:59:42 2023] DELETE /volume/v3/dc88ac075a014189a81e581e23d26310/volumes/1a06c208-d329-416b-bbbe-eb57a66681f9 => generated 0 bytes in 288 msecs (HTTP/1.1 202) 6 headers in 234 bytes (1 switches on core 0)
Jul 24 07:59:42 user devstack@c-api.service[71024]: DEBUG cinder.api.middleware.request_id [None req-fa7cf545-af48-4b27-9247-506657088f18 None None] RequestId filter calling following filter/app {{(pid=71024) _context_setter /opt/stack/cinder/cinder/api/middleware/request_id.py:62}}
Jul 24 07:59:42 user devstack@c-api.service[71024]: INFO cinder.api.openstack.wsgi [None req-fa7cf545-af48-4b27-9247-506657088f18 tempest-VolumesTransfersV357Test-2054415221 tempest-VolumesTransfersV357Test-2054415221-project-admin] GET http://10.0.0.210/volume/v3/dc88ac075a014189a81e581e23d26310/volumes/1a06c208-d329-416b-bbbe-eb57a66681f9
Jul 24 07:59:42 user devstack@c-api.service[71024]: DEBUG cinder.api.openstack.wsgi [None req-fa7cf545-af48-4b27-9247-506657088f18 tempest-VolumesTransfersV357Test-2054415221 tempest-VolumesTransfersV357Test-2054415221-project-admin] Empty body provided in request {{(pid=71024) get_body /opt/stack/cinder/cinder/api/openstack/wsgi.py:715}}
Jul 24 07:59:42 user devstack@c-api.service[71024]: DEBUG cinder.api.openstack.wsgi [None req-fa7cf545-af48-4b27-9247-506657088f18 tempest-VolumesTransfersV357Test-2054415221 tempest-VolumesTransfersV357Test-2054415221-project-admin] Calling method 'show' {{(pid=71024) _process_stack /opt/stack/cinder/cinder/api/openstack/wsgi.py:868}}
Jul 24 07:59:42 user devstack@c-api.service[71024]: /usr/local/lib/python3.10/dist-packages/oslo_context/context.py:100: DeprecationWarning: Policy enforcement is depending on the value of is_admin. This key is deprecated. Please update your policy file to use the standard policy values.
Jul 24 07:59:42 user devstack@c-api.service[71024]: warnings.warn('Policy enforcement is depending on the value of '
Jul 24 07:59:42 user devstack@c-api.service[71024]: DEBUG dbcounter [-] [71024] Writing DB stats cinder:SELECT=58,cinder:INSERT=16,cinder:UPDATE=26 {{(pid=71024) stat_writer /usr/local/lib/python3.10/dist-packages/dbcounter.py:117}}
Jul 24 07:59:42 user devstack@c-api.service[71024]: INFO cinder.volume.api [None req-fa7cf545-af48-4b27-9247-506657088f18 tempest-VolumesTransfersV357Test-2054415221 tempest-VolumesTransfersV357Test-2054415221-project-admin] Volume info retrieved successfully.
Jul 24 07:59:42 user devstack@c-api.service[71025]: DEBUG cinder.api.middleware.request_id [None req-86b9353b-4669-4822-a2d0-6abe05632c53 None None] RequestId filter calling following filter/app {{(pid=71025) _context_setter /opt/stack/cinder/cinder/api/middleware/request_id.py:62}}
Jul 24 07:59:42 user devstack@c-api.service[71024]: INFO cinder.api.openstack.wsgi [None req-fa7cf545-af48-4b27-9247-506657088f18 tempest-VolumesTransfersV357Test-2054415221 tempest-VolumesTransfersV357Test-2054415221-project-admin] http://10.0.0.210/volume/v3/dc88ac075a014189a81e581e23d26310/volumes/1a06c208-d329-416b-bbbe-eb57a66681f9 returned with HTTP 200
Jul 24 07:59:42 user devstack@c-api.service[71024]: [pid: 71024|app: 0|req: 109/317] 10.0.0.210 () {64 vars in 1443 bytes} [Mon Jul 24 07:59:42 2023] GET /volume/v3/dc88ac075a014189a81e581e23d26310/volumes/1a06c208-d329-416b-bbbe-eb57a66681f9 => generated 1196 bytes in 55 msecs (HTTP/1.1 200) 7 headers in 287 bytes (1 switches on core 0)
Jul 24 07:59:42 user devstack@c-api.service[71025]: INFO cinder.api.openstack.wsgi [None req-86b9353b-4669-4822-a2d0-6abe05632c53 tempest-TaggedBootDevicesTest-39071927 tempest-TaggedBootDevicesTest-39071927-project-member] GET http://10.0.0.210/volume/v3/62ca511834024fac9cc1b971b0a26c28/volumes/41b9e13d-950d-44df-838f-bde9ad07d536
Jul 24 07:59:42 user devstack@c-api.service[71025]: DEBUG cinder.api.openstack.wsgi [None req-86b9353b-4669-4822-a2d0-6abe05632c53 tempest-TaggedBootDevicesTest-39071927 tempest-TaggedBootDevicesTest-39071927-project-member] Empty body provided in request {{(pid=71025) get_body /opt/stack/cinder/cinder/api/openstack/wsgi.py:715}}
Jul 24 07:59:42 user devstack@c-api.service[71025]: DEBUG cinder.api.openstack.wsgi [None req-86b9353b-4669-4822-a2d0-6abe05632c53 tempest-TaggedBootDevicesTest-39071927 tempest-TaggedBootDevicesTest-39071927-project-member] Calling method 'show' {{(pid=71025) _process_stack /opt/stack/cinder/cinder/api/openstack/wsgi.py:868}}
Jul 24 07:59:42 user devstack@c-api.service[71025]: /usr/local/lib/python3.10/dist-packages/oslo_context/context.py:100: DeprecationWarning: Policy enforcement is depending on the value of is_admin. This key is deprecated. Please update your policy file to use the standard policy values.
Jul 24 07:59:42 user devstack@c-api.service[71025]: warnings.warn('Policy enforcement is depending on the value of '
Jul 24 07:59:42 user devstack@c-api.service[71025]: INFO cinder.volume.api [None req-86b9353b-4669-4822-a2d0-6abe05632c53 tempest-TaggedBootDevicesTest-39071927 tempest-TaggedBootDevicesTest-39071927-project-member] Volume info retrieved successfully.
Jul 24 07:59:42 user devstack@c-api.service[71025]: INFO cinder.api.openstack.wsgi [None req-86b9353b-4669-4822-a2d0-6abe05632c53 tempest-TaggedBootDevicesTest-39071927 tempest-TaggedBootDevicesTest-39071927-project-member] http://10.0.0.210/volume/v3/62ca511834024fac9cc1b971b0a26c28/volumes/41b9e13d-950d-44df-838f-bde9ad07d536 returned with HTTP 200
Jul 24 07:59:42 user devstack@c-api.service[71025]: [pid: 71025|app: 0|req: 106/318] 10.0.0.210 () {62 vars in 1402 bytes} [Mon Jul 24 07:59:42 2023] GET /volume/v3/62ca511834024fac9cc1b971b0a26c28/volumes/41b9e13d-950d-44df-838f-bde9ad07d536 => generated 971 bytes in 65 msecs (HTTP/1.1 200) 7 headers in 285 bytes (1 switches on core 0)
Jul 24 07:59:42 user devstack@c-api.service[71023]: DEBUG cinder.api.middleware.request_id [None req-d44ec42d-ad57-4e55-bbc5-9dcecfb00c0a None None] RequestId filter calling following filter/app {{(pid=71023) _context_setter /opt/stack/cinder/cinder/api/middleware/request_id.py:62}}
Jul 24 07:59:42 user devstack@c-api.service[71023]: INFO cinder.api.openstack.wsgi [None req-d44ec42d-ad57-4e55-bbc5-9dcecfb00c0a tempest-TaggedBootDevicesTest_v242-801337857 tempest-TaggedBootDevicesTest_v242-801337857-project-member] GET http://10.0.0.210/volume/v3/0e03595603d24983aff157abd35918d2/volumes/a83c24e1-b7cd-43f5-80df-3f665dc2836f
Jul 24 07:59:42 user devstack@c-api.service[71023]: DEBUG cinder.api.openstack.wsgi [None req-d44ec42d-ad57-4e55-bbc5-9dcecfb00c0a tempest-TaggedBootDevicesTest_v242-801337857 tempest-TaggedBootDevicesTest_v242-801337857-project-member] Empty body provided in request {{(pid=71023) get_body /opt/stack/cinder/cinder/api/openstack/wsgi.py:715}}
Jul 24 07:59:42 user devstack@c-api.service[71023]: DEBUG cinder.api.openstack.wsgi [None req-d44ec42d-ad57-4e55-bbc5-9dcecfb00c0a tempest-TaggedBootDevicesTest_v242-801337857 tempest-TaggedBootDevicesTest_v242-801337857-project-member] Calling method 'show' {{(pid=71023) _process_stack /opt/stack/cinder/cinder/api/openstack/wsgi.py:868}}
Jul 24 07:59:42 user devstack@c-api.service[71023]: /usr/local/lib/python3.10/dist-packages/oslo_context/context.py:100: DeprecationWarning: Policy enforcement is depending on the value of is_admin. This key is deprecated. Please update your policy file to use the standard policy values.
Jul 24 07:59:42 user devstack@c-api.service[71023]: warnings.warn('Policy enforcement is depending on the value of '
Jul 24 07:59:42 user devstack@c-api.service[71024]: DEBUG cinder.api.middleware.request_id [None req-1e2f1466-b4bf-4e23-85b7-854fdbd503d2 None None] RequestId filter calling following filter/app {{(pid=71024) _context_setter /opt/stack/cinder/cinder/api/middleware/request_id.py:62}}
Jul 24 07:59:42 user devstack@c-api.service[71023]: DEBUG dbcounter [-] [71023] Writing DB stats cinder:SELECT=98,cinder:UPDATE=1,cinder:INSERT=1 {{(pid=71023) stat_writer /usr/local/lib/python3.10/dist-packages/dbcounter.py:117}}
Jul 24 07:59:42 user devstack@c-api.service[71023]: INFO cinder.volume.api [None req-d44ec42d-ad57-4e55-bbc5-9dcecfb00c0a tempest-TaggedBootDevicesTest_v242-801337857 tempest-TaggedBootDevicesTest_v242-801337857-project-member] Volume info retrieved successfully.
Jul 24 07:59:42 user devstack@c-api.service[71023]: INFO cinder.api.openstack.wsgi [None req-d44ec42d-ad57-4e55-bbc5-9dcecfb00c0a tempest-TaggedBootDevicesTest_v242-801337857 tempest-TaggedBootDevicesTest_v242-801337857-project-member] http://10.0.0.210/volume/v3/0e03595603d24983aff157abd35918d2/volumes/a83c24e1-b7cd-43f5-80df-3f665dc2836f returned with HTTP 200
Jul 24 07:59:42 user devstack@c-api.service[71023]: [pid: 71023|app: 0|req: 104/319] 10.0.0.210 () {62 vars in 1402 bytes} [Mon Jul 24 07:59:42 2023] GET /volume/v3/0e03595603d24983aff157abd35918d2/volumes/a83c24e1-b7cd-43f5-80df-3f665dc2836f => generated 915 bytes in 49 msecs (HTTP/1.1 200) 7 headers in 285 bytes (1 switches on core 0)
Jul 24 07:59:42 user devstack@c-api.service[71025]: DEBUG cinder.api.middleware.request_id [None req-757a5008-b6c4-4435-91ea-16b9296ae804 None None] RequestId filter calling following filter/app {{(pid=71025) _context_setter /opt/stack/cinder/cinder/api/middleware/request_id.py:62}}
Jul 24 07:59:42 user devstack@c-api.service[71025]: INFO cinder.api.openstack.wsgi [None req-757a5008-b6c4-4435-91ea-16b9296ae804 tempest-VolumesTransfersV355Test-213459910 tempest-VolumesTransfersV355Test-213459910-project-admin] GET http://10.0.0.210/volume/v3/ad22041fd8024649a1794e9e488063e2/volumes/17dd509a-184e-4fd2-bd44-32f156cfff69
Jul 24 07:59:42 user devstack@c-api.service[71025]: DEBUG cinder.api.openstack.wsgi [None req-757a5008-b6c4-4435-91ea-16b9296ae804 tempest-VolumesTransfersV355Test-213459910 tempest-VolumesTransfersV355Test-213459910-project-admin] Empty body provided in request {{(pid=71025) get_body /opt/stack/cinder/cinder/api/openstack/wsgi.py:715}}
Jul 24 07:59:42 user devstack@c-api.service[71025]: DEBUG cinder.api.openstack.wsgi [None req-757a5008-b6c4-4435-91ea-16b9296ae804 tempest-VolumesTransfersV355Test-213459910 tempest-VolumesTransfersV355Test-213459910-project-admin] Calling method 'show' {{(pid=71025) _process_stack /opt/stack/cinder/cinder/api/openstack/wsgi.py:868}}
Jul 24 07:59:42 user devstack@c-api.service[71025]: /usr/local/lib/python3.10/dist-packages/oslo_context/context.py:100: DeprecationWarning: Policy enforcement is depending on the value of is_admin. This key is deprecated. Please update your policy file to use the standard policy values.
Jul 24 07:59:42 user devstack@c-api.service[71025]: warnings.warn('Policy enforcement is depending on the value of '
Jul 24 07:59:42 user devstack@c-api.service[71023]: DEBUG cinder.api.middleware.request_id [None req-98cb674b-fb09-4278-aef8-371fe53e2d20 None None] RequestId filter calling following filter/app {{(pid=71023) _context_setter /opt/stack/cinder/cinder/api/middleware/request_id.py:62}}
Jul 24 07:59:42 user devstack@c-api.service[71025]: INFO cinder.volume.api [None req-757a5008-b6c4-4435-91ea-16b9296ae804 tempest-VolumesTransfersV355Test-213459910 tempest-VolumesTransfersV355Test-213459910-project-admin] Volume info retrieved successfully.
Jul 24 07:59:42 user devstack@c-api.service[71023]: INFO cinder.api.openstack.wsgi [None req-98cb674b-fb09-4278-aef8-371fe53e2d20 tempest-VolumesTestJSON-354961361 tempest-VolumesTestJSON-354961361-project-member] GET http://10.0.0.210/volume/v3/145563f134f54d51bfabc7c446accbe3/volumes/56d3585c-3fd9-4084-85c3-c3c3e2dd8531
Jul 24 07:59:42 user devstack@c-api.service[71023]: DEBUG cinder.api.openstack.wsgi [None req-98cb674b-fb09-4278-aef8-371fe53e2d20 tempest-VolumesTestJSON-354961361 tempest-VolumesTestJSON-354961361-project-member] Empty body provided in request {{(pid=71023) get_body /opt/stack/cinder/cinder/api/openstack/wsgi.py:715}}
Jul 24 07:59:42 user devstack@c-api.service[71023]: DEBUG cinder.api.openstack.wsgi [None req-98cb674b-fb09-4278-aef8-371fe53e2d20 tempest-VolumesTestJSON-354961361 tempest-VolumesTestJSON-354961361-project-member] Calling method 'show' {{(pid=71023) _process_stack /opt/stack/cinder/cinder/api/openstack/wsgi.py:868}}
Jul 24 07:59:42 user devstack@c-api.service[71025]: INFO cinder.api.openstack.wsgi [None req-757a5008-b6c4-4435-91ea-16b9296ae804 tempest-VolumesTransfersV355Test-213459910 tempest-VolumesTransfersV355Test-213459910-project-admin] http://10.0.0.210/volume/v3/ad22041fd8024649a1794e9e488063e2/volumes/17dd509a-184e-4fd2-bd44-32f156cfff69 returned with HTTP 200
Jul 24 07:59:42 user devstack@c-api.service[71025]: [pid: 71025|app: 0|req: 107/320] 10.0.0.210 () {64 vars in 1443 bytes} [Mon Jul 24 07:59:42 2023] GET /volume/v3/ad22041fd8024649a1794e9e488063e2/volumes/17dd509a-184e-4fd2-bd44-32f156cfff69 => generated 1195 bytes in 53 msecs (HTTP/1.1 200) 7 headers in 287 bytes (1 switches on core 0)
Jul 24 07:59:42 user devstack@c-api.service[71025]: DEBUG cinder.api.middleware.request_id [None req-cabce3c7-1f0d-4abc-a58b-a350894d1ecb None None] RequestId filter calling following filter/app {{(pid=71025) _context_setter /opt/stack/cinder/cinder/api/middleware/request_id.py:62}}
Jul 24 07:59:42 user devstack@c-api.service[71025]: INFO cinder.api.openstack.wsgi [None req-cabce3c7-1f0d-4abc-a58b-a350894d1ecb tempest-VolumeQuotasAdminTestJSON-755992412 tempest-VolumeQuotasAdminTestJSON-755992412-project-member] GET http://10.0.0.210/volume/v3/cb51a1eadd6d4b1fa2499b26a92c7662/volumes/f26825fc-a323-4c9f-b6d3-fb980c1f384e
Jul 24 07:59:42 user devstack@c-api.service[71025]: DEBUG cinder.api.openstack.wsgi [None req-cabce3c7-1f0d-4abc-a58b-a350894d1ecb tempest-VolumeQuotasAdminTestJSON-755992412 tempest-VolumeQuotasAdminTestJSON-755992412-project-member] Empty body provided in request {{(pid=71025) get_body /opt/stack/cinder/cinder/api/openstack/wsgi.py:715}}
Jul 24 07:59:42 user devstack@c-api.service[71025]: DEBUG cinder.api.openstack.wsgi [None req-cabce3c7-1f0d-4abc-a58b-a350894d1ecb tempest-VolumeQuotasAdminTestJSON-755992412 tempest-VolumeQuotasAdminTestJSON-755992412-project-member] Calling method 'show' {{(pid=71025) _process_stack /opt/stack/cinder/cinder/api/openstack/wsgi.py:868}}
Jul 24 07:59:42 user devstack@c-api.service[71023]: /usr/local/lib/python3.10/dist-packages/oslo_context/context.py:100: DeprecationWarning: Policy enforcement is depending on the value of is_admin. This key is deprecated. Please update your policy file to use the standard policy values.
Jul 24 07:59:42 user devstack@c-api.service[71023]: warnings.warn('Policy enforcement is depending on the value of '
Jul 24 07:59:42 user devstack@c-api.service[71025]: /usr/local/lib/python3.10/dist-packages/oslo_context/context.py:100: DeprecationWarning: Policy enforcement is depending on the value of is_admin. This key is deprecated. Please update your policy file to use the standard policy values.
Jul 24 07:59:42 user devstack@c-api.service[71025]: warnings.warn('Policy enforcement is depending on the value of '
Jul 24 07:59:42 user devstack@c-api.service[71023]: INFO cinder.volume.api [None req-98cb674b-fb09-4278-aef8-371fe53e2d20 tempest-VolumesTestJSON-354961361 tempest-VolumesTestJSON-354961361-project-member] Volume info retrieved successfully.
Jul 24 07:59:42 user devstack@c-api.service[71025]: INFO cinder.volume.api [None req-cabce3c7-1f0d-4abc-a58b-a350894d1ecb tempest-VolumeQuotasAdminTestJSON-755992412 tempest-VolumeQuotasAdminTestJSON-755992412-project-member] Volume info retrieved successfully.
Jul 24 07:59:42 user devstack@c-api.service[71025]: INFO cinder.api.openstack.wsgi [None req-cabce3c7-1f0d-4abc-a58b-a350894d1ecb tempest-VolumeQuotasAdminTestJSON-755992412 tempest-VolumeQuotasAdminTestJSON-755992412-project-member] http://10.0.0.210/volume/v3/cb51a1eadd6d4b1fa2499b26a92c7662/volumes/f26825fc-a323-4c9f-b6d3-fb980c1f384e returned with HTTP 200
Jul 24 07:59:42 user devstack@c-api.service[71025]: [pid: 71025|app: 0|req: 108/321] 10.0.0.210 () {62 vars in 1402 bytes} [Mon Jul 24 07:59:42 2023] GET /volume/v3/cb51a1eadd6d4b1fa2499b26a92c7662/volumes/f26825fc-a323-4c9f-b6d3-fb980c1f384e => generated 914 bytes in 37 msecs (HTTP/1.1 200) 7 headers in 285 bytes (2 switches on core 0)
Jul 24 07:59:42 user devstack@c-api.service[71023]: INFO cinder.api.openstack.wsgi [None req-98cb674b-fb09-4278-aef8-371fe53e2d20 tempest-VolumesTestJSON-354961361 tempest-VolumesTestJSON-354961361-project-member] http://10.0.0.210/volume/v3/145563f134f54d51bfabc7c446accbe3/volumes/56d3585c-3fd9-4084-85c3-c3c3e2dd8531 returned with HTTP 200
Jul 24 07:59:42 user devstack@c-api.service[71023]: [pid: 71023|app: 0|req: 105/322] 10.0.0.210 () {62 vars in 1402 bytes} [Mon Jul 24 07:59:42 2023] GET /volume/v3/145563f134f54d51bfabc7c446accbe3/volumes/56d3585c-3fd9-4084-85c3-c3c3e2dd8531 => generated 919 bytes in 61 msecs (HTTP/1.1 200) 7 headers in 285 bytes (2 switches on core 0)
Jul 24 07:59:42 user devstack@c-api.service[71024]: INFO cinder.api.openstack.wsgi [None req-1e2f1466-b4bf-4e23-85b7-854fdbd503d2 tempest-VolumesDeleteCascade-119141431 tempest-VolumesDeleteCascade-119141431-project-member] POST http://10.0.0.210/volume/v3/d8e8033fbd494aa19e43f7309e674c54/volumes
Jul 24 07:59:42 user devstack@c-api.service[71024]: DEBUG cinder.api.openstack.wsgi [None req-1e2f1466-b4bf-4e23-85b7-854fdbd503d2 tempest-VolumesDeleteCascade-119141431 tempest-VolumesDeleteCascade-119141431-project-member] Action: 'create', calling method: create, body: {"volume": {"size": 1, "name": "tempest-VolumesDeleteCascade-Volume-588792486"}} {{(pid=71024) _process_stack /opt/stack/cinder/cinder/api/openstack/wsgi.py:866}}
Jul 24 07:59:42 user devstack@c-api.service[71024]: DEBUG cinder.api.v3.volumes [None req-1e2f1466-b4bf-4e23-85b7-854fdbd503d2 tempest-VolumesDeleteCascade-119141431 tempest-VolumesDeleteCascade-119141431-project-member] Create volume request body: {'volume': {'size': 1, 'name': 'tempest-VolumesDeleteCascade-Volume-588792486'}} {{(pid=71024) create /opt/stack/cinder/cinder/api/v3/volumes.py:297}}
Jul 24 07:59:42 user devstack@c-api.service[71024]: INFO cinder.api.v3.volumes [None req-1e2f1466-b4bf-4e23-85b7-854fdbd503d2 tempest-VolumesDeleteCascade-119141431 tempest-VolumesDeleteCascade-119141431-project-member] Create volume of 1 GB
Jul 24 07:59:42 user devstack@c-api.service[71024]: INFO cinder.volume.api [None req-1e2f1466-b4bf-4e23-85b7-854fdbd503d2 tempest-VolumesDeleteCascade-119141431 tempest-VolumesDeleteCascade-119141431-project-member] Availability Zones retrieved successfully.
Jul 24 07:59:42 user devstack@c-api.service[71024]: DEBUG cinder.volume.api [None req-1e2f1466-b4bf-4e23-85b7-854fdbd503d2 tempest-VolumesDeleteCascade-119141431 tempest-VolumesDeleteCascade-119141431-project-member] Flow 'volume_create_api' (f485e13b-b279-40aa-8ee4-a1de8fb2c6e4) transitioned into state 'RUNNING' from state 'PENDING' {{(pid=71024) _flow_receiver /usr/local/lib/python3.10/dist-packages/taskflow/listeners/logging.py:141}}
Jul 24 07:59:42 user devstack@c-api.service[71024]: DEBUG cinder.volume.api [None req-1e2f1466-b4bf-4e23-85b7-854fdbd503d2 tempest-VolumesDeleteCascade-119141431 tempest-VolumesDeleteCascade-119141431-project-member] Task 'cinder.volume.flows.api.create_volume.ExtractVolumeRequestTask;volume:create' (f64c4ef2-a71a-46e6-adba-f42f235edfb4) transitioned into state 'RUNNING' from state 'PENDING' {{(pid=71024) _task_receiver /usr/local/lib/python3.10/dist-packages/taskflow/listeners/logging.py:190}}
Jul 24 07:59:42 user devstack@c-api.service[71024]: DEBUG cinder.volume.flows.api.create_volume [None req-1e2f1466-b4bf-4e23-85b7-854fdbd503d2 tempest-VolumesDeleteCascade-119141431 tempest-VolumesDeleteCascade-119141431-project-member] Validating volume size '1' using validate_int {{(pid=71024) _extract_size /opt/stack/cinder/cinder/volume/flows/api/create_volume.py:228}}
Jul 24 07:59:43 user devstack@c-api.service[71024]: DEBUG cinder.volume.api [None req-1e2f1466-b4bf-4e23-85b7-854fdbd503d2 tempest-VolumesDeleteCascade-119141431 tempest-VolumesDeleteCascade-119141431-project-member] Task 'cinder.volume.flows.api.create_volume.ExtractVolumeRequestTask;volume:create' (f64c4ef2-a71a-46e6-adba-f42f235edfb4) transitioned into state 'SUCCESS' from state 'RUNNING' with result '{'size': 1, 'snapshot_id': None, 'source_volid': None, 'volume_type': VolumeType(created_at=2023-07-24T07:55:05Z,deleted=False,deleted_at=None,description=None,extra_specs={volume_backend_name='joviandss-2'},id=d87b3df7-e575-46d6-b2a1-803b70eafdad,is_public=True,name='joviandss-2',projects=[],qos_specs=,qos_specs_id=None,updated_at=None), 'volume_type_id': 'd87b3df7-e575-46d6-b2a1-803b70eafdad', 'encryption_key_id': None, 'qos_specs': None, 'consistencygroup_id': None, 'cgsnapshot_id': None, 'group_id': None, 'replication_status': 'disabled', 'refresh_az': False, 'backup_id': None, 'multiattach': False, 'availability_zones': ['nova']}' {{(pid=71024) _task_receiver /usr/local/lib/python3.10/dist-packages/taskflow/listeners/logging.py:178}}
Jul 24 07:59:43 user devstack@c-api.service[71024]: DEBUG cinder.volume.api [None req-1e2f1466-b4bf-4e23-85b7-854fdbd503d2 tempest-VolumesDeleteCascade-119141431 tempest-VolumesDeleteCascade-119141431-project-member] Task 'cinder.volume.flows.api.create_volume.QuotaReserveTask;volume:create' (b813230a-a833-40fc-bced-fad1373a25e6) transitioned into state 'RUNNING' from state 'PENDING' {{(pid=71024) _task_receiver /usr/local/lib/python3.10/dist-packages/taskflow/listeners/logging.py:190}}
Jul 24 07:59:43 user devstack@c-api.service[71024]: DEBUG cinder.quota [None req-1e2f1466-b4bf-4e23-85b7-854fdbd503d2 tempest-VolumesDeleteCascade-119141431 tempest-VolumesDeleteCascade-119141431-project-member] Created reservations ['52c77433-bd8b-43b8-b5c3-95643f4c9154', '48833925-66a8-4d42-9cd7-0029abb6c838', 'cdb0e868-3032-49a5-9bac-431d2e97de4a', 'bdb7fcf4-2aaa-4082-a5ae-d10a82826f63'] {{(pid=71024) reserve /opt/stack/cinder/cinder/quota.py:755}}
Jul 24 07:59:43 user devstack@c-api.service[71024]: DEBUG cinder.volume.api [None req-1e2f1466-b4bf-4e23-85b7-854fdbd503d2 tempest-VolumesDeleteCascade-119141431 tempest-VolumesDeleteCascade-119141431-project-member] Task 'cinder.volume.flows.api.create_volume.QuotaReserveTask;volume:create' (b813230a-a833-40fc-bced-fad1373a25e6) transitioned into state 'SUCCESS' from state 'RUNNING' with result '{'reservations': ['52c77433-bd8b-43b8-b5c3-95643f4c9154', '48833925-66a8-4d42-9cd7-0029abb6c838', 'cdb0e868-3032-49a5-9bac-431d2e97de4a', 'bdb7fcf4-2aaa-4082-a5ae-d10a82826f63']}' {{(pid=71024) _task_receiver /usr/local/lib/python3.10/dist-packages/taskflow/listeners/logging.py:178}}
Jul 24 07:59:43 user devstack@c-api.service[71024]: DEBUG cinder.volume.api [None req-1e2f1466-b4bf-4e23-85b7-854fdbd503d2 tempest-VolumesDeleteCascade-119141431 tempest-VolumesDeleteCascade-119141431-project-member] Task 'cinder.volume.flows.api.create_volume.EntryCreateTask;volume:create' (29338962-ba59-4812-a3ff-de985d27bfe9) transitioned into state 'RUNNING' from state 'PENDING' {{(pid=71024) _task_receiver /usr/local/lib/python3.10/dist-packages/taskflow/listeners/logging.py:190}}
Jul 24 07:59:43 user devstack@c-api.service[71024]: DEBUG cinder.volume.api [None req-1e2f1466-b4bf-4e23-85b7-854fdbd503d2 tempest-VolumesDeleteCascade-119141431 tempest-VolumesDeleteCascade-119141431-project-member] Task 'cinder.volume.flows.api.create_volume.EntryCreateTask;volume:create' (29338962-ba59-4812-a3ff-de985d27bfe9) transitioned into state 'SUCCESS' from state 'RUNNING' with result '{'volume_id': '6fc03186-13cd-4598-be08-f751c242da6e', 'volume_properties': VolumeProperties(attach_status='detached',availability_zone='nova',cgsnapshot_id=None,consistencygroup_id=None,display_description=None,display_name='tempest-VolumesDeleteCascade-Volume-588792486',encryption_key_id=None,group_id=None,group_type_id=,metadata={},multiattach=False,project_id='d8e8033fbd494aa19e43f7309e674c54',qos_specs=None,replication_status=,reservations=['52c77433-bd8b-43b8-b5c3-95643f4c9154','48833925-66a8-4d42-9cd7-0029abb6c838','cdb0e868-3032-49a5-9bac-431d2e97de4a','bdb7fcf4-2aaa-4082-a5ae-d10a82826f63'],size=1,snapshot_id=None,source_replicaid=,source_volid=None,status='creating',user_id='02bf186055444e23a1502d4c9b56047a',volume_type_id=d87b3df7-e575-46d6-b2a1-803b70eafdad), 'volume': Volume(_name_id=None,admin_metadata=,attach_status='detached',availability_zone='nova',bootable=False,cluster=,cluster_name=None,consistencygroup=,consistencygroup_id=None,created_at=2023-07-24T07:59:43Z,deleted=False,deleted_at=None,display_description=None,display_name='tempest-VolumesDeleteCascade-Volume-588792486',ec2_id=None,encryption_key_id=None,glance_metadata=,group=,group_id=None,host=None,id=6fc03186-13cd-4598-be08-f751c242da6e,launched_at=None,metadata={},migration_status=None,multiattach=False,previous_status=None,project_id='d8e8033fbd494aa19e43f7309e674c54',provider_auth=None,provider_geometry=None,provider_id=None,provider_location=None,replication_driver_data=None,replication_extended_status=None,replication_status=None,scheduled_at=None,service_uuid=None,shared_targets=True,size=1,snapshot_id=None,snapshots=,source_volid=None,status='creating',terminated_at=None,updated_at=None,use_quota=True,user_id='02bf186055444e23a1502d4c9b56047a',volume_attachment=VolumeAttachmentList,volume_type=VolumeType(d87b3df7-e575-46d6-b2a1-803b70eafdad),volume_type_id=d87b3df7-e575-46d6-b2a1-803b70eafdad)}' {{(pid=71024) _task_receiver /usr/local/lib/python3.10/dist-packages/taskflow/listeners/logging.py:178}}
Jul 24 07:59:43 user devstack@c-api.service[71024]: DEBUG cinder.volume.api [None req-1e2f1466-b4bf-4e23-85b7-854fdbd503d2 tempest-VolumesDeleteCascade-119141431 tempest-VolumesDeleteCascade-119141431-project-member] Task 'cinder.volume.flows.api.create_volume.QuotaCommitTask;volume:create' (5341f7a5-cbb1-41dd-b7a6-cdb50c94eb09) transitioned into state 'RUNNING' from state 'PENDING' {{(pid=71024) _task_receiver /usr/local/lib/python3.10/dist-packages/taskflow/listeners/logging.py:190}}
Jul 24 07:59:43 user devstack@c-api.service[71024]: DEBUG cinder.volume.api [None req-1e2f1466-b4bf-4e23-85b7-854fdbd503d2 tempest-VolumesDeleteCascade-119141431 tempest-VolumesDeleteCascade-119141431-project-member] Task 'cinder.volume.flows.api.create_volume.QuotaCommitTask;volume:create' (5341f7a5-cbb1-41dd-b7a6-cdb50c94eb09) transitioned into state 'SUCCESS' from state 'RUNNING' with result '{'volume_properties': VolumeProperties(attach_status='detached',availability_zone='nova',cgsnapshot_id=None,consistencygroup_id=None,display_description=None,display_name='tempest-VolumesDeleteCascade-Volume-588792486',encryption_key_id=None,group_id=None,group_type_id=,metadata={},multiattach=False,project_id='d8e8033fbd494aa19e43f7309e674c54',qos_specs=None,replication_status=,reservations=['52c77433-bd8b-43b8-b5c3-95643f4c9154','48833925-66a8-4d42-9cd7-0029abb6c838','cdb0e868-3032-49a5-9bac-431d2e97de4a','bdb7fcf4-2aaa-4082-a5ae-d10a82826f63'],size=1,snapshot_id=None,source_replicaid=,source_volid=None,status='creating',user_id='02bf186055444e23a1502d4c9b56047a',volume_type_id=d87b3df7-e575-46d6-b2a1-803b70eafdad)}' {{(pid=71024) _task_receiver /usr/local/lib/python3.10/dist-packages/taskflow/listeners/logging.py:178}}
Jul 24 07:59:43 user devstack@c-api.service[71024]: DEBUG cinder.volume.api [None req-1e2f1466-b4bf-4e23-85b7-854fdbd503d2 tempest-VolumesDeleteCascade-119141431 tempest-VolumesDeleteCascade-119141431-project-member] Task 'cinder.volume.flows.api.create_volume.VolumeCastTask;volume:create' (db132e27-09bc-4091-9643-63011dbe02c2) transitioned into state 'RUNNING' from state 'PENDING' {{(pid=71024) _task_receiver /usr/local/lib/python3.10/dist-packages/taskflow/listeners/logging.py:190}}
Jul 24 07:59:43 user devstack@c-api.service[71024]: DEBUG cinder.volume.api [None req-1e2f1466-b4bf-4e23-85b7-854fdbd503d2 tempest-VolumesDeleteCascade-119141431 tempest-VolumesDeleteCascade-119141431-project-member] Task 'cinder.volume.flows.api.create_volume.VolumeCastTask;volume:create' (db132e27-09bc-4091-9643-63011dbe02c2) transitioned into state 'SUCCESS' from state 'RUNNING' with result 'None' {{(pid=71024) _task_receiver /usr/local/lib/python3.10/dist-packages/taskflow/listeners/logging.py:178}}
Jul 24 07:59:43 user devstack@c-api.service[71024]: DEBUG cinder.volume.api [None req-1e2f1466-b4bf-4e23-85b7-854fdbd503d2 tempest-VolumesDeleteCascade-119141431 tempest-VolumesDeleteCascade-119141431-project-member] Flow 'volume_create_api' (f485e13b-b279-40aa-8ee4-a1de8fb2c6e4) transitioned into state 'SUCCESS' from state 'RUNNING' {{(pid=71024) _flow_receiver /usr/local/lib/python3.10/dist-packages/taskflow/listeners/logging.py:141}}
Jul 24 07:59:43 user devstack@c-api.service[71024]: INFO cinder.volume.api [None req-1e2f1466-b4bf-4e23-85b7-854fdbd503d2 tempest-VolumesDeleteCascade-119141431 tempest-VolumesDeleteCascade-119141431-project-member] Create volume request issued successfully.
Jul 24 07:59:43 user devstack@c-api.service[71024]: INFO cinder.api.openstack.wsgi [None req-1e2f1466-b4bf-4e23-85b7-854fdbd503d2 tempest-VolumesDeleteCascade-119141431 tempest-VolumesDeleteCascade-119141431-project-member] http://10.0.0.210/volume/v3/d8e8033fbd494aa19e43f7309e674c54/volumes returned with HTTP 202
Jul 24 07:59:43 user devstack@c-api.service[71024]: [pid: 71024|app: 0|req: 110/323] 10.0.0.210 () {64 vars in 1312 bytes} [Mon Jul 24 07:59:42 2023] POST /volume/v3/d8e8033fbd494aa19e43f7309e674c54/volumes => generated 817 bytes in 529 msecs (HTTP/1.1 202) 7 headers in 291 bytes (1 switches on core 0)
Jul 24 07:59:43 user devstack@c-api.service[71025]: DEBUG cinder.api.middleware.request_id [None req-b68ac61d-471f-4a9f-a8af-736e203705bd None None] RequestId filter calling following filter/app {{(pid=71025) _context_setter /opt/stack/cinder/cinder/api/middleware/request_id.py:62}}
Jul 24 07:59:43 user devstack@c-api.service[71025]: INFO cinder.api.openstack.wsgi [None req-b68ac61d-471f-4a9f-a8af-736e203705bd tempest-VolumesDeleteCascade-119141431 tempest-VolumesDeleteCascade-119141431-project-member] GET http://10.0.0.210/volume/v3/d8e8033fbd494aa19e43f7309e674c54/volumes/6fc03186-13cd-4598-be08-f751c242da6e
Jul 24 07:59:43 user devstack@c-api.service[71025]: DEBUG cinder.api.openstack.wsgi [None req-b68ac61d-471f-4a9f-a8af-736e203705bd tempest-VolumesDeleteCascade-119141431 tempest-VolumesDeleteCascade-119141431-project-member] Empty body provided in request {{(pid=71025) get_body /opt/stack/cinder/cinder/api/openstack/wsgi.py:715}}
Jul 24 07:59:43 user devstack@c-api.service[71025]: DEBUG cinder.api.openstack.wsgi [None req-b68ac61d-471f-4a9f-a8af-736e203705bd tempest-VolumesDeleteCascade-119141431 tempest-VolumesDeleteCascade-119141431-project-member] Calling method 'show' {{(pid=71025) _process_stack /opt/stack/cinder/cinder/api/openstack/wsgi.py:868}}
Jul 24 07:59:43 user devstack@c-api.service[71025]: /usr/local/lib/python3.10/dist-packages/oslo_context/context.py:100: DeprecationWarning: Policy enforcement is depending on the value of is_admin. This key is deprecated. Please update your policy file to use the standard policy values.
Jul 24 07:59:43 user devstack@c-api.service[71025]: warnings.warn('Policy enforcement is depending on the value of '
Jul 24 07:59:43 user devstack@c-api.service[71025]: INFO cinder.volume.api [None req-b68ac61d-471f-4a9f-a8af-736e203705bd tempest-VolumesDeleteCascade-119141431 tempest-VolumesDeleteCascade-119141431-project-member] Volume info retrieved successfully.
Jul 24 07:59:43 user devstack@c-api.service[71025]: INFO cinder.api.openstack.wsgi [None req-b68ac61d-471f-4a9f-a8af-736e203705bd tempest-VolumesDeleteCascade-119141431 tempest-VolumesDeleteCascade-119141431-project-member] http://10.0.0.210/volume/v3/d8e8033fbd494aa19e43f7309e674c54/volumes/6fc03186-13cd-4598-be08-f751c242da6e returned with HTTP 200
Jul 24 07:59:43 user devstack@c-api.service[71025]: [pid: 71025|app: 0|req: 109/324] 10.0.0.210 () {62 vars in 1402 bytes} [Mon Jul 24 07:59:43 2023] GET /volume/v3/d8e8033fbd494aa19e43f7309e674c54/volumes/6fc03186-13cd-4598-be08-f751c242da6e => generated 885 bytes in 41 msecs (HTTP/1.1 200) 7 headers in 285 bytes (1 switches on core 0)
Jul 24 07:59:43 user devstack@c-api.service[71023]: DEBUG cinder.api.middleware.request_id [None req-7b282185-3842-4f59-a817-b2ba87728cb7 None None] RequestId filter calling following filter/app {{(pid=71023) _context_setter /opt/stack/cinder/cinder/api/middleware/request_id.py:62}}
Jul 24 07:59:43 user devstack@c-api.service[71023]: INFO cinder.api.openstack.wsgi [None req-7b282185-3842-4f59-a817-b2ba87728cb7 tempest-TestVolumeSwap-398473445 tempest-TestVolumeSwap-398473445-project-member] GET http://10.0.0.210/volume/v3/b4dffddebe9b4c1cbfee6f5aef6fa43f/volumes/3fc56bbb-5c72-45a7-9796-eb022e2f593d
Jul 24 07:59:43 user devstack@c-api.service[71023]: DEBUG cinder.api.openstack.wsgi [None req-7b282185-3842-4f59-a817-b2ba87728cb7 tempest-TestVolumeSwap-398473445 tempest-TestVolumeSwap-398473445-project-member] Empty body provided in request {{(pid=71023) get_body /opt/stack/cinder/cinder/api/openstack/wsgi.py:715}}
Jul 24 07:59:43 user devstack@c-api.service[71023]: DEBUG cinder.api.openstack.wsgi [None req-7b282185-3842-4f59-a817-b2ba87728cb7 tempest-TestVolumeSwap-398473445 tempest-TestVolumeSwap-398473445-project-member] Calling method 'show' {{(pid=71023) _process_stack /opt/stack/cinder/cinder/api/openstack/wsgi.py:868}}
Jul 24 07:59:43 user devstack@c-api.service[71023]: /usr/local/lib/python3.10/dist-packages/oslo_context/context.py:100: DeprecationWarning: Policy enforcement is depending on the value of is_admin. This key is deprecated. Please update your policy file to use the standard policy values.
Jul 24 07:59:43 user devstack@c-api.service[71023]: warnings.warn('Policy enforcement is depending on the value of '
Jul 24 07:59:43 user devstack@c-api.service[71023]: INFO cinder.volume.api [None req-7b282185-3842-4f59-a817-b2ba87728cb7 tempest-TestVolumeSwap-398473445 tempest-TestVolumeSwap-398473445-project-member] Volume info retrieved successfully.
Jul 24 07:59:43 user devstack@c-api.service[71023]: INFO cinder.api.openstack.wsgi [None req-7b282185-3842-4f59-a817-b2ba87728cb7 tempest-TestVolumeSwap-398473445 tempest-TestVolumeSwap-398473445-project-member] http://10.0.0.210/volume/v3/b4dffddebe9b4c1cbfee6f5aef6fa43f/volumes/3fc56bbb-5c72-45a7-9796-eb022e2f593d returned with HTTP 200
Jul 24 07:59:43 user devstack@c-api.service[71023]: [pid: 71023|app: 0|req: 106/325] 10.0.0.210 () {62 vars in 1402 bytes} [Mon Jul 24 07:59:43 2023] GET /volume/v3/b4dffddebe9b4c1cbfee6f5aef6fa43f/volumes/3fc56bbb-5c72-45a7-9796-eb022e2f593d => generated 903 bytes in 56 msecs (HTTP/1.1 200) 7 headers in 285 bytes (1 switches on core 0)
Jul 24 07:59:43 user devstack@c-api.service[71024]: DEBUG cinder.api.middleware.request_id [None req-08851f46-396a-4d3a-a24c-79643987a155 None None] RequestId filter calling following filter/app {{(pid=71024) _context_setter /opt/stack/cinder/cinder/api/middleware/request_id.py:62}}
Jul 24 07:59:43 user devstack@c-api.service[71024]: INFO cinder.api.openstack.wsgi [None req-08851f46-396a-4d3a-a24c-79643987a155 tempest-VolumesTransfersV357Test-2054415221 tempest-VolumesTransfersV357Test-2054415221-project-admin] GET http://10.0.0.210/volume/v3/dc88ac075a014189a81e581e23d26310/volumes/1a06c208-d329-416b-bbbe-eb57a66681f9
Jul 24 07:59:43 user devstack@c-api.service[71024]: DEBUG cinder.api.openstack.wsgi [None req-08851f46-396a-4d3a-a24c-79643987a155 tempest-VolumesTransfersV357Test-2054415221 tempest-VolumesTransfersV357Test-2054415221-project-admin] Empty body provided in request {{(pid=71024) get_body /opt/stack/cinder/cinder/api/openstack/wsgi.py:715}}
Jul 24 07:59:43 user devstack@c-api.service[71024]: DEBUG cinder.api.openstack.wsgi [None req-08851f46-396a-4d3a-a24c-79643987a155 tempest-VolumesTransfersV357Test-2054415221 tempest-VolumesTransfersV357Test-2054415221-project-admin] Calling method 'show' {{(pid=71024) _process_stack /opt/stack/cinder/cinder/api/openstack/wsgi.py:868}}
Jul 24 07:59:43 user devstack@c-api.service[71024]: /usr/local/lib/python3.10/dist-packages/oslo_context/context.py:100: DeprecationWarning: Policy enforcement is depending on the value of is_admin. This key is deprecated. Please update your policy file to use the standard policy values.
Jul 24 07:59:43 user devstack@c-api.service[71024]: warnings.warn('Policy enforcement is depending on the value of '
