Jul 24 07:59:48 user devstack@c-api.service[71023]: DEBUG cinder.api.openstack.wsgi [None req-cfd89df8-c214-4428-9a54-1927d56dba0e tempest-VolumeQuotasAdminTestJSON-755992412 tempest-VolumeQuotasAdminTestJSON-755992412-project-member] Empty body provided in request {{(pid=71023) get_body /opt/stack/cinder/cinder/api/openstack/wsgi.py:715}}
Jul 24 07:59:48 user devstack@c-api.service[71023]: DEBUG cinder.api.openstack.wsgi [None req-cfd89df8-c214-4428-9a54-1927d56dba0e tempest-VolumeQuotasAdminTestJSON-755992412 tempest-VolumeQuotasAdminTestJSON-755992412-project-member] Calling method 'show' {{(pid=71023) _process_stack /opt/stack/cinder/cinder/api/openstack/wsgi.py:868}}
Jul 24 07:59:48 user devstack@c-api.service[71025]: /usr/local/lib/python3.10/dist-packages/oslo_context/context.py:100: DeprecationWarning: Policy enforcement is depending on the value of is_admin. This key is deprecated. Please update your policy file to use the standard policy values.
Jul 24 07:59:48 user devstack@c-api.service[71025]: warnings.warn('Policy enforcement is depending on the value of '
Jul 24 07:59:48 user devstack@c-api.service[71025]: INFO cinder.volume.api [None req-53cee6b6-87a5-4cb5-ae17-6a48f32e60df tempest-TestVolumeSwap-398473445 tempest-TestVolumeSwap-398473445-project-member] Volume info retrieved successfully.
Jul 24 07:59:48 user devstack@c-api.service[71023]: /usr/local/lib/python3.10/dist-packages/oslo_context/context.py:100: DeprecationWarning: Policy enforcement is depending on the value of is_admin. This key is deprecated. Please update your policy file to use the standard policy values.
Jul 24 07:59:48 user devstack@c-api.service[71023]: warnings.warn('Policy enforcement is depending on the value of '
Jul 24 07:59:48 user devstack@c-api.service[71025]: INFO cinder.api.openstack.wsgi [None req-53cee6b6-87a5-4cb5-ae17-6a48f32e60df tempest-TestVolumeSwap-398473445 tempest-TestVolumeSwap-398473445-project-member] http://10.0.0.210/volume/v3/b4dffddebe9b4c1cbfee6f5aef6fa43f/volumes/3fc56bbb-5c72-45a7-9796-eb022e2f593d returned with HTTP 200
Jul 24 07:59:48 user devstack@c-api.service[71025]: [pid: 71025|app: 0|req: 130/390] 10.0.0.210 () {62 vars in 1402 bytes} [Mon Jul 24 07:59:48 2023] GET /volume/v3/b4dffddebe9b4c1cbfee6f5aef6fa43f/volumes/3fc56bbb-5c72-45a7-9796-eb022e2f593d => generated 903 bytes in 55 msecs (HTTP/1.1 200) 7 headers in 285 bytes (1 switches on core 0)
Jul 24 07:59:48 user devstack@c-api.service[71023]: INFO cinder.volume.api [None req-cfd89df8-c214-4428-9a54-1927d56dba0e tempest-VolumeQuotasAdminTestJSON-755992412 tempest-VolumeQuotasAdminTestJSON-755992412-project-member] Volume info retrieved successfully.
Jul 24 07:59:48 user devstack@c-api.service[71024]: INFO cinder.api.openstack.wsgi [None req-68a528ae-86b2-44b1-8ccc-75b6b9a90b28 tempest-GroupSnapshotsTest-2025230624 tempest-GroupSnapshotsTest-2025230624-project-admin] POST http://10.0.0.210/volume/v3/3a2789ed8bc44d869819737bf45ef7c8/types
Jul 24 07:59:48 user devstack@c-api.service[71024]: DEBUG cinder.api.openstack.wsgi [None req-68a528ae-86b2-44b1-8ccc-75b6b9a90b28 tempest-GroupSnapshotsTest-2025230624 tempest-GroupSnapshotsTest-2025230624-project-admin] Action: 'create', calling method: _create, body: {"volume_type": {"name": "tempest-GroupSnapshotsTest-volume-type-161415753"}} {{(pid=71024) _process_stack /opt/stack/cinder/cinder/api/openstack/wsgi.py:866}}
Jul 24 07:59:48 user devstack@c-api.service[71023]: INFO cinder.api.openstack.wsgi [None req-cfd89df8-c214-4428-9a54-1927d56dba0e tempest-VolumeQuotasAdminTestJSON-755992412 tempest-VolumeQuotasAdminTestJSON-755992412-project-member] http://10.0.0.210/volume/v3/cb51a1eadd6d4b1fa2499b26a92c7662/volumes/12963242-9934-43fb-b15c-ffbc1273b091 returned with HTTP 200
Jul 24 07:59:48 user devstack@c-api.service[71023]: [pid: 71023|app: 0|req: 127/391] 10.0.0.210 () {62 vars in 1402 bytes} [Mon Jul 24 07:59:48 2023] GET /volume/v3/cb51a1eadd6d4b1fa2499b26a92c7662/volumes/12963242-9934-43fb-b15c-ffbc1273b091 => generated 915 bytes in 59 msecs (HTTP/1.1 200) 7 headers in 285 bytes (1 switches on core 0)
Jul 24 07:59:48 user devstack@c-api.service[71024]: INFO cinder.api.openstack.wsgi [None req-68a528ae-86b2-44b1-8ccc-75b6b9a90b28 tempest-GroupSnapshotsTest-2025230624 tempest-GroupSnapshotsTest-2025230624-project-admin] http://10.0.0.210/volume/v3/3a2789ed8bc44d869819737bf45ef7c8/types returned with HTTP 200
Jul 24 07:59:48 user devstack@c-api.service[71024]: [pid: 71024|app: 0|req: 135/392] 10.0.0.210 () {64 vars in 1306 bytes} [Mon Jul 24 07:59:48 2023] POST /volume/v3/3a2789ed8bc44d869819737bf45ef7c8/types => generated 223 bytes in 292 msecs (HTTP/1.1 200) 7 headers in 285 bytes (1 switches on core 0)
Jul 24 07:59:48 user devstack@c-api.service[71025]: DEBUG cinder.api.middleware.request_id [None req-9ce23d7f-c92e-402b-9d7b-661f765c47af None None] RequestId filter calling following filter/app {{(pid=71025) _context_setter /opt/stack/cinder/cinder/api/middleware/request_id.py:62}}
Jul 24 07:59:48 user devstack@c-api.service[71025]: INFO cinder.api.openstack.wsgi [None req-9ce23d7f-c92e-402b-9d7b-661f765c47af tempest-GroupSnapshotsTest-2025230624 tempest-GroupSnapshotsTest-2025230624-project-admin] POST http://10.0.0.210/volume/v3/3a2789ed8bc44d869819737bf45ef7c8/group_types
Jul 24 07:59:48 user devstack@c-api.service[71025]: DEBUG cinder.api.openstack.wsgi [None req-9ce23d7f-c92e-402b-9d7b-661f765c47af tempest-GroupSnapshotsTest-2025230624 tempest-GroupSnapshotsTest-2025230624-project-admin] Action: 'create', calling method: version_select, body: {"group_type": {"name": "tempest-GroupSnapshotsTest-group-type-470211767"}} {{(pid=71025) _process_stack /opt/stack/cinder/cinder/api/openstack/wsgi.py:866}}
Jul 24 07:59:48 user devstack@c-api.service[71023]: DEBUG cinder.api.middleware.request_id [None req-22bb478c-6a37-4c92-b94c-78550c310041 None None] RequestId filter calling following filter/app {{(pid=71023) _context_setter /opt/stack/cinder/cinder/api/middleware/request_id.py:62}}
Jul 24 07:59:48 user devstack@c-api.service[71024]: DEBUG cinder.api.middleware.request_id [None req-69deb732-8c5b-40dc-806e-39d530ed63b3 None None] RequestId filter calling following filter/app {{(pid=71024) _context_setter /opt/stack/cinder/cinder/api/middleware/request_id.py:62}}
Jul 24 07:59:48 user devstack@c-api.service[71023]: INFO cinder.api.openstack.wsgi [None req-22bb478c-6a37-4c92-b94c-78550c310041 tempest-TaggedBootDevicesTest-39071927 tempest-TaggedBootDevicesTest-39071927-project-member] GET http://10.0.0.210/volume/v3/62ca511834024fac9cc1b971b0a26c28/volumes/41b9e13d-950d-44df-838f-bde9ad07d536
Jul 24 07:59:48 user devstack@c-api.service[71023]: DEBUG cinder.api.openstack.wsgi [None req-22bb478c-6a37-4c92-b94c-78550c310041 tempest-TaggedBootDevicesTest-39071927 tempest-TaggedBootDevicesTest-39071927-project-member] Empty body provided in request {{(pid=71023) get_body /opt/stack/cinder/cinder/api/openstack/wsgi.py:715}}
Jul 24 07:59:48 user devstack@c-api.service[71023]: DEBUG cinder.api.openstack.wsgi [None req-22bb478c-6a37-4c92-b94c-78550c310041 tempest-TaggedBootDevicesTest-39071927 tempest-TaggedBootDevicesTest-39071927-project-member] Calling method 'show' {{(pid=71023) _process_stack /opt/stack/cinder/cinder/api/openstack/wsgi.py:868}}
Jul 24 07:59:48 user devstack@c-api.service[71024]: INFO cinder.api.openstack.wsgi [None req-69deb732-8c5b-40dc-806e-39d530ed63b3 tempest-VolumesDeleteCascade-119141431 tempest-VolumesDeleteCascade-119141431-project-member] GET http://10.0.0.210/volume/v3/d8e8033fbd494aa19e43f7309e674c54/snapshots/c2053cc1-9995-41ea-a8d1-24a05a4d2349
Jul 24 07:59:48 user devstack@c-api.service[71024]: DEBUG cinder.api.openstack.wsgi [None req-69deb732-8c5b-40dc-806e-39d530ed63b3 tempest-VolumesDeleteCascade-119141431 tempest-VolumesDeleteCascade-119141431-project-member] Empty body provided in request {{(pid=71024) get_body /opt/stack/cinder/cinder/api/openstack/wsgi.py:715}}
Jul 24 07:59:48 user devstack@c-api.service[71024]: DEBUG cinder.api.openstack.wsgi [None req-69deb732-8c5b-40dc-806e-39d530ed63b3 tempest-VolumesDeleteCascade-119141431 tempest-VolumesDeleteCascade-119141431-project-member] Calling method 'show' {{(pid=71024) _process_stack /opt/stack/cinder/cinder/api/openstack/wsgi.py:868}}
Jul 24 07:59:48 user devstack@c-api.service[71025]: INFO cinder.api.openstack.wsgi [None req-9ce23d7f-c92e-402b-9d7b-661f765c47af tempest-GroupSnapshotsTest-2025230624 tempest-GroupSnapshotsTest-2025230624-project-admin] http://10.0.0.210/volume/v3/3a2789ed8bc44d869819737bf45ef7c8/group_types returned with HTTP 202
Jul 24 07:59:48 user devstack@c-api.service[71025]: [pid: 71025|app: 0|req: 131/393] 10.0.0.210 () {66 vars in 1365 bytes} [Mon Jul 24 07:59:48 2023] POST /volume/v3/3a2789ed8bc44d869819737bf45ef7c8/group_types => generated 180 bytes in 54 msecs (HTTP/1.1 202) 7 headers in 292 bytes (2 switches on core 0)
Jul 24 07:59:48 user devstack@c-api.service[71024]: /usr/local/lib/python3.10/dist-packages/oslo_context/context.py:100: DeprecationWarning: Policy enforcement is depending on the value of is_admin. This key is deprecated. Please update your policy file to use the standard policy values.
Jul 24 07:59:48 user devstack@c-api.service[71024]: warnings.warn('Policy enforcement is depending on the value of '
Jul 24 07:59:48 user devstack@c-api.service[71024]: INFO cinder.volume.api [None req-69deb732-8c5b-40dc-806e-39d530ed63b3 tempest-VolumesDeleteCascade-119141431 tempest-VolumesDeleteCascade-119141431-project-member] Snapshot retrieved successfully.
Jul 24 07:59:48 user devstack@c-api.service[71025]: DEBUG cinder.api.middleware.request_id [None req-ea34513f-c751-4aad-8030-4a904e9243be None None] RequestId filter calling following filter/app {{(pid=71025) _context_setter /opt/stack/cinder/cinder/api/middleware/request_id.py:62}}
Jul 24 07:59:48 user devstack@c-api.service[71024]: INFO cinder.api.openstack.wsgi [None req-69deb732-8c5b-40dc-806e-39d530ed63b3 tempest-VolumesDeleteCascade-119141431 tempest-VolumesDeleteCascade-119141431-project-member] http://10.0.0.210/volume/v3/d8e8033fbd494aa19e43f7309e674c54/snapshots/c2053cc1-9995-41ea-a8d1-24a05a4d2349 returned with HTTP 200
Jul 24 07:59:48 user devstack@c-api.service[71024]: [pid: 71024|app: 0|req: 136/394] 10.0.0.210 () {62 vars in 1408 bytes} [Mon Jul 24 07:59:48 2023] GET /volume/v3/d8e8033fbd494aa19e43f7309e674c54/snapshots/c2053cc1-9995-41ea-a8d1-24a05a4d2349 => generated 439 bytes in 32 msecs (HTTP/1.1 200) 7 headers in 285 bytes (1 switches on core 0)
Jul 24 07:59:48 user devstack@c-api.service[71023]: /usr/local/lib/python3.10/dist-packages/oslo_context/context.py:100: DeprecationWarning: Policy enforcement is depending on the value of is_admin. This key is deprecated. Please update your policy file to use the standard policy values.
Jul 24 07:59:48 user devstack@c-api.service[71023]: warnings.warn('Policy enforcement is depending on the value of '
Jul 24 07:59:48 user devstack@c-api.service[71023]: INFO cinder.volume.api [None req-22bb478c-6a37-4c92-b94c-78550c310041 tempest-TaggedBootDevicesTest-39071927 tempest-TaggedBootDevicesTest-39071927-project-member] Volume info retrieved successfully.
Jul 24 07:59:49 user devstack@c-api.service[71023]: INFO cinder.api.openstack.wsgi [None req-22bb478c-6a37-4c92-b94c-78550c310041 tempest-TaggedBootDevicesTest-39071927 tempest-TaggedBootDevicesTest-39071927-project-member] http://10.0.0.210/volume/v3/62ca511834024fac9cc1b971b0a26c28/volumes/41b9e13d-950d-44df-838f-bde9ad07d536 returned with HTTP 200
Jul 24 07:59:49 user devstack@c-api.service[71023]: [pid: 71023|app: 0|req: 128/395] 10.0.0.210 () {62 vars in 1402 bytes} [Mon Jul 24 07:59:48 2023] GET /volume/v3/62ca511834024fac9cc1b971b0a26c28/volumes/41b9e13d-950d-44df-838f-bde9ad07d536 => generated 971 bytes in 80 msecs (HTTP/1.1 200) 7 headers in 285 bytes (1 switches on core 0)
Jul 24 07:59:49 user devstack@c-api.service[71025]: INFO cinder.api.openstack.wsgi [None req-ea34513f-c751-4aad-8030-4a904e9243be tempest-GroupSnapshotsTest-2065589759 tempest-GroupSnapshotsTest-2065589759-project-member] POST http://10.0.0.210/volume/v3/83774a4845164698a7a050e7df5d2478/groups
Jul 24 07:59:49 user devstack@c-api.service[71025]: DEBUG cinder.api.openstack.wsgi [None req-ea34513f-c751-4aad-8030-4a904e9243be tempest-GroupSnapshotsTest-2065589759 tempest-GroupSnapshotsTest-2065589759-project-member] Action: 'create', calling method: version_select, body: {"group": {"group_type": "1bc7cee8-99e7-45c3-a3ce-11384b7aa08f", "volume_types": ["d1d286dc-efd4-491a-835f-60b0c8aa935d"], "name": "tempest-GroupSnapshotsTest-Group-34895830"}} {{(pid=71025) _process_stack /opt/stack/cinder/cinder/api/openstack/wsgi.py:866}}
Jul 24 07:59:49 user devstack@c-api.service[71025]: DEBUG cinder.api.v3.groups [None req-ea34513f-c751-4aad-8030-4a904e9243be tempest-GroupSnapshotsTest-2065589759 tempest-GroupSnapshotsTest-2065589759-project-member] Creating new group {'group': {'group_type': '1bc7cee8-99e7-45c3-a3ce-11384b7aa08f', 'volume_types': ['d1d286dc-efd4-491a-835f-60b0c8aa935d'], 'name': 'tempest-GroupSnapshotsTest-Group-34895830'}} {{(pid=71025) create /opt/stack/cinder/cinder/api/v3/groups.py:190}}
Jul 24 07:59:49 user devstack@c-api.service[71025]: INFO cinder.api.v3.groups [None req-ea34513f-c751-4aad-8030-4a904e9243be tempest-GroupSnapshotsTest-2065589759 tempest-GroupSnapshotsTest-2065589759-project-member] Creating group tempest-GroupSnapshotsTest-Group-34895830.
Jul 24 07:59:49 user devstack@c-api.service[71025]: INFO cinder.volume.api [None req-ea34513f-c751-4aad-8030-4a904e9243be tempest-GroupSnapshotsTest-2065589759 tempest-GroupSnapshotsTest-2065589759-project-member] Availability Zones retrieved successfully.
Jul 24 07:59:49 user devstack@c-api.service[71024]: DEBUG cinder.api.middleware.request_id [None req-937009bd-b083-4835-b136-4e3c0434b85c None None] RequestId filter calling following filter/app {{(pid=71024) _context_setter /opt/stack/cinder/cinder/api/middleware/request_id.py:62}}
Jul 24 07:59:49 user devstack@c-api.service[71024]: INFO cinder.api.openstack.wsgi [None req-937009bd-b083-4835-b136-4e3c0434b85c tempest-TaggedBootDevicesTest_v242-801337857 tempest-TaggedBootDevicesTest_v242-801337857-project-member] GET http://10.0.0.210/volume/v3/0e03595603d24983aff157abd35918d2/volumes/a83c24e1-b7cd-43f5-80df-3f665dc2836f
Jul 24 07:59:49 user devstack@c-api.service[71024]: DEBUG cinder.api.openstack.wsgi [None req-937009bd-b083-4835-b136-4e3c0434b85c tempest-TaggedBootDevicesTest_v242-801337857 tempest-TaggedBootDevicesTest_v242-801337857-project-member] Empty body provided in request {{(pid=71024) get_body /opt/stack/cinder/cinder/api/openstack/wsgi.py:715}}
Jul 24 07:59:49 user devstack@c-api.service[71024]: DEBUG cinder.api.openstack.wsgi [None req-937009bd-b083-4835-b136-4e3c0434b85c tempest-TaggedBootDevicesTest_v242-801337857 tempest-TaggedBootDevicesTest_v242-801337857-project-member] Calling method 'show' {{(pid=71024) _process_stack /opt/stack/cinder/cinder/api/openstack/wsgi.py:868}}
Jul 24 07:59:49 user devstack@c-api.service[71024]: /usr/local/lib/python3.10/dist-packages/oslo_context/context.py:100: DeprecationWarning: Policy enforcement is depending on the value of is_admin. This key is deprecated. Please update your policy file to use the standard policy values.
Jul 24 07:59:49 user devstack@c-api.service[71024]: warnings.warn('Policy enforcement is depending on the value of '
Jul 24 07:59:49 user devstack@c-api.service[71024]: INFO cinder.volume.api [None req-937009bd-b083-4835-b136-4e3c0434b85c tempest-TaggedBootDevicesTest_v242-801337857 tempest-TaggedBootDevicesTest_v242-801337857-project-member] Volume info retrieved successfully.
Jul 24 07:59:49 user devstack@c-api.service[71025]: DEBUG cinder.quota [None req-ea34513f-c751-4aad-8030-4a904e9243be tempest-GroupSnapshotsTest-2065589759 tempest-GroupSnapshotsTest-2065589759-project-member] Created reservations ['5d9d2283-03d4-4078-964a-c959f800c6ba'] {{(pid=71025) reserve /opt/stack/cinder/cinder/quota.py:755}}
Jul 24 07:59:49 user devstack@c-api.service[71024]: INFO cinder.api.openstack.wsgi [None req-937009bd-b083-4835-b136-4e3c0434b85c tempest-TaggedBootDevicesTest_v242-801337857 tempest-TaggedBootDevicesTest_v242-801337857-project-member] http://10.0.0.210/volume/v3/0e03595603d24983aff157abd35918d2/volumes/a83c24e1-b7cd-43f5-80df-3f665dc2836f returned with HTTP 200
Jul 24 07:59:49 user devstack@c-api.service[71024]: [pid: 71024|app: 0|req: 137/396] 10.0.0.210 () {62 vars in 1402 bytes} [Mon Jul 24 07:59:49 2023] GET /volume/v3/0e03595603d24983aff157abd35918d2/volumes/a83c24e1-b7cd-43f5-80df-3f665dc2836f => generated 915 bytes in 46 msecs (HTTP/1.1 200) 7 headers in 285 bytes (1 switches on core 0)
Jul 24 07:59:49 user devstack@c-api.service[71025]: INFO cinder.api.openstack.wsgi [None req-ea34513f-c751-4aad-8030-4a904e9243be tempest-GroupSnapshotsTest-2065589759 tempest-GroupSnapshotsTest-2065589759-project-member] http://10.0.0.210/volume/v3/83774a4845164698a7a050e7df5d2478/groups returned with HTTP 202
Jul 24 07:59:49 user devstack@c-api.service[71025]: [pid: 71025|app: 0|req: 132/397] 10.0.0.210 () {66 vars in 1351 bytes} [Mon Jul 24 07:59:48 2023] POST /volume/v3/83774a4845164698a7a050e7df5d2478/groups => generated 110 bytes in 283 msecs (HTTP/1.1 202) 7 headers in 292 bytes (1 switches on core 0)
Jul 24 07:59:49 user devstack@c-api.service[71023]: DEBUG cinder.api.middleware.request_id [None req-9e353d7a-5c1a-44b0-a522-ef5f9ccec2bf None None] RequestId filter calling following filter/app {{(pid=71023) _context_setter /opt/stack/cinder/cinder/api/middleware/request_id.py:62}}
Jul 24 07:59:49 user devstack@c-api.service[71023]: INFO cinder.api.openstack.wsgi [None req-9e353d7a-5c1a-44b0-a522-ef5f9ccec2bf tempest-GroupSnapshotsTest-2065589759 tempest-GroupSnapshotsTest-2065589759-project-member] GET http://10.0.0.210/volume/v3/83774a4845164698a7a050e7df5d2478/groups/30b33835-89f1-4762-8294-03599dfd2a25
Jul 24 07:59:49 user devstack@c-api.service[71023]: DEBUG cinder.api.openstack.wsgi [None req-9e353d7a-5c1a-44b0-a522-ef5f9ccec2bf tempest-GroupSnapshotsTest-2065589759 tempest-GroupSnapshotsTest-2065589759-project-member] Empty body provided in request {{(pid=71023) get_body /opt/stack/cinder/cinder/api/openstack/wsgi.py:715}}
Jul 24 07:59:49 user devstack@c-api.service[71023]: DEBUG cinder.api.openstack.wsgi [None req-9e353d7a-5c1a-44b0-a522-ef5f9ccec2bf tempest-GroupSnapshotsTest-2065589759 tempest-GroupSnapshotsTest-2065589759-project-member] Calling method 'version_select' {{(pid=71023) _process_stack /opt/stack/cinder/cinder/api/openstack/wsgi.py:868}}
Jul 24 07:59:49 user devstack@c-api.service[71023]: DEBUG cinder.api.v3.groups [None req-9e353d7a-5c1a-44b0-a522-ef5f9ccec2bf tempest-GroupSnapshotsTest-2065589759 tempest-GroupSnapshotsTest-2065589759-project-member] show called for member 30b33835-89f1-4762-8294-03599dfd2a25 {{(pid=71023) show /opt/stack/cinder/cinder/api/v3/groups.py:58}}
Jul 24 07:59:49 user devstack@c-api.service[71023]: /usr/local/lib/python3.10/dist-packages/oslo_context/context.py:100: DeprecationWarning: Policy enforcement is depending on the value of is_admin. This key is deprecated. Please update your policy file to use the standard policy values.
Jul 24 07:59:49 user devstack@c-api.service[71023]: warnings.warn('Policy enforcement is depending on the value of '
Jul 24 07:59:49 user devstack@c-api.service[71023]: INFO cinder.api.openstack.wsgi [None req-9e353d7a-5c1a-44b0-a522-ef5f9ccec2bf tempest-GroupSnapshotsTest-2065589759 tempest-GroupSnapshotsTest-2065589759-project-member] http://10.0.0.210/volume/v3/83774a4845164698a7a050e7df5d2478/groups/30b33835-89f1-4762-8294-03599dfd2a25 returned with HTTP 200
Jul 24 07:59:49 user devstack@c-api.service[71023]: [pid: 71023|app: 0|req: 129/398] 10.0.0.210 () {64 vars in 1440 bytes} [Mon Jul 24 07:59:49 2023] GET /volume/v3/83774a4845164698a7a050e7df5d2478/groups/30b33835-89f1-4762-8294-03599dfd2a25 => generated 390 bytes in 52 msecs (HTTP/1.1 200) 7 headers in 286 bytes (1 switches on core 0)
Jul 24 07:59:49 user devstack@c-api.service[71024]: DEBUG cinder.api.middleware.request_id [None req-3a48533b-2a23-474b-b080-0a1fe2893181 None None] RequestId filter calling following filter/app {{(pid=71024) _context_setter /opt/stack/cinder/cinder/api/middleware/request_id.py:62}}
Jul 24 07:59:49 user devstack@c-api.service[71024]: INFO cinder.api.openstack.wsgi [None req-3a48533b-2a23-474b-b080-0a1fe2893181 tempest-VolumesTransfersV355Test-213459910 tempest-VolumesTransfersV355Test-213459910-project-admin] GET http://10.0.0.210/volume/v3/ad22041fd8024649a1794e9e488063e2/volumes/42ae105e-e64b-441d-bcd1-0b1e69576112
Jul 24 07:59:49 user devstack@c-api.service[71024]: DEBUG cinder.api.openstack.wsgi [None req-3a48533b-2a23-474b-b080-0a1fe2893181 tempest-VolumesTransfersV355Test-213459910 tempest-VolumesTransfersV355Test-213459910-project-admin] Empty body provided in request {{(pid=71024) get_body /opt/stack/cinder/cinder/api/openstack/wsgi.py:715}}
Jul 24 07:59:49 user devstack@c-api.service[71024]: DEBUG cinder.api.openstack.wsgi [None req-3a48533b-2a23-474b-b080-0a1fe2893181 tempest-VolumesTransfersV355Test-213459910 tempest-VolumesTransfersV355Test-213459910-project-admin] Calling method 'show' {{(pid=71024) _process_stack /opt/stack/cinder/cinder/api/openstack/wsgi.py:868}}
Jul 24 07:59:49 user devstack@c-api.service[71024]: /usr/local/lib/python3.10/dist-packages/oslo_context/context.py:100: DeprecationWarning: Policy enforcement is depending on the value of is_admin. This key is deprecated. Please update your policy file to use the standard policy values.
Jul 24 07:59:49 user devstack@c-api.service[71024]: warnings.warn('Policy enforcement is depending on the value of '
Jul 24 07:59:49 user devstack@c-api.service[71024]: INFO cinder.volume.api [None req-3a48533b-2a23-474b-b080-0a1fe2893181 tempest-VolumesTransfersV355Test-213459910 tempest-VolumesTransfersV355Test-213459910-project-admin] Volume info retrieved successfully.
Jul 24 07:59:49 user devstack@c-api.service[71024]: INFO cinder.api.openstack.wsgi [None req-3a48533b-2a23-474b-b080-0a1fe2893181 tempest-VolumesTransfersV355Test-213459910 tempest-VolumesTransfersV355Test-213459910-project-admin] http://10.0.0.210/volume/v3/ad22041fd8024649a1794e9e488063e2/volumes/42ae105e-e64b-441d-bcd1-0b1e69576112 returned with HTTP 200
Jul 24 07:59:49 user devstack@c-api.service[71024]: [pid: 71024|app: 0|req: 138/399] 10.0.0.210 () {64 vars in 1443 bytes} [Mon Jul 24 07:59:49 2023] GET /volume/v3/ad22041fd8024649a1794e9e488063e2/volumes/42ae105e-e64b-441d-bcd1-0b1e69576112 => generated 1196 bytes in 38 msecs (HTTP/1.1 200) 7 headers in 287 bytes (1 switches on core 0)
Jul 24 07:59:49 user devstack@c-api.service[71025]: DEBUG cinder.api.middleware.request_id [None req-dcd1f06d-f06c-4503-9c93-9a77f4c7caa2 None None] RequestId filter calling following filter/app {{(pid=71025) _context_setter /opt/stack/cinder/cinder/api/middleware/request_id.py:62}}
Jul 24 07:59:49 user devstack@c-api.service[71025]: INFO cinder.api.openstack.wsgi [None req-dcd1f06d-f06c-4503-9c93-9a77f4c7caa2 tempest-VolumesTransfersV357Test-621656057 tempest-VolumesTransfersV357Test-621656057-project-member] GET http://10.0.0.210/volume/v3/853b00a830454668877531208f933c8f/volumes/ab4e09ed-a313-4600-b1b5-4004a0012624
Jul 24 07:59:49 user devstack@c-api.service[71025]: DEBUG cinder.api.openstack.wsgi [None req-dcd1f06d-f06c-4503-9c93-9a77f4c7caa2 tempest-VolumesTransfersV357Test-621656057 tempest-VolumesTransfersV357Test-621656057-project-member] Empty body provided in request {{(pid=71025) get_body /opt/stack/cinder/cinder/api/openstack/wsgi.py:715}}
Jul 24 07:59:49 user devstack@c-api.service[71025]: DEBUG cinder.api.openstack.wsgi [None req-dcd1f06d-f06c-4503-9c93-9a77f4c7caa2 tempest-VolumesTransfersV357Test-621656057 tempest-VolumesTransfersV357Test-621656057-project-member] Calling method 'show' {{(pid=71025) _process_stack /opt/stack/cinder/cinder/api/openstack/wsgi.py:868}}
Jul 24 07:59:49 user devstack@c-api.service[71025]: DEBUG dbcounter [-] [71025] Writing DB stats cinder:SELECT=74,cinder:INSERT=11,cinder:UPDATE=15 {{(pid=71025) stat_writer /usr/local/lib/python3.10/dist-packages/dbcounter.py:117}}
Jul 24 07:59:49 user devstack@c-api.service[71023]: DEBUG cinder.api.middleware.request_id [None req-2b3cf82c-0aeb-444a-b73b-b6b6e2709d9a None None] RequestId filter calling following filter/app {{(pid=71023) _context_setter /opt/stack/cinder/cinder/api/middleware/request_id.py:62}}
Jul 24 07:59:49 user devstack@c-api.service[71024]: DEBUG cinder.api.middleware.request_id [None req-f563435c-4c03-4570-87f0-a2caae914648 None None] RequestId filter calling following filter/app {{(pid=71024) _context_setter /opt/stack/cinder/cinder/api/middleware/request_id.py:62}}
Jul 24 07:59:49 user devstack@c-api.service[71023]: INFO cinder.api.openstack.wsgi [None req-2b3cf82c-0aeb-444a-b73b-b6b6e2709d9a tempest-TaggedAttachmentsTest-164540551 tempest-TaggedAttachmentsTest-164540551-project-member] GET http://10.0.0.210/volume/v3/5c635ae241d04098823aaf9ba1969d46/volumes/98be0b1d-7773-465c-ab8c-91b4140579f5
Jul 24 07:59:49 user devstack@c-api.service[71023]: DEBUG cinder.api.openstack.wsgi [None req-2b3cf82c-0aeb-444a-b73b-b6b6e2709d9a tempest-TaggedAttachmentsTest-164540551 tempest-TaggedAttachmentsTest-164540551-project-member] Empty body provided in request {{(pid=71023) get_body /opt/stack/cinder/cinder/api/openstack/wsgi.py:715}}
Jul 24 07:59:49 user devstack@c-api.service[71023]: DEBUG cinder.api.openstack.wsgi [None req-2b3cf82c-0aeb-444a-b73b-b6b6e2709d9a tempest-TaggedAttachmentsTest-164540551 tempest-TaggedAttachmentsTest-164540551-project-member] Calling method 'show' {{(pid=71023) _process_stack /opt/stack/cinder/cinder/api/openstack/wsgi.py:868}}
Jul 24 07:59:49 user devstack@c-api.service[71024]: INFO cinder.api.openstack.wsgi [None req-f563435c-4c03-4570-87f0-a2caae914648 tempest-VolumesTestJSON-354961361 tempest-VolumesTestJSON-354961361-project-member] GET http://10.0.0.210/volume/v3/145563f134f54d51bfabc7c446accbe3/volumes/66797fc9-5eca-49d1-85e6-9032319c9f5c
Jul 24 07:59:49 user devstack@c-api.service[71024]: DEBUG cinder.api.openstack.wsgi [None req-f563435c-4c03-4570-87f0-a2caae914648 tempest-VolumesTestJSON-354961361 tempest-VolumesTestJSON-354961361-project-member] Empty body provided in request {{(pid=71024) get_body /opt/stack/cinder/cinder/api/openstack/wsgi.py:715}}
Jul 24 07:59:49 user devstack@c-api.service[71024]: DEBUG cinder.api.openstack.wsgi [None req-f563435c-4c03-4570-87f0-a2caae914648 tempest-VolumesTestJSON-354961361 tempest-VolumesTestJSON-354961361-project-member] Calling method 'show' {{(pid=71024) _process_stack /opt/stack/cinder/cinder/api/openstack/wsgi.py:868}}
Jul 24 07:59:49 user devstack@c-api.service[71023]: DEBUG dbcounter [-] [71023] Writing DB stats cinder:SELECT=79,cinder:INSERT=8,cinder:UPDATE=13 {{(pid=71023) stat_writer /usr/local/lib/python3.10/dist-packages/dbcounter.py:117}}
Jul 24 07:59:49 user devstack@c-api.service[71024]: /usr/local/lib/python3.10/dist-packages/oslo_context/context.py:100: DeprecationWarning: Policy enforcement is depending on the value of is_admin. This key is deprecated. Please update your policy file to use the standard policy values.
Jul 24 07:59:49 user devstack@c-api.service[71024]: warnings.warn('Policy enforcement is depending on the value of '
Jul 24 07:59:49 user devstack@c-api.service[71025]: /usr/local/lib/python3.10/dist-packages/oslo_context/context.py:100: DeprecationWarning: Policy enforcement is depending on the value of is_admin. This key is deprecated. Please update your policy file to use the standard policy values.
Jul 24 07:59:49 user devstack@c-api.service[71025]: warnings.warn('Policy enforcement is depending on the value of '
Jul 24 07:59:49 user devstack@c-api.service[71023]: /usr/local/lib/python3.10/dist-packages/oslo_context/context.py:100: DeprecationWarning: Policy enforcement is depending on the value of is_admin. This key is deprecated. Please update your policy file to use the standard policy values.
Jul 24 07:59:49 user devstack@c-api.service[71023]: warnings.warn('Policy enforcement is depending on the value of '
Jul 24 07:59:49 user devstack@c-api.service[71024]: INFO cinder.volume.api [None req-f563435c-4c03-4570-87f0-a2caae914648 tempest-VolumesTestJSON-354961361 tempest-VolumesTestJSON-354961361-project-member] Volume info retrieved successfully.
Jul 24 07:59:49 user devstack@c-api.service[71023]: INFO cinder.volume.api [None req-2b3cf82c-0aeb-444a-b73b-b6b6e2709d9a tempest-TaggedAttachmentsTest-164540551 tempest-TaggedAttachmentsTest-164540551-project-member] Volume info retrieved successfully.
Jul 24 07:59:49 user devstack@c-api.service[71025]: INFO cinder.volume.api [None req-dcd1f06d-f06c-4503-9c93-9a77f4c7caa2 tempest-VolumesTransfersV357Test-621656057 tempest-VolumesTransfersV357Test-621656057-project-member] Volume info retrieved successfully.
Jul 24 07:59:49 user devstack@c-api.service[71024]: INFO cinder.api.openstack.wsgi [None req-f563435c-4c03-4570-87f0-a2caae914648 tempest-VolumesTestJSON-354961361 tempest-VolumesTestJSON-354961361-project-member] http://10.0.0.210/volume/v3/145563f134f54d51bfabc7c446accbe3/volumes/66797fc9-5eca-49d1-85e6-9032319c9f5c returned with HTTP 200
Jul 24 07:59:49 user devstack@c-api.service[71023]: INFO cinder.api.openstack.wsgi [None req-2b3cf82c-0aeb-444a-b73b-b6b6e2709d9a tempest-TaggedAttachmentsTest-164540551 tempest-TaggedAttachmentsTest-164540551-project-member] http://10.0.0.210/volume/v3/5c635ae241d04098823aaf9ba1969d46/volumes/98be0b1d-7773-465c-ab8c-91b4140579f5 returned with HTTP 200
Jul 24 07:59:49 user devstack@c-api.service[71024]: [pid: 71024|app: 0|req: 139/400] 10.0.0.210 () {62 vars in 1402 bytes} [Mon Jul 24 07:59:49 2023] GET /volume/v3/145563f134f54d51bfabc7c446accbe3/volumes/66797fc9-5eca-49d1-85e6-9032319c9f5c => generated 919 bytes in 158 msecs (HTTP/1.1 200) 7 headers in 285 bytes (1 switches on core 0)
Jul 24 07:59:49 user devstack@c-api.service[71023]: [pid: 71023|app: 0|req: 130/401] 10.0.0.210 () {62 vars in 1402 bytes} [Mon Jul 24 07:59:49 2023] GET /volume/v3/5c635ae241d04098823aaf9ba1969d46/volumes/98be0b1d-7773-465c-ab8c-91b4140579f5 => generated 911 bytes in 174 msecs (HTTP/1.1 200) 7 headers in 285 bytes (1 switches on core 0)
Jul 24 07:59:49 user devstack@c-api.service[71025]: INFO cinder.api.openstack.wsgi [None req-dcd1f06d-f06c-4503-9c93-9a77f4c7caa2 tempest-VolumesTransfersV357Test-621656057 tempest-VolumesTransfersV357Test-621656057-project-member] http://10.0.0.210/volume/v3/853b00a830454668877531208f933c8f/volumes/ab4e09ed-a313-4600-b1b5-4004a0012624 returned with HTTP 200
Jul 24 07:59:49 user devstack@c-api.service[71025]: [pid: 71025|app: 0|req: 133/402] 10.0.0.210 () {64 vars in 1443 bytes} [Mon Jul 24 07:59:49 2023] GET /volume/v3/853b00a830454668877531208f933c8f/volumes/ab4e09ed-a313-4600-b1b5-4004a0012624 => generated 978 bytes in 244 msecs (HTTP/1.1 200) 7 headers in 286 bytes (1 switches on core 0)
Jul 24 07:59:49 user devstack@c-api.service[71024]: DEBUG cinder.api.middleware.request_id [None req-c766ad37-9440-457c-bc89-de45185688aa None None] RequestId filter calling following filter/app {{(pid=71024) _context_setter /opt/stack/cinder/cinder/api/middleware/request_id.py:62}}
Jul 24 07:59:49 user devstack@c-api.service[71024]: INFO cinder.api.openstack.wsgi [None req-c766ad37-9440-457c-bc89-de45185688aa tempest-TestVolumeSwap-398473445 tempest-TestVolumeSwap-398473445-project-member] GET http://10.0.0.210/volume/v3/b4dffddebe9b4c1cbfee6f5aef6fa43f/volumes/3fc56bbb-5c72-45a7-9796-eb022e2f593d
Jul 24 07:59:49 user devstack@c-api.service[71024]: DEBUG cinder.api.openstack.wsgi [None req-c766ad37-9440-457c-bc89-de45185688aa tempest-TestVolumeSwap-398473445 tempest-TestVolumeSwap-398473445-project-member] Empty body provided in request {{(pid=71024) get_body /opt/stack/cinder/cinder/api/openstack/wsgi.py:715}}
Jul 24 07:59:49 user devstack@c-api.service[71024]: DEBUG cinder.api.openstack.wsgi [None req-c766ad37-9440-457c-bc89-de45185688aa tempest-TestVolumeSwap-398473445 tempest-TestVolumeSwap-398473445-project-member] Calling method 'show' {{(pid=71024) _process_stack /opt/stack/cinder/cinder/api/openstack/wsgi.py:868}}
Jul 24 07:59:49 user devstack@c-api.service[71023]: DEBUG cinder.api.middleware.request_id [None req-2653d932-df0f-42d2-8ef0-97c03be46600 None None] RequestId filter calling following filter/app {{(pid=71023) _context_setter /opt/stack/cinder/cinder/api/middleware/request_id.py:62}}
Jul 24 07:59:49 user devstack@c-api.service[71023]: INFO cinder.api.openstack.wsgi [None req-2653d932-df0f-42d2-8ef0-97c03be46600 tempest-VolumeQuotasAdminTestJSON-755992412 tempest-VolumeQuotasAdminTestJSON-755992412-project-member] GET http://10.0.0.210/volume/v3/cb51a1eadd6d4b1fa2499b26a92c7662/volumes/12963242-9934-43fb-b15c-ffbc1273b091
Jul 24 07:59:49 user devstack@c-api.service[71023]: DEBUG cinder.api.openstack.wsgi [None req-2653d932-df0f-42d2-8ef0-97c03be46600 tempest-VolumeQuotasAdminTestJSON-755992412 tempest-VolumeQuotasAdminTestJSON-755992412-project-member] Empty body provided in request {{(pid=71023) get_body /opt/stack/cinder/cinder/api/openstack/wsgi.py:715}}
Jul 24 07:59:49 user devstack@c-api.service[71023]: DEBUG cinder.api.openstack.wsgi [None req-2653d932-df0f-42d2-8ef0-97c03be46600 tempest-VolumeQuotasAdminTestJSON-755992412 tempest-VolumeQuotasAdminTestJSON-755992412-project-member] Calling method 'show' {{(pid=71023) _process_stack /opt/stack/cinder/cinder/api/openstack/wsgi.py:868}}
Jul 24 07:59:49 user devstack@c-api.service[71024]: /usr/local/lib/python3.10/dist-packages/oslo_context/context.py:100: DeprecationWarning: Policy enforcement is depending on the value of is_admin. This key is deprecated. Please update your policy file to use the standard policy values.
Jul 24 07:59:49 user devstack@c-api.service[71024]: warnings.warn('Policy enforcement is depending on the value of '
Jul 24 07:59:49 user devstack@c-api.service[71024]: INFO cinder.volume.api [None req-c766ad37-9440-457c-bc89-de45185688aa tempest-TestVolumeSwap-398473445 tempest-TestVolumeSwap-398473445-project-member] Volume info retrieved successfully.
Jul 24 07:59:49 user devstack@c-api.service[71023]: /usr/local/lib/python3.10/dist-packages/oslo_context/context.py:100: DeprecationWarning: Policy enforcement is depending on the value of is_admin. This key is deprecated. Please update your policy file to use the standard policy values.
Jul 24 07:59:49 user devstack@c-api.service[71023]: warnings.warn('Policy enforcement is depending on the value of '
Jul 24 07:59:49 user devstack@c-api.service[71023]: INFO cinder.volume.api [None req-2653d932-df0f-42d2-8ef0-97c03be46600 tempest-VolumeQuotasAdminTestJSON-755992412 tempest-VolumeQuotasAdminTestJSON-755992412-project-member] Volume info retrieved successfully.
Jul 24 07:59:49 user devstack@c-api.service[71024]: INFO cinder.api.openstack.wsgi [None req-c766ad37-9440-457c-bc89-de45185688aa tempest-TestVolumeSwap-398473445 tempest-TestVolumeSwap-398473445-project-member] http://10.0.0.210/volume/v3/b4dffddebe9b4c1cbfee6f5aef6fa43f/volumes/3fc56bbb-5c72-45a7-9796-eb022e2f593d returned with HTTP 200
Jul 24 07:59:49 user devstack@c-api.service[71024]: [pid: 71024|app: 0|req: 140/403] 10.0.0.210 () {62 vars in 1402 bytes} [Mon Jul 24 07:59:49 2023] GET /volume/v3/b4dffddebe9b4c1cbfee6f5aef6fa43f/volumes/3fc56bbb-5c72-45a7-9796-eb022e2f593d => generated 903 bytes in 56 msecs (HTTP/1.1 200) 7 headers in 285 bytes (1 switches on core 0)
Jul 24 07:59:49 user devstack@c-api.service[71023]: INFO cinder.api.openstack.wsgi [None req-2653d932-df0f-42d2-8ef0-97c03be46600 tempest-VolumeQuotasAdminTestJSON-755992412 tempest-VolumeQuotasAdminTestJSON-755992412-project-member] http://10.0.0.210/volume/v3/cb51a1eadd6d4b1fa2499b26a92c7662/volumes/12963242-9934-43fb-b15c-ffbc1273b091 returned with HTTP 200
Jul 24 07:59:49 user devstack@c-api.service[71023]: [pid: 71023|app: 0|req: 131/404] 10.0.0.210 () {62 vars in 1402 bytes} [Mon Jul 24 07:59:49 2023] GET /volume/v3/cb51a1eadd6d4b1fa2499b26a92c7662/volumes/12963242-9934-43fb-b15c-ffbc1273b091 => generated 916 bytes in 41 msecs (HTTP/1.1 200) 7 headers in 285 bytes (1 switches on core 0)
Jul 24 07:59:49 user devstack@c-api.service[71025]: DEBUG cinder.api.middleware.request_id [None req-1d39c984-6fd4-48a0-9b50-d447813493fc None None] RequestId filter calling following filter/app {{(pid=71025) _context_setter /opt/stack/cinder/cinder/api/middleware/request_id.py:62}}
Jul 24 07:59:49 user devstack@c-api.service[71025]: INFO cinder.api.openstack.wsgi [None req-1d39c984-6fd4-48a0-9b50-d447813493fc tempest-VolumeQuotasAdminTestJSON-1996637188 tempest-VolumeQuotasAdminTestJSON-1996637188-project-admin] GET http://10.0.0.210/volume/v3/91d772cfe7e24bbaad78dd33ecea92da/os-quota-sets/cb51a1eadd6d4b1fa2499b26a92c7662?usage=True
Jul 24 07:59:49 user devstack@c-api.service[71025]: DEBUG cinder.api.openstack.wsgi [None req-1d39c984-6fd4-48a0-9b50-d447813493fc tempest-VolumeQuotasAdminTestJSON-1996637188 tempest-VolumeQuotasAdminTestJSON-1996637188-project-admin] Empty body provided in request {{(pid=71025) get_body /opt/stack/cinder/cinder/api/openstack/wsgi.py:715}}
Jul 24 07:59:49 user devstack@c-api.service[71025]: DEBUG cinder.api.openstack.wsgi [None req-1d39c984-6fd4-48a0-9b50-d447813493fc tempest-VolumeQuotasAdminTestJSON-1996637188 tempest-VolumeQuotasAdminTestJSON-1996637188-project-admin] Calling method 'show' {{(pid=71025) _process_stack /opt/stack/cinder/cinder/api/openstack/wsgi.py:868}}
Jul 24 07:59:49 user devstack@c-api.service[71025]: WARNING cinder.quota [None req-1d39c984-6fd4-48a0-9b50-d447813493fc tempest-VolumeQuotasAdminTestJSON-1996637188 tempest-VolumeQuotasAdminTestJSON-1996637188-project-admin] Deprecated: Default quota for resource: volumes_tempest-GroupSnapshotsTest-volume-type-161415753 is set by the default quota flag: quota_volumes_tempest-GroupSnapshotsTest-volume-type-161415753, it is now deprecated. Please use the default quota class for default quota.
Jul 24 07:59:49 user devstack@c-api.service[71025]: WARNING cinder.quota [None req-1d39c984-6fd4-48a0-9b50-d447813493fc tempest-VolumeQuotasAdminTestJSON-1996637188 tempest-VolumeQuotasAdminTestJSON-1996637188-project-admin] Deprecated: Default quota for resource: gigabytes_tempest-GroupSnapshotsTest-volume-type-161415753 is set by the default quota flag: quota_gigabytes_tempest-GroupSnapshotsTest-volume-type-161415753, it is now deprecated. Please use the default quota class for default quota.
Jul 24 07:59:49 user devstack@c-api.service[71025]: WARNING cinder.quota [None req-1d39c984-6fd4-48a0-9b50-d447813493fc tempest-VolumeQuotasAdminTestJSON-1996637188 tempest-VolumeQuotasAdminTestJSON-1996637188-project-admin] Deprecated: Default quota for resource: snapshots_tempest-GroupSnapshotsTest-volume-type-161415753 is set by the default quota flag: quota_snapshots_tempest-GroupSnapshotsTest-volume-type-161415753, it is now deprecated. Please use the default quota class for default quota.
Jul 24 07:59:49 user devstack@c-api.service[71024]: DEBUG cinder.api.middleware.request_id [None req-ec3080f5-aab7-430e-a1f9-c980854149f0 None None] RequestId filter calling following filter/app {{(pid=71024) _context_setter /opt/stack/cinder/cinder/api/middleware/request_id.py:62}}
Jul 24 07:59:49 user devstack@c-api.service[71025]: INFO cinder.api.openstack.wsgi [None req-1d39c984-6fd4-48a0-9b50-d447813493fc tempest-VolumeQuotasAdminTestJSON-1996637188 tempest-VolumeQuotasAdminTestJSON-1996637188-project-admin] http://10.0.0.210/volume/v3/91d772cfe7e24bbaad78dd33ecea92da/os-quota-sets/cb51a1eadd6d4b1fa2499b26a92c7662?usage=True returned with HTTP 200
Jul 24 07:59:49 user devstack@c-api.service[71025]: [pid: 71025|app: 0|req: 134/405] 10.0.0.210 () {62 vars in 1429 bytes} [Mon Jul 24 07:59:49 2023] GET /volume/v3/91d772cfe7e24bbaad78dd33ecea92da/os-quota-sets/cb51a1eadd6d4b1fa2499b26a92c7662?usage=True => generated 1181 bytes in 50 msecs (HTTP/1.1 200) 7 headers in 286 bytes (1 switches on core 0)
Jul 24 07:59:49 user devstack@c-api.service[71024]: INFO cinder.api.openstack.wsgi [None req-ec3080f5-aab7-430e-a1f9-c980854149f0 tempest-VolumesDeleteCascade-119141431 tempest-VolumesDeleteCascade-119141431-project-member] GET http://10.0.0.210/volume/v3/d8e8033fbd494aa19e43f7309e674c54/snapshots/c2053cc1-9995-41ea-a8d1-24a05a4d2349
Jul 24 07:59:49 user devstack@c-api.service[71024]: DEBUG cinder.api.openstack.wsgi [None req-ec3080f5-aab7-430e-a1f9-c980854149f0 tempest-VolumesDeleteCascade-119141431 tempest-VolumesDeleteCascade-119141431-project-member] Empty body provided in request {{(pid=71024) get_body /opt/stack/cinder/cinder/api/openstack/wsgi.py:715}}
Jul 24 07:59:49 user devstack@c-api.service[71024]: DEBUG cinder.api.openstack.wsgi [None req-ec3080f5-aab7-430e-a1f9-c980854149f0 tempest-VolumesDeleteCascade-119141431 tempest-VolumesDeleteCascade-119141431-project-member] Calling method 'show' {{(pid=71024) _process_stack /opt/stack/cinder/cinder/api/openstack/wsgi.py:868}}
Jul 24 07:59:50 user devstack@c-api.service[71023]: DEBUG cinder.api.middleware.request_id [None req-d7b0b850-912c-4fc2-a265-35460c2e623a None None] RequestId filter calling following filter/app {{(pid=71023) _context_setter /opt/stack/cinder/cinder/api/middleware/request_id.py:62}}
Jul 24 07:59:50 user devstack@c-api.service[71024]: /usr/local/lib/python3.10/dist-packages/oslo_context/context.py:100: DeprecationWarning: Policy enforcement is depending on the value of is_admin. This key is deprecated. Please update your policy file to use the standard policy values.
Jul 24 07:59:50 user devstack@c-api.service[71024]: warnings.warn('Policy enforcement is depending on the value of '
Jul 24 07:59:50 user devstack@c-api.service[71024]: INFO cinder.volume.api [None req-ec3080f5-aab7-430e-a1f9-c980854149f0 tempest-VolumesDeleteCascade-119141431 tempest-VolumesDeleteCascade-119141431-project-member] Snapshot retrieved successfully.
Jul 24 07:59:50 user devstack@c-api.service[71023]: INFO cinder.api.openstack.wsgi [None req-d7b0b850-912c-4fc2-a265-35460c2e623a tempest-VolumeQuotasAdminTestJSON-1996637188 tempest-VolumeQuotasAdminTestJSON-1996637188-project-admin] GET http://10.0.0.210/volume/v3/91d772cfe7e24bbaad78dd33ecea92da/os-quota-sets/f88b66f6f5504d9095ab548ff79b81e5?usage=True
Jul 24 07:59:50 user devstack@c-api.service[71023]: DEBUG cinder.api.openstack.wsgi [None req-d7b0b850-912c-4fc2-a265-35460c2e623a tempest-VolumeQuotasAdminTestJSON-1996637188 tempest-VolumeQuotasAdminTestJSON-1996637188-project-admin] Empty body provided in request {{(pid=71023) get_body /opt/stack/cinder/cinder/api/openstack/wsgi.py:715}}
Jul 24 07:59:50 user devstack@c-api.service[71023]: DEBUG cinder.api.openstack.wsgi [None req-d7b0b850-912c-4fc2-a265-35460c2e623a tempest-VolumeQuotasAdminTestJSON-1996637188 tempest-VolumeQuotasAdminTestJSON-1996637188-project-admin] Calling method 'show' {{(pid=71023) _process_stack /opt/stack/cinder/cinder/api/openstack/wsgi.py:868}}
Jul 24 07:59:50 user devstack@c-api.service[71024]: INFO cinder.api.openstack.wsgi [None req-ec3080f5-aab7-430e-a1f9-c980854149f0 tempest-VolumesDeleteCascade-119141431 tempest-VolumesDeleteCascade-119141431-project-member] http://10.0.0.210/volume/v3/d8e8033fbd494aa19e43f7309e674c54/snapshots/c2053cc1-9995-41ea-a8d1-24a05a4d2349 returned with HTTP 200
Jul 24 07:59:50 user devstack@c-api.service[71024]: [pid: 71024|app: 0|req: 141/406] 10.0.0.210 () {62 vars in 1408 bytes} [Mon Jul 24 07:59:49 2023] GET /volume/v3/d8e8033fbd494aa19e43f7309e674c54/snapshots/c2053cc1-9995-41ea-a8d1-24a05a4d2349 => generated 439 bytes in 32 msecs (HTTP/1.1 200) 7 headers in 285 bytes (1 switches on core 0)
Jul 24 07:59:50 user devstack@c-api.service[71025]: DEBUG cinder.api.middleware.request_id [None req-42efb919-d5ac-4a5f-9c33-a3e3231d5be2 None None] RequestId filter calling following filter/app {{(pid=71025) _context_setter /opt/stack/cinder/cinder/api/middleware/request_id.py:62}}
Jul 24 07:59:50 user devstack@c-api.service[71023]: WARNING cinder.quota [None req-d7b0b850-912c-4fc2-a265-35460c2e623a tempest-VolumeQuotasAdminTestJSON-1996637188 tempest-VolumeQuotasAdminTestJSON-1996637188-project-admin] Deprecated: Default quota for resource: volumes_tempest-GroupSnapshotsTest-volume-type-161415753 is set by the default quota flag: quota_volumes_tempest-GroupSnapshotsTest-volume-type-161415753, it is now deprecated. Please use the default quota class for default quota.
Jul 24 07:59:50 user devstack@c-api.service[71023]: WARNING cinder.quota [None req-d7b0b850-912c-4fc2-a265-35460c2e623a tempest-VolumeQuotasAdminTestJSON-1996637188 tempest-VolumeQuotasAdminTestJSON-1996637188-project-admin] Deprecated: Default quota for resource: gigabytes_tempest-GroupSnapshotsTest-volume-type-161415753 is set by the default quota flag: quota_gigabytes_tempest-GroupSnapshotsTest-volume-type-161415753, it is now deprecated. Please use the default quota class for default quota.
Jul 24 07:59:50 user devstack@c-api.service[71023]: WARNING cinder.quota [None req-d7b0b850-912c-4fc2-a265-35460c2e623a tempest-VolumeQuotasAdminTestJSON-1996637188 tempest-VolumeQuotasAdminTestJSON-1996637188-project-admin] Deprecated: Default quota for resource: snapshots_tempest-GroupSnapshotsTest-volume-type-161415753 is set by the default quota flag: quota_snapshots_tempest-GroupSnapshotsTest-volume-type-161415753, it is now deprecated. Please use the default quota class for default quota.
Jul 24 07:59:50 user devstack@c-api.service[71025]: INFO cinder.api.openstack.wsgi [None req-42efb919-d5ac-4a5f-9c33-a3e3231d5be2 tempest-TaggedBootDevicesTest-39071927 tempest-TaggedBootDevicesTest-39071927-project-member] GET http://10.0.0.210/volume/v3/62ca511834024fac9cc1b971b0a26c28/volumes/41b9e13d-950d-44df-838f-bde9ad07d536
Jul 24 07:59:50 user devstack@c-api.service[71025]: DEBUG cinder.api.openstack.wsgi [None req-42efb919-d5ac-4a5f-9c33-a3e3231d5be2 tempest-TaggedBootDevicesTest-39071927 tempest-TaggedBootDevicesTest-39071927-project-member] Empty body provided in request {{(pid=71025) get_body /opt/stack/cinder/cinder/api/openstack/wsgi.py:715}}
Jul 24 07:59:50 user devstack@c-api.service[71025]: DEBUG cinder.api.openstack.wsgi [None req-42efb919-d5ac-4a5f-9c33-a3e3231d5be2 tempest-TaggedBootDevicesTest-39071927 tempest-TaggedBootDevicesTest-39071927-project-member] Calling method 'show' {{(pid=71025) _process_stack /opt/stack/cinder/cinder/api/openstack/wsgi.py:868}}
Jul 24 07:59:50 user devstack@c-api.service[71025]: /usr/local/lib/python3.10/dist-packages/oslo_context/context.py:100: DeprecationWarning: Policy enforcement is depending on the value of is_admin. This key is deprecated. Please update your policy file to use the standard policy values.
Jul 24 07:59:50 user devstack@c-api.service[71025]: warnings.warn('Policy enforcement is depending on the value of '
Jul 24 07:59:50 user devstack@c-api.service[71023]: INFO cinder.api.openstack.wsgi [None req-d7b0b850-912c-4fc2-a265-35460c2e623a tempest-VolumeQuotasAdminTestJSON-1996637188 tempest-VolumeQuotasAdminTestJSON-1996637188-project-admin] http://10.0.0.210/volume/v3/91d772cfe7e24bbaad78dd33ecea92da/os-quota-sets/f88b66f6f5504d9095ab548ff79b81e5?usage=True returned with HTTP 200
Jul 24 07:59:50 user devstack@c-api.service[71025]: INFO cinder.volume.api [None req-42efb919-d5ac-4a5f-9c33-a3e3231d5be2 tempest-TaggedBootDevicesTest-39071927 tempest-TaggedBootDevicesTest-39071927-project-member] Volume info retrieved successfully.
Jul 24 07:59:50 user devstack@c-api.service[71023]: [pid: 71023|app: 0|req: 132/407] 10.0.0.210 () {62 vars in 1429 bytes} [Mon Jul 24 07:59:50 2023] GET /volume/v3/91d772cfe7e24bbaad78dd33ecea92da/os-quota-sets/f88b66f6f5504d9095ab548ff79b81e5?usage=True => generated 1181 bytes in 63 msecs (HTTP/1.1 200) 7 headers in 286 bytes (1 switches on core 0)
Jul 24 07:59:50 user devstack@c-api.service[71025]: INFO cinder.api.openstack.wsgi [None req-42efb919-d5ac-4a5f-9c33-a3e3231d5be2 tempest-TaggedBootDevicesTest-39071927 tempest-TaggedBootDevicesTest-39071927-project-member] http://10.0.0.210/volume/v3/62ca511834024fac9cc1b971b0a26c28/volumes/41b9e13d-950d-44df-838f-bde9ad07d536 returned with HTTP 200
Jul 24 07:59:50 user devstack@c-api.service[71025]: [pid: 71025|app: 0|req: 135/408] 10.0.0.210 () {62 vars in 1402 bytes} [Mon Jul 24 07:59:50 2023] GET /volume/v3/62ca511834024fac9cc1b971b0a26c28/volumes/41b9e13d-950d-44df-838f-bde9ad07d536 => generated 971 bytes in 48 msecs (HTTP/1.1 200) 7 headers in 285 bytes (1 switches on core 0)
Jul 24 07:59:50 user devstack@c-api.service[71024]: DEBUG cinder.api.middleware.request_id [None req-9f6f85ec-ff81-4721-9fc5-04d6570f8181 None None] RequestId filter calling following filter/app {{(pid=71024) _context_setter /opt/stack/cinder/cinder/api/middleware/request_id.py:62}}
Jul 24 07:59:50 user devstack@c-api.service[71024]: INFO cinder.api.openstack.wsgi [None req-9f6f85ec-ff81-4721-9fc5-04d6570f8181 tempest-VolumeQuotasAdminTestJSON-755992412 tempest-VolumeQuotasAdminTestJSON-755992412-project-member] POST http://10.0.0.210/volume/v3/cb51a1eadd6d4b1fa2499b26a92c7662/os-volume-transfer
Jul 24 07:59:50 user devstack@c-api.service[71024]: DEBUG cinder.api.openstack.wsgi [None req-9f6f85ec-ff81-4721-9fc5-04d6570f8181 tempest-VolumeQuotasAdminTestJSON-755992412 tempest-VolumeQuotasAdminTestJSON-755992412-project-member] Action: 'create', calling method: create, body: {"transfer": {"volume_id": "12963242-9934-43fb-b15c-ffbc1273b091"}} {{(pid=71024) _process_stack /opt/stack/cinder/cinder/api/openstack/wsgi.py:866}}
