Jul 24 16:08:03 user devstack@keystone.service[41966]: DEBUG keystone.server.flask.request_processing.middleware.auth_context [None req-19cf101f-5715-48e1-8c18-45dcdedc92a4 None admin] RBAC: auth_context: {'token': , 'domain_id': None, 'trust_id': None, 'trustor_id': None, 'trustee_id': None, 'domain_name': None, 'group_ids': [], 'user_id': 'c5a98c93365d4557b9299f6bc4282d40', 'user_domain_id': 'default', 'system_scope': 'all', 'project_id': None, 'project_domain_id': None, 'roles': ['admin', 'member', 'reader'], 'is_admin_project': True, 'service_user_id': None, 'service_user_domain_id': None, 'service_project_id': None, 'service_project_domain_id': None, 'service_roles': []} {{(pid=41966) fill_context /opt/stack/keystone/keystone/server/flask/request_processing/middleware/auth_context.py:480}}
Jul 24 16:08:03 user devstack@keystone.service[41966]: DEBUG keystone.server.flask.request_processing.req_logging [None req-19cf101f-5715-48e1-8c18-45dcdedc92a4 None admin] REQUEST_METHOD: `GET` {{(pid=41966) log_request_info /opt/stack/keystone/keystone/server/flask/request_processing/req_logging.py:27}}
Jul 24 16:08:03 user devstack@keystone.service[41966]: DEBUG keystone.server.flask.request_processing.req_logging [None req-19cf101f-5715-48e1-8c18-45dcdedc92a4 None admin] SCRIPT_NAME: `/identity` {{(pid=41966) log_request_info /opt/stack/keystone/keystone/server/flask/request_processing/req_logging.py:28}}
Jul 24 16:08:03 user devstack@keystone.service[41966]: DEBUG keystone.server.flask.request_processing.req_logging [None req-19cf101f-5715-48e1-8c18-45dcdedc92a4 None admin] PATH_INFO: `/v3/roles/anotherrole` {{(pid=41966) log_request_info /opt/stack/keystone/keystone/server/flask/request_processing/req_logging.py:29}}
Jul 24 16:08:03 user devstack@keystone.service[41966]: DEBUG keystone.common.rbac_enforcer.enforcer [None req-19cf101f-5715-48e1-8c18-45dcdedc92a4 None admin] Extracting inferred target data resulted in "NOT FOUND (404)". {{(pid=41966) enforce_call /opt/stack/keystone/keystone/common/rbac_enforcer/enforcer.py:409}}
Jul 24 16:08:03 user devstack@keystone.service[41966]: ERROR keystone.server.flask.application [None req-19cf101f-5715-48e1-8c18-45dcdedc92a4 None admin] Could not find role: anotherrole.: keystone.exception.RoleNotFound: Could not find role: anotherrole.
Jul 24 16:08:03 user devstack@keystone.service[41966]: ERROR keystone.server.flask.application
Traceback (most recent call last):
Jul 24 16:08:03 user devstack@keystone.service[41966]: ERROR keystone.server.flask.application
File "/usr/local/lib/python3.10/dist-packages/flask/app.py", line 1823, in full_dispatch_request
Jul 24 16:08:03 user devstack@keystone.service[41966]: ERROR keystone.server.flask.application rv = self.dispatch_request()
Jul 24 16:08:03 user devstack@keystone.service[41966]: ERROR keystone.server.flask.application
File "/usr/local/lib/python3.10/dist-packages/flask/app.py", line 1799, in dispatch_request
Jul 24 16:08:03 user devstack@keystone.service[41966]: ERROR keystone.server.flask.application return self.ensure_sync(self.view_functions[rule.endpoint])(**view_args)
Jul 24 16:08:03 user devstack@keystone.service[41966]: ERROR keystone.server.flask.application
File "/usr/local/lib/python3.10/dist-packages/flask_restful/__init__.py", line 467, in wrapper
Jul 24 16:08:03 user devstack@keystone.service[41966]: ERROR keystone.server.flask.application resp = resource(*args, **kwargs)
Jul 24 16:08:03 user devstack@keystone.service[41966]: ERROR keystone.server.flask.application
File "/usr/local/lib/python3.10/dist-packages/flask/views.py", line 107, in view
Jul 24 16:08:03 user devstack@keystone.service[41966]: ERROR keystone.server.flask.application return current_app.ensure_sync(self.dispatch_request)(**kwargs)
Jul 24 16:08:03 user devstack@keystone.service[41966]: ERROR keystone.server.flask.application
File "/usr/local/lib/python3.10/dist-packages/flask_restful/__init__.py", line 582, in dispatch_request
Jul 24 16:08:03 user devstack@keystone.service[41966]: ERROR keystone.server.flask.application resp = meth(*args, **kwargs)
Jul 24 16:08:03 user devstack@keystone.service[41966]: ERROR keystone.server.flask.application
File "/opt/stack/keystone/keystone/api/roles.py", line 50, in get
Jul 24 16:08:03 user devstack@keystone.service[41966]: ERROR keystone.server.flask.application return self._get_role(role_id)
Jul 24 16:08:03 user devstack@keystone.service[41966]: ERROR keystone.server.flask.application
File "/opt/stack/keystone/keystone/api/roles.py", line 70, in _get_role
Jul 24 16:08:03 user devstack@keystone.service[41966]: ERROR keystone.server.flask.application ENFORCER.enforce_call(action='identity:get_role')
Jul 24 16:08:03 user devstack@keystone.service[41966]: ERROR keystone.server.flask.application
File "/opt/stack/keystone/keystone/common/rbac_enforcer/enforcer.py", line 402, in enforce_call
Jul 24 16:08:03 user devstack@keystone.service[41966]: ERROR keystone.server.flask.application policy_dict.update(cls._extract_member_target_data(
Jul 24 16:08:03 user devstack@keystone.service[41966]: ERROR keystone.server.flask.application
File "/opt/stack/keystone/keystone/common/rbac_enforcer/enforcer.py", line 234, in _extract_member_target_data
Jul 24 16:08:03 user devstack@keystone.service[41966]: ERROR keystone.server.flask.application member_name: func(flask.request.view_args[key])
Jul 24 16:08:03 user devstack@keystone.service[41966]: ERROR keystone.server.flask.application
File "/opt/stack/keystone/keystone/common/manager.py", line 115, in wrapped
Jul 24 16:08:03 user devstack@keystone.service[41966]: ERROR keystone.server.flask.application __ret_val = __f(*args, **kwargs)
Jul 24 16:08:03 user devstack@keystone.service[41966]: ERROR keystone.server.flask.application
File "/usr/local/lib/python3.10/dist-packages/decorator.py", line 232, in fun
Jul 24 16:08:03 user devstack@keystone.service[41966]: ERROR keystone.server.flask.application return caller(func, *(extras + args), **kw)
Jul 24 16:08:03 user devstack@keystone.service[41966]: ERROR keystone.server.flask.application
File "/usr/local/lib/python3.10/dist-packages/dogpile/cache/region.py", line 1577, in get_or_create_for_user_func
Jul 24 16:08:03 user devstack@keystone.service[41966]: ERROR keystone.server.flask.application return self.get_or_create(
Jul 24 16:08:03 user devstack@keystone.service[41966]: ERROR keystone.server.flask.application
File "/usr/local/lib/python3.10/dist-packages/dogpile/cache/region.py", line 1042, in get_or_create
Jul 24 16:08:03 user devstack@keystone.service[41966]: ERROR keystone.server.flask.application with Lock(
Jul 24 16:08:03 user devstack@keystone.service[41966]: ERROR keystone.server.flask.application
File "/usr/local/lib/python3.10/dist-packages/dogpile/lock.py", line 185, in __enter__
Jul 24 16:08:03 user devstack@keystone.service[41966]: ERROR keystone.server.flask.application return self._enter()
Jul 24 16:08:03 user devstack@keystone.service[41966]: ERROR keystone.server.flask.application
File "/usr/local/lib/python3.10/dist-packages/dogpile/lock.py", line 94, in _enter
Jul 24 16:08:03 user devstack@keystone.service[41966]: ERROR keystone.server.flask.application generated = self._enter_create(value, createdtime)
Jul 24 16:08:03 user devstack@keystone.service[41966]: ERROR keystone.server.flask.application
File "/usr/local/lib/python3.10/dist-packages/dogpile/lock.py", line 178, in _enter_create
Jul 24 16:08:03 user devstack@keystone.service[41966]: ERROR keystone.server.flask.application return self.creator()
Jul 24 16:08:03 user devstack@keystone.service[41966]: ERROR keystone.server.flask.application
File "/usr/local/lib/python3.10/dist-packages/dogpile/cache/region.py", line 995, in gen_value
Jul 24 16:08:03 user devstack@keystone.service[41966]: ERROR keystone.server.flask.application created_value = creator(
Jul 24 16:08:03 user devstack@keystone.service[41966]: ERROR keystone.server.flask.application
File "/opt/stack/keystone/keystone/assignment/core.py", line 1276, in get_role
Jul 24 16:08:03 user devstack@keystone.service[41966]: ERROR keystone.server.flask.application return self.driver.get_role(role_id)
Jul 24 16:08:03 user devstack@keystone.service[41966]: ERROR keystone.server.flask.application
File "/opt/stack/keystone/keystone/assignment/role_backends/sql.py", line 70, in get_role
Jul 24 16:08:03 user devstack@keystone.service[41966]: ERROR keystone.server.flask.application return self._get_role(session, role_id).to_dict()
Jul 24 16:08:03 user devstack@keystone.service[41966]: ERROR keystone.server.flask.application
File "/opt/stack/keystone/keystone/assignment/role_backends/sql.py", line 65, in _get_role
Jul 24 16:08:03 user devstack@keystone.service[41966]: ERROR keystone.server.flask.application raise exception.RoleNotFound(role_id=role_id)
Jul 24 16:08:03 user devstack@keystone.service[41966]: ERROR keystone.server.flask.application keystone.exception.RoleNotFound: Could not find role: anotherrole.
Jul 24 16:08:03 user devstack@keystone.service[41966]: ERROR keystone.server.flask.application
Jul 24 16:08:03 user devstack@keystone.service[41966]: [pid: 41966|app: 0|req: 53/150] 10.0.0.210 () {56 vars in 1109 bytes} [Mon Jul 24 16:08:03 2023] GET /identity/v3/roles/anotherrole => generated 89 bytes in 153 msecs (HTTP/1.1 404) 5 headers in 183 bytes (1 switches on core 0)
Jul 24 16:08:03 user devstack@keystone.service[41964]: DEBUG dbcounter [-] [41964] Writing DB stats keystone:SELECT=100 {{(pid=41964) stat_writer /usr/local/lib/python3.10/dist-packages/dbcounter.py:117}}
Jul 24 16:08:03 user devstack@keystone.service[41966]: DEBUG keystone.server.flask.request_processing.middleware.auth_context [None req-19cf101f-5715-48e1-8c18-45dcdedc92a4 None admin] Authenticating user token {{(pid=41966) process_request /usr/local/lib/python3.10/dist-packages/keystonemiddleware/auth_token/__init__.py:406}}
Jul 24 16:08:03 user devstack@keystone.service[41964]: DEBUG keystone.server.flask.request_processing.middleware.auth_context [None req-8cd6728e-5729-477c-b75a-2e011f8ce6e4 None admin] Validating token access rules against request {{(pid=41964) validate_allowed_request /usr/local/lib/python3.10/dist-packages/keystonemiddleware/auth_token/__init__.py:544}}
Jul 24 16:08:03 user devstack@keystone.service[41965]: DEBUG keystone.server.flask.request_processing.middleware.auth_context [None req-d3b06562-9b10-40a6-b854-e75cbb1accaa None admin] Validating token access rules against request {{(pid=41965) validate_allowed_request /usr/local/lib/python3.10/dist-packages/keystonemiddleware/auth_token/__init__.py:544}}
Jul 24 16:08:03 user devstack@keystone.service[41964]: DEBUG keystone.server.flask.request_processing.middleware.auth_context [None req-1ee0041a-03f1-49cc-b3f7-864643c376d8 None admin] RBAC: auth_context: {'token': , 'domain_id': None, 'trust_id': None, 'trustor_id': None, 'trustee_id': None, 'domain_name': None, 'group_ids': [], 'user_id': 'c5a98c93365d4557b9299f6bc4282d40', 'user_domain_id': 'default', 'system_scope': 'all', 'project_id': None, 'project_domain_id': None, 'roles': ['admin', 'member', 'reader'], 'is_admin_project': True, 'service_user_id': None, 'service_user_domain_id': None, 'service_project_id': None, 'service_project_domain_id': None, 'service_roles': []} {{(pid=41964) fill_context /opt/stack/keystone/keystone/server/flask/request_processing/middleware/auth_context.py:480}}
Jul 24 16:08:03 user devstack@keystone.service[41964]: DEBUG keystone.server.flask.request_processing.req_logging [None req-1ee0041a-03f1-49cc-b3f7-864643c376d8 None admin] REQUEST_METHOD: `GET` {{(pid=41964) log_request_info /opt/stack/keystone/keystone/server/flask/request_processing/req_logging.py:27}}
Jul 24 16:08:03 user devstack@keystone.service[41964]: DEBUG keystone.server.flask.request_processing.req_logging [None req-1ee0041a-03f1-49cc-b3f7-864643c376d8 None admin] SCRIPT_NAME: `/identity` {{(pid=41964) log_request_info /opt/stack/keystone/keystone/server/flask/request_processing/req_logging.py:28}}
Jul 24 16:08:03 user devstack@keystone.service[41964]: DEBUG keystone.server.flask.request_processing.req_logging [None req-1ee0041a-03f1-49cc-b3f7-864643c376d8 None admin] PATH_INFO: `/v3/domains/default` {{(pid=41964) log_request_info /opt/stack/keystone/keystone/server/flask/request_processing/req_logging.py:29}}
Jul 24 16:08:03 user devstack@keystone.service[41964]: DEBUG keystone.common.rbac_enforcer.enforcer [None req-1ee0041a-03f1-49cc-b3f7-864643c376d8 None admin] RBAC: Authorizing `identity:get_domain(domain_id=default)` {{(pid=41964) enforce_call /opt/stack/keystone/keystone/common/rbac_enforcer/enforcer.py:449}}
Jul 24 16:08:03 user devstack@keystone.service[41965]: DEBUG keystone.server.flask.request_processing.middleware.auth_context [None req-de3f4ef4-b0ca-4886-82aa-e73eb4e837c4 None admin] RBAC: auth_context: {'token': , 'domain_id': None, 'trust_id': None, 'trustor_id': None, 'trustee_id': None, 'domain_name': None, 'group_ids': [], 'user_id': 'c5a98c93365d4557b9299f6bc4282d40', 'user_domain_id': 'default', 'system_scope': 'all', 'project_id': None, 'project_domain_id': None, 'roles': ['admin', 'member', 'reader'], 'is_admin_project': True, 'service_user_id': None, 'service_user_domain_id': None, 'service_project_id': None, 'service_project_domain_id': None, 'service_roles': []} {{(pid=41965) fill_context /opt/stack/keystone/keystone/server/flask/request_processing/middleware/auth_context.py:480}}
Jul 24 16:08:03 user devstack@keystone.service[41965]: DEBUG keystone.server.flask.request_processing.req_logging [None req-de3f4ef4-b0ca-4886-82aa-e73eb4e837c4 None admin] REQUEST_METHOD: `GET` {{(pid=41965) log_request_info /opt/stack/keystone/keystone/server/flask/request_processing/req_logging.py:27}}
Jul 24 16:08:03 user devstack@keystone.service[41964]: DEBUG keystone.common.rbac_enforcer.enforcer [None req-1ee0041a-03f1-49cc-b3f7-864643c376d8 None admin] RBAC: Authorization granted {{(pid=41964) enforce_call /opt/stack/keystone/keystone/common/rbac_enforcer/enforcer.py:457}}
Jul 24 16:08:03 user devstack@keystone.service[41965]: DEBUG keystone.server.flask.request_processing.req_logging [None req-de3f4ef4-b0ca-4886-82aa-e73eb4e837c4 None admin] SCRIPT_NAME: `/identity` {{(pid=41965) log_request_info /opt/stack/keystone/keystone/server/flask/request_processing/req_logging.py:28}}
Jul 24 16:08:03 user devstack@keystone.service[41965]: DEBUG keystone.server.flask.request_processing.req_logging [None req-de3f4ef4-b0ca-4886-82aa-e73eb4e837c4 None admin] PATH_INFO: `/v3/users/1e93d4388dd5434a80f75d65caccd719` {{(pid=41965) log_request_info /opt/stack/keystone/keystone/server/flask/request_processing/req_logging.py:29}}
Jul 24 16:08:03 user devstack@keystone.service[41964]: [pid: 41964|app: 0|req: 49/151] 10.0.0.210 () {56 vars in 1103 bytes} [Mon Jul 24 16:08:03 2023] GET /identity/v3/domains/default => generated 198 bytes in 124 msecs (HTTP/1.1 200) 5 headers in 177 bytes (1 switches on core 0)
Jul 24 16:08:03 user devstack@keystone.service[41964]: DEBUG keystone.server.flask.request_processing.middleware.auth_context [None req-1ee0041a-03f1-49cc-b3f7-864643c376d8 None admin] Authenticating user token {{(pid=41964) process_request /usr/local/lib/python3.10/dist-packages/keystonemiddleware/auth_token/__init__.py:406}}
Jul 24 16:08:03 user devstack@keystone.service[41965]: DEBUG dbcounter [-] [41965] Writing DB stats keystone:SELECT=100 {{(pid=41965) stat_writer /usr/local/lib/python3.10/dist-packages/dbcounter.py:117}}
Jul 24 16:08:03 user devstack@keystone.service[41965]: DEBUG keystone.common.rbac_enforcer.enforcer [None req-de3f4ef4-b0ca-4886-82aa-e73eb4e837c4 None admin] RBAC: Authorizing `identity:get_user(user_id=1e93d4388dd5434a80f75d65caccd719)` {{(pid=41965) enforce_call /opt/stack/keystone/keystone/common/rbac_enforcer/enforcer.py:449}}
Jul 24 16:08:03 user devstack@keystone.service[41965]: DEBUG keystone.common.rbac_enforcer.enforcer [None req-de3f4ef4-b0ca-4886-82aa-e73eb4e837c4 None admin] RBAC: Authorization granted {{(pid=41965) enforce_call /opt/stack/keystone/keystone/common/rbac_enforcer/enforcer.py:457}}
Jul 24 16:08:03 user devstack@keystone.service[41965]: [pid: 41965|app: 0|req: 50/152] 10.0.0.210 () {56 vars in 1172 bytes} [Mon Jul 24 16:08:03 2023] GET /identity/v3/users/1e93d4388dd5434a80f75d65caccd719 => generated 282 bytes in 149 msecs (HTTP/1.1 200) 5 headers in 177 bytes (1 switches on core 0)
Jul 24 16:08:03 user devstack@keystone.service[41965]: DEBUG keystone.server.flask.request_processing.middleware.auth_context [None req-de3f4ef4-b0ca-4886-82aa-e73eb4e837c4 None admin] Authenticating user token {{(pid=41965) process_request /usr/local/lib/python3.10/dist-packages/keystonemiddleware/auth_token/__init__.py:406}}
Jul 24 16:08:03 user devstack@keystone.service[41966]: DEBUG keystone.server.flask.request_processing.middleware.auth_context [None req-19cf101f-5715-48e1-8c18-45dcdedc92a4 None admin] Validating token access rules against request {{(pid=41966) validate_allowed_request /usr/local/lib/python3.10/dist-packages/keystonemiddleware/auth_token/__init__.py:544}}
Jul 24 16:08:03 user devstack@keystone.service[41966]: DEBUG keystone.server.flask.request_processing.middleware.auth_context [None req-ebad809d-5b18-4d19-acee-68d77438c337 None admin] RBAC: auth_context: {'token': , 'domain_id': None, 'trust_id': None, 'trustor_id': None, 'trustee_id': None, 'domain_name': None, 'group_ids': [], 'user_id': 'c5a98c93365d4557b9299f6bc4282d40', 'user_domain_id': 'default', 'system_scope': 'all', 'project_id': None, 'project_domain_id': None, 'roles': ['admin', 'member', 'reader'], 'is_admin_project': True, 'service_user_id': None, 'service_user_domain_id': None, 'service_project_id': None, 'service_project_domain_id': None, 'service_roles': []} {{(pid=41966) fill_context /opt/stack/keystone/keystone/server/flask/request_processing/middleware/auth_context.py:480}}
Jul 24 16:08:03 user devstack@keystone.service[41966]: DEBUG keystone.server.flask.request_processing.req_logging [None req-ebad809d-5b18-4d19-acee-68d77438c337 None admin] REQUEST_METHOD: `GET` {{(pid=41966) log_request_info /opt/stack/keystone/keystone/server/flask/request_processing/req_logging.py:27}}
Jul 24 16:08:03 user devstack@keystone.service[41966]: DEBUG keystone.server.flask.request_processing.req_logging [None req-ebad809d-5b18-4d19-acee-68d77438c337 None admin] SCRIPT_NAME: `/identity` {{(pid=41966) log_request_info /opt/stack/keystone/keystone/server/flask/request_processing/req_logging.py:28}}
Jul 24 16:08:03 user devstack@keystone.service[41966]: DEBUG keystone.server.flask.request_processing.req_logging [None req-ebad809d-5b18-4d19-acee-68d77438c337 None admin] PATH_INFO: `/v3/roles` {{(pid=41966) log_request_info /opt/stack/keystone/keystone/server/flask/request_processing/req_logging.py:29}}
Jul 24 16:08:03 user devstack@keystone.service[41966]: DEBUG keystone.common.rbac_enforcer.enforcer [None req-ebad809d-5b18-4d19-acee-68d77438c337 None admin] RBAC: Adding query filter params (name=anotherrole) {{(pid=41966) _extract_filter_values /opt/stack/keystone/keystone/common/rbac_enforcer/enforcer.py:167}}
Jul 24 16:08:03 user devstack@keystone.service[41966]: DEBUG keystone.common.rbac_enforcer.enforcer [None req-ebad809d-5b18-4d19-acee-68d77438c337 None admin] RBAC: Authorizing `identity:list_roles()` {{(pid=41966) enforce_call /opt/stack/keystone/keystone/common/rbac_enforcer/enforcer.py:449}}
Jul 24 16:08:03 user devstack@keystone.service[41966]: DEBUG keystone.common.rbac_enforcer.enforcer [None req-ebad809d-5b18-4d19-acee-68d77438c337 None admin] RBAC: Authorization granted {{(pid=41966) enforce_call /opt/stack/keystone/keystone/common/rbac_enforcer/enforcer.py:457}}
Jul 24 16:08:03 user devstack@keystone.service[41966]: [pid: 41966|app: 0|req: 54/153] 10.0.0.210 () {56 vars in 1106 bytes} [Mon Jul 24 16:08:03 2023] GET /identity/v3/roles?name=anotherrole => generated 332 bytes in 135 msecs (HTTP/1.1 200) 5 headers in 177 bytes (2 switches on core 0)
Jul 24 16:08:03 user devstack@keystone.service[41966]: DEBUG keystone.server.flask.request_processing.middleware.auth_context [None req-ebad809d-5b18-4d19-acee-68d77438c337 None admin] Authenticating user token {{(pid=41966) process_request /usr/local/lib/python3.10/dist-packages/keystonemiddleware/auth_token/__init__.py:406}}
Jul 24 16:08:03 user devstack@keystone.service[41964]: DEBUG keystone.server.flask.request_processing.middleware.auth_context [None req-1ee0041a-03f1-49cc-b3f7-864643c376d8 None admin] Validating token access rules against request {{(pid=41964) validate_allowed_request /usr/local/lib/python3.10/dist-packages/keystonemiddleware/auth_token/__init__.py:544}}
Jul 24 16:08:03 user devstack@keystone.service[41965]: DEBUG keystone.server.flask.request_processing.middleware.auth_context [None req-de3f4ef4-b0ca-4886-82aa-e73eb4e837c4 None admin] Validating token access rules against request {{(pid=41965) validate_allowed_request /usr/local/lib/python3.10/dist-packages/keystonemiddleware/auth_token/__init__.py:544}}
Jul 24 16:08:03 user devstack@keystone.service[41966]: DEBUG dbcounter [-] [41966] Writing DB stats keystone:SELECT=100 {{(pid=41966) stat_writer /usr/local/lib/python3.10/dist-packages/dbcounter.py:117}}
Jul 24 16:08:03 user devstack@keystone.service[41964]: DEBUG keystone.server.flask.request_processing.middleware.auth_context [None req-d8dba916-4090-4c8d-b371-d77b233409ff None admin] RBAC: auth_context: {'token': , 'domain_id': None, 'trust_id': None, 'trustor_id': None, 'trustee_id': None, 'domain_name': None, 'group_ids': [], 'user_id': 'c5a98c93365d4557b9299f6bc4282d40', 'user_domain_id': 'default', 'system_scope': 'all', 'project_id': None, 'project_domain_id': None, 'roles': ['admin', 'member', 'reader'], 'is_admin_project': True, 'service_user_id': None, 'service_user_domain_id': None, 'service_project_id': None, 'service_project_domain_id': None, 'service_roles': []} {{(pid=41964) fill_context /opt/stack/keystone/keystone/server/flask/request_processing/middleware/auth_context.py:480}}
Jul 24 16:08:03 user devstack@keystone.service[41964]: DEBUG keystone.server.flask.request_processing.req_logging [None req-d8dba916-4090-4c8d-b371-d77b233409ff None admin] REQUEST_METHOD: `POST` {{(pid=41964) log_request_info /opt/stack/keystone/keystone/server/flask/request_processing/req_logging.py:27}}
Jul 24 16:08:03 user devstack@keystone.service[41964]: DEBUG keystone.server.flask.request_processing.req_logging [None req-d8dba916-4090-4c8d-b371-d77b233409ff None admin] SCRIPT_NAME: `/identity` {{(pid=41964) log_request_info /opt/stack/keystone/keystone/server/flask/request_processing/req_logging.py:28}}
Jul 24 16:08:03 user devstack@keystone.service[41964]: DEBUG keystone.server.flask.request_processing.req_logging [None req-d8dba916-4090-4c8d-b371-d77b233409ff None admin] PATH_INFO: `/v3/users` {{(pid=41964) log_request_info /opt/stack/keystone/keystone/server/flask/request_processing/req_logging.py:29}}
Jul 24 16:08:03 user devstack@keystone.service[41964]: DEBUG keystone.common.rbac_enforcer.enforcer [None req-d8dba916-4090-4c8d-b371-d77b233409ff None admin] RBAC: Authorizing `identity:create_user()` {{(pid=41964) enforce_call /opt/stack/keystone/keystone/common/rbac_enforcer/enforcer.py:449}}
Jul 24 16:08:03 user devstack@keystone.service[41964]: DEBUG keystone.common.rbac_enforcer.enforcer [None req-d8dba916-4090-4c8d-b371-d77b233409ff None admin] RBAC: Authorization granted {{(pid=41964) enforce_call /opt/stack/keystone/keystone/common/rbac_enforcer/enforcer.py:457}}
Jul 24 16:08:03 user devstack@keystone.service[41964]: WARNING keystone.common.password_hashing [None req-d8dba916-4090-4c8d-b371-d77b233409ff None admin] Truncating password to algorithm specific maximum length 54 characters.
Jul 24 16:08:03 user devstack@keystone.service[41965]: DEBUG keystone.server.flask.request_processing.middleware.auth_context [None req-e5ddccf1-e9cd-4be0-88ba-6685133f9229 None admin] RBAC: auth_context: {'token': , 'domain_id': None, 'trust_id': None, 'trustor_id': None, 'trustee_id': None, 'domain_name': None, 'group_ids': [], 'user_id': 'c5a98c93365d4557b9299f6bc4282d40', 'user_domain_id': 'default', 'system_scope': 'all', 'project_id': None, 'project_domain_id': None, 'roles': ['admin', 'member', 'reader'], 'is_admin_project': True, 'service_user_id': None, 'service_user_domain_id': None, 'service_project_id': None, 'service_project_domain_id': None, 'service_roles': []} {{(pid=41965) fill_context /opt/stack/keystone/keystone/server/flask/request_processing/middleware/auth_context.py:480}}
Jul 24 16:08:03 user devstack@keystone.service[41965]: DEBUG keystone.server.flask.request_processing.req_logging [None req-e5ddccf1-e9cd-4be0-88ba-6685133f9229 None admin] REQUEST_METHOD: `GET` {{(pid=41965) log_request_info /opt/stack/keystone/keystone/server/flask/request_processing/req_logging.py:27}}
Jul 24 16:08:03 user devstack@keystone.service[41965]: DEBUG keystone.server.flask.request_processing.req_logging [None req-e5ddccf1-e9cd-4be0-88ba-6685133f9229 None admin] SCRIPT_NAME: `/identity` {{(pid=41965) log_request_info /opt/stack/keystone/keystone/server/flask/request_processing/req_logging.py:28}}
Jul 24 16:08:03 user devstack@keystone.service[41965]: DEBUG keystone.server.flask.request_processing.req_logging [None req-e5ddccf1-e9cd-4be0-88ba-6685133f9229 None admin] PATH_INFO: `/v3/projects/3d13e45c9dd14d548cd37df0d6c80d7c` {{(pid=41965) log_request_info /opt/stack/keystone/keystone/server/flask/request_processing/req_logging.py:29}}
Jul 24 16:08:03 user devstack@keystone.service[41965]: DEBUG keystone.common.rbac_enforcer.enforcer [None req-e5ddccf1-e9cd-4be0-88ba-6685133f9229 None admin] RBAC: Authorizing `identity:get_project(project_id=3d13e45c9dd14d548cd37df0d6c80d7c)` {{(pid=41965) enforce_call /opt/stack/keystone/keystone/common/rbac_enforcer/enforcer.py:449}}
Jul 24 16:08:03 user devstack@keystone.service[41965]: DEBUG keystone.common.rbac_enforcer.enforcer [None req-e5ddccf1-e9cd-4be0-88ba-6685133f9229 None admin] RBAC: Authorization granted {{(pid=41965) enforce_call /opt/stack/keystone/keystone/common/rbac_enforcer/enforcer.py:457}}
Jul 24 16:08:03 user devstack@keystone.service[41965]: [pid: 41965|app: 0|req: 51/154] 10.0.0.210 () {56 vars in 1181 bytes} [Mon Jul 24 16:08:03 2023] GET /identity/v3/projects/3d13e45c9dd14d548cd37df0d6c80d7c => generated 301 bytes in 124 msecs (HTTP/1.1 200) 5 headers in 177 bytes (2 switches on core 0)
Jul 24 16:08:03 user devstack@keystone.service[41965]: DEBUG keystone.server.flask.request_processing.middleware.auth_context [None req-e5ddccf1-e9cd-4be0-88ba-6685133f9229 None admin] Authenticating user token {{(pid=41965) process_request /usr/local/lib/python3.10/dist-packages/keystonemiddleware/auth_token/__init__.py:406}}
Jul 24 16:08:03 user devstack@keystone.service[41964]: [pid: 41964|app: 0|req: 50/155] 10.0.0.210 () {60 vars in 1127 bytes} [Mon Jul 24 16:08:03 2023] POST /identity/v3/users => generated 296 bytes in 147 msecs (HTTP/1.1 201) 5 headers in 182 bytes (2 switches on core 0)
Jul 24 16:08:03 user devstack@keystone.service[41966]: DEBUG keystone.server.flask.request_processing.middleware.auth_context [None req-ebad809d-5b18-4d19-acee-68d77438c337 None admin] Validating token access rules against request {{(pid=41966) validate_allowed_request /usr/local/lib/python3.10/dist-packages/keystonemiddleware/auth_token/__init__.py:544}}
Jul 24 16:08:03 user devstack@keystone.service[41965]: DEBUG dbcounter [-] [41965] Writing DB stats keystone:SELECT=100 {{(pid=41965) stat_writer /usr/local/lib/python3.10/dist-packages/dbcounter.py:117}}
Jul 24 16:08:03 user devstack@keystone.service[41966]: DEBUG keystone.server.flask.request_processing.middleware.auth_context [None req-ebd1cb49-a5ff-4df6-9154-f386c6c4d8a0 None admin] RBAC: auth_context: {'token': , 'domain_id': None, 'trust_id': None, 'trustor_id': None, 'trustee_id': None, 'domain_name': None, 'group_ids': [], 'user_id': 'c5a98c93365d4557b9299f6bc4282d40', 'user_domain_id': 'default', 'system_scope': 'all', 'project_id': None, 'project_domain_id': None, 'roles': ['admin', 'member', 'reader'], 'is_admin_project': True, 'service_user_id': None, 'service_user_domain_id': None, 'service_project_id': None, 'service_project_domain_id': None, 'service_roles': []} {{(pid=41966) fill_context /opt/stack/keystone/keystone/server/flask/request_processing/middleware/auth_context.py:480}}
Jul 24 16:08:03 user devstack@keystone.service[41966]: DEBUG keystone.server.flask.request_processing.req_logging [None req-ebd1cb49-a5ff-4df6-9154-f386c6c4d8a0 None admin] REQUEST_METHOD: `GET` {{(pid=41966) log_request_info /opt/stack/keystone/keystone/server/flask/request_processing/req_logging.py:27}}
Jul 24 16:08:03 user devstack@keystone.service[41966]: DEBUG keystone.server.flask.request_processing.req_logging [None req-ebd1cb49-a5ff-4df6-9154-f386c6c4d8a0 None admin] SCRIPT_NAME: `/identity` {{(pid=41966) log_request_info /opt/stack/keystone/keystone/server/flask/request_processing/req_logging.py:28}}
Jul 24 16:08:03 user devstack@keystone.service[41966]: DEBUG keystone.server.flask.request_processing.req_logging [None req-ebd1cb49-a5ff-4df6-9154-f386c6c4d8a0 None admin] PATH_INFO: `/v3/users/1e93d4388dd5434a80f75d65caccd719` {{(pid=41966) log_request_info /opt/stack/keystone/keystone/server/flask/request_processing/req_logging.py:29}}
Jul 24 16:08:03 user devstack@keystone.service[41966]: DEBUG keystone.common.rbac_enforcer.enforcer [None req-ebd1cb49-a5ff-4df6-9154-f386c6c4d8a0 None admin] RBAC: Authorizing `identity:get_user(user_id=1e93d4388dd5434a80f75d65caccd719)` {{(pid=41966) enforce_call /opt/stack/keystone/keystone/common/rbac_enforcer/enforcer.py:449}}
Jul 24 16:08:03 user devstack@keystone.service[41966]: DEBUG keystone.common.rbac_enforcer.enforcer [None req-ebd1cb49-a5ff-4df6-9154-f386c6c4d8a0 None admin] RBAC: Authorization granted {{(pid=41966) enforce_call /opt/stack/keystone/keystone/common/rbac_enforcer/enforcer.py:457}}
Jul 24 16:08:03 user devstack@keystone.service[41966]: [pid: 41966|app: 0|req: 55/156] 10.0.0.210 () {56 vars in 1172 bytes} [Mon Jul 24 16:08:03 2023] GET /identity/v3/users/1e93d4388dd5434a80f75d65caccd719 => generated 282 bytes in 122 msecs (HTTP/1.1 200) 5 headers in 177 bytes (2 switches on core 0)
Jul 24 16:08:03 user devstack@keystone.service[41964]: DEBUG keystone.server.flask.request_processing.middleware.auth_context [None req-d8dba916-4090-4c8d-b371-d77b233409ff None admin] Authenticating user token {{(pid=41964) process_request /usr/local/lib/python3.10/dist-packages/keystonemiddleware/auth_token/__init__.py:406}}
Jul 24 16:08:03 user devstack@keystone.service[41964]: DEBUG dbcounter [-] [41964] Writing DB stats keystone:SELECT=97,keystone:INSERT=3 {{(pid=41964) stat_writer /usr/local/lib/python3.10/dist-packages/dbcounter.py:117}}
Jul 24 16:08:03 user devstack@keystone.service[41965]: DEBUG keystone.server.flask.request_processing.middleware.auth_context [None req-e5ddccf1-e9cd-4be0-88ba-6685133f9229 None admin] Validating token access rules against request {{(pid=41965) validate_allowed_request /usr/local/lib/python3.10/dist-packages/keystonemiddleware/auth_token/__init__.py:544}}
Jul 24 16:08:03 user devstack@keystone.service[41965]: DEBUG keystone.server.flask.request_processing.middleware.auth_context [None req-fe6c6b76-6c71-45c6-8ea0-063631a7fb93 None admin] RBAC: auth_context: {'token': , 'domain_id': None, 'trust_id': None, 'trustor_id': None, 'trustee_id': None, 'domain_name': None, 'group_ids': [], 'user_id': 'c5a98c93365d4557b9299f6bc4282d40', 'user_domain_id': 'default', 'system_scope': 'all', 'project_id': None, 'project_domain_id': None, 'roles': ['admin', 'member', 'reader'], 'is_admin_project': True, 'service_user_id': None, 'service_user_domain_id': None, 'service_project_id': None, 'service_project_domain_id': None, 'service_roles': []} {{(pid=41965) fill_context /opt/stack/keystone/keystone/server/flask/request_processing/middleware/auth_context.py:480}}
Jul 24 16:08:03 user devstack@keystone.service[41965]: DEBUG keystone.server.flask.request_processing.req_logging [None req-fe6c6b76-6c71-45c6-8ea0-063631a7fb93 None admin] REQUEST_METHOD: `PUT` {{(pid=41965) log_request_info /opt/stack/keystone/keystone/server/flask/request_processing/req_logging.py:27}}
Jul 24 16:08:03 user devstack@keystone.service[41965]: DEBUG keystone.server.flask.request_processing.req_logging [None req-fe6c6b76-6c71-45c6-8ea0-063631a7fb93 None admin] SCRIPT_NAME: `/identity` {{(pid=41965) log_request_info /opt/stack/keystone/keystone/server/flask/request_processing/req_logging.py:28}}
Jul 24 16:08:03 user devstack@keystone.service[41965]: DEBUG keystone.server.flask.request_processing.req_logging [None req-fe6c6b76-6c71-45c6-8ea0-063631a7fb93 None admin] PATH_INFO: `/v3/projects/3d13e45c9dd14d548cd37df0d6c80d7c/users/1e93d4388dd5434a80f75d65caccd719/roles/85e440e8f6d848b8a69c86473fe3c8aa` {{(pid=41965) log_request_info /opt/stack/keystone/keystone/server/flask/request_processing/req_logging.py:29}}
Jul 24 16:08:03 user devstack@keystone.service[41965]: DEBUG keystone.common.rbac_enforcer.enforcer [None req-fe6c6b76-6c71-45c6-8ea0-063631a7fb93 None admin] RBAC: Authorizing `identity:create_grant(project_id=3d13e45c9dd14d548cd37df0d6c80d7c, user_id=1e93d4388dd5434a80f75d65caccd719, role_id=85e440e8f6d848b8a69c86473fe3c8aa)` {{(pid=41965) enforce_call /opt/stack/keystone/keystone/common/rbac_enforcer/enforcer.py:449}}
Jul 24 16:08:03 user devstack@keystone.service[41965]: DEBUG keystone.common.rbac_enforcer.enforcer [None req-fe6c6b76-6c71-45c6-8ea0-063631a7fb93 None admin] RBAC: Authorization granted {{(pid=41965) enforce_call /opt/stack/keystone/keystone/common/rbac_enforcer/enforcer.py:457}}
Jul 24 16:08:03 user devstack@keystone.service[41965]: [pid: 41965|app: 0|req: 52/157] 10.0.0.210 () {58 vars in 1434 bytes} [Mon Jul 24 16:08:03 2023] PUT /identity/v3/projects/3d13e45c9dd14d548cd37df0d6c80d7c/users/1e93d4388dd5434a80f75d65caccd719/roles/85e440e8f6d848b8a69c86473fe3c8aa => generated 0 bytes in 147 msecs (HTTP/1.1 204) 3 headers in 132 bytes (1 switches on core 0)
Jul 24 16:08:03 user devstack@keystone.service[41964]: DEBUG keystone.server.flask.request_processing.middleware.auth_context [None req-d8dba916-4090-4c8d-b371-d77b233409ff None admin] Validating token access rules against request {{(pid=41964) validate_allowed_request /usr/local/lib/python3.10/dist-packages/keystonemiddleware/auth_token/__init__.py:544}}
Jul 24 16:08:03 user devstack@keystone.service[41964]: DEBUG keystone.server.flask.request_processing.middleware.auth_context [None req-c67b2b39-bd89-4492-bcf1-ca69be96708b None admin] RBAC: auth_context: {'token': , 'domain_id': None, 'trust_id': None, 'trustor_id': None, 'trustee_id': None, 'domain_name': None, 'group_ids': [], 'user_id': 'c5a98c93365d4557b9299f6bc4282d40', 'user_domain_id': 'default', 'system_scope': 'all', 'project_id': None, 'project_domain_id': None, 'roles': ['admin', 'member', 'reader'], 'is_admin_project': True, 'service_user_id': None, 'service_user_domain_id': None, 'service_project_id': None, 'service_project_domain_id': None, 'service_roles': []} {{(pid=41964) fill_context /opt/stack/keystone/keystone/server/flask/request_processing/middleware/auth_context.py:480}}
Jul 24 16:08:03 user devstack@keystone.service[41964]: DEBUG keystone.server.flask.request_processing.req_logging [None req-c67b2b39-bd89-4492-bcf1-ca69be96708b None admin] REQUEST_METHOD: `GET` {{(pid=41964) log_request_info /opt/stack/keystone/keystone/server/flask/request_processing/req_logging.py:27}}
Jul 24 16:08:03 user devstack@keystone.service[41964]: DEBUG keystone.server.flask.request_processing.req_logging [None req-c67b2b39-bd89-4492-bcf1-ca69be96708b None admin] SCRIPT_NAME: `/identity` {{(pid=41964) log_request_info /opt/stack/keystone/keystone/server/flask/request_processing/req_logging.py:28}}
Jul 24 16:08:03 user devstack@keystone.service[41964]: DEBUG keystone.server.flask.request_processing.req_logging [None req-c67b2b39-bd89-4492-bcf1-ca69be96708b None admin] PATH_INFO: `/v3/projects/3d13e45c9dd14d548cd37df0d6c80d7c` {{(pid=41964) log_request_info /opt/stack/keystone/keystone/server/flask/request_processing/req_logging.py:29}}
Jul 24 16:08:03 user devstack@keystone.service[41964]: DEBUG keystone.common.rbac_enforcer.enforcer [None req-c67b2b39-bd89-4492-bcf1-ca69be96708b None admin] RBAC: Authorizing `identity:get_project(project_id=3d13e45c9dd14d548cd37df0d6c80d7c)` {{(pid=41964) enforce_call /opt/stack/keystone/keystone/common/rbac_enforcer/enforcer.py:449}}
Jul 24 16:08:03 user devstack@keystone.service[41964]: DEBUG keystone.common.rbac_enforcer.enforcer [None req-c67b2b39-bd89-4492-bcf1-ca69be96708b None admin] RBAC: Authorization granted {{(pid=41964) enforce_call /opt/stack/keystone/keystone/common/rbac_enforcer/enforcer.py:457}}
Jul 24 16:08:03 user devstack@keystone.service[41964]: [pid: 41964|app: 0|req: 51/158] 10.0.0.210 () {56 vars in 1181 bytes} [Mon Jul 24 16:08:03 2023] GET /identity/v3/projects/3d13e45c9dd14d548cd37df0d6c80d7c => generated 301 bytes in 160 msecs (HTTP/1.1 200) 5 headers in 177 bytes (1 switches on core 0)
Jul 24 16:08:03 user devstack@keystone.service[41966]: DEBUG keystone.server.flask.request_processing.middleware.auth_context [None req-ebd1cb49-a5ff-4df6-9154-f386c6c4d8a0 None admin] Authenticating user token {{(pid=41966) process_request /usr/local/lib/python3.10/dist-packages/keystonemiddleware/auth_token/__init__.py:406}}
Jul 24 16:08:03 user devstack@keystone.service[41966]: DEBUG keystone.server.flask.request_processing.middleware.auth_context [None req-ebd1cb49-a5ff-4df6-9154-f386c6c4d8a0 None admin] Validating token access rules against request {{(pid=41966) validate_allowed_request /usr/local/lib/python3.10/dist-packages/keystonemiddleware/auth_token/__init__.py:544}}
Jul 24 16:08:03 user devstack@keystone.service[41966]: DEBUG dbcounter [-] [41966] Writing DB stats keystone:SELECT=100 {{(pid=41966) stat_writer /usr/local/lib/python3.10/dist-packages/dbcounter.py:117}}
Jul 24 16:08:03 user devstack@keystone.service[41966]: DEBUG keystone.server.flask.request_processing.middleware.auth_context [None req-46130a82-d3ff-442f-931d-bbcfede3ea0a None admin] RBAC: auth_context: {'token': , 'domain_id': None, 'trust_id': None, 'trustor_id': None, 'trustee_id': None, 'domain_name': None, 'group_ids': [], 'user_id': 'c5a98c93365d4557b9299f6bc4282d40', 'user_domain_id': 'default', 'system_scope': 'all', 'project_id': None, 'project_domain_id': None, 'roles': ['admin', 'member', 'reader'], 'is_admin_project': True, 'service_user_id': None, 'service_user_domain_id': None, 'service_project_id': None, 'service_project_domain_id': None, 'service_roles': []} {{(pid=41966) fill_context /opt/stack/keystone/keystone/server/flask/request_processing/middleware/auth_context.py:480}}
Jul 24 16:08:03 user devstack@keystone.service[41966]: DEBUG keystone.server.flask.request_processing.req_logging [None req-46130a82-d3ff-442f-931d-bbcfede3ea0a None admin] REQUEST_METHOD: `PUT` {{(pid=41966) log_request_info /opt/stack/keystone/keystone/server/flask/request_processing/req_logging.py:27}}
Jul 24 16:08:03 user devstack@keystone.service[41966]: DEBUG keystone.server.flask.request_processing.req_logging [None req-46130a82-d3ff-442f-931d-bbcfede3ea0a None admin] SCRIPT_NAME: `/identity` {{(pid=41966) log_request_info /opt/stack/keystone/keystone/server/flask/request_processing/req_logging.py:28}}
Jul 24 16:08:03 user devstack@keystone.service[41966]: DEBUG keystone.server.flask.request_processing.req_logging [None req-46130a82-d3ff-442f-931d-bbcfede3ea0a None admin] PATH_INFO: `/v3/projects/3d13e45c9dd14d548cd37df0d6c80d7c/users/1e93d4388dd5434a80f75d65caccd719/roles/870802d20fdc4ce0a9f1d69f583e484f` {{(pid=41966) log_request_info /opt/stack/keystone/keystone/server/flask/request_processing/req_logging.py:29}}
Jul 24 16:08:03 user devstack@keystone.service[41966]: DEBUG keystone.common.rbac_enforcer.enforcer [None req-46130a82-d3ff-442f-931d-bbcfede3ea0a None admin] RBAC: Authorizing `identity:create_grant(project_id=3d13e45c9dd14d548cd37df0d6c80d7c, user_id=1e93d4388dd5434a80f75d65caccd719, role_id=870802d20fdc4ce0a9f1d69f583e484f)` {{(pid=41966) enforce_call /opt/stack/keystone/keystone/common/rbac_enforcer/enforcer.py:449}}
Jul 24 16:08:03 user devstack@keystone.service[41966]: DEBUG keystone.common.rbac_enforcer.enforcer [None req-46130a82-d3ff-442f-931d-bbcfede3ea0a None admin] RBAC: Authorization granted {{(pid=41966) enforce_call /opt/stack/keystone/keystone/common/rbac_enforcer/enforcer.py:457}}
Jul 24 16:08:03 user devstack@keystone.service[41966]: [pid: 41966|app: 0|req: 56/159] 10.0.0.210 () {58 vars in 1434 bytes} [Mon Jul 24 16:08:03 2023] PUT /identity/v3/projects/3d13e45c9dd14d548cd37df0d6c80d7c/users/1e93d4388dd5434a80f75d65caccd719/roles/870802d20fdc4ce0a9f1d69f583e484f => generated 0 bytes in 162 msecs (HTTP/1.1 204) 3 headers in 132 bytes (0 switches on core 0)
Jul 24 16:08:05 user devstack@keystone.service[41965]: DEBUG keystone.server.flask.request_processing.req_logging [None req-72ba95c6-d94b-4648-96b9-bb0a8f0da9d0 None None] REQUEST_METHOD: `GET` {{(pid=41965) log_request_info /opt/stack/keystone/keystone/server/flask/request_processing/req_logging.py:27}}
Jul 24 16:08:05 user devstack@keystone.service[41965]: DEBUG keystone.server.flask.request_processing.req_logging [None req-72ba95c6-d94b-4648-96b9-bb0a8f0da9d0 None None] SCRIPT_NAME: `/identity` {{(pid=41965) log_request_info /opt/stack/keystone/keystone/server/flask/request_processing/req_logging.py:28}}
Jul 24 16:08:05 user devstack@keystone.service[41965]: DEBUG keystone.server.flask.request_processing.req_logging [None req-72ba95c6-d94b-4648-96b9-bb0a8f0da9d0 None None] PATH_INFO: `/` {{(pid=41965) log_request_info /opt/stack/keystone/keystone/server/flask/request_processing/req_logging.py:29}}
Jul 24 16:08:05 user devstack@keystone.service[41965]: [pid: 41965|app: 0|req: 53/160] 10.0.0.210 () {54 vars in 920 bytes} [Mon Jul 24 16:08:05 2023] GET /identity => generated 269 bytes in 3 msecs (HTTP/1.1 300) 6 headers in 233 bytes (1 switches on core 0)
Jul 24 16:08:05 user devstack@keystone.service[41964]: DEBUG keystone.server.flask.request_processing.req_logging [None req-5a5d76e7-7359-46b6-84e8-5c98e0e7463b None None] REQUEST_METHOD: `POST` {{(pid=41964) log_request_info /opt/stack/keystone/keystone/server/flask/request_processing/req_logging.py:27}}
Jul 24 16:08:05 user devstack@keystone.service[41964]: DEBUG keystone.server.flask.request_processing.req_logging [None req-5a5d76e7-7359-46b6-84e8-5c98e0e7463b None None] SCRIPT_NAME: `/identity` {{(pid=41964) log_request_info /opt/stack/keystone/keystone/server/flask/request_processing/req_logging.py:28}}
Jul 24 16:08:05 user devstack@keystone.service[41964]: DEBUG keystone.server.flask.request_processing.req_logging [None req-5a5d76e7-7359-46b6-84e8-5c98e0e7463b None None] PATH_INFO: `/v3/auth/tokens` {{(pid=41964) log_request_info /opt/stack/keystone/keystone/server/flask/request_processing/req_logging.py:29}}
Jul 24 16:08:05 user devstack@keystone.service[41966]: DEBUG keystone.server.flask.request_processing.req_logging [None req-affc3e8b-f903-4b24-903e-3e9092955cff None None] REQUEST_METHOD: `GET` {{(pid=41966) log_request_info /opt/stack/keystone/keystone/server/flask/request_processing/req_logging.py:27}}
Jul 24 16:08:05 user devstack@keystone.service[41966]: DEBUG keystone.server.flask.request_processing.req_logging [None req-affc3e8b-f903-4b24-903e-3e9092955cff None None] SCRIPT_NAME: `/identity` {{(pid=41966) log_request_info /opt/stack/keystone/keystone/server/flask/request_processing/req_logging.py:28}}
Jul 24 16:08:05 user devstack@keystone.service[41966]: DEBUG keystone.server.flask.request_processing.req_logging [None req-affc3e8b-f903-4b24-903e-3e9092955cff None None] PATH_INFO: `/` {{(pid=41966) log_request_info /opt/stack/keystone/keystone/server/flask/request_processing/req_logging.py:29}}
Jul 24 16:08:05 user devstack@keystone.service[41966]: [pid: 41966|app: 0|req: 57/161] 10.0.0.210 () {54 vars in 920 bytes} [Mon Jul 24 16:08:05 2023] GET /identity => generated 269 bytes in 3 msecs (HTTP/1.1 300) 6 headers in 233 bytes (1 switches on core 0)
Jul 24 16:08:05 user devstack@keystone.service[41964]: WARNING keystone.common.password_hashing [None req-5a5d76e7-7359-46b6-84e8-5c98e0e7463b None None] Truncating password to algorithm specific maximum length 54 characters.
Jul 24 16:08:05 user devstack@keystone.service[41965]: DEBUG keystone.server.flask.request_processing.req_logging [None req-308a0c07-6ea7-4123-80f7-9c1c3b42068e None None] REQUEST_METHOD: `POST` {{(pid=41965) log_request_info /opt/stack/keystone/keystone/server/flask/request_processing/req_logging.py:27}}
Jul 24 16:08:05 user devstack@keystone.service[41965]: DEBUG keystone.server.flask.request_processing.req_logging [None req-308a0c07-6ea7-4123-80f7-9c1c3b42068e None None] SCRIPT_NAME: `/identity` {{(pid=41965) log_request_info /opt/stack/keystone/keystone/server/flask/request_processing/req_logging.py:28}}
Jul 24 16:08:05 user devstack@keystone.service[41965]: DEBUG keystone.server.flask.request_processing.req_logging [None req-308a0c07-6ea7-4123-80f7-9c1c3b42068e None None] PATH_INFO: `/v3/auth/tokens` {{(pid=41965) log_request_info /opt/stack/keystone/keystone/server/flask/request_processing/req_logging.py:29}}
Jul 24 16:08:05 user devstack@keystone.service[41964]: DEBUG keystone.auth.core [None req-5a5d76e7-7359-46b6-84e8-5c98e0e7463b None None] MFA Rules not processed for user `c5a98c93365d4557b9299f6bc4282d40`. Rule list: `[]` (Enabled: `True`). {{(pid=41964) check_auth_methods_against_rules /opt/stack/keystone/keystone/auth/core.py:438}}
Jul 24 16:08:05 user devstack@keystone.service[41964]: DEBUG keystone.common.fernet_utils [None req-5a5d76e7-7359-46b6-84e8-5c98e0e7463b None None] Loaded 2 Fernet keys from /etc/keystone/fernet-keys/, but `[fernet_tokens] max_active_keys = 3`; perhaps there have not been enough key rotations to reach `max_active_keys` yet? {{(pid=41964) load_keys /opt/stack/keystone/keystone/common/fernet_utils.py:286}}
Jul 24 16:08:05 user devstack@keystone.service[41965]: WARNING keystone.common.password_hashing [None req-308a0c07-6ea7-4123-80f7-9c1c3b42068e None None] Truncating password to algorithm specific maximum length 54 characters.
Jul 24 16:08:05 user devstack@keystone.service[41965]: DEBUG keystone.auth.core [None req-308a0c07-6ea7-4123-80f7-9c1c3b42068e None None] MFA Rules not processed for user `c5a98c93365d4557b9299f6bc4282d40`. Rule list: `[]` (Enabled: `True`). {{(pid=41965) check_auth_methods_against_rules /opt/stack/keystone/keystone/auth/core.py:438}}
Jul 24 16:08:05 user devstack@keystone.service[41965]: DEBUG keystone.common.fernet_utils [None req-308a0c07-6ea7-4123-80f7-9c1c3b42068e None None] Loaded 2 Fernet keys from /etc/keystone/fernet-keys/, but `[fernet_tokens] max_active_keys = 3`; perhaps there have not been enough key rotations to reach `max_active_keys` yet? {{(pid=41965) load_keys /opt/stack/keystone/keystone/common/fernet_utils.py:286}}
Jul 24 16:08:05 user devstack@keystone.service[41966]: DEBUG keystone.server.flask.request_processing.req_logging [None req-358483f6-1f3c-47d0-9fb8-79d5f03e9287 None None] REQUEST_METHOD: `GET` {{(pid=41966) log_request_info /opt/stack/keystone/keystone/server/flask/request_processing/req_logging.py:27}}
Jul 24 16:08:05 user devstack@keystone.service[41966]: DEBUG keystone.server.flask.request_processing.req_logging [None req-358483f6-1f3c-47d0-9fb8-79d5f03e9287 None None] SCRIPT_NAME: `/identity` {{(pid=41966) log_request_info /opt/stack/keystone/keystone/server/flask/request_processing/req_logging.py:28}}
Jul 24 16:08:05 user devstack@keystone.service[41966]: DEBUG keystone.server.flask.request_processing.req_logging [None req-358483f6-1f3c-47d0-9fb8-79d5f03e9287 None None] PATH_INFO: `/` {{(pid=41966) log_request_info /opt/stack/keystone/keystone/server/flask/request_processing/req_logging.py:29}}
Jul 24 16:08:05 user devstack@keystone.service[41966]: [pid: 41966|app: 0|req: 58/162] 10.0.0.210 () {54 vars in 920 bytes} [Mon Jul 24 16:08:05 2023] GET /identity => generated 269 bytes in 3 msecs (HTTP/1.1 300) 6 headers in 233 bytes (1 switches on core 0)
Jul 24 16:08:05 user devstack@keystone.service[41966]: DEBUG keystone.server.flask.request_processing.req_logging [None req-272b7866-1fa6-4760-82af-8c715c66dd8f None None] REQUEST_METHOD: `POST` {{(pid=41966) log_request_info /opt/stack/keystone/keystone/server/flask/request_processing/req_logging.py:27}}
Jul 24 16:08:05 user devstack@keystone.service[41966]: DEBUG keystone.server.flask.request_processing.req_logging [None req-272b7866-1fa6-4760-82af-8c715c66dd8f None None] SCRIPT_NAME: `/identity` {{(pid=41966) log_request_info /opt/stack/keystone/keystone/server/flask/request_processing/req_logging.py:28}}
Jul 24 16:08:05 user devstack@keystone.service[41966]: DEBUG keystone.server.flask.request_processing.req_logging [None req-272b7866-1fa6-4760-82af-8c715c66dd8f None None] PATH_INFO: `/v3/auth/tokens` {{(pid=41966) log_request_info /opt/stack/keystone/keystone/server/flask/request_processing/req_logging.py:29}}
Jul 24 16:08:05 user devstack@keystone.service[41964]: [pid: 41964|app: 0|req: 52/163] 10.0.0.210 () {58 vars in 1017 bytes} [Mon Jul 24 16:08:05 2023] POST /identity/v3/auth/tokens => generated 798 bytes in 91 msecs (HTTP/1.1 201) 6 headers in 363 bytes (1 switches on core 0)
Jul 24 16:08:05 user devstack@keystone.service[41966]: WARNING keystone.common.password_hashing [None req-272b7866-1fa6-4760-82af-8c715c66dd8f None None] Truncating password to algorithm specific maximum length 54 characters.
