Nov 11 00:00:00 user devstack@c-api.service[76101]: warnings.warn('Policy enforcement is depending on the value of '
Nov 11 00:00:00 user devstack@c-api.service[76103]: WARNING cinder.quota [None req-157b6ef5-93bf-484d-bd64-875e78774e74 tempest-GroupSnapshotsTest-1445579732 tempest-GroupSnapshotsTest-1445579732-project-member] Deprecated: Default quota for resource: volumes_tempest-GroupSnapshotsTest-volume-type-1225108718 is set by the default quota flag: quota_volumes_tempest-GroupSnapshotsTest-volume-type-1225108718, it is now deprecated. Please use the default quota class for default quota.
Nov 11 00:00:00 user devstack@c-api.service[76103]: WARNING cinder.quota [None req-157b6ef5-93bf-484d-bd64-875e78774e74 tempest-GroupSnapshotsTest-1445579732 tempest-GroupSnapshotsTest-1445579732-project-member] Deprecated: Default quota for resource: gigabytes_tempest-GroupSnapshotsTest-volume-type-1225108718 is set by the default quota flag: quota_gigabytes_tempest-GroupSnapshotsTest-volume-type-1225108718, it is now deprecated. Please use the default quota class for default quota.
Nov 11 00:00:00 user devstack@c-api.service[76101]: INFO cinder.api.openstack.wsgi [None req-ec5980c9-a68d-4084-96ae-5e59650a3f2d tempest-GroupsTest-202802033 tempest-GroupsTest-202802033-project-member] http://10.0.0.210/volume/v3/fc9801dcee8b4d068e37b796b4f149d4/volumes/e8f53412-9bb3-4c9d-960d-6274f2919992 returned with HTTP 200
Nov 11 00:00:00 user devstack@c-api.service[76101]: [pid: 76101|app: 0|req: 69/211] 10.0.0.210 () {64 vars in 1443 bytes} [Fri Nov 10 23:59:59 2023] GET /volume/v3/fc9801dcee8b4d068e37b796b4f149d4/volumes/e8f53412-9bb3-4c9d-960d-6274f2919992 => generated 970 bytes in 196 msecs (HTTP/1.1 200) 7 headers in 286 bytes (1 switches on core 0)
Nov 11 00:00:00 user devstack@c-api.service[76102]: DEBUG cinder.api.middleware.request_id [None req-09dfa5c7-9f53-4b5b-8d5f-8116b2e28546 None None] RequestId filter calling following filter/app {{(pid=76102) _context_setter /opt/stack/cinder/cinder/api/middleware/request_id.py:62}}
Nov 11 00:00:00 user devstack@c-api.service[76102]: INFO cinder.api.openstack.wsgi [None req-09dfa5c7-9f53-4b5b-8d5f-8116b2e28546 tempest-TaggedBootDevicesTest-1521019086 tempest-TaggedBootDevicesTest-1521019086-project-member] GET http://10.0.0.210/volume/v3/4f05cbad1a8e42c5b0d5dce7c63abd46/volumes/7cf12de8-3b0e-4a79-b066-413cc1172e40
Nov 11 00:00:00 user devstack@c-api.service[76102]: DEBUG cinder.api.openstack.wsgi [None req-09dfa5c7-9f53-4b5b-8d5f-8116b2e28546 tempest-TaggedBootDevicesTest-1521019086 tempest-TaggedBootDevicesTest-1521019086-project-member] Empty body provided in request {{(pid=76102) get_body /opt/stack/cinder/cinder/api/openstack/wsgi.py:715}}
Nov 11 00:00:00 user devstack@c-api.service[76102]: DEBUG cinder.api.openstack.wsgi [None req-09dfa5c7-9f53-4b5b-8d5f-8116b2e28546 tempest-TaggedBootDevicesTest-1521019086 tempest-TaggedBootDevicesTest-1521019086-project-member] Calling method 'show' {{(pid=76102) _process_stack /opt/stack/cinder/cinder/api/openstack/wsgi.py:868}}
Nov 11 00:00:00 user devstack@c-api.service[76102]: /opt/stack/data/venv/lib/python3.10/site-packages/oslo_context/context.py:100: DeprecationWarning: Policy enforcement is depending on the value of is_admin. This key is deprecated. Please update your policy file to use the standard policy values.
Nov 11 00:00:00 user devstack@c-api.service[76102]: warnings.warn('Policy enforcement is depending on the value of '
Nov 11 00:00:00 user devstack@c-api.service[76102]: INFO cinder.volume.api [None req-09dfa5c7-9f53-4b5b-8d5f-8116b2e28546 tempest-TaggedBootDevicesTest-1521019086 tempest-TaggedBootDevicesTest-1521019086-project-member] Volume info retrieved successfully.
Nov 11 00:00:00 user devstack@c-api.service[76102]: INFO cinder.api.openstack.wsgi [None req-09dfa5c7-9f53-4b5b-8d5f-8116b2e28546 tempest-TaggedBootDevicesTest-1521019086 tempest-TaggedBootDevicesTest-1521019086-project-member] http://10.0.0.210/volume/v3/4f05cbad1a8e42c5b0d5dce7c63abd46/volumes/7cf12de8-3b0e-4a79-b066-413cc1172e40 returned with HTTP 200
Nov 11 00:00:00 user devstack@c-api.service[76102]: [pid: 76102|app: 0|req: 73/212] 10.0.0.210 () {62 vars in 1402 bytes} [Sat Nov 11 00:00:00 2023] GET /volume/v3/4f05cbad1a8e42c5b0d5dce7c63abd46/volumes/7cf12de8-3b0e-4a79-b066-413cc1172e40 => generated 911 bytes in 106 msecs (HTTP/1.1 200) 7 headers in 285 bytes (1 switches on core 0)
Nov 11 00:00:00 user devstack@c-api.service[76103]: DEBUG cinder.quota [None req-157b6ef5-93bf-484d-bd64-875e78774e74 tempest-GroupSnapshotsTest-1445579732 tempest-GroupSnapshotsTest-1445579732-project-member] Created reservations ['4ff6bc09-0c94-4c34-bd26-2603530bd2a6', '776ee80f-e658-47e4-9297-263237dc7327', '9515db93-55a7-4cb8-8be1-2a7bb3b28f9b', '709f4ef6-891e-42cb-a44b-f9fa9dc1a458'] {{(pid=76103) reserve /opt/stack/cinder/cinder/quota.py:755}}
Nov 11 00:00:00 user devstack@c-api.service[76103]: DEBUG cinder.volume.api [None req-157b6ef5-93bf-484d-bd64-875e78774e74 tempest-GroupSnapshotsTest-1445579732 tempest-GroupSnapshotsTest-1445579732-project-member] Task 'cinder.volume.flows.api.create_volume.QuotaReserveTask;volume:create' (ec16a2ae-20bd-4a98-9cc6-94f1a1ee18bf) transitioned into state 'SUCCESS' from state 'RUNNING' with result '{'reservations': ['4ff6bc09-0c94-4c34-bd26-2603530bd2a6', '776ee80f-e658-47e4-9297-263237dc7327', '9515db93-55a7-4cb8-8be1-2a7bb3b28f9b', '709f4ef6-891e-42cb-a44b-f9fa9dc1a458']}' {{(pid=76103) _task_receiver /opt/stack/data/venv/lib/python3.10/site-packages/taskflow/listeners/logging.py:178}}
Nov 11 00:00:00 user devstack@c-api.service[76103]: DEBUG cinder.volume.api [None req-157b6ef5-93bf-484d-bd64-875e78774e74 tempest-GroupSnapshotsTest-1445579732 tempest-GroupSnapshotsTest-1445579732-project-member] Task 'cinder.volume.flows.api.create_volume.EntryCreateTask;volume:create' (18e66c33-d1a2-4861-9287-9ea7126b1342) transitioned into state 'RUNNING' from state 'PENDING' {{(pid=76103) _task_receiver /opt/stack/data/venv/lib/python3.10/site-packages/taskflow/listeners/logging.py:190}}
Nov 11 00:00:00 user devstack@c-api.service[76103]: DEBUG dbcounter [-] [76103] Writing DB stats cinder:SELECT=652,cinder:INSERT=44,cinder:UPDATE=46 {{(pid=76103) stat_writer /opt/stack/data/venv/lib/python3.10/site-packages/dbcounter.py:115}}
Nov 11 00:00:00 user devstack@c-api.service[76103]: DEBUG cinder.volume.api [None req-157b6ef5-93bf-484d-bd64-875e78774e74 tempest-GroupSnapshotsTest-1445579732 tempest-GroupSnapshotsTest-1445579732-project-member] Task 'cinder.volume.flows.api.create_volume.EntryCreateTask;volume:create' (18e66c33-d1a2-4861-9287-9ea7126b1342) transitioned into state 'SUCCESS' from state 'RUNNING' with result '{'volume_id': '4f4b7200-ca2c-4ede-9f7c-20ffb5791d56', 'volume_properties': VolumeProperties(attach_status='detached',availability_zone='nova',cgsnapshot_id=None,consistencygroup_id=None,display_description=None,display_name='tempest-volume-718016803',encryption_key_id=None,group_id=4497f7c2-e020-479b-b46b-18530aca9e94,group_type_id=,metadata={},multiattach=False,project_id='803cf29e42af46d0949944f872ada7a3',qos_specs=None,replication_status=,reservations=['4ff6bc09-0c94-4c34-bd26-2603530bd2a6','776ee80f-e658-47e4-9297-263237dc7327','9515db93-55a7-4cb8-8be1-2a7bb3b28f9b','709f4ef6-891e-42cb-a44b-f9fa9dc1a458'],size=1,snapshot_id=None,source_replicaid=,source_volid=None,status='creating',user_id='8dd8de6303284e9aae753d92b4c497f6',volume_type_id=eea48184-46ca-47c7-a7c6-97331150c87c), 'volume': Volume(_name_id=None,admin_metadata=,attach_status='detached',availability_zone='nova',bootable=False,cluster=,cluster_name=None,consistencygroup=,consistencygroup_id=None,created_at=2023-11-11T00:00:00Z,deleted=False,deleted_at=None,display_description=None,display_name='tempest-volume-718016803',ec2_id=None,encryption_key_id=None,glance_metadata=,group=,group_id=4497f7c2-e020-479b-b46b-18530aca9e94,host=None,id=4f4b7200-ca2c-4ede-9f7c-20ffb5791d56,launched_at=None,metadata={},migration_status=None,multiattach=False,previous_status=None,project_id='803cf29e42af46d0949944f872ada7a3',provider_auth=None,provider_geometry=None,provider_id=None,provider_location=None,replication_driver_data=None,replication_extended_status=None,replication_status=None,scheduled_at=None,service_uuid=None,shared_targets=True,size=1,snapshot_id=None,snapshots=,source_volid=None,status='creating',terminated_at=None,updated_at=None,use_quota=True,user_id='8dd8de6303284e9aae753d92b4c497f6',volume_attachment=VolumeAttachmentList,volume_type=VolumeType(eea48184-46ca-47c7-a7c6-97331150c87c),volume_type_id=eea48184-46ca-47c7-a7c6-97331150c87c)}' {{(pid=76103) _task_receiver /opt/stack/data/venv/lib/python3.10/site-packages/taskflow/listeners/logging.py:178}}
Nov 11 00:00:00 user devstack@c-api.service[76103]: DEBUG cinder.volume.api [None req-157b6ef5-93bf-484d-bd64-875e78774e74 tempest-GroupSnapshotsTest-1445579732 tempest-GroupSnapshotsTest-1445579732-project-member] Task 'cinder.volume.flows.api.create_volume.QuotaCommitTask;volume:create' (4e95ffe3-64c6-460e-934c-a19fbf69a8d6) transitioned into state 'RUNNING' from state 'PENDING' {{(pid=76103) _task_receiver /opt/stack/data/venv/lib/python3.10/site-packages/taskflow/listeners/logging.py:190}}
Nov 11 00:00:00 user devstack@c-api.service[76103]: DEBUG cinder.volume.api [None req-157b6ef5-93bf-484d-bd64-875e78774e74 tempest-GroupSnapshotsTest-1445579732 tempest-GroupSnapshotsTest-1445579732-project-member] Task 'cinder.volume.flows.api.create_volume.QuotaCommitTask;volume:create' (4e95ffe3-64c6-460e-934c-a19fbf69a8d6) transitioned into state 'SUCCESS' from state 'RUNNING' with result '{'volume_properties': VolumeProperties(attach_status='detached',availability_zone='nova',cgsnapshot_id=None,consistencygroup_id=None,display_description=None,display_name='tempest-volume-718016803',encryption_key_id=None,group_id=4497f7c2-e020-479b-b46b-18530aca9e94,group_type_id=,metadata={},multiattach=False,project_id='803cf29e42af46d0949944f872ada7a3',qos_specs=None,replication_status=,reservations=['4ff6bc09-0c94-4c34-bd26-2603530bd2a6','776ee80f-e658-47e4-9297-263237dc7327','9515db93-55a7-4cb8-8be1-2a7bb3b28f9b','709f4ef6-891e-42cb-a44b-f9fa9dc1a458'],size=1,snapshot_id=None,source_replicaid=,source_volid=None,status='creating',user_id='8dd8de6303284e9aae753d92b4c497f6',volume_type_id=eea48184-46ca-47c7-a7c6-97331150c87c)}' {{(pid=76103) _task_receiver /opt/stack/data/venv/lib/python3.10/site-packages/taskflow/listeners/logging.py:178}}
Nov 11 00:00:00 user devstack@c-api.service[76103]: DEBUG cinder.volume.api [None req-157b6ef5-93bf-484d-bd64-875e78774e74 tempest-GroupSnapshotsTest-1445579732 tempest-GroupSnapshotsTest-1445579732-project-member] Task 'cinder.volume.flows.api.create_volume.VolumeCastTask;volume:create' (73c98457-4e13-4037-970c-d0150591cf84) transitioned into state 'RUNNING' from state 'PENDING' {{(pid=76103) _task_receiver /opt/stack/data/venv/lib/python3.10/site-packages/taskflow/listeners/logging.py:190}}
Nov 11 00:00:00 user devstack@c-api.service[76103]: DEBUG cinder.volume.api [None req-157b6ef5-93bf-484d-bd64-875e78774e74 tempest-GroupSnapshotsTest-1445579732 tempest-GroupSnapshotsTest-1445579732-project-member] Task 'cinder.volume.flows.api.create_volume.VolumeCastTask;volume:create' (73c98457-4e13-4037-970c-d0150591cf84) transitioned into state 'SUCCESS' from state 'RUNNING' with result 'None' {{(pid=76103) _task_receiver /opt/stack/data/venv/lib/python3.10/site-packages/taskflow/listeners/logging.py:178}}
Nov 11 00:00:00 user devstack@c-api.service[76103]: DEBUG cinder.volume.api [None req-157b6ef5-93bf-484d-bd64-875e78774e74 tempest-GroupSnapshotsTest-1445579732 tempest-GroupSnapshotsTest-1445579732-project-member] Flow 'volume_create_api' (cc1919db-ab15-4ea4-bace-2ecfed3e293e) transitioned into state 'SUCCESS' from state 'RUNNING' {{(pid=76103) _flow_receiver /opt/stack/data/venv/lib/python3.10/site-packages/taskflow/listeners/logging.py:141}}
Nov 11 00:00:00 user devstack@c-api.service[76103]: INFO cinder.volume.api [None req-157b6ef5-93bf-484d-bd64-875e78774e74 tempest-GroupSnapshotsTest-1445579732 tempest-GroupSnapshotsTest-1445579732-project-member] Create volume request issued successfully.
Nov 11 00:00:00 user devstack@c-api.service[76103]: WARNING stevedore.named [None req-157b6ef5-93bf-484d-bd64-875e78774e74 tempest-GroupSnapshotsTest-1445579732 tempest-GroupSnapshotsTest-1445579732-project-member] Could not load cinder.keymgr.conf_key_mgr.ConfKeyManager
Nov 11 00:00:00 user devstack@c-api.service[76103]: WARNING castellan.key_manager [None req-157b6ef5-93bf-484d-bd64-875e78774e74 tempest-GroupSnapshotsTest-1445579732 tempest-GroupSnapshotsTest-1445579732-project-member] Deprecation Warning : cinder.keymgr.conf_key_mgr.ConfKeyManager is not a stevedore based driver, trying to load it as a class: stevedore.exception.NoMatches: No 'castellan.drivers' driver found, looking for 'cinder.keymgr.conf_key_mgr.ConfKeyManager'
Nov 11 00:00:00 user devstack@c-api.service[76103]: DEBUG oslo_db.sqlalchemy.engines [None req-157b6ef5-93bf-484d-bd64-875e78774e74 tempest-GroupSnapshotsTest-1445579732 tempest-GroupSnapshotsTest-1445579732-project-member] MySQL server mode set to STRICT_TRANS_TABLES,STRICT_ALL_TABLES,NO_ZERO_IN_DATE,NO_ZERO_DATE,ERROR_FOR_DIVISION_BY_ZERO,TRADITIONAL,NO_ENGINE_SUBSTITUTION {{(pid=76103) _check_effective_sql_mode /opt/stack/data/venv/lib/python3.10/site-packages/oslo_db/sqlalchemy/engines.py:342}}
Nov 11 00:00:00 user devstack@c-api.service[76103]: /opt/stack/data/venv/lib/python3.10/site-packages/oslo_context/context.py:100: DeprecationWarning: Policy enforcement is depending on the value of is_admin. This key is deprecated. Please update your policy file to use the standard policy values.
Nov 11 00:00:00 user devstack@c-api.service[76103]: warnings.warn('Policy enforcement is depending on the value of '
Nov 11 00:00:00 user devstack@c-api.service[76103]: INFO cinder.api.openstack.wsgi [None req-157b6ef5-93bf-484d-bd64-875e78774e74 tempest-GroupSnapshotsTest-1445579732 tempest-GroupSnapshotsTest-1445579732-project-member] http://10.0.0.210/volume/v3/803cf29e42af46d0949944f872ada7a3/volumes returned with HTTP 202
Nov 11 00:00:00 user devstack@c-api.service[76103]: [pid: 76103|app: 0|req: 71/213] 10.0.0.210 () {66 vars in 1354 bytes} [Fri Nov 10 23:59:59 2023] POST /volume/v3/803cf29e42af46d0949944f872ada7a3/volumes => generated 886 bytes in 587 msecs (HTTP/1.1 202) 7 headers in 292 bytes (1 switches on core 0)
Nov 11 00:00:00 user devstack@c-api.service[76101]: DEBUG cinder.api.middleware.request_id [None req-322d7f4e-eb6e-4014-bcde-5e2eaf842135 None None] RequestId filter calling following filter/app {{(pid=76101) _context_setter /opt/stack/cinder/cinder/api/middleware/request_id.py:62}}
Nov 11 00:00:00 user devstack@c-api.service[76101]: INFO cinder.api.openstack.wsgi [None req-322d7f4e-eb6e-4014-bcde-5e2eaf842135 tempest-GroupSnapshotsTest-1445579732 tempest-GroupSnapshotsTest-1445579732-project-member] GET http://10.0.0.210/volume/v3/803cf29e42af46d0949944f872ada7a3/volumes/4f4b7200-ca2c-4ede-9f7c-20ffb5791d56
Nov 11 00:00:00 user devstack@c-api.service[76101]: DEBUG cinder.api.openstack.wsgi [None req-322d7f4e-eb6e-4014-bcde-5e2eaf842135 tempest-GroupSnapshotsTest-1445579732 tempest-GroupSnapshotsTest-1445579732-project-member] Empty body provided in request {{(pid=76101) get_body /opt/stack/cinder/cinder/api/openstack/wsgi.py:715}}
Nov 11 00:00:00 user devstack@c-api.service[76101]: DEBUG cinder.api.openstack.wsgi [None req-322d7f4e-eb6e-4014-bcde-5e2eaf842135 tempest-GroupSnapshotsTest-1445579732 tempest-GroupSnapshotsTest-1445579732-project-member] Calling method 'show' {{(pid=76101) _process_stack /opt/stack/cinder/cinder/api/openstack/wsgi.py:868}}
Nov 11 00:00:00 user devstack@c-api.service[76102]: DEBUG cinder.api.middleware.request_id [None req-5ac038c0-5aa8-4364-b4bb-31250df6bc71 None None] RequestId filter calling following filter/app {{(pid=76102) _context_setter /opt/stack/cinder/cinder/api/middleware/request_id.py:62}}
Nov 11 00:00:00 user devstack@c-api.service[76102]: INFO cinder.api.openstack.wsgi [None req-5ac038c0-5aa8-4364-b4bb-31250df6bc71 tempest-VolumesAssistedSnapshotsTest-1248863683 tempest-VolumesAssistedSnapshotsTest-1248863683-project-admin] GET http://10.0.0.210/volume/v3/9b58e8fca3944c7f870b5e1ab9c34c3d/volumes/5b95da07-e0f1-4f48-98bf-810929ed2aa0
Nov 11 00:00:00 user devstack@c-api.service[76102]: DEBUG cinder.api.openstack.wsgi [None req-5ac038c0-5aa8-4364-b4bb-31250df6bc71 tempest-VolumesAssistedSnapshotsTest-1248863683 tempest-VolumesAssistedSnapshotsTest-1248863683-project-admin] Empty body provided in request {{(pid=76102) get_body /opt/stack/cinder/cinder/api/openstack/wsgi.py:715}}
Nov 11 00:00:00 user devstack@c-api.service[76102]: DEBUG cinder.api.openstack.wsgi [None req-5ac038c0-5aa8-4364-b4bb-31250df6bc71 tempest-VolumesAssistedSnapshotsTest-1248863683 tempest-VolumesAssistedSnapshotsTest-1248863683-project-admin] Calling method 'show' {{(pid=76102) _process_stack /opt/stack/cinder/cinder/api/openstack/wsgi.py:868}}
Nov 11 00:00:00 user devstack@c-api.service[76101]: /opt/stack/data/venv/lib/python3.10/site-packages/oslo_context/context.py:100: DeprecationWarning: Policy enforcement is depending on the value of is_admin. This key is deprecated. Please update your policy file to use the standard policy values.
Nov 11 00:00:00 user devstack@c-api.service[76101]: warnings.warn('Policy enforcement is depending on the value of '
Nov 11 00:00:00 user devstack@c-api.service[76101]: INFO cinder.volume.api [None req-322d7f4e-eb6e-4014-bcde-5e2eaf842135 tempest-GroupSnapshotsTest-1445579732 tempest-GroupSnapshotsTest-1445579732-project-member] Volume info retrieved successfully.
Nov 11 00:00:00 user devstack@c-api.service[76101]: WARNING stevedore.named [None req-322d7f4e-eb6e-4014-bcde-5e2eaf842135 tempest-GroupSnapshotsTest-1445579732 tempest-GroupSnapshotsTest-1445579732-project-member] Could not load cinder.keymgr.conf_key_mgr.ConfKeyManager
Nov 11 00:00:00 user devstack@c-api.service[76101]: WARNING castellan.key_manager [None req-322d7f4e-eb6e-4014-bcde-5e2eaf842135 tempest-GroupSnapshotsTest-1445579732 tempest-GroupSnapshotsTest-1445579732-project-member] Deprecation Warning : cinder.keymgr.conf_key_mgr.ConfKeyManager is not a stevedore based driver, trying to load it as a class: stevedore.exception.NoMatches: No 'castellan.drivers' driver found, looking for 'cinder.keymgr.conf_key_mgr.ConfKeyManager'
Nov 11 00:00:00 user devstack@c-api.service[76102]: /opt/stack/data/venv/lib/python3.10/site-packages/oslo_context/context.py:100: DeprecationWarning: Policy enforcement is depending on the value of is_admin. This key is deprecated. Please update your policy file to use the standard policy values.
Nov 11 00:00:00 user devstack@c-api.service[76102]: warnings.warn('Policy enforcement is depending on the value of '
Nov 11 00:00:00 user devstack@c-api.service[76102]: INFO cinder.volume.api [None req-5ac038c0-5aa8-4364-b4bb-31250df6bc71 tempest-VolumesAssistedSnapshotsTest-1248863683 tempest-VolumesAssistedSnapshotsTest-1248863683-project-admin] Volume info retrieved successfully.
Nov 11 00:00:00 user devstack@c-api.service[76101]: DEBUG oslo_db.sqlalchemy.engines [None req-322d7f4e-eb6e-4014-bcde-5e2eaf842135 tempest-GroupSnapshotsTest-1445579732 tempest-GroupSnapshotsTest-1445579732-project-member] MySQL server mode set to STRICT_TRANS_TABLES,STRICT_ALL_TABLES,NO_ZERO_IN_DATE,NO_ZERO_DATE,ERROR_FOR_DIVISION_BY_ZERO,TRADITIONAL,NO_ENGINE_SUBSTITUTION {{(pid=76101) _check_effective_sql_mode /opt/stack/data/venv/lib/python3.10/site-packages/oslo_db/sqlalchemy/engines.py:342}}
Nov 11 00:00:00 user devstack@c-api.service[76102]: INFO cinder.api.openstack.wsgi [None req-5ac038c0-5aa8-4364-b4bb-31250df6bc71 tempest-VolumesAssistedSnapshotsTest-1248863683 tempest-VolumesAssistedSnapshotsTest-1248863683-project-admin] http://10.0.0.210/volume/v3/9b58e8fca3944c7f870b5e1ab9c34c3d/volumes/5b95da07-e0f1-4f48-98bf-810929ed2aa0 returned with HTTP 200
Nov 11 00:00:00 user devstack@c-api.service[76102]: [pid: 76102|app: 0|req: 74/214] 10.0.0.210 () {62 vars in 1402 bytes} [Sat Nov 11 00:00:00 2023] GET /volume/v3/9b58e8fca3944c7f870b5e1ab9c34c3d/volumes/5b95da07-e0f1-4f48-98bf-810929ed2aa0 => generated 1080 bytes in 72 msecs (HTTP/1.1 200) 7 headers in 286 bytes (1 switches on core 0)
Nov 11 00:00:00 user devstack@c-api.service[76101]: /opt/stack/data/venv/lib/python3.10/site-packages/oslo_context/context.py:100: DeprecationWarning: Policy enforcement is depending on the value of is_admin. This key is deprecated. Please update your policy file to use the standard policy values.
Nov 11 00:00:00 user devstack@c-api.service[76101]: warnings.warn('Policy enforcement is depending on the value of '
Nov 11 00:00:00 user devstack@c-api.service[76101]: INFO cinder.api.openstack.wsgi [None req-322d7f4e-eb6e-4014-bcde-5e2eaf842135 tempest-GroupSnapshotsTest-1445579732 tempest-GroupSnapshotsTest-1445579732-project-member] http://10.0.0.210/volume/v3/803cf29e42af46d0949944f872ada7a3/volumes/4f4b7200-ca2c-4ede-9f7c-20ffb5791d56 returned with HTTP 200
Nov 11 00:00:00 user devstack@c-api.service[76101]: [pid: 76101|app: 0|req: 70/215] 10.0.0.210 () {64 vars in 1443 bytes} [Sat Nov 11 00:00:00 2023] GET /volume/v3/803cf29e42af46d0949944f872ada7a3/volumes/4f4b7200-ca2c-4ede-9f7c-20ffb5791d56 => generated 954 bytes in 119 msecs (HTTP/1.1 200) 7 headers in 286 bytes (1 switches on core 0)
Nov 11 00:00:01 user devstack@c-api.service[76103]: DEBUG cinder.api.middleware.request_id [None req-5097ce9f-5f92-476e-b784-2143c28bc5d2 None None] RequestId filter calling following filter/app {{(pid=76103) _context_setter /opt/stack/cinder/cinder/api/middleware/request_id.py:62}}
Nov 11 00:00:01 user devstack@c-api.service[76103]: INFO cinder.api.openstack.wsgi [None req-5097ce9f-5f92-476e-b784-2143c28bc5d2 tempest-TaggedBootDevicesTest_v242-1941079119 tempest-TaggedBootDevicesTest_v242-1941079119-project-member] GET http://10.0.0.210/volume/v3/cde840737cdb4da68cf69dca204e238e/volumes/9f001696-cd0c-4aa6-b009-522be3395c61
Nov 11 00:00:01 user devstack@c-api.service[76103]: DEBUG cinder.api.openstack.wsgi [None req-5097ce9f-5f92-476e-b784-2143c28bc5d2 tempest-TaggedBootDevicesTest_v242-1941079119 tempest-TaggedBootDevicesTest_v242-1941079119-project-member] Empty body provided in request {{(pid=76103) get_body /opt/stack/cinder/cinder/api/openstack/wsgi.py:715}}
Nov 11 00:00:01 user devstack@c-api.service[76103]: DEBUG cinder.api.openstack.wsgi [None req-5097ce9f-5f92-476e-b784-2143c28bc5d2 tempest-TaggedBootDevicesTest_v242-1941079119 tempest-TaggedBootDevicesTest_v242-1941079119-project-member] Calling method 'show' {{(pid=76103) _process_stack /opt/stack/cinder/cinder/api/openstack/wsgi.py:868}}
Nov 11 00:00:01 user devstack@c-api.service[76103]: /opt/stack/data/venv/lib/python3.10/site-packages/oslo_context/context.py:100: DeprecationWarning: Policy enforcement is depending on the value of is_admin. This key is deprecated. Please update your policy file to use the standard policy values.
Nov 11 00:00:01 user devstack@c-api.service[76103]: warnings.warn('Policy enforcement is depending on the value of '
Nov 11 00:00:01 user devstack@c-api.service[76103]: INFO cinder.volume.api [None req-5097ce9f-5f92-476e-b784-2143c28bc5d2 tempest-TaggedBootDevicesTest_v242-1941079119 tempest-TaggedBootDevicesTest_v242-1941079119-project-member] Volume info retrieved successfully.
Nov 11 00:00:01 user devstack@c-api.service[76103]: INFO cinder.api.openstack.wsgi [None req-5097ce9f-5f92-476e-b784-2143c28bc5d2 tempest-TaggedBootDevicesTest_v242-1941079119 tempest-TaggedBootDevicesTest_v242-1941079119-project-member] http://10.0.0.210/volume/v3/cde840737cdb4da68cf69dca204e238e/volumes/9f001696-cd0c-4aa6-b009-522be3395c61 returned with HTTP 200
Nov 11 00:00:01 user devstack@c-api.service[76103]: [pid: 76103|app: 0|req: 72/216] 10.0.0.210 () {62 vars in 1402 bytes} [Sat Nov 11 00:00:01 2023] GET /volume/v3/cde840737cdb4da68cf69dca204e238e/volumes/9f001696-cd0c-4aa6-b009-522be3395c61 => generated 977 bytes in 84 msecs (HTTP/1.1 200) 7 headers in 285 bytes (1 switches on core 0)
Nov 11 00:00:01 user devstack@c-api.service[76102]: DEBUG cinder.api.middleware.request_id [None req-beacd35e-bea8-42ed-a305-3af78415363e None None] RequestId filter calling following filter/app {{(pid=76102) _context_setter /opt/stack/cinder/cinder/api/middleware/request_id.py:62}}
Nov 11 00:00:01 user devstack@c-api.service[76102]: INFO cinder.api.openstack.wsgi [None req-beacd35e-bea8-42ed-a305-3af78415363e tempest-GroupsTest-202802033 tempest-GroupsTest-202802033-project-member] GET http://10.0.0.210/volume/v3/fc9801dcee8b4d068e37b796b4f149d4/volumes/e8f53412-9bb3-4c9d-960d-6274f2919992
Nov 11 00:00:01 user devstack@c-api.service[76102]: DEBUG cinder.api.openstack.wsgi [None req-beacd35e-bea8-42ed-a305-3af78415363e tempest-GroupsTest-202802033 tempest-GroupsTest-202802033-project-member] Empty body provided in request {{(pid=76102) get_body /opt/stack/cinder/cinder/api/openstack/wsgi.py:715}}
Nov 11 00:00:01 user devstack@c-api.service[76102]: DEBUG cinder.api.openstack.wsgi [None req-beacd35e-bea8-42ed-a305-3af78415363e tempest-GroupsTest-202802033 tempest-GroupsTest-202802033-project-member] Calling method 'show' {{(pid=76102) _process_stack /opt/stack/cinder/cinder/api/openstack/wsgi.py:868}}
Nov 11 00:00:01 user devstack@c-api.service[76102]: /opt/stack/data/venv/lib/python3.10/site-packages/oslo_context/context.py:100: DeprecationWarning: Policy enforcement is depending on the value of is_admin. This key is deprecated. Please update your policy file to use the standard policy values.
Nov 11 00:00:01 user devstack@c-api.service[76102]: warnings.warn('Policy enforcement is depending on the value of '
Nov 11 00:00:01 user devstack@c-api.service[76102]: INFO cinder.volume.api [None req-beacd35e-bea8-42ed-a305-3af78415363e tempest-GroupsTest-202802033 tempest-GroupsTest-202802033-project-member] Volume info retrieved successfully.
Nov 11 00:00:01 user devstack@c-api.service[76102]: WARNING stevedore.named [None req-beacd35e-bea8-42ed-a305-3af78415363e tempest-GroupsTest-202802033 tempest-GroupsTest-202802033-project-member] Could not load cinder.keymgr.conf_key_mgr.ConfKeyManager
Nov 11 00:00:01 user devstack@c-api.service[76102]: WARNING castellan.key_manager [None req-beacd35e-bea8-42ed-a305-3af78415363e tempest-GroupsTest-202802033 tempest-GroupsTest-202802033-project-member] Deprecation Warning : cinder.keymgr.conf_key_mgr.ConfKeyManager is not a stevedore based driver, trying to load it as a class: stevedore.exception.NoMatches: No 'castellan.drivers' driver found, looking for 'cinder.keymgr.conf_key_mgr.ConfKeyManager'
Nov 11 00:00:01 user devstack@c-api.service[76102]: DEBUG oslo_db.sqlalchemy.engines [None req-beacd35e-bea8-42ed-a305-3af78415363e tempest-GroupsTest-202802033 tempest-GroupsTest-202802033-project-member] MySQL server mode set to STRICT_TRANS_TABLES,STRICT_ALL_TABLES,NO_ZERO_IN_DATE,NO_ZERO_DATE,ERROR_FOR_DIVISION_BY_ZERO,TRADITIONAL,NO_ENGINE_SUBSTITUTION {{(pid=76102) _check_effective_sql_mode /opt/stack/data/venv/lib/python3.10/site-packages/oslo_db/sqlalchemy/engines.py:342}}
Nov 11 00:00:01 user devstack@c-api.service[76101]: DEBUG cinder.api.middleware.request_id [None req-613992be-12b2-413f-8bf7-e4b706f35774 None None] RequestId filter calling following filter/app {{(pid=76101) _context_setter /opt/stack/cinder/cinder/api/middleware/request_id.py:62}}
Nov 11 00:00:01 user devstack@c-api.service[76102]: /opt/stack/data/venv/lib/python3.10/site-packages/oslo_context/context.py:100: DeprecationWarning: Policy enforcement is depending on the value of is_admin. This key is deprecated. Please update your policy file to use the standard policy values.
Nov 11 00:00:01 user devstack@c-api.service[76102]: warnings.warn('Policy enforcement is depending on the value of '
Nov 11 00:00:01 user devstack@c-api.service[76101]: INFO cinder.api.openstack.wsgi [None req-613992be-12b2-413f-8bf7-e4b706f35774 tempest-TaggedBootDevicesTest-1521019086 tempest-TaggedBootDevicesTest-1521019086-project-member] GET http://10.0.0.210/volume/v3/4f05cbad1a8e42c5b0d5dce7c63abd46/volumes/7cf12de8-3b0e-4a79-b066-413cc1172e40
Nov 11 00:00:01 user devstack@c-api.service[76101]: DEBUG cinder.api.openstack.wsgi [None req-613992be-12b2-413f-8bf7-e4b706f35774 tempest-TaggedBootDevicesTest-1521019086 tempest-TaggedBootDevicesTest-1521019086-project-member] Empty body provided in request {{(pid=76101) get_body /opt/stack/cinder/cinder/api/openstack/wsgi.py:715}}
Nov 11 00:00:01 user devstack@c-api.service[76101]: DEBUG cinder.api.openstack.wsgi [None req-613992be-12b2-413f-8bf7-e4b706f35774 tempest-TaggedBootDevicesTest-1521019086 tempest-TaggedBootDevicesTest-1521019086-project-member] Calling method 'show' {{(pid=76101) _process_stack /opt/stack/cinder/cinder/api/openstack/wsgi.py:868}}
Nov 11 00:00:01 user devstack@c-api.service[76101]: /opt/stack/data/venv/lib/python3.10/site-packages/oslo_context/context.py:100: DeprecationWarning: Policy enforcement is depending on the value of is_admin. This key is deprecated. Please update your policy file to use the standard policy values.
Nov 11 00:00:01 user devstack@c-api.service[76101]: warnings.warn('Policy enforcement is depending on the value of '
Nov 11 00:00:01 user devstack@c-api.service[76101]: INFO cinder.volume.api [None req-613992be-12b2-413f-8bf7-e4b706f35774 tempest-TaggedBootDevicesTest-1521019086 tempest-TaggedBootDevicesTest-1521019086-project-member] Volume info retrieved successfully.
Nov 11 00:00:01 user devstack@c-api.service[76102]: INFO cinder.api.openstack.wsgi [None req-beacd35e-bea8-42ed-a305-3af78415363e tempest-GroupsTest-202802033 tempest-GroupsTest-202802033-project-member] http://10.0.0.210/volume/v3/fc9801dcee8b4d068e37b796b4f149d4/volumes/e8f53412-9bb3-4c9d-960d-6274f2919992 returned with HTTP 200
Nov 11 00:00:01 user devstack@c-api.service[76102]: [pid: 76102|app: 0|req: 75/217] 10.0.0.210 () {64 vars in 1443 bytes} [Sat Nov 11 00:00:01 2023] GET /volume/v3/fc9801dcee8b4d068e37b796b4f149d4/volumes/e8f53412-9bb3-4c9d-960d-6274f2919992 => generated 971 bytes in 130 msecs (HTTP/1.1 200) 7 headers in 286 bytes (1 switches on core 0)
Nov 11 00:00:01 user devstack@c-api.service[76101]: INFO cinder.api.openstack.wsgi [None req-613992be-12b2-413f-8bf7-e4b706f35774 tempest-TaggedBootDevicesTest-1521019086 tempest-TaggedBootDevicesTest-1521019086-project-member] http://10.0.0.210/volume/v3/4f05cbad1a8e42c5b0d5dce7c63abd46/volumes/7cf12de8-3b0e-4a79-b066-413cc1172e40 returned with HTTP 200
Nov 11 00:00:01 user devstack@c-api.service[76101]: [pid: 76101|app: 0|req: 71/218] 10.0.0.210 () {62 vars in 1402 bytes} [Sat Nov 11 00:00:01 2023] GET /volume/v3/4f05cbad1a8e42c5b0d5dce7c63abd46/volumes/7cf12de8-3b0e-4a79-b066-413cc1172e40 => generated 911 bytes in 52 msecs (HTTP/1.1 200) 7 headers in 285 bytes (1 switches on core 0)
Nov 11 00:00:01 user devstack@c-api.service[76103]: DEBUG cinder.api.middleware.request_id [None req-82699039-f0ba-4da1-9b79-d5ab988a9381 None None] RequestId filter calling following filter/app {{(pid=76103) _context_setter /opt/stack/cinder/cinder/api/middleware/request_id.py:62}}
Nov 11 00:00:01 user devstack@c-api.service[76103]: INFO cinder.api.openstack.wsgi [None req-82699039-f0ba-4da1-9b79-d5ab988a9381 tempest-GroupsTest-202802033 tempest-GroupsTest-202802033-project-member] POST http://10.0.0.210/volume/v3/fc9801dcee8b4d068e37b796b4f149d4/volumes
Nov 11 00:00:01 user devstack@c-api.service[76103]: DEBUG cinder.api.openstack.wsgi [None req-82699039-f0ba-4da1-9b79-d5ab988a9381 tempest-GroupsTest-202802033 tempest-GroupsTest-202802033-project-member] Action: 'create', calling method: create, body: {"volume": {"name": "tempest-volume-26588615", "volume_type": "e12bf12c-ea24-4f99-8dcd-5292c828d552", "group_id": "b3402c54-146a-4a22-b4f4-27eec5b1971e", "size": 1}} {{(pid=76103) _process_stack /opt/stack/cinder/cinder/api/openstack/wsgi.py:866}}
Nov 11 00:00:01 user devstack@c-api.service[76103]: DEBUG cinder.api.v3.volumes [None req-82699039-f0ba-4da1-9b79-d5ab988a9381 tempest-GroupsTest-202802033 tempest-GroupsTest-202802033-project-member] Create volume request body: {'volume': {'name': 'tempest-volume-26588615', 'volume_type': 'e12bf12c-ea24-4f99-8dcd-5292c828d552', 'group_id': 'b3402c54-146a-4a22-b4f4-27eec5b1971e', 'size': 1}} {{(pid=76103) create /opt/stack/cinder/cinder/api/v3/volumes.py:297}}
Nov 11 00:00:01 user devstack@c-api.service[76103]: /opt/stack/data/venv/lib/python3.10/site-packages/oslo_context/context.py:100: DeprecationWarning: Policy enforcement is depending on the value of is_admin. This key is deprecated. Please update your policy file to use the standard policy values.
Nov 11 00:00:01 user devstack@c-api.service[76103]: warnings.warn('Policy enforcement is depending on the value of '
Nov 11 00:00:01 user devstack@c-api.service[76103]: INFO cinder.api.v3.volumes [None req-82699039-f0ba-4da1-9b79-d5ab988a9381 tempest-GroupsTest-202802033 tempest-GroupsTest-202802033-project-member] Create volume of 1 GB
Nov 11 00:00:01 user devstack@c-api.service[76103]: INFO cinder.volume.api [None req-82699039-f0ba-4da1-9b79-d5ab988a9381 tempest-GroupsTest-202802033 tempest-GroupsTest-202802033-project-member] Availability Zones retrieved successfully.
Nov 11 00:00:01 user devstack@c-api.service[76103]: DEBUG cinder.volume.api [None req-82699039-f0ba-4da1-9b79-d5ab988a9381 tempest-GroupsTest-202802033 tempest-GroupsTest-202802033-project-member] Flow 'volume_create_api' (880a4b12-1cd0-435e-9727-7e6d98bde127) transitioned into state 'RUNNING' from state 'PENDING' {{(pid=76103) _flow_receiver /opt/stack/data/venv/lib/python3.10/site-packages/taskflow/listeners/logging.py:141}}
Nov 11 00:00:01 user devstack@c-api.service[76103]: DEBUG cinder.volume.api [None req-82699039-f0ba-4da1-9b79-d5ab988a9381 tempest-GroupsTest-202802033 tempest-GroupsTest-202802033-project-member] Task 'cinder.volume.flows.api.create_volume.ExtractVolumeRequestTask;volume:create' (dcef2f6c-3675-4f2e-ac09-abf07a38b0b6) transitioned into state 'RUNNING' from state 'PENDING' {{(pid=76103) _task_receiver /opt/stack/data/venv/lib/python3.10/site-packages/taskflow/listeners/logging.py:190}}
Nov 11 00:00:01 user devstack@c-api.service[76103]: /opt/stack/data/venv/lib/python3.10/site-packages/oslo_context/context.py:100: DeprecationWarning: Policy enforcement is depending on the value of is_admin. This key is deprecated. Please update your policy file to use the standard policy values.
Nov 11 00:00:01 user devstack@c-api.service[76103]: warnings.warn('Policy enforcement is depending on the value of '
Nov 11 00:00:01 user devstack@c-api.service[76103]: DEBUG cinder.volume.flows.api.create_volume [None req-82699039-f0ba-4da1-9b79-d5ab988a9381 tempest-GroupsTest-202802033 tempest-GroupsTest-202802033-project-member] Validating volume size '1' using validate_int {{(pid=76103) _extract_size /opt/stack/cinder/cinder/volume/flows/api/create_volume.py:228}}
Nov 11 00:00:01 user devstack@c-api.service[76103]: DEBUG cinder.volume.api [None req-82699039-f0ba-4da1-9b79-d5ab988a9381 tempest-GroupsTest-202802033 tempest-GroupsTest-202802033-project-member] Task 'cinder.volume.flows.api.create_volume.ExtractVolumeRequestTask;volume:create' (dcef2f6c-3675-4f2e-ac09-abf07a38b0b6) transitioned into state 'SUCCESS' from state 'RUNNING' with result '{'size': 1, 'snapshot_id': None, 'source_volid': None, 'volume_type': VolumeType(created_at=2023-11-10T23:59:42Z,deleted=False,deleted_at=None,description=None,extra_specs={},id=e12bf12c-ea24-4f99-8dcd-5292c828d552,is_public=True,name='tempest-GroupsTest-volume-type-1660065488',projects=[],qos_specs=,qos_specs_id=None,updated_at=None), 'volume_type_id': 'e12bf12c-ea24-4f99-8dcd-5292c828d552', 'encryption_key_id': None, 'qos_specs': None, 'consistencygroup_id': None, 'cgsnapshot_id': None, 'group_id': 'b3402c54-146a-4a22-b4f4-27eec5b1971e', 'replication_status': 'disabled', 'refresh_az': False, 'backup_id': None, 'multiattach': False, 'availability_zones': ['nova']}' {{(pid=76103) _task_receiver /opt/stack/data/venv/lib/python3.10/site-packages/taskflow/listeners/logging.py:178}}
Nov 11 00:00:01 user devstack@c-api.service[76103]: DEBUG cinder.volume.api [None req-82699039-f0ba-4da1-9b79-d5ab988a9381 tempest-GroupsTest-202802033 tempest-GroupsTest-202802033-project-member] Task 'cinder.volume.flows.api.create_volume.QuotaReserveTask;volume:create' (9162b74b-225b-4253-b319-c12d63050565) transitioned into state 'RUNNING' from state 'PENDING' {{(pid=76103) _task_receiver /opt/stack/data/venv/lib/python3.10/site-packages/taskflow/listeners/logging.py:190}}
Nov 11 00:00:01 user devstack@c-api.service[76103]: WARNING cinder.quota [None req-82699039-f0ba-4da1-9b79-d5ab988a9381 tempest-GroupsTest-202802033 tempest-GroupsTest-202802033-project-member] Deprecated: Default quota for resource: volumes_tempest-GroupsTest-volume-type-1660065488 is set by the default quota flag: quota_volumes_tempest-GroupsTest-volume-type-1660065488, it is now deprecated. Please use the default quota class for default quota.
Nov 11 00:00:01 user devstack@c-api.service[76103]: WARNING cinder.quota [None req-82699039-f0ba-4da1-9b79-d5ab988a9381 tempest-GroupsTest-202802033 tempest-GroupsTest-202802033-project-member] Deprecated: Default quota for resource: gigabytes_tempest-GroupsTest-volume-type-1660065488 is set by the default quota flag: quota_gigabytes_tempest-GroupsTest-volume-type-1660065488, it is now deprecated. Please use the default quota class for default quota.
Nov 11 00:00:01 user devstack@c-api.service[76103]: DEBUG cinder.quota [None req-82699039-f0ba-4da1-9b79-d5ab988a9381 tempest-GroupsTest-202802033 tempest-GroupsTest-202802033-project-member] Created reservations ['74e8347c-1bc0-4117-9929-3ce7e9f8cd13', '7f80b962-585e-45cf-8929-46a1d6a4f354', 'ce6f5f3c-a7d9-46a0-ac5b-ab9a5a86be4d', '28ac055c-6790-4a30-b66f-9ec4f92d16b0'] {{(pid=76103) reserve /opt/stack/cinder/cinder/quota.py:755}}
Nov 11 00:00:01 user devstack@c-api.service[76103]: DEBUG cinder.volume.api [None req-82699039-f0ba-4da1-9b79-d5ab988a9381 tempest-GroupsTest-202802033 tempest-GroupsTest-202802033-project-member] Task 'cinder.volume.flows.api.create_volume.QuotaReserveTask;volume:create' (9162b74b-225b-4253-b319-c12d63050565) transitioned into state 'SUCCESS' from state 'RUNNING' with result '{'reservations': ['74e8347c-1bc0-4117-9929-3ce7e9f8cd13', '7f80b962-585e-45cf-8929-46a1d6a4f354', 'ce6f5f3c-a7d9-46a0-ac5b-ab9a5a86be4d', '28ac055c-6790-4a30-b66f-9ec4f92d16b0']}' {{(pid=76103) _task_receiver /opt/stack/data/venv/lib/python3.10/site-packages/taskflow/listeners/logging.py:178}}
Nov 11 00:00:01 user devstack@c-api.service[76103]: DEBUG cinder.volume.api [None req-82699039-f0ba-4da1-9b79-d5ab988a9381 tempest-GroupsTest-202802033 tempest-GroupsTest-202802033-project-member] Task 'cinder.volume.flows.api.create_volume.EntryCreateTask;volume:create' (2e702ab1-8c7b-4fff-89c4-450fcb12006d) transitioned into state 'RUNNING' from state 'PENDING' {{(pid=76103) _task_receiver /opt/stack/data/venv/lib/python3.10/site-packages/taskflow/listeners/logging.py:190}}
Nov 11 00:00:01 user devstack@c-api.service[76103]: DEBUG cinder.volume.api [None req-82699039-f0ba-4da1-9b79-d5ab988a9381 tempest-GroupsTest-202802033 tempest-GroupsTest-202802033-project-member] Task 'cinder.volume.flows.api.create_volume.EntryCreateTask;volume:create' (2e702ab1-8c7b-4fff-89c4-450fcb12006d) transitioned into state 'SUCCESS' from state 'RUNNING' with result '{'volume_id': 'b74b1bdd-0ae5-407b-ba6a-7d58f2e3e0ec', 'volume_properties': VolumeProperties(attach_status='detached',availability_zone='nova',cgsnapshot_id=None,consistencygroup_id=None,display_description=None,display_name='tempest-volume-26588615',encryption_key_id=None,group_id=b3402c54-146a-4a22-b4f4-27eec5b1971e,group_type_id=,metadata={},multiattach=False,project_id='fc9801dcee8b4d068e37b796b4f149d4',qos_specs=None,replication_status=,reservations=['74e8347c-1bc0-4117-9929-3ce7e9f8cd13','7f80b962-585e-45cf-8929-46a1d6a4f354','ce6f5f3c-a7d9-46a0-ac5b-ab9a5a86be4d','28ac055c-6790-4a30-b66f-9ec4f92d16b0'],size=1,snapshot_id=None,source_replicaid=,source_volid=None,status='creating',user_id='8d8554c5ea074c018355da9eaa43862e',volume_type_id=e12bf12c-ea24-4f99-8dcd-5292c828d552), 'volume': Volume(_name_id=None,admin_metadata=,attach_status='detached',availability_zone='nova',bootable=False,cluster=,cluster_name=None,consistencygroup=,consistencygroup_id=None,created_at=2023-11-11T00:00:01Z,deleted=False,deleted_at=None,display_description=None,display_name='tempest-volume-26588615',ec2_id=None,encryption_key_id=None,glance_metadata=,group=,group_id=b3402c54-146a-4a22-b4f4-27eec5b1971e,host=None,id=b74b1bdd-0ae5-407b-ba6a-7d58f2e3e0ec,launched_at=None,metadata={},migration_status=None,multiattach=False,previous_status=None,project_id='fc9801dcee8b4d068e37b796b4f149d4',provider_auth=None,provider_geometry=None,provider_id=None,provider_location=None,replication_driver_data=None,replication_extended_status=None,replication_status=None,scheduled_at=None,service_uuid=None,shared_targets=True,size=1,snapshot_id=None,snapshots=,source_volid=None,status='creating',terminated_at=None,updated_at=None,use_quota=True,user_id='8d8554c5ea074c018355da9eaa43862e',volume_attachment=VolumeAttachmentList,volume_type=VolumeType(e12bf12c-ea24-4f99-8dcd-5292c828d552),volume_type_id=e12bf12c-ea24-4f99-8dcd-5292c828d552)}' {{(pid=76103) _task_receiver /opt/stack/data/venv/lib/python3.10/site-packages/taskflow/listeners/logging.py:178}}
Nov 11 00:00:01 user devstack@c-api.service[76103]: DEBUG cinder.volume.api [None req-82699039-f0ba-4da1-9b79-d5ab988a9381 tempest-GroupsTest-202802033 tempest-GroupsTest-202802033-project-member] Task 'cinder.volume.flows.api.create_volume.QuotaCommitTask;volume:create' (101cbc2a-a4e3-4902-9032-c20a26c0d31a) transitioned into state 'RUNNING' from state 'PENDING' {{(pid=76103) _task_receiver /opt/stack/data/venv/lib/python3.10/site-packages/taskflow/listeners/logging.py:190}}
Nov 11 00:00:01 user devstack@c-api.service[76102]: DEBUG cinder.api.middleware.request_id [None req-06b41d18-7d87-4f14-833d-cdc9d2e47f88 None None] RequestId filter calling following filter/app {{(pid=76102) _context_setter /opt/stack/cinder/cinder/api/middleware/request_id.py:62}}
Nov 11 00:00:01 user devstack@c-api.service[76102]: INFO cinder.api.openstack.wsgi [None req-06b41d18-7d87-4f14-833d-cdc9d2e47f88 tempest-VolumesAssistedSnapshotsTest-1248863683 tempest-VolumesAssistedSnapshotsTest-1248863683-project-admin] GET http://10.0.0.210/volume/v3/9b58e8fca3944c7f870b5e1ab9c34c3d/volumes/5b95da07-e0f1-4f48-98bf-810929ed2aa0
Nov 11 00:00:01 user devstack@c-api.service[76102]: DEBUG cinder.api.openstack.wsgi [None req-06b41d18-7d87-4f14-833d-cdc9d2e47f88 tempest-VolumesAssistedSnapshotsTest-1248863683 tempest-VolumesAssistedSnapshotsTest-1248863683-project-admin] Empty body provided in request {{(pid=76102) get_body /opt/stack/cinder/cinder/api/openstack/wsgi.py:715}}
Nov 11 00:00:01 user devstack@c-api.service[76102]: DEBUG cinder.api.openstack.wsgi [None req-06b41d18-7d87-4f14-833d-cdc9d2e47f88 tempest-VolumesAssistedSnapshotsTest-1248863683 tempest-VolumesAssistedSnapshotsTest-1248863683-project-admin] Calling method 'show' {{(pid=76102) _process_stack /opt/stack/cinder/cinder/api/openstack/wsgi.py:868}}
Nov 11 00:00:01 user devstack@c-api.service[76103]: DEBUG cinder.volume.api [None req-82699039-f0ba-4da1-9b79-d5ab988a9381 tempest-GroupsTest-202802033 tempest-GroupsTest-202802033-project-member] Task 'cinder.volume.flows.api.create_volume.QuotaCommitTask;volume:create' (101cbc2a-a4e3-4902-9032-c20a26c0d31a) transitioned into state 'SUCCESS' from state 'RUNNING' with result '{'volume_properties': VolumeProperties(attach_status='detached',availability_zone='nova',cgsnapshot_id=None,consistencygroup_id=None,display_description=None,display_name='tempest-volume-26588615',encryption_key_id=None,group_id=b3402c54-146a-4a22-b4f4-27eec5b1971e,group_type_id=,metadata={},multiattach=False,project_id='fc9801dcee8b4d068e37b796b4f149d4',qos_specs=None,replication_status=,reservations=['74e8347c-1bc0-4117-9929-3ce7e9f8cd13','7f80b962-585e-45cf-8929-46a1d6a4f354','ce6f5f3c-a7d9-46a0-ac5b-ab9a5a86be4d','28ac055c-6790-4a30-b66f-9ec4f92d16b0'],size=1,snapshot_id=None,source_replicaid=,source_volid=None,status='creating',user_id='8d8554c5ea074c018355da9eaa43862e',volume_type_id=e12bf12c-ea24-4f99-8dcd-5292c828d552)}' {{(pid=76103) _task_receiver /opt/stack/data/venv/lib/python3.10/site-packages/taskflow/listeners/logging.py:178}}
Nov 11 00:00:01 user devstack@c-api.service[76103]: DEBUG cinder.volume.api [None req-82699039-f0ba-4da1-9b79-d5ab988a9381 tempest-GroupsTest-202802033 tempest-GroupsTest-202802033-project-member] Task 'cinder.volume.flows.api.create_volume.VolumeCastTask;volume:create' (8395257c-2b8a-4022-aef0-4d39f5184f5a) transitioned into state 'RUNNING' from state 'PENDING' {{(pid=76103) _task_receiver /opt/stack/data/venv/lib/python3.10/site-packages/taskflow/listeners/logging.py:190}}
Nov 11 00:00:01 user devstack@c-api.service[76101]: DEBUG cinder.api.middleware.request_id [None req-a2052462-b14e-4cd6-b0b6-e1e685afd406 None None] RequestId filter calling following filter/app {{(pid=76101) _context_setter /opt/stack/cinder/cinder/api/middleware/request_id.py:62}}
Nov 11 00:00:01 user devstack@c-api.service[76101]: INFO cinder.api.openstack.wsgi [None req-a2052462-b14e-4cd6-b0b6-e1e685afd406 tempest-GroupSnapshotsTest-1445579732 tempest-GroupSnapshotsTest-1445579732-project-member] GET http://10.0.0.210/volume/v3/803cf29e42af46d0949944f872ada7a3/volumes/4f4b7200-ca2c-4ede-9f7c-20ffb5791d56
Nov 11 00:00:01 user devstack@c-api.service[76101]: DEBUG cinder.api.openstack.wsgi [None req-a2052462-b14e-4cd6-b0b6-e1e685afd406 tempest-GroupSnapshotsTest-1445579732 tempest-GroupSnapshotsTest-1445579732-project-member] Empty body provided in request {{(pid=76101) get_body /opt/stack/cinder/cinder/api/openstack/wsgi.py:715}}
Nov 11 00:00:01 user devstack@c-api.service[76101]: DEBUG cinder.api.openstack.wsgi [None req-a2052462-b14e-4cd6-b0b6-e1e685afd406 tempest-GroupSnapshotsTest-1445579732 tempest-GroupSnapshotsTest-1445579732-project-member] Calling method 'show' {{(pid=76101) _process_stack /opt/stack/cinder/cinder/api/openstack/wsgi.py:868}}
Nov 11 00:00:01 user devstack@c-api.service[76102]: /opt/stack/data/venv/lib/python3.10/site-packages/oslo_context/context.py:100: DeprecationWarning: Policy enforcement is depending on the value of is_admin. This key is deprecated. Please update your policy file to use the standard policy values.
Nov 11 00:00:01 user devstack@c-api.service[76102]: warnings.warn('Policy enforcement is depending on the value of '
Nov 11 00:00:01 user devstack@c-api.service[76103]: DEBUG cinder.volume.api [None req-82699039-f0ba-4da1-9b79-d5ab988a9381 tempest-GroupsTest-202802033 tempest-GroupsTest-202802033-project-member] Task 'cinder.volume.flows.api.create_volume.VolumeCastTask;volume:create' (8395257c-2b8a-4022-aef0-4d39f5184f5a) transitioned into state 'SUCCESS' from state 'RUNNING' with result 'None' {{(pid=76103) _task_receiver /opt/stack/data/venv/lib/python3.10/site-packages/taskflow/listeners/logging.py:178}}
Nov 11 00:00:01 user devstack@c-api.service[76103]: DEBUG cinder.volume.api [None req-82699039-f0ba-4da1-9b79-d5ab988a9381 tempest-GroupsTest-202802033 tempest-GroupsTest-202802033-project-member] Flow 'volume_create_api' (880a4b12-1cd0-435e-9727-7e6d98bde127) transitioned into state 'SUCCESS' from state 'RUNNING' {{(pid=76103) _flow_receiver /opt/stack/data/venv/lib/python3.10/site-packages/taskflow/listeners/logging.py:141}}
Nov 11 00:00:01 user devstack@c-api.service[76103]: INFO cinder.volume.api [None req-82699039-f0ba-4da1-9b79-d5ab988a9381 tempest-GroupsTest-202802033 tempest-GroupsTest-202802033-project-member] Create volume request issued successfully.
Nov 11 00:00:01 user devstack@c-api.service[76103]: WARNING stevedore.named [None req-82699039-f0ba-4da1-9b79-d5ab988a9381 tempest-GroupsTest-202802033 tempest-GroupsTest-202802033-project-member] Could not load cinder.keymgr.conf_key_mgr.ConfKeyManager
Nov 11 00:00:01 user devstack@c-api.service[76103]: WARNING castellan.key_manager [None req-82699039-f0ba-4da1-9b79-d5ab988a9381 tempest-GroupsTest-202802033 tempest-GroupsTest-202802033-project-member] Deprecation Warning : cinder.keymgr.conf_key_mgr.ConfKeyManager is not a stevedore based driver, trying to load it as a class: stevedore.exception.NoMatches: No 'castellan.drivers' driver found, looking for 'cinder.keymgr.conf_key_mgr.ConfKeyManager'
Nov 11 00:00:01 user devstack@c-api.service[76102]: INFO cinder.volume.api [None req-06b41d18-7d87-4f14-833d-cdc9d2e47f88 tempest-VolumesAssistedSnapshotsTest-1248863683 tempest-VolumesAssistedSnapshotsTest-1248863683-project-admin] Volume info retrieved successfully.
Nov 11 00:00:01 user devstack@c-api.service[76101]: /opt/stack/data/venv/lib/python3.10/site-packages/oslo_context/context.py:100: DeprecationWarning: Policy enforcement is depending on the value of is_admin. This key is deprecated. Please update your policy file to use the standard policy values.
Nov 11 00:00:01 user devstack@c-api.service[76101]: warnings.warn('Policy enforcement is depending on the value of '
Nov 11 00:00:01 user devstack@c-api.service[76103]: DEBUG oslo_db.sqlalchemy.engines [None req-82699039-f0ba-4da1-9b79-d5ab988a9381 tempest-GroupsTest-202802033 tempest-GroupsTest-202802033-project-member] MySQL server mode set to STRICT_TRANS_TABLES,STRICT_ALL_TABLES,NO_ZERO_IN_DATE,NO_ZERO_DATE,ERROR_FOR_DIVISION_BY_ZERO,TRADITIONAL,NO_ENGINE_SUBSTITUTION {{(pid=76103) _check_effective_sql_mode /opt/stack/data/venv/lib/python3.10/site-packages/oslo_db/sqlalchemy/engines.py:342}}
