File "/opt/stack/data/venv/lib/python3.10/site-packages/flask/app.py", line 1799, in dispatch_request
Nov 10 23:49:26 user devstack@keystone.service[46364]: ERROR keystone.server.flask.application return self.ensure_sync(self.view_functions[rule.endpoint])(**view_args)
Nov 10 23:49:26 user devstack@keystone.service[46364]: ERROR keystone.server.flask.application
File "/opt/stack/data/venv/lib/python3.10/site-packages/flask_restful/__init__.py", line 489, in wrapper
Nov 10 23:49:26 user devstack@keystone.service[46364]: ERROR keystone.server.flask.application resp = resource(*args, **kwargs)
Nov 10 23:49:26 user devstack@keystone.service[46364]: ERROR keystone.server.flask.application
File "/opt/stack/data/venv/lib/python3.10/site-packages/flask/views.py", line 107, in view
Nov 10 23:49:26 user devstack@keystone.service[46364]: ERROR keystone.server.flask.application return current_app.ensure_sync(self.dispatch_request)(**kwargs)
Nov 10 23:49:26 user devstack@keystone.service[46364]: ERROR keystone.server.flask.application
File "/opt/stack/data/venv/lib/python3.10/site-packages/flask_restful/__init__.py", line 604, in dispatch_request
Nov 10 23:49:26 user devstack@keystone.service[46364]: ERROR keystone.server.flask.application resp = meth(*args, **kwargs)
Nov 10 23:49:26 user devstack@keystone.service[46364]: ERROR keystone.server.flask.application
File "/opt/stack/keystone/keystone/api/roles.py", line 115, in post
Nov 10 23:49:26 user devstack@keystone.service[46364]: ERROR keystone.server.flask.application ref = PROVIDERS.role_api.create_role(
Nov 10 23:49:26 user devstack@keystone.service[46364]: ERROR keystone.server.flask.application
File "/opt/stack/keystone/keystone/common/manager.py", line 115, in wrapped
Nov 10 23:49:26 user devstack@keystone.service[46364]: ERROR keystone.server.flask.application __ret_val = __f(*args, **kwargs)
Nov 10 23:49:26 user devstack@keystone.service[46364]: ERROR keystone.server.flask.application
File "/opt/stack/keystone/keystone/assignment/core.py", line 1298, in create_role
Nov 10 23:49:26 user devstack@keystone.service[46364]: ERROR keystone.server.flask.application ret = self.driver.create_role(role_id, role)
Nov 10 23:49:26 user devstack@keystone.service[46364]: ERROR keystone.server.flask.application
File "/opt/stack/keystone/keystone/common/sql/core.py", line 563, in wrapper
Nov 10 23:49:26 user devstack@keystone.service[46364]: ERROR keystone.server.flask.application raise exception.Conflict(type=conflict_type,
Nov 10 23:49:26 user devstack@keystone.service[46364]: ERROR keystone.server.flask.application keystone.exception.Conflict: Conflict occurred attempting to store role - Duplicate entry found with name service.
Nov 10 23:49:26 user devstack@keystone.service[46364]: ERROR keystone.server.flask.application
Nov 10 23:49:26 user devstack@keystone.service[46364]: [pid: 46364|app: 0|req: 11/27] 10.0.0.210 () {60 vars in 1126 bytes} [Fri Nov 10 23:49:25 2023] POST /identity/v3/roles => generated 140 bytes in 188 msecs (HTTP/1.1 409) 5 headers in 183 bytes (1 switches on core 0)
Nov 10 23:49:26 user devstack@keystone.service[46365]: DEBUG keystone.server.flask.request_processing.middleware.auth_context [None req-53481248-9465-4364-bf64-35912be9cd5b None admin] RBAC: auth_context: {'token': , 'domain_id': None, 'trust_id': None, 'trustor_id': None, 'trustee_id': None, 'domain_name': None, 'group_ids': [], 'user_id': '54d3381d6587450d96d47eb37c08dc9d', 'user_domain_id': 'default', 'system_scope': 'all', 'project_id': None, 'project_domain_id': None, 'roles': ['admin', 'manager', 'member', 'reader'], 'is_admin_project': True, 'service_user_id': None, 'service_user_domain_id': None, 'service_project_id': None, 'service_project_domain_id': None, 'service_roles': []} {{(pid=46365) fill_context /opt/stack/keystone/keystone/server/flask/request_processing/middleware/auth_context.py:480}}
Nov 10 23:49:26 user devstack@keystone.service[46364]: DEBUG keystone.server.flask.request_processing.req_logging [None req-68637f2e-fe54-4db3-a5a9-401d8f9600ef None None] REQUEST_METHOD: `GET` {{(pid=46364) log_request_info /opt/stack/keystone/keystone/server/flask/request_processing/req_logging.py:27}}
Nov 10 23:49:26 user devstack@keystone.service[46364]: DEBUG keystone.server.flask.request_processing.req_logging [None req-68637f2e-fe54-4db3-a5a9-401d8f9600ef None None] SCRIPT_NAME: `/identity` {{(pid=46364) log_request_info /opt/stack/keystone/keystone/server/flask/request_processing/req_logging.py:28}}
Nov 10 23:49:26 user devstack@keystone.service[46365]: DEBUG keystone.server.flask.request_processing.req_logging [None req-53481248-9465-4364-bf64-35912be9cd5b None admin] REQUEST_METHOD: `GET` {{(pid=46365) log_request_info /opt/stack/keystone/keystone/server/flask/request_processing/req_logging.py:27}}
Nov 10 23:49:26 user devstack@keystone.service[46364]: DEBUG keystone.server.flask.request_processing.req_logging [None req-68637f2e-fe54-4db3-a5a9-401d8f9600ef None None] PATH_INFO: `/` {{(pid=46364) log_request_info /opt/stack/keystone/keystone/server/flask/request_processing/req_logging.py:29}}
Nov 10 23:49:26 user devstack@keystone.service[46365]: DEBUG keystone.server.flask.request_processing.req_logging [None req-53481248-9465-4364-bf64-35912be9cd5b None admin] SCRIPT_NAME: `/identity` {{(pid=46365) log_request_info /opt/stack/keystone/keystone/server/flask/request_processing/req_logging.py:28}}
Nov 10 23:49:26 user devstack@keystone.service[46365]: DEBUG keystone.server.flask.request_processing.req_logging [None req-53481248-9465-4364-bf64-35912be9cd5b None admin] PATH_INFO: `/v3/roles` {{(pid=46365) log_request_info /opt/stack/keystone/keystone/server/flask/request_processing/req_logging.py:29}}
Nov 10 23:49:26 user devstack@keystone.service[46364]: [pid: 46364|app: 0|req: 12/28] 10.0.0.210 () {54 vars in 921 bytes} [Fri Nov 10 23:49:26 2023] GET /identity => generated 269 bytes in 2 msecs (HTTP/1.1 300) 6 headers in 233 bytes (1 switches on core 0)
Nov 10 23:49:26 user devstack@keystone.service[46365]: DEBUG keystone.common.rbac_enforcer.enforcer [None req-53481248-9465-4364-bf64-35912be9cd5b None admin] RBAC: Adding query filter params (name=admin) {{(pid=46365) _extract_filter_values /opt/stack/keystone/keystone/common/rbac_enforcer/enforcer.py:167}}
Nov 10 23:49:26 user devstack@keystone.service[46365]: DEBUG keystone.common.rbac_enforcer.enforcer [None req-53481248-9465-4364-bf64-35912be9cd5b None admin] RBAC: Authorizing `identity:list_roles()` {{(pid=46365) enforce_call /opt/stack/keystone/keystone/common/rbac_enforcer/enforcer.py:449}}
Nov 10 23:49:26 user devstack@keystone.service[46364]: DEBUG keystone.server.flask.request_processing.middleware.auth_context [None req-68637f2e-fe54-4db3-a5a9-401d8f9600ef None None] Authenticating user token {{(pid=46364) process_request /opt/stack/data/venv/lib/python3.10/site-packages/keystonemiddleware/auth_token/__init__.py:406}}
Nov 10 23:49:26 user devstack@keystone.service[46365]: DEBUG keystone.common.rbac_enforcer.enforcer [None req-53481248-9465-4364-bf64-35912be9cd5b None admin] RBAC: Authorization granted {{(pid=46365) enforce_call /opt/stack/keystone/keystone/common/rbac_enforcer/enforcer.py:457}}
Nov 10 23:49:26 user devstack@keystone.service[46365]: [pid: 46365|app: 0|req: 8/29] 10.0.0.210 () {56 vars in 1094 bytes} [Fri Nov 10 23:49:25 2023] GET /identity/v3/roles?name=admin => generated 337 bytes in 136 msecs (HTTP/1.1 200) 5 headers in 177 bytes (1 switches on core 0)
Nov 10 23:49:26 user devstack@keystone.service[46365]: DEBUG keystone.server.flask.request_processing.middleware.auth_context [None req-53481248-9465-4364-bf64-35912be9cd5b None admin] Authenticating user token {{(pid=46365) process_request /opt/stack/data/venv/lib/python3.10/site-packages/keystonemiddleware/auth_token/__init__.py:406}}
Nov 10 23:49:26 user devstack@keystone.service[46363]: DEBUG keystone.server.flask.request_processing.middleware.auth_context [None req-71f24fca-f047-430c-9279-419f397b2d72 None admin] Validating token access rules against request {{(pid=46363) validate_allowed_request /opt/stack/data/venv/lib/python3.10/site-packages/keystonemiddleware/auth_token/__init__.py:544}}
Nov 10 23:49:26 user devstack@keystone.service[46363]: DEBUG keystone.server.flask.request_processing.middleware.auth_context [None req-144cb95c-d03f-41e0-ac1f-e58e3f2f13ee None admin] RBAC: auth_context: {'token': , 'domain_id': None, 'trust_id': None, 'trustor_id': None, 'trustee_id': None, 'domain_name': None, 'group_ids': [], 'user_id': '54d3381d6587450d96d47eb37c08dc9d', 'user_domain_id': 'default', 'system_scope': 'all', 'project_id': None, 'project_domain_id': None, 'roles': ['admin', 'manager', 'member', 'reader'], 'is_admin_project': True, 'service_user_id': None, 'service_user_domain_id': None, 'service_project_id': None, 'service_project_domain_id': None, 'service_roles': []} {{(pid=46363) fill_context /opt/stack/keystone/keystone/server/flask/request_processing/middleware/auth_context.py:480}}
Nov 10 23:49:26 user devstack@keystone.service[46363]: DEBUG keystone.server.flask.request_processing.req_logging [None req-144cb95c-d03f-41e0-ac1f-e58e3f2f13ee None admin] REQUEST_METHOD: `POST` {{(pid=46363) log_request_info /opt/stack/keystone/keystone/server/flask/request_processing/req_logging.py:27}}
Nov 10 23:49:26 user devstack@keystone.service[46363]: DEBUG keystone.server.flask.request_processing.req_logging [None req-144cb95c-d03f-41e0-ac1f-e58e3f2f13ee None admin] SCRIPT_NAME: `/identity` {{(pid=46363) log_request_info /opt/stack/keystone/keystone/server/flask/request_processing/req_logging.py:28}}
Nov 10 23:49:26 user devstack@keystone.service[46363]: DEBUG keystone.server.flask.request_processing.req_logging [None req-144cb95c-d03f-41e0-ac1f-e58e3f2f13ee None admin] PATH_INFO: `/v3/projects` {{(pid=46363) log_request_info /opt/stack/keystone/keystone/server/flask/request_processing/req_logging.py:29}}
Nov 10 23:49:26 user devstack@keystone.service[46363]: DEBUG keystone.common.rbac_enforcer.enforcer [None req-144cb95c-d03f-41e0-ac1f-e58e3f2f13ee None admin] RBAC: Authorizing `identity:create_project()` {{(pid=46363) enforce_call /opt/stack/keystone/keystone/common/rbac_enforcer/enforcer.py:449}}
Nov 10 23:49:26 user devstack@keystone.service[46363]: DEBUG keystone.common.rbac_enforcer.enforcer [None req-144cb95c-d03f-41e0-ac1f-e58e3f2f13ee None admin] RBAC: Authorization granted {{(pid=46363) enforce_call /opt/stack/keystone/keystone/common/rbac_enforcer/enforcer.py:457}}
Nov 10 23:49:26 user devstack@keystone.service[46365]: DEBUG keystone.server.flask.request_processing.middleware.auth_context [None req-53481248-9465-4364-bf64-35912be9cd5b None admin] Validating token access rules against request {{(pid=46365) validate_allowed_request /opt/stack/data/venv/lib/python3.10/site-packages/keystonemiddleware/auth_token/__init__.py:544}}
Nov 10 23:49:26 user devstack@keystone.service[46364]: DEBUG keystone.server.flask.request_processing.middleware.auth_context [None req-68637f2e-fe54-4db3-a5a9-401d8f9600ef None None] Validating token access rules against request {{(pid=46364) validate_allowed_request /opt/stack/data/venv/lib/python3.10/site-packages/keystonemiddleware/auth_token/__init__.py:544}}
Nov 10 23:49:26 user devstack@keystone.service[46363]: [pid: 46363|app: 0|req: 10/30] 10.0.0.210 () {60 vars in 1136 bytes} [Fri Nov 10 23:49:25 2023] POST /identity/v3/projects => generated 300 bytes in 171 msecs (HTTP/1.1 201) 5 headers in 182 bytes (2 switches on core 0)
Nov 10 23:49:26 user devstack@keystone.service[46363]: DEBUG keystone.server.flask.request_processing.middleware.auth_context [None req-144cb95c-d03f-41e0-ac1f-e58e3f2f13ee None admin] Authenticating user token {{(pid=46363) process_request /opt/stack/data/venv/lib/python3.10/site-packages/keystonemiddleware/auth_token/__init__.py:406}}
Nov 10 23:49:26 user devstack@keystone.service[46365]: DEBUG keystone.server.flask.request_processing.middleware.auth_context [None req-3ce31da0-4c5b-4ee6-b8fd-eca5ca39ec23 None admin] RBAC: auth_context: {'token': , 'domain_id': None, 'trust_id': None, 'trustor_id': None, 'trustee_id': None, 'domain_name': None, 'group_ids': [], 'user_id': '54d3381d6587450d96d47eb37c08dc9d', 'user_domain_id': 'default', 'system_scope': 'all', 'project_id': None, 'project_domain_id': None, 'roles': ['admin', 'manager', 'member', 'reader'], 'is_admin_project': True, 'service_user_id': None, 'service_user_domain_id': None, 'service_project_id': None, 'service_project_domain_id': None, 'service_roles': []} {{(pid=46365) fill_context /opt/stack/keystone/keystone/server/flask/request_processing/middleware/auth_context.py:480}}
Nov 10 23:49:26 user devstack@keystone.service[46365]: DEBUG keystone.server.flask.request_processing.req_logging [None req-3ce31da0-4c5b-4ee6-b8fd-eca5ca39ec23 None admin] REQUEST_METHOD: `POST` {{(pid=46365) log_request_info /opt/stack/keystone/keystone/server/flask/request_processing/req_logging.py:27}}
Nov 10 23:49:26 user devstack@keystone.service[46365]: DEBUG keystone.server.flask.request_processing.req_logging [None req-3ce31da0-4c5b-4ee6-b8fd-eca5ca39ec23 None admin] SCRIPT_NAME: `/identity` {{(pid=46365) log_request_info /opt/stack/keystone/keystone/server/flask/request_processing/req_logging.py:28}}
Nov 10 23:49:26 user devstack@keystone.service[46365]: DEBUG keystone.server.flask.request_processing.req_logging [None req-3ce31da0-4c5b-4ee6-b8fd-eca5ca39ec23 None admin] PATH_INFO: `/v3/roles` {{(pid=46365) log_request_info /opt/stack/keystone/keystone/server/flask/request_processing/req_logging.py:29}}
Nov 10 23:49:26 user devstack@keystone.service[46365]: DEBUG keystone.common.rbac_enforcer.enforcer [None req-3ce31da0-4c5b-4ee6-b8fd-eca5ca39ec23 None admin] RBAC: Authorizing `identity:create_role()` {{(pid=46365) enforce_call /opt/stack/keystone/keystone/common/rbac_enforcer/enforcer.py:449}}
Nov 10 23:49:26 user devstack@keystone.service[46365]: DEBUG keystone.common.rbac_enforcer.enforcer [None req-3ce31da0-4c5b-4ee6-b8fd-eca5ca39ec23 None admin] RBAC: Authorization granted {{(pid=46365) enforce_call /opt/stack/keystone/keystone/common/rbac_enforcer/enforcer.py:457}}
Nov 10 23:49:26 user devstack@keystone.service[46364]: DEBUG keystone.server.flask.request_processing.middleware.auth_context [None req-e4be47e1-f655-4db0-946a-9b64c373e869 None admin] RBAC: auth_context: {'token': , 'domain_id': None, 'trust_id': None, 'trustor_id': None, 'trustee_id': None, 'domain_name': None, 'group_ids': [], 'user_id': '54d3381d6587450d96d47eb37c08dc9d', 'user_domain_id': 'default', 'system_scope': 'all', 'project_id': None, 'project_domain_id': None, 'roles': ['admin', 'manager', 'member', 'reader'], 'is_admin_project': True, 'service_user_id': None, 'service_user_domain_id': None, 'service_project_id': None, 'service_project_domain_id': None, 'service_roles': []} {{(pid=46364) fill_context /opt/stack/keystone/keystone/server/flask/request_processing/middleware/auth_context.py:480}}
Nov 10 23:49:26 user devstack@keystone.service[46364]: DEBUG keystone.server.flask.request_processing.req_logging [None req-e4be47e1-f655-4db0-946a-9b64c373e869 None admin] REQUEST_METHOD: `GET` {{(pid=46364) log_request_info /opt/stack/keystone/keystone/server/flask/request_processing/req_logging.py:27}}
Nov 10 23:49:26 user devstack@keystone.service[46364]: DEBUG keystone.server.flask.request_processing.req_logging [None req-e4be47e1-f655-4db0-946a-9b64c373e869 None admin] SCRIPT_NAME: `/identity` {{(pid=46364) log_request_info /opt/stack/keystone/keystone/server/flask/request_processing/req_logging.py:28}}
Nov 10 23:49:26 user devstack@keystone.service[46364]: DEBUG keystone.server.flask.request_processing.req_logging [None req-e4be47e1-f655-4db0-946a-9b64c373e869 None admin] PATH_INFO: `/v3/roles/service` {{(pid=46364) log_request_info /opt/stack/keystone/keystone/server/flask/request_processing/req_logging.py:29}}
Nov 10 23:49:26 user devstack@keystone.service[46364]: DEBUG keystone.common.rbac_enforcer.enforcer [None req-e4be47e1-f655-4db0-946a-9b64c373e869 None admin] Extracting inferred target data resulted in "NOT FOUND (404)". {{(pid=46364) enforce_call /opt/stack/keystone/keystone/common/rbac_enforcer/enforcer.py:409}}
Nov 10 23:49:26 user devstack@keystone.service[46364]: ERROR keystone.server.flask.application [None req-e4be47e1-f655-4db0-946a-9b64c373e869 None admin] Could not find role: service.: keystone.exception.RoleNotFound: Could not find role: service.
Nov 10 23:49:26 user devstack@keystone.service[46364]: ERROR keystone.server.flask.application
Traceback (most recent call last):
Nov 10 23:49:26 user devstack@keystone.service[46364]: ERROR keystone.server.flask.application
File "/opt/stack/data/venv/lib/python3.10/site-packages/flask/app.py", line 1823, in full_dispatch_request
Nov 10 23:49:26 user devstack@keystone.service[46364]: ERROR keystone.server.flask.application rv = self.dispatch_request()
Nov 10 23:49:26 user devstack@keystone.service[46364]: ERROR keystone.server.flask.application
File "/opt/stack/data/venv/lib/python3.10/site-packages/flask/app.py", line 1799, in dispatch_request
Nov 10 23:49:26 user devstack@keystone.service[46364]: ERROR keystone.server.flask.application return self.ensure_sync(self.view_functions[rule.endpoint])(**view_args)
Nov 10 23:49:26 user devstack@keystone.service[46364]: ERROR keystone.server.flask.application
File "/opt/stack/data/venv/lib/python3.10/site-packages/flask_restful/__init__.py", line 489, in wrapper
Nov 10 23:49:26 user devstack@keystone.service[46364]: ERROR keystone.server.flask.application resp = resource(*args, **kwargs)
Nov 10 23:49:26 user devstack@keystone.service[46364]: ERROR keystone.server.flask.application
File "/opt/stack/data/venv/lib/python3.10/site-packages/flask/views.py", line 107, in view
Nov 10 23:49:26 user devstack@keystone.service[46364]: ERROR keystone.server.flask.application return current_app.ensure_sync(self.dispatch_request)(**kwargs)
Nov 10 23:49:26 user devstack@keystone.service[46364]: ERROR keystone.server.flask.application
File "/opt/stack/data/venv/lib/python3.10/site-packages/flask_restful/__init__.py", line 604, in dispatch_request
Nov 10 23:49:26 user devstack@keystone.service[46364]: ERROR keystone.server.flask.application resp = meth(*args, **kwargs)
Nov 10 23:49:26 user devstack@keystone.service[46364]: ERROR keystone.server.flask.application
File "/opt/stack/keystone/keystone/api/roles.py", line 50, in get
Nov 10 23:49:26 user devstack@keystone.service[46364]: ERROR keystone.server.flask.application return self._get_role(role_id)
Nov 10 23:49:26 user devstack@keystone.service[46364]: ERROR keystone.server.flask.application
File "/opt/stack/keystone/keystone/api/roles.py", line 70, in _get_role
Nov 10 23:49:26 user devstack@keystone.service[46364]: ERROR keystone.server.flask.application ENFORCER.enforce_call(action='identity:get_role')
Nov 10 23:49:26 user devstack@keystone.service[46364]: ERROR keystone.server.flask.application
File "/opt/stack/keystone/keystone/common/rbac_enforcer/enforcer.py", line 402, in enforce_call
Nov 10 23:49:26 user devstack@keystone.service[46364]: ERROR keystone.server.flask.application policy_dict.update(cls._extract_member_target_data(
Nov 10 23:49:26 user devstack@keystone.service[46364]: ERROR keystone.server.flask.application
File "/opt/stack/keystone/keystone/common/rbac_enforcer/enforcer.py", line 234, in _extract_member_target_data
Nov 10 23:49:26 user devstack@keystone.service[46364]: ERROR keystone.server.flask.application member_name: func(flask.request.view_args[key])
Nov 10 23:49:26 user devstack@keystone.service[46364]: ERROR keystone.server.flask.application
File "/opt/stack/keystone/keystone/common/manager.py", line 115, in wrapped
Nov 10 23:49:26 user devstack@keystone.service[46364]: ERROR keystone.server.flask.application __ret_val = __f(*args, **kwargs)
Nov 10 23:49:26 user devstack@keystone.service[46364]: ERROR keystone.server.flask.application
File "/opt/stack/data/venv/lib/python3.10/site-packages/decorator.py", line 232, in fun
Nov 10 23:49:26 user devstack@keystone.service[46364]: ERROR keystone.server.flask.application return caller(func, *(extras + args), **kw)
Nov 10 23:49:26 user devstack@keystone.service[46364]: ERROR keystone.server.flask.application
File "/opt/stack/data/venv/lib/python3.10/site-packages/dogpile/cache/region.py", line 1594, in get_or_create_for_user_func
Nov 10 23:49:26 user devstack@keystone.service[46364]: ERROR keystone.server.flask.application return self.get_or_create(
Nov 10 23:49:26 user devstack@keystone.service[46364]: ERROR keystone.server.flask.application
File "/opt/stack/data/venv/lib/python3.10/site-packages/dogpile/cache/region.py", line 1054, in get_or_create
Nov 10 23:49:26 user devstack@keystone.service[46364]: ERROR keystone.server.flask.application with Lock(
Nov 10 23:49:26 user devstack@keystone.service[46364]: ERROR keystone.server.flask.application
File "/opt/stack/data/venv/lib/python3.10/site-packages/dogpile/lock.py", line 185, in __enter__
Nov 10 23:49:26 user devstack@keystone.service[46364]: ERROR keystone.server.flask.application return self._enter()
Nov 10 23:49:26 user devstack@keystone.service[46364]: ERROR keystone.server.flask.application
File "/opt/stack/data/venv/lib/python3.10/site-packages/dogpile/lock.py", line 94, in _enter
Nov 10 23:49:26 user devstack@keystone.service[46364]: ERROR keystone.server.flask.application generated = self._enter_create(value, createdtime)
Nov 10 23:49:26 user devstack@keystone.service[46364]: ERROR keystone.server.flask.application
File "/opt/stack/data/venv/lib/python3.10/site-packages/dogpile/lock.py", line 178, in _enter_create
Nov 10 23:49:26 user devstack@keystone.service[46364]: ERROR keystone.server.flask.application return self.creator()
Nov 10 23:49:26 user devstack@keystone.service[46364]: ERROR keystone.server.flask.application
File "/opt/stack/data/venv/lib/python3.10/site-packages/dogpile/cache/region.py", line 1007, in gen_value
Nov 10 23:49:26 user devstack@keystone.service[46364]: ERROR keystone.server.flask.application created_value = creator(
Nov 10 23:49:26 user devstack@keystone.service[46364]: ERROR keystone.server.flask.application
File "/opt/stack/keystone/keystone/assignment/core.py", line 1276, in get_role
Nov 10 23:49:26 user devstack@keystone.service[46364]: ERROR keystone.server.flask.application return self.driver.get_role(role_id)
Nov 10 23:49:26 user devstack@keystone.service[46364]: ERROR keystone.server.flask.application
File "/opt/stack/keystone/keystone/assignment/role_backends/sql.py", line 70, in get_role
Nov 10 23:49:26 user devstack@keystone.service[46364]: ERROR keystone.server.flask.application return self._get_role(session, role_id).to_dict()
Nov 10 23:49:26 user devstack@keystone.service[46364]: ERROR keystone.server.flask.application
File "/opt/stack/keystone/keystone/assignment/role_backends/sql.py", line 65, in _get_role
Nov 10 23:49:26 user devstack@keystone.service[46364]: ERROR keystone.server.flask.application raise exception.RoleNotFound(role_id=role_id)
Nov 10 23:49:26 user devstack@keystone.service[46364]: ERROR keystone.server.flask.application keystone.exception.RoleNotFound: Could not find role: service.
Nov 10 23:49:26 user devstack@keystone.service[46364]: ERROR keystone.server.flask.application
Nov 10 23:49:26 user devstack@keystone.service[46364]: [pid: 46364|app: 0|req: 13/31] 10.0.0.210 () {56 vars in 1097 bytes} [Fri Nov 10 23:49:26 2023] GET /identity/v3/roles/service => generated 85 bytes in 159 msecs (HTTP/1.1 404) 5 headers in 183 bytes (2 switches on core 0)
Nov 10 23:49:26 user devstack@keystone.service[46364]: DEBUG keystone.server.flask.request_processing.req_logging [None req-aefc2c72-86eb-4fd3-ae80-c96cdb4e2b6a None None] REQUEST_METHOD: `GET` {{(pid=46364) log_request_info /opt/stack/keystone/keystone/server/flask/request_processing/req_logging.py:27}}
Nov 10 23:49:26 user devstack@keystone.service[46364]: DEBUG keystone.server.flask.request_processing.req_logging [None req-aefc2c72-86eb-4fd3-ae80-c96cdb4e2b6a None None] SCRIPT_NAME: `/identity` {{(pid=46364) log_request_info /opt/stack/keystone/keystone/server/flask/request_processing/req_logging.py:28}}
Nov 10 23:49:26 user devstack@keystone.service[46364]: DEBUG keystone.server.flask.request_processing.req_logging [None req-aefc2c72-86eb-4fd3-ae80-c96cdb4e2b6a None None] PATH_INFO: `/` {{(pid=46364) log_request_info /opt/stack/keystone/keystone/server/flask/request_processing/req_logging.py:29}}
Nov 10 23:49:26 user devstack@keystone.service[46364]: [pid: 46364|app: 0|req: 14/32] 10.0.0.210 () {54 vars in 921 bytes} [Fri Nov 10 23:49:26 2023] GET /identity => generated 269 bytes in 3 msecs (HTTP/1.1 300) 6 headers in 233 bytes (1 switches on core 0)
Nov 10 23:49:26 user devstack@keystone.service[46364]: DEBUG keystone.server.flask.request_processing.middleware.auth_context [None req-aefc2c72-86eb-4fd3-ae80-c96cdb4e2b6a None None] Authenticating user token {{(pid=46364) process_request /opt/stack/data/venv/lib/python3.10/site-packages/keystonemiddleware/auth_token/__init__.py:406}}
Nov 10 23:49:26 user devstack@keystone.service[46363]: DEBUG keystone.server.flask.request_processing.middleware.auth_context [None req-144cb95c-d03f-41e0-ac1f-e58e3f2f13ee None admin] Validating token access rules against request {{(pid=46363) validate_allowed_request /opt/stack/data/venv/lib/python3.10/site-packages/keystonemiddleware/auth_token/__init__.py:544}}
Nov 10 23:49:26 user devstack@keystone.service[46365]: [pid: 46365|app: 0|req: 9/33] 10.0.0.210 () {60 vars in 1126 bytes} [Fri Nov 10 23:49:26 2023] POST /identity/v3/roles => generated 224 bytes in 252 msecs (HTTP/1.1 201) 5 headers in 182 bytes (1 switches on core 0)
Nov 10 23:49:26 user devstack@keystone.service[46364]: DEBUG keystone.server.flask.request_processing.middleware.auth_context [None req-aefc2c72-86eb-4fd3-ae80-c96cdb4e2b6a None None] Validating token access rules against request {{(pid=46364) validate_allowed_request /opt/stack/data/venv/lib/python3.10/site-packages/keystonemiddleware/auth_token/__init__.py:544}}
Nov 10 23:49:26 user devstack@keystone.service[46365]: DEBUG keystone.server.flask.request_processing.middleware.auth_context [None req-3ce31da0-4c5b-4ee6-b8fd-eca5ca39ec23 None admin] Authenticating user token {{(pid=46365) process_request /opt/stack/data/venv/lib/python3.10/site-packages/keystonemiddleware/auth_token/__init__.py:406}}
Nov 10 23:49:26 user devstack@keystone.service[46363]: DEBUG keystone.server.flask.request_processing.middleware.auth_context [None req-d1e9612b-e992-491d-be99-09fd4855dca1 None admin] RBAC: auth_context: {'token': , 'domain_id': None, 'trust_id': None, 'trustor_id': None, 'trustee_id': None, 'domain_name': None, 'group_ids': [], 'user_id': '54d3381d6587450d96d47eb37c08dc9d', 'user_domain_id': 'default', 'system_scope': 'all', 'project_id': None, 'project_domain_id': None, 'roles': ['admin', 'manager', 'member', 'reader'], 'is_admin_project': True, 'service_user_id': None, 'service_user_domain_id': None, 'service_project_id': None, 'service_project_domain_id': None, 'service_roles': []} {{(pid=46363) fill_context /opt/stack/keystone/keystone/server/flask/request_processing/middleware/auth_context.py:480}}
Nov 10 23:49:26 user devstack@keystone.service[46363]: DEBUG keystone.server.flask.request_processing.req_logging [None req-d1e9612b-e992-491d-be99-09fd4855dca1 None admin] REQUEST_METHOD: `GET` {{(pid=46363) log_request_info /opt/stack/keystone/keystone/server/flask/request_processing/req_logging.py:27}}
Nov 10 23:49:26 user devstack@keystone.service[46363]: DEBUG keystone.server.flask.request_processing.req_logging [None req-d1e9612b-e992-491d-be99-09fd4855dca1 None admin] SCRIPT_NAME: `/identity` {{(pid=46363) log_request_info /opt/stack/keystone/keystone/server/flask/request_processing/req_logging.py:28}}
Nov 10 23:49:26 user devstack@keystone.service[46363]: DEBUG keystone.server.flask.request_processing.req_logging [None req-d1e9612b-e992-491d-be99-09fd4855dca1 None admin] PATH_INFO: `/v3/users/54d3381d6587450d96d47eb37c08dc9d` {{(pid=46363) log_request_info /opt/stack/keystone/keystone/server/flask/request_processing/req_logging.py:29}}
Nov 10 23:49:26 user devstack@keystone.service[46363]: DEBUG keystone.common.rbac_enforcer.enforcer [None req-d1e9612b-e992-491d-be99-09fd4855dca1 None admin] RBAC: Authorizing `identity:get_user(user_id=54d3381d6587450d96d47eb37c08dc9d)` {{(pid=46363) enforce_call /opt/stack/keystone/keystone/common/rbac_enforcer/enforcer.py:449}}
Nov 10 23:49:26 user devstack@keystone.service[46363]: DEBUG keystone.common.rbac_enforcer.enforcer [None req-d1e9612b-e992-491d-be99-09fd4855dca1 None admin] RBAC: Authorization granted {{(pid=46363) enforce_call /opt/stack/keystone/keystone/common/rbac_enforcer/enforcer.py:457}}
Nov 10 23:49:26 user devstack@keystone.service[46363]: [pid: 46363|app: 0|req: 11/34] 10.0.0.210 () {56 vars in 1172 bytes} [Fri Nov 10 23:49:26 2023] GET /identity/v3/users/54d3381d6587450d96d47eb37c08dc9d => generated 246 bytes in 172 msecs (HTTP/1.1 200) 5 headers in 177 bytes (1 switches on core 0)
Nov 10 23:49:26 user devstack@keystone.service[46363]: DEBUG keystone.server.flask.request_processing.req_logging [None req-6f74f059-ce29-45ec-bdde-df33adc3ea80 None None] REQUEST_METHOD: `GET` {{(pid=46363) log_request_info /opt/stack/keystone/keystone/server/flask/request_processing/req_logging.py:27}}
Nov 10 23:49:26 user devstack@keystone.service[46363]: DEBUG keystone.server.flask.request_processing.req_logging [None req-6f74f059-ce29-45ec-bdde-df33adc3ea80 None None] SCRIPT_NAME: `/identity` {{(pid=46363) log_request_info /opt/stack/keystone/keystone/server/flask/request_processing/req_logging.py:28}}
Nov 10 23:49:26 user devstack@keystone.service[46363]: DEBUG keystone.server.flask.request_processing.req_logging [None req-6f74f059-ce29-45ec-bdde-df33adc3ea80 None None] PATH_INFO: `/` {{(pid=46363) log_request_info /opt/stack/keystone/keystone/server/flask/request_processing/req_logging.py:29}}
Nov 10 23:49:26 user devstack@keystone.service[46363]: [pid: 46363|app: 0|req: 12/35] 10.0.0.210 () {54 vars in 921 bytes} [Fri Nov 10 23:49:26 2023] GET /identity => generated 269 bytes in 3 msecs (HTTP/1.1 300) 6 headers in 233 bytes (1 switches on core 0)
Nov 10 23:49:26 user devstack@keystone.service[46364]: DEBUG keystone.server.flask.request_processing.middleware.auth_context [None req-c3c3c3e2-c4b0-4709-9343-99f97c6d09b2 None admin] RBAC: auth_context: {'token': , 'domain_id': None, 'trust_id': None, 'trustor_id': None, 'trustee_id': None, 'domain_name': None, 'group_ids': [], 'user_id': '54d3381d6587450d96d47eb37c08dc9d', 'user_domain_id': 'default', 'system_scope': 'all', 'project_id': None, 'project_domain_id': None, 'roles': ['admin', 'manager', 'member', 'reader'], 'is_admin_project': True, 'service_user_id': None, 'service_user_domain_id': None, 'service_project_id': None, 'service_project_domain_id': None, 'service_roles': []} {{(pid=46364) fill_context /opt/stack/keystone/keystone/server/flask/request_processing/middleware/auth_context.py:480}}
Nov 10 23:49:26 user devstack@keystone.service[46363]: DEBUG keystone.server.flask.request_processing.middleware.auth_context [None req-6f74f059-ce29-45ec-bdde-df33adc3ea80 None None] Authenticating user token {{(pid=46363) process_request /opt/stack/data/venv/lib/python3.10/site-packages/keystonemiddleware/auth_token/__init__.py:406}}
Nov 10 23:49:26 user devstack@keystone.service[46364]: DEBUG keystone.server.flask.request_processing.req_logging [None req-c3c3c3e2-c4b0-4709-9343-99f97c6d09b2 None admin] REQUEST_METHOD: `GET` {{(pid=46364) log_request_info /opt/stack/keystone/keystone/server/flask/request_processing/req_logging.py:27}}
Nov 10 23:49:26 user devstack@keystone.service[46364]: DEBUG keystone.server.flask.request_processing.req_logging [None req-c3c3c3e2-c4b0-4709-9343-99f97c6d09b2 None admin] SCRIPT_NAME: `/identity` {{(pid=46364) log_request_info /opt/stack/keystone/keystone/server/flask/request_processing/req_logging.py:28}}
Nov 10 23:49:26 user devstack@keystone.service[46364]: DEBUG keystone.server.flask.request_processing.req_logging [None req-c3c3c3e2-c4b0-4709-9343-99f97c6d09b2 None admin] PATH_INFO: `/v3/roles` {{(pid=46364) log_request_info /opt/stack/keystone/keystone/server/flask/request_processing/req_logging.py:29}}
Nov 10 23:49:26 user devstack@keystone.service[46364]: DEBUG keystone.common.rbac_enforcer.enforcer [None req-c3c3c3e2-c4b0-4709-9343-99f97c6d09b2 None admin] RBAC: Adding query filter params (name=service) {{(pid=46364) _extract_filter_values /opt/stack/keystone/keystone/common/rbac_enforcer/enforcer.py:167}}
Nov 10 23:49:26 user devstack@keystone.service[46364]: DEBUG keystone.common.rbac_enforcer.enforcer [None req-c3c3c3e2-c4b0-4709-9343-99f97c6d09b2 None admin] RBAC: Authorizing `identity:list_roles()` {{(pid=46364) enforce_call /opt/stack/keystone/keystone/common/rbac_enforcer/enforcer.py:449}}
Nov 10 23:49:26 user devstack@keystone.service[46364]: DEBUG keystone.common.rbac_enforcer.enforcer [None req-c3c3c3e2-c4b0-4709-9343-99f97c6d09b2 None admin] RBAC: Authorization granted {{(pid=46364) enforce_call /opt/stack/keystone/keystone/common/rbac_enforcer/enforcer.py:457}}
Nov 10 23:49:26 user devstack@keystone.service[46364]: [pid: 46364|app: 0|req: 15/36] 10.0.0.210 () {56 vars in 1098 bytes} [Fri Nov 10 23:49:26 2023] GET /identity/v3/roles?name=service => generated 341 bytes in 158 msecs (HTTP/1.1 200) 5 headers in 177 bytes (1 switches on core 0)
Nov 10 23:49:26 user devstack@keystone.service[46364]: DEBUG keystone.server.flask.request_processing.middleware.auth_context [None req-c3c3c3e2-c4b0-4709-9343-99f97c6d09b2 None admin] Authenticating user token {{(pid=46364) process_request /opt/stack/data/venv/lib/python3.10/site-packages/keystonemiddleware/auth_token/__init__.py:406}}
Nov 10 23:49:26 user devstack@keystone.service[46365]: DEBUG keystone.server.flask.request_processing.middleware.auth_context [None req-3ce31da0-4c5b-4ee6-b8fd-eca5ca39ec23 None admin] Validating token access rules against request {{(pid=46365) validate_allowed_request /opt/stack/data/venv/lib/python3.10/site-packages/keystonemiddleware/auth_token/__init__.py:544}}
Nov 10 23:49:26 user devstack@keystone.service[46365]: DEBUG keystone.server.flask.request_processing.middleware.auth_context [None req-aacc9eb4-3520-444b-b349-4dc61e6ff99d None admin] RBAC: auth_context: {'token': , 'domain_id': None, 'trust_id': None, 'trustor_id': None, 'trustee_id': None, 'domain_name': None, 'group_ids': [], 'user_id': '54d3381d6587450d96d47eb37c08dc9d', 'user_domain_id': 'default', 'system_scope': 'all', 'project_id': None, 'project_domain_id': None, 'roles': ['admin', 'manager', 'member', 'reader'], 'is_admin_project': True, 'service_user_id': None, 'service_user_domain_id': None, 'service_project_id': None, 'service_project_domain_id': None, 'service_roles': []} {{(pid=46365) fill_context /opt/stack/keystone/keystone/server/flask/request_processing/middleware/auth_context.py:480}}
Nov 10 23:49:26 user devstack@keystone.service[46365]: DEBUG keystone.server.flask.request_processing.req_logging [None req-aacc9eb4-3520-444b-b349-4dc61e6ff99d None admin] REQUEST_METHOD: `POST` {{(pid=46365) log_request_info /opt/stack/keystone/keystone/server/flask/request_processing/req_logging.py:27}}
Nov 10 23:49:26 user devstack@keystone.service[46365]: DEBUG keystone.server.flask.request_processing.req_logging [None req-aacc9eb4-3520-444b-b349-4dc61e6ff99d None admin] SCRIPT_NAME: `/identity` {{(pid=46365) log_request_info /opt/stack/keystone/keystone/server/flask/request_processing/req_logging.py:28}}
Nov 10 23:49:26 user devstack@keystone.service[46365]: DEBUG keystone.server.flask.request_processing.req_logging [None req-aacc9eb4-3520-444b-b349-4dc61e6ff99d None admin] PATH_INFO: `/v3/roles` {{(pid=46365) log_request_info /opt/stack/keystone/keystone/server/flask/request_processing/req_logging.py:29}}
Nov 10 23:49:26 user devstack@keystone.service[46365]: DEBUG keystone.common.rbac_enforcer.enforcer [None req-aacc9eb4-3520-444b-b349-4dc61e6ff99d None admin] RBAC: Authorizing `identity:create_role()` {{(pid=46365) enforce_call /opt/stack/keystone/keystone/common/rbac_enforcer/enforcer.py:449}}
Nov 10 23:49:26 user devstack@keystone.service[46365]: DEBUG keystone.common.rbac_enforcer.enforcer [None req-aacc9eb4-3520-444b-b349-4dc61e6ff99d None admin] RBAC: Authorization granted {{(pid=46365) enforce_call /opt/stack/keystone/keystone/common/rbac_enforcer/enforcer.py:457}}
Nov 10 23:49:26 user devstack@keystone.service[46365]: [pid: 46365|app: 0|req: 10/37] 10.0.0.210 () {60 vars in 1126 bytes} [Fri Nov 10 23:49:26 2023] POST /identity/v3/roles => generated 222 bytes in 163 msecs (HTTP/1.1 201) 5 headers in 182 bytes (1 switches on core 0)
Nov 10 23:49:26 user devstack@keystone.service[46363]: DEBUG keystone.server.flask.request_processing.middleware.auth_context [None req-6f74f059-ce29-45ec-bdde-df33adc3ea80 None None] Validating token access rules against request {{(pid=46363) validate_allowed_request /opt/stack/data/venv/lib/python3.10/site-packages/keystonemiddleware/auth_token/__init__.py:544}}
Nov 10 23:49:26 user devstack@keystone.service[46364]: DEBUG keystone.server.flask.request_processing.middleware.auth_context [None req-c3c3c3e2-c4b0-4709-9343-99f97c6d09b2 None admin] Validating token access rules against request {{(pid=46364) validate_allowed_request /opt/stack/data/venv/lib/python3.10/site-packages/keystonemiddleware/auth_token/__init__.py:544}}
Nov 10 23:49:26 user devstack@keystone.service[46364]: DEBUG keystone.server.flask.request_processing.middleware.auth_context [None req-d09730e7-5920-4138-af09-dea3b0ebf030 None admin] RBAC: auth_context: {'token': , 'domain_id': None, 'trust_id': None, 'trustor_id': None, 'trustee_id': None, 'domain_name': None, 'group_ids': [], 'user_id': '54d3381d6587450d96d47eb37c08dc9d', 'user_domain_id': 'default', 'system_scope': 'all', 'project_id': None, 'project_domain_id': None, 'roles': ['admin', 'manager', 'member', 'reader'], 'is_admin_project': True, 'service_user_id': None, 'service_user_domain_id': None, 'service_project_id': None, 'service_project_domain_id': None, 'service_roles': []} {{(pid=46364) fill_context /opt/stack/keystone/keystone/server/flask/request_processing/middleware/auth_context.py:480}}
Nov 10 23:49:26 user devstack@keystone.service[46364]: DEBUG keystone.server.flask.request_processing.req_logging [None req-d09730e7-5920-4138-af09-dea3b0ebf030 None admin] REQUEST_METHOD: `GET` {{(pid=46364) log_request_info /opt/stack/keystone/keystone/server/flask/request_processing/req_logging.py:27}}
Nov 10 23:49:26 user devstack@keystone.service[46364]: DEBUG keystone.server.flask.request_processing.req_logging [None req-d09730e7-5920-4138-af09-dea3b0ebf030 None admin] SCRIPT_NAME: `/identity` {{(pid=46364) log_request_info /opt/stack/keystone/keystone/server/flask/request_processing/req_logging.py:28}}
Nov 10 23:49:26 user devstack@keystone.service[46364]: DEBUG keystone.server.flask.request_processing.req_logging [None req-d09730e7-5920-4138-af09-dea3b0ebf030 None admin] PATH_INFO: `/v3/domains/default` {{(pid=46364) log_request_info /opt/stack/keystone/keystone/server/flask/request_processing/req_logging.py:29}}
Nov 10 23:49:26 user devstack@keystone.service[46364]: DEBUG keystone.common.rbac_enforcer.enforcer [None req-d09730e7-5920-4138-af09-dea3b0ebf030 None admin] RBAC: Authorizing `identity:get_domain(domain_id=default)` {{(pid=46364) enforce_call /opt/stack/keystone/keystone/common/rbac_enforcer/enforcer.py:449}}
Nov 10 23:49:26 user devstack@keystone.service[46364]: DEBUG keystone.common.rbac_enforcer.enforcer [None req-d09730e7-5920-4138-af09-dea3b0ebf030 None admin] RBAC: Authorization granted {{(pid=46364) enforce_call /opt/stack/keystone/keystone/common/rbac_enforcer/enforcer.py:457}}
Nov 10 23:49:26 user devstack@keystone.service[46364]: [pid: 46364|app: 0|req: 16/38] 10.0.0.210 () {56 vars in 1103 bytes} [Fri Nov 10 23:49:26 2023] GET /identity/v3/domains/default => generated 198 bytes in 157 msecs (HTTP/1.1 200) 5 headers in 177 bytes (1 switches on core 0)
Nov 10 23:49:26 user devstack@keystone.service[46363]: DEBUG keystone.server.flask.request_processing.middleware.auth_context [None req-1709ba0b-6a20-424b-9db1-627483f20b58 None admin] RBAC: auth_context: {'token': , 'domain_id': None, 'trust_id': None, 'trustor_id': None, 'trustee_id': None, 'domain_name': None, 'group_ids': [], 'user_id': '54d3381d6587450d96d47eb37c08dc9d', 'user_domain_id': 'default', 'system_scope': 'all', 'project_id': None, 'project_domain_id': None, 'roles': ['admin', 'manager', 'member', 'reader'], 'is_admin_project': True, 'service_user_id': None, 'service_user_domain_id': None, 'service_project_id': None, 'service_project_domain_id': None, 'service_roles': []} {{(pid=46363) fill_context /opt/stack/keystone/keystone/server/flask/request_processing/middleware/auth_context.py:480}}
Nov 10 23:49:26 user devstack@keystone.service[46363]: DEBUG keystone.server.flask.request_processing.req_logging [None req-1709ba0b-6a20-424b-9db1-627483f20b58 None admin] REQUEST_METHOD: `GET` {{(pid=46363) log_request_info /opt/stack/keystone/keystone/server/flask/request_processing/req_logging.py:27}}
Nov 10 23:49:26 user devstack@keystone.service[46363]: DEBUG keystone.server.flask.request_processing.req_logging [None req-1709ba0b-6a20-424b-9db1-627483f20b58 None admin] SCRIPT_NAME: `/identity` {{(pid=46363) log_request_info /opt/stack/keystone/keystone/server/flask/request_processing/req_logging.py:28}}
Nov 10 23:49:26 user devstack@keystone.service[46363]: DEBUG keystone.server.flask.request_processing.req_logging [None req-1709ba0b-6a20-424b-9db1-627483f20b58 None admin] PATH_INFO: `/v3/domains/default` {{(pid=46363) log_request_info /opt/stack/keystone/keystone/server/flask/request_processing/req_logging.py:29}}
Nov 10 23:49:26 user devstack@keystone.service[46365]: DEBUG keystone.server.flask.request_processing.middleware.auth_context [None req-aacc9eb4-3520-444b-b349-4dc61e6ff99d None admin] Authenticating user token {{(pid=46365) process_request /opt/stack/data/venv/lib/python3.10/site-packages/keystonemiddleware/auth_token/__init__.py:406}}
Nov 10 23:49:26 user devstack@keystone.service[46363]: DEBUG keystone.common.rbac_enforcer.enforcer [None req-1709ba0b-6a20-424b-9db1-627483f20b58 None admin] RBAC: Authorizing `identity:get_domain(domain_id=default)` {{(pid=46363) enforce_call /opt/stack/keystone/keystone/common/rbac_enforcer/enforcer.py:449}}
Nov 10 23:49:26 user devstack@keystone.service[46363]: DEBUG keystone.common.rbac_enforcer.enforcer [None req-1709ba0b-6a20-424b-9db1-627483f20b58 None admin] RBAC: Authorization granted {{(pid=46363) enforce_call /opt/stack/keystone/keystone/common/rbac_enforcer/enforcer.py:457}}
Nov 10 23:49:26 user devstack@keystone.service[46363]: [pid: 46363|app: 0|req: 13/39] 10.0.0.210 () {56 vars in 1103 bytes} [Fri Nov 10 23:49:26 2023] GET /identity/v3/domains/default => generated 198 bytes in 192 msecs (HTTP/1.1 200) 5 headers in 177 bytes (1 switches on core 0)
Nov 10 23:49:26 user devstack@keystone.service[46364]: DEBUG keystone.server.flask.request_processing.middleware.auth_context [None req-d09730e7-5920-4138-af09-dea3b0ebf030 None admin] Authenticating user token {{(pid=46364) process_request /opt/stack/data/venv/lib/python3.10/site-packages/keystonemiddleware/auth_token/__init__.py:406}}
Nov 10 23:49:26 user devstack@keystone.service[46365]: DEBUG keystone.server.flask.request_processing.middleware.auth_context [None req-aacc9eb4-3520-444b-b349-4dc61e6ff99d None admin] Validating token access rules against request {{(pid=46365) validate_allowed_request /opt/stack/data/venv/lib/python3.10/site-packages/keystonemiddleware/auth_token/__init__.py:544}}
Nov 10 23:49:26 user devstack@keystone.service[46364]: DEBUG keystone.server.flask.request_processing.middleware.auth_context [None req-d09730e7-5920-4138-af09-dea3b0ebf030 None admin] Validating token access rules against request {{(pid=46364) validate_allowed_request /opt/stack/data/venv/lib/python3.10/site-packages/keystonemiddleware/auth_token/__init__.py:544}}
Nov 10 23:49:26 user devstack@keystone.service[46365]: DEBUG keystone.server.flask.request_processing.middleware.auth_context [None req-9f57e827-f87b-42db-b78f-095135dd7d0c None admin] RBAC: auth_context: {'token': , 'domain_id': None, 'trust_id': None, 'trustor_id': None, 'trustee_id': None, 'domain_name': None, 'group_ids': [], 'user_id': '54d3381d6587450d96d47eb37c08dc9d', 'user_domain_id': 'default', 'system_scope': 'all', 'project_id': None, 'project_domain_id': None, 'roles': ['admin', 'manager', 'member', 'reader'], 'is_admin_project': True, 'service_user_id': None, 'service_user_domain_id': None, 'service_project_id': None, 'service_project_domain_id': None, 'service_roles': []} {{(pid=46365) fill_context /opt/stack/keystone/keystone/server/flask/request_processing/middleware/auth_context.py:480}}
Nov 10 23:49:26 user devstack@keystone.service[46365]: DEBUG keystone.server.flask.request_processing.req_logging [None req-9f57e827-f87b-42db-b78f-095135dd7d0c None admin] REQUEST_METHOD: `POST` {{(pid=46365) log_request_info /opt/stack/keystone/keystone/server/flask/request_processing/req_logging.py:27}}
Nov 10 23:49:26 user devstack@keystone.service[46365]: DEBUG keystone.server.flask.request_processing.req_logging [None req-9f57e827-f87b-42db-b78f-095135dd7d0c None admin] SCRIPT_NAME: `/identity` {{(pid=46365) log_request_info /opt/stack/keystone/keystone/server/flask/request_processing/req_logging.py:28}}
Nov 10 23:49:26 user devstack@keystone.service[46365]: DEBUG keystone.server.flask.request_processing.req_logging [None req-9f57e827-f87b-42db-b78f-095135dd7d0c None admin] PATH_INFO: `/v3/projects` {{(pid=46365) log_request_info /opt/stack/keystone/keystone/server/flask/request_processing/req_logging.py:29}}
Nov 10 23:49:26 user devstack@keystone.service[46365]: DEBUG keystone.common.rbac_enforcer.enforcer [None req-9f57e827-f87b-42db-b78f-095135dd7d0c None admin] RBAC: Authorizing `identity:create_project()` {{(pid=46365) enforce_call /opt/stack/keystone/keystone/common/rbac_enforcer/enforcer.py:449}}
Nov 10 23:49:26 user devstack@keystone.service[46365]: DEBUG keystone.common.rbac_enforcer.enforcer [None req-9f57e827-f87b-42db-b78f-095135dd7d0c None admin] RBAC: Authorization granted {{(pid=46365) enforce_call /opt/stack/keystone/keystone/common/rbac_enforcer/enforcer.py:457}}
Nov 10 23:49:26 user devstack@keystone.service[46364]: DEBUG keystone.server.flask.request_processing.middleware.auth_context [None req-5beb6cdd-e406-416c-99fd-bb6f8028e8af None admin] RBAC: auth_context: {'token': , 'domain_id': None, 'trust_id': None, 'trustor_id': None, 'trustee_id': None, 'domain_name': None, 'group_ids': [], 'user_id': '54d3381d6587450d96d47eb37c08dc9d', 'user_domain_id': 'default', 'system_scope': 'all', 'project_id': None, 'project_domain_id': None, 'roles': ['admin', 'manager', 'member', 'reader'], 'is_admin_project': True, 'service_user_id': None, 'service_user_domain_id': None, 'service_project_id': None, 'service_project_domain_id': None, 'service_roles': []} {{(pid=46364) fill_context /opt/stack/keystone/keystone/server/flask/request_processing/middleware/auth_context.py:480}}
Nov 10 23:49:26 user devstack@keystone.service[46364]: DEBUG keystone.server.flask.request_processing.req_logging [None req-5beb6cdd-e406-416c-99fd-bb6f8028e8af None admin] REQUEST_METHOD: `GET` {{(pid=46364) log_request_info /opt/stack/keystone/keystone/server/flask/request_processing/req_logging.py:27}}
Nov 10 23:49:26 user devstack@keystone.service[46364]: DEBUG keystone.server.flask.request_processing.req_logging [None req-5beb6cdd-e406-416c-99fd-bb6f8028e8af None admin] SCRIPT_NAME: `/identity` {{(pid=46364) log_request_info /opt/stack/keystone/keystone/server/flask/request_processing/req_logging.py:28}}
Nov 10 23:49:26 user devstack@keystone.service[46364]: DEBUG keystone.server.flask.request_processing.req_logging [None req-5beb6cdd-e406-416c-99fd-bb6f8028e8af None admin] PATH_INFO: `/v3/role_assignments` {{(pid=46364) log_request_info /opt/stack/keystone/keystone/server/flask/request_processing/req_logging.py:29}}
Nov 10 23:49:26 user devstack@keystone.service[46364]: DEBUG keystone.common.rbac_enforcer.enforcer [None req-5beb6cdd-e406-416c-99fd-bb6f8028e8af None admin] RBAC: Adding query filter params (role.id=1fe8897b3b074ea38aca3924ee7dc75e, scope.domain.id=default, user.id=54d3381d6587450d96d47eb37c08dc9d) {{(pid=46364) _extract_filter_values /opt/stack/keystone/keystone/common/rbac_enforcer/enforcer.py:167}}
Nov 10 23:49:26 user devstack@keystone.service[46364]: DEBUG keystone.common.rbac_enforcer.enforcer [None req-5beb6cdd-e406-416c-99fd-bb6f8028e8af None admin] RBAC: Authorizing `identity:list_role_assignments()` {{(pid=46364) enforce_call /opt/stack/keystone/keystone/common/rbac_enforcer/enforcer.py:449}}
Nov 10 23:49:26 user devstack@keystone.service[46364]: DEBUG keystone.common.rbac_enforcer.enforcer [None req-5beb6cdd-e406-416c-99fd-bb6f8028e8af None admin] RBAC: Authorization granted {{(pid=46364) enforce_call /opt/stack/keystone/keystone/common/rbac_enforcer/enforcer.py:457}}
Nov 10 23:49:26 user devstack@keystone.service[46364]: [pid: 46364|app: 0|req: 17/40] 10.0.0.210 () {56 vars in 1317 bytes} [Fri Nov 10 23:49:26 2023] GET /identity/v3/role_assignments?user.id=54d3381d6587450d96d47eb37c08dc9d&scope.domain.id=default&role.id=1fe8897b3b074ea38aca3924ee7dc75e => generated 528 bytes in 159 msecs (HTTP/1.1 200) 5 headers in 177 bytes (1 switches on core 0)
